!C99Shell v. 1.0 pre-release build #13!

Software: Apache. PHP/5.5.15 

uname -a: Windows NT SVR-DMZ 6.1 build 7600 (Windows Server 2008 R2 Enterprise Edition) i586 

SYSTEM 

Safe-mode: OFF (not secure)

E:\nuevo\apache\logs\   drwxrwxrwx
Free 9.41 GB of 239.26 GB (3.93%)
Detected drives: [ a ] [ c ] [ d ] [ e ] [ f ]
Home    Back    Forward    UPDIR    Refresh    Search    Buffer    Encoder    Tools    Proc.    FTP brute    Sec.    SQL    PHP-code    Update    Feedback    Self remove    Logout    


Viewing file:     error.2019.09.09.log (13.4 KB)      -rw-rw-rw-
Select action/file-type:
(+) | (+) | (+) | Code (+) | Session (+) | (+) | SDB (+) | (+) | (+) | (+) | (+) | (+) |
[Mon Sep 09 01:14:58.557787 2019] [proxy:error] [pid 7308:tid 18676] (OS 10060)A connection attempt failed because the connected party did not properly respond after a period of time, or established connection failed because connected host has failed to respond.  : AH00957: HTTP: attempt to connect to 172.22.1.51:8399 (172.22.1.51) failed
[Mon Sep 09 01:14:58.557787 2019] [proxy:error] [pid 7308:tid 18676] AH00959: ap_proxy_connect_backend disabling worker for (172.22.1.51) for 60s
[Mon Sep 09 01:14:58.557787 2019] [proxy_http:error] [pid 7308:tid 18676] [client 152.61.128.50:39600] AH01114: HTTP: failed to make connection to backend: 172.22.1.51
[Mon Sep 09 01:14:58.807387 2019] [proxy:error] [pid 7308:tid 18676] AH00940: HTTP: disabled connection for (172.22.1.51)
[Mon Sep 09 01:14:59.056988 2019] [proxy:error] [pid 7308:tid 18676] AH00940: HTTP: disabled connection for (172.22.1.51)
[Mon Sep 09 01:16:54.777991 2019] [proxy:error] [pid 7308:tid 18676] (OS 10060)A connection attempt failed because the connected party did not properly respond after a period of time, or established connection failed because connected host has failed to respond.  : AH00957: HTTP: attempt to connect to 172.22.1.51:8399 (172.22.1.51) failed
[Mon Sep 09 01:16:54.777991 2019] [proxy:error] [pid 7308:tid 18676] AH00959: ap_proxy_connect_backend disabling worker for (172.22.1.51) for 60s
[Mon Sep 09 01:16:54.777991 2019] [proxy_http:error] [pid 7308:tid 18676] [client 152.61.192.232:40009] AH01114: HTTP: failed to make connection to backend: 172.22.1.51
[Mon Sep 09 01:16:55.058791 2019] [proxy:error] [pid 7308:tid 18704] AH00940: HTTP: disabled connection for (172.22.1.51)
[Mon Sep 09 01:16:55.339592 2019] [proxy:error] [pid 7308:tid 18704] AH00940: HTTP: disabled connection for (172.22.1.51)
[Mon Sep 09 01:20:02.883121 2019] [mpm_winnt:warn] [pid 7308:tid 20684] (OS 64)The specified network name is no longer available.  : AH00341: winnt_accept: Asynchronous AcceptEx failed.
[Mon Sep 09 02:00:10.435350 2019] [proxy:error] [pid 7308:tid 18068] (OS 10060)A connection attempt failed because the connected party did not properly respond after a period of time, or established connection failed because connected host has failed to respond.  : AH00957: HTTP: attempt to connect to 172.22.1.51:8399 (172.22.1.51) failed
[Mon Sep 09 02:00:10.435350 2019] [proxy:error] [pid 7308:tid 18068] AH00959: ap_proxy_connect_backend disabling worker for (172.22.1.51) for 60s
[Mon Sep 09 02:00:10.435350 2019] [proxy_http:error] [pid 7308:tid 18068] [client 66.249.64.19:40044] AH01114: HTTP: failed to make connection to backend: 172.22.1.51
[Mon Sep 09 02:25:56.616466 2019] [mpm_winnt:warn] [pid 7308:tid 20684] (OS 64)The specified network name is no longer available.  : AH00341: winnt_accept: Asynchronous AcceptEx failed.
[Mon Sep 09 02:30:44.140571 2019] [proxy:error] [pid 7308:tid 18000] (OS 10060)A connection attempt failed because the connected party did not properly respond after a period of time, or established connection failed because connected host has failed to respond.  : AH00957: HTTP: attempt to connect to 192.168.173.36:80 (192.168.173.36) failed
[Mon Sep 09 02:30:44.140571 2019] [proxy:error] [pid 7308:tid 18000] AH00959: ap_proxy_connect_backend disabling worker for (192.168.173.36) for 60s
[Mon Sep 09 02:30:44.140571 2019] [proxy_http:error] [pid 7308:tid 18000] [client 20.36.244.102:6400] AH01114: HTTP: failed to make connection to backend: 192.168.173.36
[Mon Sep 09 02:34:17.860946 2019] [mpm_winnt:warn] [pid 7308:tid 20684] (OS 64)The specified network name is no longer available.  : AH00341: winnt_accept: Asynchronous AcceptEx failed.
[Mon Sep 09 04:29:21.871472 2019] [mpm_winnt:warn] [pid 7308:tid 20684] (OS 64)The specified network name is no longer available.  : AH00341: winnt_accept: Asynchronous AcceptEx failed.
[Mon Sep 09 05:12:51.568856 2019] [core:error] [pid 7308:tid 18288] [client 185.90.164.185:40260] AH00126: Invalid URI in request GET ../../mnt/custom/ProductDefinition HTTP
[Mon Sep 09 05:17:44.209770 2019] [mpm_winnt:warn] [pid 7308:tid 20684] (OS 64)The specified network name is no longer available.  : AH00341: winnt_accept: Asynchronous AcceptEx failed.
[Mon Sep 09 07:11:18.364138 2019] [core:error] [pid 7308:tid 18256] [client 113.173.151.103:52831] AH00126: Invalid URI in request GET ../../mnt/custom/ProductDefinition HTTP
[Mon Sep 09 08:01:28.451825 2019] [mpm_winnt:warn] [pid 7308:tid 20684] (OS 64)The specified network name is no longer available.  : AH00341: winnt_accept: Asynchronous AcceptEx failed.
[Mon Sep 09 08:50:58.821843 2019] [mpm_winnt:warn] [pid 7308:tid 20684] (OS 64)The specified network name is no longer available.  : AH00341: winnt_accept: Asynchronous AcceptEx failed.
[Mon Sep 09 10:25:12.552573 2019] [core:error] [pid 7308:tid 18524] [client 113.172.12.168:46537] AH00126: Invalid URI in request GET ../../mnt/custom/ProductDefinition HTTP
[Mon Sep 09 10:42:27.785991 2019] [proxy_http:error] [pid 7308:tid 18524] (70008)Partial results are valid but processing is incomplete: [client 200.93.146.196:59065] AH01110: error reading response
[Mon Sep 09 10:42:29.330394 2019] [proxy_http:error] [pid 7308:tid 18068] (70008)Partial results are valid but processing is incomplete: [client 200.93.146.196:59071] AH01110: error reading response
[Mon Sep 09 11:01:17.071975 2019] [mpm_winnt:warn] [pid 7308:tid 20684] (OS 64)The specified network name is no longer available.  : AH00341: winnt_accept: Asynchronous AcceptEx failed.
[Mon Sep 09 11:32:32.491669 2019] [core:error] [pid 7308:tid 18248] [client 123.16.145.194:40308] AH00126: Invalid URI in request GET ../../mnt/custom/ProductDefinition HTTP
[Mon Sep 09 12:41:43.300159 2019] [mpm_winnt:warn] [pid 7308:tid 20684] (OS 64)The specified network name is no longer available.  : AH00341: winnt_accept: Asynchronous AcceptEx failed.
[Mon Sep 09 13:38:33.373549 2019] [proxy_http:error] [pid 7308:tid 17416] (70008)Partial results are valid but processing is incomplete: [client 200.93.146.196:60442] AH01110: error reading response
[Mon Sep 09 13:42:39.105180 2019] [proxy_http:error] [pid 7308:tid 18120] (70008)Partial results are valid but processing is incomplete: [client 190.26.194.250:57175] AH01110: error reading response
[Mon Sep 09 13:43:28.276467 2019] [proxy_http:error] [pid 7308:tid 19136] (70008)Partial results are valid but processing is incomplete: [client 190.26.194.250:57181] AH01110: error reading response
[Mon Sep 09 13:48:50.073832 2019] [proxy_http:error] [pid 7308:tid 18552] (70008)Partial results are valid but processing is incomplete: [client 190.26.194.250:57396] AH01110: error reading response
[Mon Sep 09 13:52:25.463410 2019] [proxy_http:error] [pid 7308:tid 18240] (70008)Partial results are valid but processing is incomplete: [client 190.26.194.250:57387] AH01110: error reading response
[Mon Sep 09 14:19:04.389219 2019] [mpm_winnt:warn] [pid 7308:tid 20684] (OS 64)The specified network name is no longer available.  : AH00341: winnt_accept: Asynchronous AcceptEx failed.
[Mon Sep 09 14:29:18.640297 2019] [mpm_winnt:warn] [pid 7308:tid 20684] (OS 64)The specified network name is no longer available.  : AH00341: winnt_accept: Asynchronous AcceptEx failed.
[Mon Sep 09 14:29:55.471962 2019] [mpm_winnt:warn] [pid 7308:tid 20684] (OS 64)The specified network name is no longer available.  : AH00341: winnt_accept: Asynchronous AcceptEx failed.
[Mon Sep 09 15:13:13.532725 2019] [proxy_http:error] [pid 7308:tid 18576] (70008)Partial results are valid but processing is incomplete: [client 190.26.194.250:62210] AH01110: error reading response
[Mon Sep 09 15:16:04.337425 2019] [proxy_http:error] [pid 7308:tid 18240] (70008)Partial results are valid but processing is incomplete: [client 200.93.146.196:61739] AH01110: error reading response
[Mon Sep 09 15:18:31.008883 2019] [proxy_http:error] [pid 7308:tid 18576] (70008)Partial results are valid but processing is incomplete: [client 190.26.194.250:62252] AH01110: error reading response
[Mon Sep 09 15:21:47.647228 2019] [mpm_winnt:warn] [pid 7308:tid 20684] (OS 64)The specified network name is no longer available.  : AH00341: winnt_accept: Asynchronous AcceptEx failed.
[Mon Sep 09 15:24:26.112307 2019] [proxy_http:error] [pid 7308:tid 18800] (70008)Partial results are valid but processing is incomplete: [client 186.82.67.28:61585] AH01110: error reading response
[Mon Sep 09 15:27:26.932224 2019] [core:error] [pid 7308:tid 18688] [client 78.131.208.170:42435] AH00126: Invalid URI in request GET ../../mnt/custom/ProductDefinition HTTP
[Mon Sep 09 15:29:51.060878 2019] [proxy_http:error] [pid 7308:tid 18800] (70008)Partial results are valid but processing is incomplete: [client 186.82.67.28:61900] AH01110: error reading response
[Mon Sep 09 15:35:21.797058 2019] [proxy_http:error] [pid 7308:tid 18732] (70008)Partial results are valid but processing is incomplete: [client 190.216.143.228:4743] AH01110: error reading response
[Mon Sep 09 15:36:23.448367 2019] [mpm_winnt:warn] [pid 7308:tid 20684] (OS 64)The specified network name is no longer available.  : AH00341: winnt_accept: Asynchronous AcceptEx failed.
[Mon Sep 09 15:46:04.455787 2019] [proxy_http:error] [pid 7308:tid 17952] (70008)Partial results are valid but processing is incomplete: [client 186.82.67.28:61911] AH01110: error reading response
[Mon Sep 09 15:56:13.341457 2019] [proxy_http:error] [pid 7308:tid 18800] (70008)Partial results are valid but processing is incomplete: [client 186.82.67.28:62080] AH01110: error reading response
[Mon Sep 09 16:02:21.985704 2019] [proxy_http:error] [pid 7308:tid 18800] (70008)Partial results are valid but processing is incomplete: [client 186.82.67.28:62117] AH01110: error reading response
[Mon Sep 09 16:08:20.427534 2019] [proxy_http:error] [pid 7308:tid 19020] (70008)Partial results are valid but processing is incomplete: [client 190.26.194.250:62318] AH01110: error reading response
[Mon Sep 09 16:13:00.510426 2019] [proxy_http:error] [pid 7308:tid 18800] (70008)Partial results are valid but processing is incomplete: [client 186.82.67.28:62142] AH01110: error reading response
[Mon Sep 09 17:30:19.772374 2019] [proxy_http:error] [pid 7308:tid 19020] (70008)Partial results are valid but processing is incomplete: [client 190.26.194.250:62409] AH01110: error reading response
[Mon Sep 09 18:46:56.369248 2019] [mpm_winnt:warn] [pid 7308:tid 20684] (OS 64)The specified network name is no longer available.  : AH00341: winnt_accept: Asynchronous AcceptEx failed.
[Mon Sep 09 18:54:51.296482 2019] [mpm_winnt:warn] [pid 7308:tid 20684] (OS 64)The specified network name is no longer available.  : AH00341: winnt_accept: Asynchronous AcceptEx failed.
[Mon Sep 09 19:01:26.055175 2019] [core:error] [pid 7308:tid 18892] [client 188.19.71.119:60307] AH00126: Invalid URI in request GET ../../mnt/custom/ProductDefinition HTTP
[Mon Sep 09 19:01:53.854424 2019] [core:error] [pid 7308:tid 18304] [client 188.19.71.119:60370] AH00126: Invalid URI in request GET ../../mnt/custom/ProductDefinition HTTP
[Mon Sep 09 19:20:18.866765 2019] [mpm_winnt:warn] [pid 7308:tid 20684] (OS 64)The specified network name is no longer available.  : AH00341: winnt_accept: Asynchronous AcceptEx failed.
[Mon Sep 09 19:40:50.755129 2019] [mpm_winnt:warn] [pid 7308:tid 20684] (OS 64)The specified network name is no longer available.  : AH00341: winnt_accept: Asynchronous AcceptEx failed.
[Mon Sep 09 20:16:28.582884 2019] [authz_core:error] [pid 7308:tid 18016] [client 104.131.8.96:34570] AH01630: client denied by server configuration: E:/nuevo/phpMyAdmin/
[Mon Sep 09 20:46:00.949797 2019] [core:error] [pid 7308:tid 19004] [client 14.161.45.253:33933] AH00126: Invalid URI in request GET ../../mnt/custom/ProductDefinition HTTP
[Mon Sep 09 21:17:08.694277 2019] [mpm_winnt:warn] [pid 7308:tid 20684] (OS 64)The specified network name is no longer available.  : AH00341: winnt_accept: Asynchronous AcceptEx failed.
[Mon Sep 09 21:49:50.102322 2019] [mpm_winnt:warn] [pid 7308:tid 20684] (OS 64)The specified network name is no longer available.  : AH00341: winnt_accept: Asynchronous AcceptEx failed.
[Mon Sep 09 22:22:48.046396 2019] [mpm_winnt:warn] [pid 7308:tid 20684] (OS 64)The specified network name is no longer available.  : AH00341: winnt_accept: Asynchronous AcceptEx failed.
[Mon Sep 09 22:27:40.188110 2019] [mpm_winnt:warn] [pid 7308:tid 20684] (OS 64)The specified network name is no longer available.  : AH00341: winnt_accept: Asynchronous AcceptEx failed.
[Mon Sep 09 22:28:51.761035 2019] [core:error] [pid 7308:tid 18544] (20024)The given path is misformatted or contained invalid characters: [client 46.229.168.151:25594] AH00127: Cannot map GET /www.ambientebogota.gov.co:81/ HTTP/1.1 to file
[Mon Sep 09 22:30:24.003997 2019] [mpm_winnt:warn] [pid 7308:tid 20684] (OS 64)The specified network name is no longer available.  : AH00341: winnt_accept: Asynchronous AcceptEx failed.
[Mon Sep 09 22:30:25.501600 2019] [core:error] [pid 7308:tid 19036] [client 60.191.38.77:20642] AH00135: Invalid method in request admin
[Mon Sep 09 22:31:47.276944 2019] [core:error] [pid 7308:tid 18280] [client 186.249.191.2:47004] AH00126: Invalid URI in request GET ../../mnt/custom/ProductDefinition HTTP
[Mon Sep 09 23:16:50.060691 2019] [mpm_winnt:warn] [pid 7308:tid 20684] (OS 64)The specified network name is no longer available.  : AH00341: winnt_accept: Asynchronous AcceptEx failed.
[Mon Sep 09 23:30:57.625779 2019] [mpm_winnt:warn] [pid 7308:tid 20684] (OS 64)The specified network name is no longer available.  : AH00341: winnt_accept: Asynchronous AcceptEx failed.

:: Command execute ::

Enter:
 
Select:
 

:: Search ::
regexp 

:: Upload ::
 
[ ok ]

:: Make Dir ::
 
[ ok ]
:: Make File ::
 
[ ok ]

:: Go Dir ::
 
:: Go File ::
 

--[ c99shell v. 1.0 pre-release build #13 powered by Captain Crunch Security Team | http://ccteam.ru | Generation time: 0.0312 ]--