[Mon Sep 23 23:15:31.755681 2019] [proxy:error] [pid 7308:tid 18620] AH00959: ap_proxy_connect_backend disabling worker for (192.168.175.30) for 60s
[Mon Sep 23 23:15:31.755681 2019] [proxy_http:error] [pid 7308:tid 18620] [client 201.242.14.219:9099] AH01114: HTTP: failed to make connection to backend: 192.168.175.30
[Mon Sep 23 23:15:34.485685 2019] [cgi:error] [pid 7308:tid 18620] [client 201.242.14.219:4315] script not found or unable to stat: E:/nuevo/cgi-bin/phpnews
[Mon Sep 23 23:15:36.856890 2019] [proxy:error] [pid 7308:tid 16936] AH00940: HTTP: disabled connection for (192.168.175.30)
[Mon Sep 23 23:15:37.746091 2019] [proxy:error] [pid 7308:tid 17748] (OS 10060)A connection attempt failed because the connected party did not properly respond after a period of time, or established connection failed because connected host has failed to respond.  : AH00957: HTTP: attempt to connect to 192.168.175.30:80 (192.168.175.30) failed
[Mon Sep 23 23:15:37.746091 2019] [proxy_http:error] [pid 7308:tid 17748] [client 201.242.14.219:4308] AH01114: HTTP: failed to make connection to backend: 192.168.175.30
[Mon Sep 23 23:15:44.032902 2019] [cgi:error] [pid 7308:tid 16888] [client 201.242.14.219:9178] script not found or unable to stat: E:/nuevo/cgi-bin/index.php
[Mon Sep 23 23:15:51.723716 2019] [proxy:error] [pid 7308:tid 19168] (OS 10060)A connection attempt failed because the connected party did not properly respond after a period of time, or established connection failed because connected host has failed to respond.  : AH00957: HTTP: attempt to connect to 192.168.175.30:80 (192.168.175.30) failed
[Mon Sep 23 23:15:51.723716 2019] [proxy:error] [pid 7308:tid 19168] AH00959: ap_proxy_connect_backend disabling worker for (192.168.175.30) for 60s
[Mon Sep 23 23:15:51.723716 2019] [proxy_http:error] [pid 7308:tid 19168] [client 201.242.14.219:4313] AH01114: HTTP: failed to make connection to backend: 192.168.175.30
[Mon Sep 23 23:15:54.141720 2019] [cgi:error] [pid 7308:tid 18780] [client 201.242.14.219:4325] script not found or unable to stat: E:/nuevo/htdocs/sendtemp.pl
[Mon Sep 23 23:15:59.742130 2019] [proxy:error] [pid 7308:tid 16352] (OS 10060)A connection attempt failed because the connected party did not properly respond after a period of time, or established connection failed because connected host has failed to respond.  : AH00957: HTTP: attempt to connect to 192.168.175.30:80 (192.168.175.30) failed
[Mon Sep 23 23:15:59.742130 2019] [proxy_http:error] [pid 7308:tid 16352] [client 201.242.14.219:4321] AH01114: HTTP: failed to make connection to backend: 192.168.175.30
[Mon Sep 23 23:16:04.234938 2019] [proxy:error] [pid 7308:tid 17912] (OS 10060)A connection attempt failed because the connected party did not properly respond after a period of time, or established connection failed because connected host has failed to respond.  : AH00957: HTTP: attempt to connect to 192.168.175.30:80 (192.168.175.30) failed
[Mon Sep 23 23:16:04.234938 2019] [proxy:error] [pid 7308:tid 17912] AH00959: ap_proxy_connect_backend disabling worker for (192.168.175.30) for 60s
[Mon Sep 23 23:16:04.234938 2019] [proxy_http:error] [pid 7308:tid 17912] [client 201.242.14.219:9176] AH01114: HTTP: failed to make connection to backend: 192.168.175.30
[Mon Sep 23 23:16:04.531338 2019] [proxy:error] [pid 7308:tid 18280] AH00940: HTTP: disabled connection for (192.168.175.30)
[Mon Sep 23 23:16:04.874539 2019] [proxy:error] [pid 7308:tid 17912] AH00940: HTTP: disabled connection for (192.168.175.30)
[Mon Sep 23 23:16:05.170939 2019] [proxy:error] [pid 7308:tid 18380] AH00940: HTTP: disabled connection for (192.168.175.30)
[Mon Sep 23 23:16:05.482940 2019] [proxy:error] [pid 7308:tid 18380] AH00940: HTTP: disabled connection for (192.168.175.30)
[Mon Sep 23 23:16:05.779340 2019] [proxy:error] [pid 7308:tid 18380] AH00940: HTTP: disabled connection for (192.168.175.30)
[Mon Sep 23 23:16:06.075741 2019] [proxy:error] [pid 7308:tid 18380] AH00940: HTTP: disabled connection for (192.168.175.30)
[Mon Sep 23 23:16:06.372141 2019] [proxy:error] [pid 7308:tid 18380] AH00940: HTTP: disabled connection for (192.168.175.30)
[Mon Sep 23 23:16:06.652942 2019] [proxy:error] [pid 7308:tid 17912] AH00940: HTTP: disabled connection for (192.168.175.30)
[Mon Sep 23 23:16:06.964943 2019] [proxy:error] [pid 7308:tid 17912] AH00940: HTTP: disabled connection for (192.168.175.30)
[Mon Sep 23 23:16:07.276943 2019] [proxy:error] [pid 7308:tid 17912] AH00940: HTTP: disabled connection for (192.168.175.30)
[Mon Sep 23 23:16:07.573344 2019] [proxy:error] [pid 7308:tid 18380] AH00940: HTTP: disabled connection for (192.168.175.30)
[Mon Sep 23 23:16:07.776144 2019] [proxy:error] [pid 7308:tid 18280] AH00940: HTTP: disabled connection for (192.168.175.30)
[Mon Sep 23 23:16:08.088145 2019] [proxy:error] [pid 7308:tid 18280] AH00940: HTTP: disabled connection for (192.168.175.30)
[Mon Sep 23 23:16:08.400145 2019] [proxy:error] [pid 7308:tid 18380] AH00940: HTTP: disabled connection for (192.168.175.30)
[Mon Sep 23 23:16:08.712146 2019] [proxy:error] [pid 7308:tid 17912] AH00940: HTTP: disabled connection for (192.168.175.30)
[Mon Sep 23 23:16:09.008546 2019] [proxy:error] [pid 7308:tid 17912] AH00940: HTTP: disabled connection for (192.168.175.30)
[Mon Sep 23 23:16:09.304947 2019] [proxy:error] [pid 7308:tid 18620] AH00940: HTTP: disabled connection for (192.168.175.30)
[Mon Sep 23 23:16:09.601347 2019] [proxy:error] [pid 7308:tid 18620] AH00940: HTTP: disabled connection for (192.168.175.30)
[Mon Sep 23 23:16:09.648147 2019] [proxy:error] [pid 7308:tid 17416] AH00940: HTTP: disabled connection for (192.168.175.30)
[Mon Sep 23 23:16:09.913348 2019] [proxy:error] [pid 7308:tid 18612] AH00940: HTTP: disabled connection for (192.168.175.30)
[Mon Sep 23 23:16:10.209748 2019] [proxy:error] [pid 7308:tid 18612] AH00940: HTTP: disabled connection for (192.168.175.30)
[Mon Sep 23 23:16:10.521749 2019] [proxy:error] [pid 7308:tid 18612] AH00940: HTTP: disabled connection for (192.168.175.30)
[Mon Sep 23 23:16:10.833749 2019] [proxy:error] [pid 7308:tid 16224] AH00940: HTTP: disabled connection for (192.168.175.30)
[Mon Sep 23 23:16:11.130150 2019] [proxy:error] [pid 7308:tid 17748] AH00940: HTTP: disabled connection for (192.168.175.30)
[Mon Sep 23 23:16:11.426550 2019] [proxy:error] [pid 7308:tid 18000] AH00940: HTTP: disabled connection for (192.168.175.30)
[Mon Sep 23 23:16:11.738551 2019] [proxy:error] [pid 7308:tid 18000] AH00940: HTTP: disabled connection for (192.168.175.30)
[Mon Sep 23 23:16:12.050551 2019] [proxy:error] [pid 7308:tid 16224] AH00940: HTTP: disabled connection for (192.168.175.30)
[Mon Sep 23 23:16:12.362552 2019] [proxy:error] [pid 7308:tid 18780] AH00940: HTTP: disabled connection for (192.168.175.30)
[Mon Sep 23 23:16:12.643353 2019] [proxy:error] [pid 7308:tid 18780] AH00940: HTTP: disabled connection for (192.168.175.30)
[Mon Sep 23 23:16:12.939753 2019] [proxy:error] [pid 7308:tid 18780] AH00940: HTTP: disabled connection for (192.168.175.30)
[Mon Sep 23 23:16:13.236154 2019] [proxy:error] [pid 7308:tid 18780] AH00940: HTTP: disabled connection for (192.168.175.30)
[Mon Sep 23 23:16:13.532554 2019] [proxy:error] [pid 7308:tid 18000] AH00940: HTTP: disabled connection for (192.168.175.30)
[Mon Sep 23 23:16:21.363768 2019] [proxy:error] [pid 7308:tid 16352] (OS 10060)A connection attempt failed because the connected party did not properly respond after a period of time, or established connection failed because connected host has failed to respond.  : AH00957: HTTP: attempt to connect to 192.168.175.30:80 (192.168.175.30) failed
[Mon Sep 23 23:16:21.363768 2019] [proxy_http:error] [pid 7308:tid 16352] [client 201.242.14.219:4326] AH01114: HTTP: failed to make connection to backend: 192.168.175.30
[Mon Sep 23 23:16:28.352580 2019] [authz_core:error] [pid 7308:tid 18280] [client 201.242.14.219:9267] AH01630: client denied by server configuration: E:/nuevo/htdocs/.htaccess.old
[Mon Sep 23 23:16:28.539780 2019] [authz_core:error] [pid 7308:tid 18280] [client 201.242.14.219:9267] AH01630: client denied by server configuration: E:/nuevo/htdocs/.htaccess.bak
[Mon Sep 23 23:16:28.726981 2019] [authz_core:error] [pid 7308:tid 18280] [client 201.242.14.219:9267] AH01630: client denied by server configuration: E:/nuevo/htdocs/.htaccess~
[Mon Sep 23 23:16:28.929781 2019] [authz_core:error] [pid 7308:tid 18280] [client 201.242.14.219:9267] AH01630: client denied by server configuration: E:/nuevo/htdocs/.htaccess.copy
[Mon Sep 23 23:16:29.116981 2019] [authz_core:error] [pid 7308:tid 18280] [client 201.242.14.219:9267] AH01630: client denied by server configuration: E:/nuevo/htdocs/.htaccess.tmp
[Mon Sep 23 23:16:29.616182 2019] [authz_core:error] [pid 7308:tid 18280] [client 201.242.14.219:9268] AH01630: client denied by server configuration: E:/nuevo/htdocs/.htaccess.1
[Mon Sep 23 23:16:29.709782 2019] [authz_core:error] [pid 7308:tid 18280] [client 201.242.14.219:9268] AH01630: client denied by server configuration: E:/nuevo/htdocs/.htaccess.~1~
[Mon Sep 23 23:16:34.998192 2019] [cgi:error] [pid 7308:tid 18280] [client 201.242.14.219:9272] script not found or unable to stat: E:/nuevo/cgi-bin/cvsweb.cgi
[Mon Sep 23 23:16:36.152594 2019] [cgi:error] [pid 7308:tid 18280] [client 201.242.14.219:4345] script not found or unable to stat: E:/nuevo/cgi-bin/cvsweb.cgi
[Mon Sep 23 23:16:42.923006 2019] [proxy:error] [pid 7308:tid 18000] (OS 10060)A connection attempt failed because the connected party did not properly respond after a period of time, or established connection failed because connected host has failed to respond.  : AH00957: HTTP: attempt to connect to 192.168.175.30:80 (192.168.175.30) failed
[Mon Sep 23 23:16:42.923006 2019] [proxy:error] [pid 7308:tid 18000] AH00959: ap_proxy_connect_backend disabling worker for (192.168.175.30) for 60s
[Mon Sep 23 23:16:42.923006 2019] [proxy_http:error] [pid 7308:tid 18000] [client 201.242.14.219:4334] AH01114: HTTP: failed to make connection to backend: 192.168.175.30
[Mon Sep 23 23:16:55.137827 2019] [cgi:error] [pid 7308:tid 16888] [client 201.242.14.219:9287] script not found or unable to stat: E:/nuevo/cgi-bin/home
[Mon Sep 23 23:16:55.434228 2019] [cgi:error] [pid 7308:tid 18280] [client 201.242.14.219:9288] script not found or unable to stat: E:/nuevo/cgi-bin/k
[Mon Sep 23 23:16:56.931830 2019] [proxy:error] [pid 7308:tid 16888] AH00940: HTTP: disabled connection for (192.168.175.30)
[Mon Sep 23 23:16:57.228231 2019] [proxy:error] [pid 7308:tid 16888] AH00940: HTTP: disabled connection for (192.168.175.30)
[Mon Sep 23 23:16:59.537035 2019] [proxy:error] [pid 7308:tid 16724] (OS 10060)A connection attempt failed because the connected party did not properly respond after a period of time, or established connection failed because connected host has failed to respond.  : AH00957: HTTP: attempt to connect to 192.168.175.30:80 (192.168.175.30) failed
[Mon Sep 23 23:16:59.537035 2019] [proxy_http:error] [pid 7308:tid 16724] [client 201.242.14.219:4348] AH01114: HTTP: failed to make connection to backend: 192.168.175.30
[Mon Sep 23 23:17:01.658639 2019] [cgi:error] [pid 7308:tid 18280] [client 201.242.14.219:4362] script not found or unable to stat: E:/nuevo/cgi-bin/home
[Mon Sep 23 23:17:02.516640 2019] [cgi:error] [pid 7308:tid 18280] [client 201.242.14.219:4363] script not found or unable to stat: E:/nuevo/cgi-bin/k
[Mon Sep 23 23:17:10.051453 2019] [ssl:error] [pid 7308:tid 16352] AH02031: Hostname static-190-27-245-106.static.etb.net.co provided via SNI, but no hostname provided in HTTP request
[Mon Sep 23 23:17:10.691054 2019] [ssl:error] [pid 7308:tid 16352] AH02031: Hostname static-190-27-245-106.static.etb.net.co provided via SNI, but no hostname provided in HTTP request
[Mon Sep 23 23:17:11.564656 2019] [ssl:error] [pid 7308:tid 16352] AH02031: Hostname static-190-27-245-106.static.etb.net.co provided via SNI, but no hostname provided in HTTP request
[Mon Sep 23 23:17:12.219857 2019] [ssl:error] [pid 7308:tid 16352] AH02031: Hostname static-190-27-245-106.static.etb.net.co provided via SNI, but no hostname provided in HTTP request
[Mon Sep 23 23:17:13.124659 2019] [ssl:error] [pid 7308:tid 16352] AH02031: Hostname static-190-27-245-106.static.etb.net.co provided via SNI, but no hostname provided in HTTP request
[Mon Sep 23 23:17:13.748660 2019] [ssl:error] [pid 7308:tid 16352] AH02031: Hostname static-190-27-245-106.static.etb.net.co provided via SNI, but no hostname provided in HTTP request
[Mon Sep 23 23:17:14.606661 2019] [ssl:error] [pid 7308:tid 16352] AH02031: Hostname static-190-27-245-106.static.etb.net.co provided via SNI, but no hostname provided in HTTP request
[Mon Sep 23 23:17:21.486273 2019] [proxy:error] [pid 7308:tid 16724] (OS 10060)A connection attempt failed because the connected party did not properly respond after a period of time, or established connection failed because connected host has failed to respond.  : AH00957: HTTP: attempt to connect to 192.168.175.30:80 (192.168.175.30) failed
[Mon Sep 23 23:17:21.486273 2019] [proxy:error] [pid 7308:tid 16724] AH00959: ap_proxy_connect_backend disabling worker for (192.168.175.30) for 60s
[Mon Sep 23 23:17:21.486273 2019] [proxy_http:error] [pid 7308:tid 16724] [client 201.242.14.219:4359] AH01114: HTTP: failed to make connection to backend: 192.168.175.30
[Mon Sep 23 23:17:22.094674 2019] [proxy:error] [pid 7308:tid 16724] AH00940: HTTP: disabled connection for (192.168.175.30)
[Mon Sep 23 23:17:22.952676 2019] [proxy:error] [pid 7308:tid 16724] AH00940: HTTP: disabled connection for (192.168.175.30)
[Mon Sep 23 23:17:23.607877 2019] [proxy:error] [pid 7308:tid 16724] AH00940: HTTP: disabled connection for (192.168.175.30)
[Mon Sep 23 23:17:24.122678 2019] [proxy:error] [pid 7308:tid 16724] AH00940: HTTP: disabled connection for (192.168.175.30)
[Mon Sep 23 23:17:24.543879 2019] [proxy:error] [pid 7308:tid 18240] AH00940: HTTP: disabled connection for (192.168.175.30)
[Mon Sep 23 23:17:24.980680 2019] [proxy:error] [pid 7308:tid 16724] AH00940: HTTP: disabled connection for (192.168.175.30)
[Mon Sep 23 23:17:25.604681 2019] [proxy:error] [pid 7308:tid 17912] AH00940: HTTP: disabled connection for (192.168.175.30)
[Mon Sep 23 23:17:27.195883 2019] [cgi:error] [pid 7308:tid 17912] [client 201.242.14.219:4390] script not found or unable to stat: E:/nuevo/cgi-bin/index.php
[Mon Sep 23 23:17:27.476684 2019] [proxy:error] [pid 7308:tid 16888] (OS 10060)A connection attempt failed because the connected party did not properly respond after a period of time, or established connection failed because connected host has failed to respond.  : AH00957: HTTP: attempt to connect to 192.168.175.30:80 (192.168.175.30) failed
[Mon Sep 23 23:17:27.476684 2019] [proxy_http:error] [pid 7308:tid 16888] [client 201.242.14.219:4368] AH01114: HTTP: failed to make connection to backend: 192.168.175.30
[Mon Sep 23 23:17:49.441523 2019] [proxy:error] [pid 7308:tid 16888] (OS 10060)A connection attempt failed because the connected party did not properly respond after a period of time, or established connection failed because connected host has failed to respond.  : AH00957: HTTP: attempt to connect to 192.168.175.30:80 (192.168.175.30) failed
[Mon Sep 23 23:17:49.441523 2019] [proxy:error] [pid 7308:tid 16888] AH00959: ap_proxy_connect_backend disabling worker for (192.168.175.30) for 60s
[Mon Sep 23 23:17:49.441523 2019] [proxy_http:error] [pid 7308:tid 16888] [client 201.242.14.219:4393] AH01114: HTTP: failed to make connection to backend: 192.168.175.30
[Mon Sep 23 23:17:53.513130 2019] [proxy:error] [pid 7308:tid 17912] (OS 10060)A connection attempt failed because the connected party did not properly respond after a period of time, or established connection failed because connected host has failed to respond.  : AH00957: HTTP: attempt to connect to 192.168.175.30:80 (192.168.175.30) failed
[Mon Sep 23 23:17:53.513130 2019] [proxy_http:error] [pid 7308:tid 17912] [client 201.242.14.219:4399] AH01114: HTTP: failed to make connection to backend: 192.168.175.30
[Mon Sep 23 23:17:55.416333 2019] [authz_core:error] [pid 7308:tid 17748] [client 201.242.14.219:9305] AH01630: client denied by server configuration: E:/nuevo/htdocs/xampp/index.php
[Mon Sep 23 23:17:56.976336 2019] [authz_core:error] [pid 7308:tid 17912] [client 201.242.14.219:4408] AH01630: client denied by server configuration: E:/nuevo/htdocs/xampp/index.php
[Mon Sep 23 23:17:59.129140 2019] [cgi:error] [pid 7308:tid 17912] [client 201.242.14.219:9307] attempt to invoke directory as script: E:/nuevo/cgi-bin/
[Mon Sep 23 23:18:01.016743 2019] [cgi:error] [pid 7308:tid 17416] [client 201.242.14.219:9310] attempt to invoke directory as script: E:/nuevo/cgi-bin/
[Mon Sep 23 23:18:05.649951 2019] [cgi:error] [pid 7308:tid 17328] [client 201.242.14.219:9313] script not found or unable to stat: E:/nuevo/cgi-bin/index.cfm
[Mon Sep 23 23:18:15.571568 2019] [proxy:error] [pid 7308:tid 18036] (OS 10060)A connection attempt failed because the connected party did not properly respond after a period of time, or established connection failed because connected host has failed to respond.  : AH00957: HTTP: attempt to connect to 192.168.175.30:80 (192.168.175.30) failed
[Mon Sep 23 23:18:15.571568 2019] [proxy:error] [pid 7308:tid 18036] AH00959: ap_proxy_connect_backend disabling worker for (192.168.175.30) for 60s
[Mon Sep 23 23:18:15.571568 2019] [proxy_http:error] [pid 7308:tid 18036] [client 201.242.14.219:4406] AH01114: HTTP: failed to make connection to backend: 192.168.175.30
[Mon Sep 23 23:18:16.913171 2019] [cgi:error] [pid 7308:tid 16352] [client 201.242.14.219:4409] script not found or unable to stat: E:/nuevo/cgi-bin/forum.php3
[Mon Sep 23 23:18:17.022371 2019] [cgi:error] [pid 7308:tid 16352] [client 201.242.14.219:4409] script not found or unable to stat: E:/nuevo/cgi-bin/forum.php
[Mon Sep 23 23:18:17.552772 2019] [proxy:error] [pid 7308:tid 16352] AH00940: HTTP: disabled connection for (192.168.175.30)
[Mon Sep 23 23:18:18.863174 2019] [proxy:error] [pid 7308:tid 17748] AH00940: HTTP: disabled connection for (192.168.175.30)
[Mon Sep 23 23:18:27.864390 2019] [proxy:error] [pid 7308:tid 17328] (OS 10060)A connection attempt failed because the connected party did not properly respond after a period of time, or established connection failed because connected host has failed to respond.  : AH00957: HTTP: attempt to connect to 192.168.175.30:80 (192.168.175.30) failed
[Mon Sep 23 23:18:27.864390 2019] [proxy_http:error] [pid 7308:tid 17328] [client 201.242.14.219:9317] AH01114: HTTP: failed to make connection to backend: 192.168.175.30
[Mon Sep 23 23:18:30.921995 2019] [cgi:error] [pid 7308:tid 18376] [client 201.242.14.219:4416] script not found or unable to stat: E:/nuevo/cgi-bin/index.cfm
[Mon Sep 23 23:18:42.029215 2019] [cgi:error] [pid 7308:tid 18620] [client 201.242.14.219:9323] script not found or unable to stat: E:/nuevo/cgi-bin/clwarn.cgi
[Mon Sep 23 23:18:42.341215 2019] [cgi:error] [pid 7308:tid 18620] [client 201.242.14.219:9324] script not found or unable to stat: E:/nuevo/htdocs/BLA/resoluciones/clwarn.cgi
[Mon Sep 23 23:18:42.637616 2019] [cgi:error] [pid 7308:tid 18620] [client 201.242.14.219:9325] script not found or unable to stat: E:/nuevo/htdocs/BLA/boletinlegal/clwarn.cgi
[Mon Sep 23 23:18:54.306436 2019] [proxy:error] [pid 7308:tid 18688] (OS 10060)A connection attempt failed because the connected party did not properly respond after a period of time, or established connection failed because connected host has failed to respond.  : AH00957: HTTP: attempt to connect to 192.168.175.30:80 (192.168.175.30) failed
[Mon Sep 23 23:18:54.306436 2019] [proxy:error] [pid 7308:tid 18688] AH00959: ap_proxy_connect_backend disabling worker for (192.168.175.30) for 60s
[Mon Sep 23 23:18:54.306436 2019] [proxy_http:error] [pid 7308:tid 18688] [client 201.242.14.219:4419] AH01114: HTTP: failed to make connection to backend: 192.168.175.30
[Mon Sep 23 23:19:04.040854 2019] [proxy:error] [pid 7308:tid 18620] (OS 10060)A connection attempt failed because the connected party did not properly respond after a period of time, or established connection failed because connected host has failed to respond.  : AH00957: HTTP: attempt to connect to 192.168.175.30:80 (192.168.175.30) failed
[Mon Sep 23 23:19:04.040854 2019] [proxy_http:error] [pid 7308:tid 18620] [client 201.242.14.219:9326] AH01114: HTTP: failed to make connection to backend: 192.168.175.30
[Mon Sep 23 23:19:04.883255 2019] [cgi:error] [pid 7308:tid 18620] [client 201.242.14.219:9329] script not found or unable to stat: E:/nuevo/htdocs/clwarn.cgi
[Mon Sep 23 23:19:06.614858 2019] [cgi:error] [pid 7308:tid 18620] [client 201.242.14.219:4424] script not found or unable to stat: E:/nuevo/cgi-bin/clwarn.cgi
[Mon Sep 23 23:19:07.519660 2019] [cgi:error] [pid 7308:tid 18620] [client 201.242.14.219:4425] script not found or unable to stat: E:/nuevo/htdocs/BLA/resoluciones/clwarn.cgi
[Mon Sep 23 23:19:08.112461 2019] [cgi:error] [pid 7308:tid 18620] [client 201.242.14.219:4426] script not found or unable to stat: E:/nuevo/htdocs/BLA/boletinlegal/clwarn.cgi
[Mon Sep 23 23:19:21.419284 2019] [cgi:error] [pid 7308:tid 18688] [client 201.242.14.219:9335] script not found or unable to stat: E:/nuevo/cgi-bin/js
[Mon Sep 23 23:19:29.266098 2019] [proxy:error] [pid 7308:tid 18240] (OS 10060)A connection attempt failed because the connected party did not properly respond after a period of time, or established connection failed because connected host has failed to respond.  : AH00957: HTTP: attempt to connect to 192.168.175.30:80 (192.168.175.30) failed
[Mon Sep 23 23:19:29.266098 2019] [proxy:error] [pid 7308:tid 18240] AH00959: ap_proxy_connect_backend disabling worker for (192.168.175.30) for 60s
[Mon Sep 23 23:19:29.266098 2019] [proxy_http:error] [pid 7308:tid 18240] [client 201.242.14.219:4392] AH01114: HTTP: failed to make connection to backend: 192.168.175.30
[Mon Sep 23 23:19:29.999299 2019] [proxy:error] [pid 7308:tid 18620] (OS 10060)A connection attempt failed because the connected party did not properly respond after a period of time, or established connection failed because connected host has failed to respond.  : AH00957: HTTP: attempt to connect to 192.168.175.30:80 (192.168.175.30) failed
[Mon Sep 23 23:19:29.999299 2019] [proxy_http:error] [pid 7308:tid 18620] [client 201.242.14.219:4427] AH01114: HTTP: failed to make connection to backend: 192.168.175.30
[Mon Sep 23 23:19:31.996103 2019] [cgi:error] [pid 7308:tid 18688] [client 201.242.14.219:4436] script not found or unable to stat: E:/nuevo/htdocs/clwarn.cgi
[Mon Sep 23 23:19:37.097312 2019] [cgi:error] [pid 7308:tid 18036] [client 201.242.14.219:9340] script not found or unable to stat: E:/nuevo/cgi-bin/wiki.php
[Mon Sep 23 23:19:41.434119 2019] [cgi:error] [pid 7308:tid 18688] [client 201.242.14.219:9343] script not found or unable to stat: E:/nuevo/cgi-bin/guestbook
[Mon Sep 23 23:19:41.746120 2019] [cgi:error] [pid 7308:tid 18688] [client 201.242.14.219:9344] script not found or unable to stat: E:/nuevo/cgi-bin/view.php
[Mon Sep 23 23:19:43.337323 2019] [proxy:error] [pid 7308:tid 18280] (OS 10060)A connection attempt failed because the connected party did not properly respond after a period of time, or established connection failed because connected host has failed to respond.  : AH00957: HTTP: attempt to connect to 192.168.175.30:80 (192.168.175.30) failed
[Mon Sep 23 23:19:43.337323 2019] [proxy:error] [pid 7308:tid 18280] AH00959: ap_proxy_connect_backend disabling worker for (192.168.175.30) for 60s
[Mon Sep 23 23:19:43.337323 2019] [proxy_http:error] [pid 7308:tid 18280] [client 201.242.14.219:9338] AH01114: HTTP: failed to make connection to backend: 192.168.175.30
[Mon Sep 23 23:19:46.051727 2019] [cgi:error] [pid 7308:tid 18280] [client 201.242.14.219:4439] script not found or unable to stat: E:/nuevo/cgi-bin/js
[Mon Sep 23 23:19:48.454132 2019] [proxy:error] [pid 7308:tid 18280] AH00940: HTTP: disabled connection for (192.168.175.30)
[Mon Sep 23 23:19:53.149740 2019] [cgi:error] [pid 7308:tid 18620] [client 201.242.14.219:4445] script not found or unable to stat: E:/nuevo/cgi-bin/wiki.php
[Mon Sep 23 23:19:53.477340 2019] [proxy:error] [pid 7308:tid 18620] AH00940: HTTP: disabled connection for (192.168.175.30)
[Mon Sep 23 23:19:58.438149 2019] [proxy:error] [pid 7308:tid 18036] (OS 10060)A connection attempt failed because the connected party did not properly respond after a period of time, or established connection failed because connected host has failed to respond.  : AH00957: HTTP: attempt to connect to 192.168.175.30:80 (192.168.175.30) failed
[Mon Sep 23 23:19:58.438149 2019] [proxy_http:error] [pid 7308:tid 18036] [client 201.242.14.219:9340] AH01114: HTTP: failed to make connection to backend: 192.168.175.30
[Mon Sep 23 23:20:01.090154 2019] [proxy:error] [pid 7308:tid 17912] (OS 10060)A connection attempt failed because the connected party did not properly respond after a period of time, or established connection failed because connected host has failed to respond.  : AH00957: HTTP: attempt to connect to 192.168.175.30:80 (192.168.175.30) failed
[Mon Sep 23 23:20:01.090154 2019] [proxy_http:error] [pid 7308:tid 17912] [client 201.242.14.219:9307] AH01114: HTTP: failed to make connection to backend: 192.168.175.30
[Mon Sep 23 23:20:02.587756 2019] [proxy:error] [pid 7308:tid 17416] (OS 10060)A connection attempt failed because the connected party did not properly respond after a period of time, or established connection failed because connected host has failed to respond.  : AH00957: HTTP: attempt to connect to 192.168.175.30:80 (192.168.175.30) failed
[Mon Sep 23 23:20:02.587756 2019] [proxy_http:error] [pid 7308:tid 17416] [client 201.242.14.219:9310] AH01114: HTTP: failed to make connection to backend: 192.168.175.30
[Mon Sep 23 23:20:03.664158 2019] [proxy:error] [pid 7308:tid 17328] (OS 10060)A connection attempt failed because the connected party did not properly respond after a period of time, or established connection failed because connected host has failed to respond.  : AH00957: HTTP: attempt to connect to 192.168.175.30:80 (192.168.175.30) failed
[Mon Sep 23 23:20:03.664158 2019] [proxy_http:error] [pid 7308:tid 17328] [client 201.242.14.219:9347] AH01114: HTTP: failed to make connection to backend: 192.168.175.30
[Mon Sep 23 23:20:04.194559 2019] [proxy:error] [pid 7308:tid 18688] (OS 10060)A connection attempt failed because the connected party did not properly respond after a period of time, or established connection failed because connected host has failed to respond.  : AH00957: HTTP: attempt to connect to 192.168.175.30:80 (192.168.175.30) failed
[Mon Sep 23 23:20:04.194559 2019] [proxy_http:error] [pid 7308:tid 18688] [client 201.242.14.219:9350] AH01114: HTTP: failed to make connection to backend: 192.168.175.30
[Mon Sep 23 23:20:04.756160 2019] [cgi:error] [pid 7308:tid 18280] [client 201.242.14.219:4450] attempt to invoke directory as script: E:/nuevo/cgi-bin/
[Mon Sep 23 23:20:05.536162 2019] [cgi:error] [pid 7308:tid 17416] [client 201.242.14.219:4452] attempt to invoke directory as script: E:/nuevo/cgi-bin/
[Mon Sep 23 23:20:10.231770 2019] [mpm_winnt:warn] [pid 7308:tid 20684] (OS 64)The specified network name is no longer available.  : AH00341: winnt_accept: Asynchronous AcceptEx failed.
[Mon Sep 23 23:20:16.580981 2019] [authz_core:error] [pid 7308:tid 18620] [client 201.242.14.219:9372] AH01630: client denied by server configuration: E:/nuevo/htdocs/phpMyAdmin
[Mon Sep 23 23:20:16.783781 2019] [authz_core:error] [pid 7308:tid 18620] [client 201.242.14.219:9372] AH01630: client denied by server configuration: E:/nuevo/phpMyAdmin/main.php
[Mon Sep 23 23:20:25.644597 2019] [proxy:error] [pid 7308:tid 18688] (OS 10060)A connection attempt failed because the connected party did not properly respond after a period of time, or established connection failed because connected host has failed to respond.  : AH00957: HTTP: attempt to connect to 192.168.175.30:80 (192.168.175.30) failed
[Mon Sep 23 23:20:25.644597 2019] [proxy:error] [pid 7308:tid 18688] AH00959: ap_proxy_connect_backend disabling worker for (192.168.175.30) for 60s
[Mon Sep 23 23:20:25.644597 2019] [proxy_http:error] [pid 7308:tid 18688] [client 201.242.14.219:9368] AH01114: HTTP: failed to make connection to backend: 192.168.175.30
[Mon Sep 23 23:20:31.759808 2019] [cgi:error] [pid 7308:tid 18376] [client 201.242.14.219:4459] script not found or unable to stat: E:/nuevo/cgi-bin/guestbook
[Mon Sep 23 23:20:32.758209 2019] [cgi:error] [pid 7308:tid 18376] [client 201.242.14.219:4460] script not found or unable to stat: E:/nuevo/cgi-bin/view.php
[Mon Sep 23 23:20:36.907817 2019] [proxy:error] [pid 7308:tid 18376] AH00940: HTTP: disabled connection for (192.168.175.30)
[Mon Sep 23 23:20:37.828218 2019] [proxy:error] [pid 7308:tid 18376] AH00940: HTTP: disabled connection for (192.168.175.30)
[Mon Sep 23 23:20:55.471849 2019] [cgi:error] [pid 7308:tid 17808] [client 201.242.14.219:9384] script not found or unable to stat: E:/nuevo/cgi-bin/includes
[Mon Sep 23 23:20:56.485851 2019] [proxy:error] [pid 7308:tid 16224] AH00940: HTTP: disabled connection for (192.168.175.30)
[Mon Sep 23 23:20:58.888255 2019] [cgi:error] [pid 7308:tid 18620] [client 201.242.14.219:4474] script not found or unable to stat: E:/nuevo/cgi-bin/includes
[Mon Sep 23 23:21:01.165859 2019] [proxy:error] [pid 7308:tid 18620] AH00940: HTTP: disabled connection for (192.168.175.30)
[Mon Sep 23 23:21:19.885892 2019] [authz_core:error] [pid 7308:tid 19168] [client 201.242.14.219:4482] AH01630: client denied by server configuration: E:/nuevo/htdocs/phpMyAdmin
[Mon Sep 23 23:21:20.151093 2019] [authz_core:error] [pid 7308:tid 19168] [client 201.242.14.219:4482] AH01630: client denied by server configuration: E:/nuevo/phpMyAdmin/main.php
[Mon Sep 23 23:21:23.161898 2019] [cgi:error] [pid 7308:tid 19168] [client 201.242.14.219:4485] script not found or unable to stat: E:/nuevo/cgi-bin/main.php
[Mon Sep 23 23:21:24.253900 2019] [cgi:error] [pid 7308:tid 17848] [client 201.242.14.219:4486] attempt to invoke directory as script: E:/nuevo/cgi-bin/
[Mon Sep 23 23:22:06.327174 2019] [proxy:error] [pid 7308:tid 18280] (OS 10060)A connection attempt failed because the connected party did not properly respond after a period of time, or established connection failed because connected host has failed to respond.  : AH00957: HTTP: attempt to connect to 192.168.175.30:80 (192.168.175.30) failed
[Mon Sep 23 23:22:06.327174 2019] [proxy:error] [pid 7308:tid 18280] AH00959: ap_proxy_connect_backend disabling worker for (192.168.175.30) for 60s
[Mon Sep 23 23:22:06.327174 2019] [proxy_http:error] [pid 7308:tid 18280] [client 201.242.14.219:4450] AH01114: HTTP: failed to make connection to backend: 192.168.175.30
[Mon Sep 23 23:22:07.450376 2019] [proxy:error] [pid 7308:tid 17416] (OS 10060)A connection attempt failed because the connected party did not properly respond after a period of time, or established connection failed because connected host has failed to respond.  : AH00957: HTTP: attempt to connect to 192.168.175.30:80 (192.168.175.30) failed
[Mon Sep 23 23:22:07.450376 2019] [proxy_http:error] [pid 7308:tid 17416] [client 201.242.14.219:4452] AH01114: HTTP: failed to make connection to backend: 192.168.175.30
[Mon Sep 23 23:22:14.111587 2019] [cgi:error] [pid 7308:tid 17328] [client 201.242.14.219:4505] script not found or unable to stat: E:/nuevo/cgi-bin/perl
[Mon Sep 23 23:22:14.797989 2019] [cgi:error] [pid 7308:tid 16724] [client 201.242.14.219:4506] script not found or unable to stat: E:/nuevo/cgi-bin/perl.exe
[Mon Sep 23 23:22:17.418793 2019] [cgi:error] [pid 7308:tid 17808] [client 201.242.14.219:9398] script not found or unable to stat: E:/nuevo/cgi-bin/index.php
[Mon Sep 23 23:22:24.501206 2019] [cgi:error] [pid 7308:tid 17912] [client 201.242.14.219:9405] script not found or unable to stat: E:/nuevo/cgi-bin/index.do
[Mon Sep 23 23:22:40.241633 2019] [proxy:error] [pid 7308:tid 17808] (OS 10060)A connection attempt failed because the connected party did not properly respond after a period of time, or established connection failed because connected host has failed to respond.  : AH00957: HTTP: attempt to connect to 192.168.175.30:80 (192.168.175.30) failed
[Mon Sep 23 23:22:40.241633 2019] [proxy:error] [pid 7308:tid 17808] AH00959: ap_proxy_connect_backend disabling worker for (192.168.175.30) for 60s
[Mon Sep 23 23:22:40.241633 2019] [proxy_http:error] [pid 7308:tid 17808] [client 201.242.14.219:4511] AH01114: HTTP: failed to make connection to backend: 192.168.175.30
[Mon Sep 23 23:22:41.676836 2019] [proxy:error] [pid 7308:tid 17808] AH00940: HTTP: disabled connection for (192.168.175.30)
[Mon Sep 23 23:22:46.715645 2019] [proxy:error] [pid 7308:tid 16724] (OS 10060)A connection attempt failed because the connected party did not properly respond after a period of time, or established connection failed because connected host has failed to respond.  : AH00957: HTTP: attempt to connect to 192.168.175.30:80 (192.168.175.30) failed
[Mon Sep 23 23:22:46.715645 2019] [proxy_http:error] [pid 7308:tid 16724] [client 201.242.14.219:9408] AH01114: HTTP: failed to make connection to backend: 192.168.175.30
[Mon Sep 23 23:22:52.721655 2019] [cgi:error] [pid 7308:tid 16724] [client 201.242.14.219:4524] script not found or unable to stat: E:/nuevo/cgi-bin/index.do
[Mon Sep 23 23:23:16.480497 2019] [proxy:error] [pid 7308:tid 17748] (OS 10060)A connection attempt failed because the connected party did not properly respond after a period of time, or established connection failed because connected host has failed to respond.  : AH00957: HTTP: attempt to connect to 192.168.175.30:80 (192.168.175.30) failed
[Mon Sep 23 23:23:16.480497 2019] [proxy:error] [pid 7308:tid 17748] AH00959: ap_proxy_connect_backend disabling worker for (192.168.175.30) for 60s
[Mon Sep 23 23:23:16.480497 2019] [proxy_http:error] [pid 7308:tid 17748] [client 201.242.14.219:4527] AH01114: HTTP: failed to make connection to backend: 192.168.175.30
[Mon Sep 23 23:23:27.977717 2019] [proxy:error] [pid 7308:tid 17848] (OS 10060)A connection attempt failed because the connected party did not properly respond after a period of time, or established connection failed because connected host has failed to respond.  : AH00957: HTTP: attempt to connect to 192.168.175.30:80 (192.168.175.30) failed
[Mon Sep 23 23:23:27.977717 2019] [proxy_http:error] [pid 7308:tid 17848] [client 201.242.14.219:4488] AH01114: HTTP: failed to make connection to backend: 192.168.175.30
[Mon Sep 23 23:23:34.872929 2019] [cgi:error] [pid 7308:tid 16428] [client 201.242.14.219:9416] script not found or unable to stat: E:/nuevo/cgi-bin/index.php
[Mon Sep 23 23:23:41.736941 2019] [ssl:error] [pid 7308:tid 16868] AH02032: Hostname static-190-27-245-106.static.etb.net.co provided via SNI and hostname static-190-27-245-106.static.etb.net.co/.. provided via HTTP are different
[Mon Sep 23 23:23:44.310946 2019] [cgi:error] [pid 7308:tid 17848] [client 201.242.14.219:9426] script not found or unable to stat: E:/nuevo/cgi-bin/usrdetails.php
[Mon Sep 23 23:23:53.421362 2019] [cgi:error] [pid 7308:tid 16868] [client 201.242.14.219:9433] attempt to invoke directory as script: E:/nuevo/cgi-bin/
[Mon Sep 23 23:24:06.322584 2019] [proxy:error] [pid 7308:tid 17848] (OS 10060)A connection attempt failed because the connected party did not properly respond after a period of time, or established connection failed because connected host has failed to respond.  : AH00957: HTTP: attempt to connect to 192.168.175.30:80 (192.168.175.30) failed
[Mon Sep 23 23:24:06.322584 2019] [proxy:error] [pid 7308:tid 17848] AH00959: ap_proxy_connect_backend disabling worker for (192.168.175.30) for 60s
[Mon Sep 23 23:24:06.322584 2019] [proxy_http:error] [pid 7308:tid 17848] [client 201.242.14.219:9429] AH01114: HTTP: failed to make connection to backend: 192.168.175.30
[Mon Sep 23 23:24:08.849789 2019] [cgi:error] [pid 7308:tid 16700] [client 201.242.14.219:4548] script not found or unable to stat: E:/nuevo/cgi-bin/usrdetails.php
[Mon Sep 23 23:24:12.110195 2019] [proxy:error] [pid 7308:tid 16700] AH00940: HTTP: disabled connection for (192.168.175.30)
[Mon Sep 23 23:24:19.598208 2019] [proxy:error] [pid 7308:tid 18136] (OS 10060)A connection attempt failed because the connected party did not properly respond after a period of time, or established connection failed because connected host has failed to respond.  : AH00957: HTTP: attempt to connect to 192.168.175.30:80 (192.168.175.30) failed
[Mon Sep 23 23:24:19.598208 2019] [proxy_http:error] [pid 7308:tid 18136] [client 201.242.14.219:9399] AH01114: HTTP: failed to make connection to backend: 192.168.175.30
[Mon Sep 23 23:24:22.593413 2019] [cgi:error] [pid 7308:tid 17848] [client 201.242.14.219:4556] script not found or unable to stat: E:/nuevo/cgi-bin/index.php
[Mon Sep 23 23:24:25.089417 2019] [cgi:error] [pid 7308:tid 18280] [client 201.242.14.219:9441] script not found or unable to stat: E:/nuevo/htdocs/niet570445760.asp
[Mon Sep 23 23:24:29.956626 2019] [cgi:error] [pid 7308:tid 18136] [client 201.242.14.219:4559] script not found or unable to stat: E:/nuevo/htdocs/niet626763120.asp
[Mon Sep 23 23:24:30.970628 2019] [cgi:error] [pid 7308:tid 18280] [client 201.242.14.219:9447] script not found or unable to stat: E:/nuevo/cgi-bin/misc.php
[Mon Sep 23 23:24:39.519443 2019] [core:error] [pid 7308:tid 18136] [client 201.242.14.219:9452] AH00038: Forbidden: E:/nuevo/cgi-bin/com5 doesn't point to a file or directory
[Mon Sep 23 23:24:41.282246 2019] [core:error] [pid 7308:tid 18136] [client 201.242.14.219:4561] AH00038: Forbidden: E:/nuevo/cgi-bin/com5 doesn't point to a file or directory
[Mon Sep 23 23:24:42.951449 2019] [cgi:error] [pid 7308:tid 18612] [client 201.242.14.219:9453] script not found or unable to stat: E:/nuevo/cgi-bin/sgdynamo.exe
[Mon Sep 23 23:24:52.919866 2019] [proxy:error] [pid 7308:tid 18280] (OS 10060)A connection attempt failed because the connected party did not properly respond after a period of time, or established connection failed because connected host has failed to respond.  : AH00957: HTTP: attempt to connect to 192.168.175.30:80 (192.168.175.30) failed
[Mon Sep 23 23:24:52.919866 2019] [proxy:error] [pid 7308:tid 18280] AH00959: ap_proxy_connect_backend disabling worker for (192.168.175.30) for 60s
[Mon Sep 23 23:24:52.919866 2019] [proxy_http:error] [pid 7308:tid 18280] [client 201.242.14.219:9450] AH01114: HTTP: failed to make connection to backend: 192.168.175.30
[Mon Sep 23 23:24:59.113077 2019] [cgi:error] [pid 7308:tid 18280] [client 201.242.14.219:4567] script not found or unable to stat: E:/nuevo/cgi-bin/misc.php
[Mon Sep 23 23:25:00.501480 2019] [cgi:error] [pid 7308:tid 17912] [client 201.242.14.219:4570] script not found or unable to stat: E:/nuevo/cgi-bin/sgdynamo.exe
[Mon Sep 23 23:25:00.829080 2019] [proxy:error] [pid 7308:tid 17912] AH00940: HTTP: disabled connection for (192.168.175.30)
[Mon Sep 23 23:25:01.437481 2019] [proxy:error] [pid 7308:tid 17912] AH00940: HTTP: disabled connection for (192.168.175.30)
[Mon Sep 23 23:25:04.697887 2019] [proxy:error] [pid 7308:tid 18612] (OS 10060)A connection attempt failed because the connected party did not properly respond after a period of time, or established connection failed because connected host has failed to respond.  : AH00957: HTTP: attempt to connect to 192.168.175.30:80 (192.168.175.30) failed
[Mon Sep 23 23:25:04.697887 2019] [proxy_http:error] [pid 7308:tid 18612] [client 201.242.14.219:9453] AH01114: HTTP: failed to make connection to backend: 192.168.175.30
[Mon Sep 23 23:25:06.772691 2019] [cgi:error] [pid 7308:tid 17944] [client 201.242.14.219:9460] script not found or unable to stat: E:/nuevo/cgi-bin/admin
[Mon Sep 23 23:25:10.048696 2019] [proxy:error] [pid 7308:tid 18136] (OS 10060)A connection attempt failed because the connected party did not properly respond after a period of time, or established connection failed because connected host has failed to respond.  : AH00957: HTTP: attempt to connect to 192.168.175.30:80 (192.168.175.30) failed
[Mon Sep 23 23:25:10.048696 2019] [proxy:error] [pid 7308:tid 18136] AH00959: ap_proxy_connect_backend disabling worker for (192.168.175.30) for 60s
[Mon Sep 23 23:25:10.048696 2019] [proxy_http:error] [pid 7308:tid 18136] [client 201.242.14.219:9454] AH01114: HTTP: failed to make connection to backend: 192.168.175.30
[Mon Sep 23 23:25:16.023507 2019] [proxy:error] [pid 7308:tid 16428] AH00940: HTTP: disabled connection for (192.168.175.30)
[Mon Sep 23 23:25:19.720713 2019] [cgi:error] [pid 7308:tid 17648] [client 201.242.14.219:4581] script not found or unable to stat: E:/nuevo/cgi-bin/index.php
[Mon Sep 23 23:25:27.551927 2019] [cgi:error] [pid 7308:tid 16428] [client 201.242.14.219:9473] attempt to invoke directory as script: E:/nuevo/cgi-bin/
[Mon Sep 23 23:25:29.330330 2019] [proxy:error] [pid 7308:tid 17912] (OS 10060)A connection attempt failed because the connected party did not properly respond after a period of time, or established connection failed because connected host has failed to respond.  : AH00957: HTTP: attempt to connect to 192.168.175.30:80 (192.168.175.30) failed
[Mon Sep 23 23:25:29.330330 2019] [proxy_http:error] [pid 7308:tid 17912] [client 201.242.14.219:9463] AH01114: HTTP: failed to make connection to backend: 192.168.175.30
[Mon Sep 23 23:25:31.810735 2019] [cgi:error] [pid 7308:tid 17944] [client 201.242.14.219:4587] script not found or unable to stat: E:/nuevo/cgi-bin/admin
[Mon Sep 23 23:25:55.179576 2019] [proxy:error] [pid 7308:tid 16868] (OS 10060)A connection attempt failed because the connected party did not properly respond after a period of time, or established connection failed because connected host has failed to respond.  : AH00957: HTTP: attempt to connect to 192.168.175.30:80 (192.168.175.30) failed
[Mon Sep 23 23:25:55.179576 2019] [proxy:error] [pid 7308:tid 17944] (OS 10060)A connection attempt failed because the connected party did not properly respond after a period of time, or established connection failed because connected host has failed to respond.  : AH00957: HTTP: attempt to connect to 192.168.175.30:80 (192.168.175.30) failed
[Mon Sep 23 23:25:55.179576 2019] [proxy_http:error] [pid 7308:tid 17944] [client 201.242.14.219:4590] AH01114: HTTP: failed to make connection to backend: 192.168.175.30
[Mon Sep 23 23:25:55.179576 2019] [proxy:error] [pid 7308:tid 16868] AH00959: ap_proxy_connect_backend disabling worker for (192.168.175.30) for 60s
[Mon Sep 23 23:25:55.179576 2019] [proxy_http:error] [pid 7308:tid 16868] [client 201.242.14.219:9433] AH01114: HTTP: failed to make connection to backend: 192.168.175.30
[Mon Sep 23 23:25:57.051579 2019] [cgi:error] [pid 7308:tid 17944] [client 201.242.14.219:9480] script not found or unable to stat: E:/nuevo/cgi-bin/viewvc.cgi
[Mon Sep 23 23:25:57.394780 2019] [cgi:error] [pid 7308:tid 18800] [client 201.242.14.219:9481] script not found or unable to stat: E:/nuevo/htdocs/viewvc.cgi
[Mon Sep 23 23:25:59.906384 2019] [cgi:error] [pid 7308:tid 18800] [client 201.242.14.219:4595] attempt to invoke directory as script: E:/nuevo/cgi-bin/
[Mon Sep 23 23:26:06.037195 2019] [cgi:error] [pid 7308:tid 16868] [client 201.242.14.219:9483] script not found or unable to stat: E:/nuevo/cgi-bin/sugarcrm
[Mon Sep 23 23:26:24.819628 2019] [proxy:error] [pid 7308:tid 17848] (OS 10060)A connection attempt failed because the connected party did not properly respond after a period of time, or established connection failed because connected host has failed to respond.  : AH00957: HTTP: attempt to connect to 192.168.175.30:80 (192.168.175.30) failed
[Mon Sep 23 23:26:24.819628 2019] [proxy:error] [pid 7308:tid 17848] AH00959: ap_proxy_connect_backend disabling worker for (192.168.175.30) for 60s
[Mon Sep 23 23:26:24.819628 2019] [proxy_http:error] [pid 7308:tid 17848] [client 201.242.14.219:4557] AH01114: HTTP: failed to make connection to backend: 192.168.175.30
[Mon Sep 23 23:26:28.329634 2019] [proxy:error] [pid 7308:tid 16888] (OS 10060)A connection attempt failed because the connected party did not properly respond after a period of time, or established connection failed because connected host has failed to respond.  : AH00957: HTTP: attempt to connect to 192.168.175.30:80 (192.168.175.30) failed
[Mon Sep 23 23:26:28.329634 2019] [proxy_http:error] [pid 7308:tid 16888] [client 201.242.14.219:9486] AH01114: HTTP: failed to make connection to backend: 192.168.175.30
[Mon Sep 23 23:26:32.073640 2019] [cgi:error] [pid 7308:tid 16888] [client 201.242.14.219:4600] script not found or unable to stat: E:/nuevo/cgi-bin/sugarcrm
[Mon Sep 23 23:26:36.597648 2019] [cgi:error] [pid 7308:tid 17992] [client 201.242.14.219:9492] script not found or unable to stat: E:/nuevo/cgi-bin/index.php
[Mon Sep 23 23:26:56.222483 2019] [proxy:error] [pid 7308:tid 16888] (OS 10060)A connection attempt failed because the connected party did not properly respond after a period of time, or established connection failed because connected host has failed to respond.  : AH00957: HTTP: attempt to connect to 192.168.175.30:80 (192.168.175.30) failed
[Mon Sep 23 23:26:56.222483 2019] [proxy:error] [pid 7308:tid 16888] AH00959: ap_proxy_connect_backend disabling worker for (192.168.175.30) for 60s
[Mon Sep 23 23:26:56.222483 2019] [proxy_http:error] [pid 7308:tid 16888] [client 201.242.14.219:4603] AH01114: HTTP: failed to make connection to backend: 192.168.175.30
[Mon Sep 23 23:27:01.308092 2019] [proxy:error] [pid 7308:tid 17648] AH00940: HTTP: disabled connection for (192.168.175.30)
[Mon Sep 23 23:27:08.499704 2019] [proxy:error] [pid 7308:tid 16428] AH00940: HTTP: disabled connection for (192.168.175.30)
[Mon Sep 23 23:27:11.697710 2019] [cgi:error] [pid 7308:tid 17648] [client 201.242.14.219:4614] attempt to invoke directory as script: E:/nuevo/cgi-bin/
[Mon Sep 23 23:27:13.538513 2019] [cgi:error] [pid 7308:tid 16888] [client 201.242.14.219:9500] script not found or unable to stat: E:/nuevo/cgi-bin/Count.cgi
[Mon Sep 23 23:27:13.834914 2019] [cgi:error] [pid 7308:tid 16888] [client 201.242.14.219:9501] script not found or unable to stat: E:/nuevo/htdocs/BLA/resoluciones/Count.cgi
[Mon Sep 23 23:27:14.443315 2019] [cgi:error] [pid 7308:tid 18136] [client 201.242.14.219:9502] script not found or unable to stat: E:/nuevo/htdocs/BLA/boletinlegal/Count.cgi
[Mon Sep 23 23:27:15.067316 2019] [proxy:error] [pid 7308:tid 18136] AH00940: HTTP: disabled connection for (192.168.175.30)
[Mon Sep 23 23:27:16.159318 2019] [cgi:error] [pid 7308:tid 17136] [client 201.242.14.219:9508] script not found or unable to stat: E:/nuevo/htdocs/Count.cgi
[Mon Sep 23 23:27:18.265322 2019] [cgi:error] [pid 7308:tid 18288] [client 201.242.14.219:4618] script not found or unable to stat: E:/nuevo/cgi-bin/Count.cgi
[Mon Sep 23 23:27:19.419724 2019] [cgi:error] [pid 7308:tid 18288] [client 201.242.14.219:4619] script not found or unable to stat: E:/nuevo/htdocs/BLA/resoluciones/Count.cgi
[Mon Sep 23 23:27:20.043725 2019] [cgi:error] [pid 7308:tid 18288] [client 201.242.14.219:4620] script not found or unable to stat: E:/nuevo/htdocs/BLA/boletinlegal/Count.cgi
[Mon Sep 23 23:27:21.088927 2019] [proxy:error] [pid 7308:tid 18288] AH00940: HTTP: disabled connection for (192.168.175.30)
[Mon Sep 23 23:27:22.524129 2019] [cgi:error] [pid 7308:tid 17136] [client 201.242.14.219:9512] script not found or unable to stat: E:/nuevo/cgi-bin/administrator
[Mon Sep 23 23:27:22.820530 2019] [cgi:error] [pid 7308:tid 17136] [client 201.242.14.219:9513] script not found or unable to stat: E:/nuevo/cgi-bin/index.php
[Mon Sep 23 23:27:23.912532 2019] [cgi:error] [pid 7308:tid 18288] [client 201.242.14.219:4624] script not found or unable to stat: E:/nuevo/htdocs/Count.cgi
[Mon Sep 23 23:27:39.418959 2019] [cgi:error] [pid 7308:tid 16428] [client 201.242.14.219:9517] script not found or unable to stat: E:/nuevo/cgi-bin/sitemap.xml
[Mon Sep 23 23:27:39.808959 2019] [proxy:error] [pid 7308:tid 16428] AH00940: HTTP: disabled connection for (192.168.175.30)
[Mon Sep 23 23:27:40.978962 2019] [proxy:error] [pid 7308:tid 18800] AH00940: HTTP: disabled connection for (192.168.175.30)
[Mon Sep 23 23:27:42.289364 2019] [cgi:error] [pid 7308:tid 16428] [client 201.242.14.219:4626] script not found or unable to stat: E:/nuevo/cgi-bin/sitemap.xml
[Mon Sep 23 23:27:44.223767 2019] [core:error] [pid 7308:tid 16428] (20024)The given path is misformatted or contained invalid characters: [client 201.242.14.219:4626] AH00127: Cannot map GET /www.ambientebogota.gov.co%3A81/sitemap.xml HTTP/1.1 to file
[Mon Sep 23 23:27:44.410968 2019] [proxy:error] [pid 7308:tid 16428] AH00940: HTTP: disabled connection for (192.168.175.30)
[Mon Sep 23 23:27:46.282971 2019] [cgi:error] [pid 7308:tid 18800] [client 201.242.14.219:4630] script not found or unable to stat: E:/nuevo/cgi-bin/viewvc.cgi
[Mon Sep 23 23:27:47.265773 2019] [cgi:error] [pid 7308:tid 18800] [client 201.242.14.219:4632] script not found or unable to stat: E:/nuevo/htdocs/viewvc.cgi
[Mon Sep 23 23:27:48.232974 2019] [proxy:error] [pid 7308:tid 18288] AH00940: HTTP: disabled connection for (192.168.175.30)
[Mon Sep 23 23:27:57.187390 2019] [cgi:error] [pid 7308:tid 16428] [client 201.242.14.219:9522] script not found or unable to stat: E:/nuevo/cgi-bin/index.php
[Mon Sep 23 23:27:58.092192 2019] [cgi:error] [pid 7308:tid 16272] [client 201.242.14.219:9525] script not found or unable to stat: E:/nuevo/cgi-bin/print.php
