[Mon Sep 23 22:38:08.409340 2019] [core:error] [pid 7308:tid 18772] [client 201.242.14.219:3218] AH00135: Invalid method in request RPC_IN_DATA /BLA/boletinlegal/Circulares/2010/8Qb_qcbp.htm HTTP/1.1
[Mon Sep 23 22:38:08.799341 2019] [core:error] [pid 7308:tid 18772] [client 201.242.14.219:3220] AH00135: Invalid method in request RPC_OUT_DATA /BLA/boletinlegal/Circulares/2010/8Qb_qcbp.htm HTTP/1.1
[Mon Sep 23 22:38:09.329742 2019] [core:error] [pid 7308:tid 16620] [client 201.242.14.219:3222] AH00135: Invalid method in request SEARCH /BLA/boletinlegal/Circulares/2010/8Qb_qcbp.htm HTTP/1.1
[Mon Sep 23 22:38:09.641743 2019] [core:error] [pid 7308:tid 16620] [client 201.242.14.219:3223] AH00135: Invalid method in request SUBSCRIBE /BLA/boletinlegal/Circulares/2010/8Qb_qcbp.htm HTTP/1.1
[Mon Sep 23 22:38:09.860143 2019] [core:error] [pid 7308:tid 16620] [client 201.242.14.219:3225] AH00135: Invalid method in request TESTZZZ /BLA/boletinlegal/Circulares/2010/8Qb_qcbp.htm HTTP/1.1
[Mon Sep 23 22:38:10.718145 2019] [core:error] [pid 7308:tid 17360] [client 201.242.14.219:3226] AH00135: Invalid method in request UNSUBSCRIBE /BLA/boletinlegal/Circulares/2010/8Qb_qcbp.htm HTTP/1.1
[Mon Sep 23 22:38:11.248545 2019] [core:error] [pid 7308:tid 18484] [client 201.242.14.219:3227] AH00135: Invalid method in request X-MS-ENUMATTS /BLA/boletinlegal/Circulares/2010/8Qb_qcbp.htm HTTP/1.1
[Mon Sep 23 22:38:12.231347 2019] [core:error] [pid 7308:tid 18916] [client 201.242.14.219:3230] AH00135: Invalid method in request ACL /BLA/boletinlegal/Circulares/2011/cUf68Ufs.htm HTTP/1.1
[Mon Sep 23 22:38:12.855348 2019] [core:error] [pid 7308:tid 18484] [client 201.242.14.219:3231] AH00135: Invalid method in request BCOPY /BLA/boletinlegal/Circulares/2011/cUf68Ufs.htm HTTP/1.1
[Mon Sep 23 22:38:13.182949 2019] [core:error] [pid 7308:tid 16320] [client 201.242.14.219:3233] AH00135: Invalid method in request BDELETE /BLA/boletinlegal/Circulares/2011/cUf68Ufs.htm HTTP/1.1
[Mon Sep 23 22:38:13.494949 2019] [core:error] [pid 7308:tid 17848] [client 201.242.14.219:3236] AH00135: Invalid method in request BMOVE /BLA/boletinlegal/Circulares/2011/cUf68Ufs.htm HTTP/1.1
[Mon Sep 23 22:38:13.728950 2019] [core:error] [pid 7308:tid 17848] [client 201.242.14.219:3238] AH00135: Invalid method in request BPROPFIND /BLA/boletinlegal/Circulares/2011/cUf68Ufs.htm HTTP/1.1
[Mon Sep 23 22:38:14.025350 2019] [core:error] [pid 7308:tid 18688] [client 201.242.14.219:3239] AH00135: Invalid method in request BPROPPATCH /BLA/boletinlegal/Circulares/2011/cUf68Ufs.htm HTTP/1.1
[Mon Sep 23 22:38:15.585353 2019] [core:error] [pid 7308:tid 18168] [client 201.242.14.219:3243] AH00135: Invalid method in request DEBUG /BLA/boletinlegal/Circulares/2011/cUf68Ufs.htm HTTP/1.1
[Mon Sep 23 22:38:16.505755 2019] [core:error] [pid 7308:tid 18168] [client 201.242.14.219:3245] AH00135: Invalid method in request INDEX /BLA/boletinlegal/Circulares/2011/cUf68Ufs.htm HTTP/1.1
[Mon Sep 23 22:38:17.769357 2019] [core:error] [pid 7308:tid 18168] [client 201.242.14.219:3246] AH00135: Invalid method in request NOTIFY /BLA/boletinlegal/Circulares/2011/cUf68Ufs.htm HTTP/1.1
[Mon Sep 23 22:38:18.876959 2019] [core:error] [pid 7308:tid 16724] [client 201.242.14.219:3248] AH00135: Invalid method in request ORDERPATCH /BLA/boletinlegal/Circulares/2011/cUf68Ufs.htm HTTP/1.1
[Mon Sep 23 22:38:19.781760 2019] [core:error] [pid 7308:tid 17740] [client 201.242.14.219:3250] AH00135: Invalid method in request POLL /BLA/boletinlegal/Circulares/2011/cUf68Ufs.htm HTTP/1.1
[Mon Sep 23 22:38:21.060963 2019] [core:error] [pid 7308:tid 16724] [client 201.242.14.219:3253] AH00135: Invalid method in request RPC_IN_DATA /BLA/boletinlegal/Circulares/2011/cUf68Ufs.htm HTTP/1.1
[Mon Sep 23 22:38:21.388563 2019] [core:error] [pid 7308:tid 16724] [client 201.242.14.219:3255] AH00135: Invalid method in request RPC_OUT_DATA /BLA/boletinlegal/Circulares/2011/cUf68Ufs.htm HTTP/1.1
[Mon Sep 23 22:38:21.606964 2019] [core:error] [pid 7308:tid 18168] [client 201.242.14.219:3257] AH00135: Invalid method in request SEARCH /BLA/boletinlegal/Circulares/2011/cUf68Ufs.htm HTTP/1.1
[Mon Sep 23 22:38:21.903364 2019] [core:error] [pid 7308:tid 16724] [client 201.242.14.219:3258] AH00135: Invalid method in request SUBSCRIBE /BLA/boletinlegal/Circulares/2011/cUf68Ufs.htm HTTP/1.1
[Mon Sep 23 22:38:22.324565 2019] [core:error] [pid 7308:tid 16724] [client 201.242.14.219:3261] AH00135: Invalid method in request TESTZZZ /BLA/boletinlegal/Circulares/2011/cUf68Ufs.htm HTTP/1.1
[Mon Sep 23 22:38:22.418165 2019] [cgi:error] [pid 7308:tid 17740] [client 201.242.14.219:3260] attempt to invoke directory as script: E:/nuevo/cgi-bin/
[Mon Sep 23 22:38:23.229366 2019] [core:error] [pid 7308:tid 16724] [client 201.242.14.219:3262] AH00135: Invalid method in request UNSUBSCRIBE /BLA/boletinlegal/Circulares/2011/cUf68Ufs.htm HTTP/1.1
[Mon Sep 23 22:38:24.196568 2019] [core:error] [pid 7308:tid 16724] [client 201.242.14.219:3265] AH00135: Invalid method in request X-MS-ENUMATTS /BLA/boletinlegal/Circulares/2011/cUf68Ufs.htm HTTP/1.1
[Mon Sep 23 22:38:24.882969 2019] [core:error] [pid 7308:tid 18688] [client 201.242.14.219:3270] AH00135: Invalid method in request ACL /BLA/boletinlegal/Circulares/2012/iS9zmYdv.htm HTTP/1.1
[Mon Sep 23 22:38:25.397770 2019] [core:error] [pid 7308:tid 16724] [client 201.242.14.219:3271] AH00135: Invalid method in request BCOPY /BLA/boletinlegal/Circulares/2012/iS9zmYdv.htm HTTP/1.1
[Mon Sep 23 22:38:25.787771 2019] [core:error] [pid 7308:tid 18168] [client 201.242.14.219:3275] AH00135: Invalid method in request BDELETE /BLA/boletinlegal/Circulares/2012/iS9zmYdv.htm HTTP/1.1
[Mon Sep 23 22:38:26.411772 2019] [core:error] [pid 7308:tid 16724] [client 201.242.14.219:3277] AH00135: Invalid method in request BMOVE /BLA/boletinlegal/Circulares/2012/iS9zmYdv.htm HTTP/1.1
[Mon Sep 23 22:38:26.801773 2019] [core:error] [pid 7308:tid 18688] [client 201.242.14.219:3280] AH00135: Invalid method in request BPROPFIND /BLA/boletinlegal/Circulares/2012/iS9zmYdv.htm HTTP/1.1
[Mon Sep 23 22:38:26.895373 2019] [cgi:error] [pid 7308:tid 18168] [client 201.242.14.219:3281] script not found or unable to stat: E:/nuevo/cgi-bin/login.php
[Mon Sep 23 22:38:27.285374 2019] [core:error] [pid 7308:tid 18688] [client 201.242.14.219:3282] AH00135: Invalid method in request BPROPPATCH /BLA/boletinlegal/Circulares/2012/iS9zmYdv.htm HTTP/1.1
[Mon Sep 23 22:38:28.502176 2019] [core:error] [pid 7308:tid 18168] [client 201.242.14.219:3288] AH00135: Invalid method in request DEBUG /BLA/boletinlegal/Circulares/2012/iS9zmYdv.htm HTTP/1.1
[Mon Sep 23 22:38:30.171379 2019] [core:error] [pid 7308:tid 16724] [client 201.242.14.219:3294] AH00135: Invalid method in request INDEX /BLA/boletinlegal/Circulares/2012/iS9zmYdv.htm HTTP/1.1
[Mon Sep 23 22:38:31.325781 2019] [core:error] [pid 7308:tid 18500] [client 201.242.14.219:3295] AH00135: Invalid method in request NOTIFY /BLA/boletinlegal/Circulares/2012/iS9zmYdv.htm HTTP/1.1
[Mon Sep 23 22:38:32.012182 2019] [core:error] [pid 7308:tid 18564] [client 201.242.14.219:3298] AH00135: Invalid method in request ORDERPATCH /BLA/boletinlegal/Circulares/2012/iS9zmYdv.htm HTTP/1.1
[Mon Sep 23 22:38:32.542583 2019] [core:error] [pid 7308:tid 18564] [client 201.242.14.219:3299] AH00135: Invalid method in request POLL /BLA/boletinlegal/Circulares/2012/iS9zmYdv.htm HTTP/1.1
[Mon Sep 23 22:38:33.197784 2019] [cgi:error] [pid 7308:tid 17944] [client 201.242.14.219:2888] script not found or unable to stat: E:/nuevo/cgi-bin/login.php
[Mon Sep 23 22:38:35.007387 2019] [core:error] [pid 7308:tid 17944] [client 201.242.14.219:3301] AH00135: Invalid method in request RPC_IN_DATA /BLA/boletinlegal/Circulares/2012/iS9zmYdv.htm HTTP/1.1
[Mon Sep 23 22:38:35.397388 2019] [core:error] [pid 7308:tid 18564] [client 201.242.14.219:3303] AH00135: Invalid method in request RPC_OUT_DATA /BLA/boletinlegal/Circulares/2012/iS9zmYdv.htm HTTP/1.1
[Mon Sep 23 22:38:35.787389 2019] [core:error] [pid 7308:tid 18564] [client 201.242.14.219:3304] AH00135: Invalid method in request SEARCH /BLA/boletinlegal/Circulares/2012/iS9zmYdv.htm HTTP/1.1
[Mon Sep 23 22:38:36.489390 2019] [core:error] [pid 7308:tid 17944] [client 201.242.14.219:3305] AH00135: Invalid method in request SUBSCRIBE /BLA/boletinlegal/Circulares/2012/iS9zmYdv.htm HTTP/1.1
[Mon Sep 23 22:38:36.816990 2019] [core:error] [pid 7308:tid 17944] [client 201.242.14.219:3306] AH00135: Invalid method in request TESTZZZ /BLA/boletinlegal/Circulares/2012/iS9zmYdv.htm HTTP/1.1
[Mon Sep 23 22:38:38.018192 2019] [core:error] [pid 7308:tid 18564] [client 201.242.14.219:3307] AH00135: Invalid method in request UNSUBSCRIBE /BLA/boletinlegal/Circulares/2012/iS9zmYdv.htm HTTP/1.1
[Mon Sep 23 22:38:38.813794 2019] [core:error] [pid 7308:tid 18564] [client 201.242.14.219:3310] AH00135: Invalid method in request X-MS-ENUMATTS /BLA/boletinlegal/Circulares/2012/iS9zmYdv.htm HTTP/1.1
[Mon Sep 23 22:38:39.500195 2019] [core:error] [pid 7308:tid 18688] [client 201.242.14.219:3314] AH00135: Invalid method in request ACL /BLA/boletinlegal/Circulares/2013/sNWsKCLx.htm HTTP/1.1
[Mon Sep 23 22:38:40.217796 2019] [core:error] [pid 7308:tid 18688] [client 201.242.14.219:3317] AH00135: Invalid method in request BCOPY /BLA/boletinlegal/Circulares/2013/sNWsKCLx.htm HTTP/1.1
[Mon Sep 23 22:38:40.638997 2019] [core:error] [pid 7308:tid 18688] [client 201.242.14.219:3318] AH00135: Invalid method in request BDELETE /BLA/boletinlegal/Circulares/2013/sNWsKCLx.htm HTTP/1.1
[Mon Sep 23 22:38:40.935398 2019] [core:error] [pid 7308:tid 18688] [client 201.242.14.219:3319] AH00135: Invalid method in request BMOVE /BLA/boletinlegal/Circulares/2013/sNWsKCLx.htm HTTP/1.1
[Mon Sep 23 22:38:41.434598 2019] [core:error] [pid 7308:tid 18688] [client 201.242.14.219:3320] AH00135: Invalid method in request BPROPFIND /BLA/boletinlegal/Circulares/2013/sNWsKCLx.htm HTTP/1.1
[Mon Sep 23 22:38:41.715399 2019] [core:error] [pid 7308:tid 16320] [client 201.242.14.219:3321] AH00135: Invalid method in request BPROPPATCH /BLA/boletinlegal/Circulares/2013/sNWsKCLx.htm HTTP/1.1
[Mon Sep 23 22:38:43.228602 2019] [core:error] [pid 7308:tid 18688] [client 201.242.14.219:3324] AH00135: Invalid method in request DEBUG /BLA/boletinlegal/Circulares/2013/sNWsKCLx.htm HTTP/1.1
[Mon Sep 23 22:38:44.227003 2019] [core:error] [pid 7308:tid 16792] [client 201.242.14.219:3327] AH00135: Invalid method in request INDEX /BLA/boletinlegal/Circulares/2013/sNWsKCLx.htm HTTP/1.1
[Mon Sep 23 22:38:46.177007 2019] [core:error] [pid 7308:tid 16792] [client 201.242.14.219:3329] AH00135: Invalid method in request NOTIFY /BLA/boletinlegal/Circulares/2013/sNWsKCLx.htm HTTP/1.1
[Mon Sep 23 22:38:46.504607 2019] [cgi:error] [pid 7308:tid 16320] [client 201.242.14.219:3332] script not found or unable to stat: E:/nuevo/cgi-bin/zenworks
[Mon Sep 23 22:38:47.378209 2019] [core:error] [pid 7308:tid 16792] [client 201.242.14.219:3335] AH00135: Invalid method in request ORDERPATCH /BLA/boletinlegal/Circulares/2013/sNWsKCLx.htm HTTP/1.1
[Mon Sep 23 22:38:47.799410 2019] [core:error] [pid 7308:tid 16792] [client 201.242.14.219:3336] AH00135: Invalid method in request POLL /BLA/boletinlegal/Circulares/2013/sNWsKCLx.htm HTTP/1.1
[Mon Sep 23 22:38:49.515413 2019] [core:error] [pid 7308:tid 18688] [client 201.242.14.219:3339] AH00135: Invalid method in request RPC_IN_DATA /BLA/boletinlegal/Circulares/2013/sNWsKCLx.htm HTTP/1.1
[Mon Sep 23 22:38:50.014614 2019] [core:error] [pid 7308:tid 18688] [client 201.242.14.219:3341] AH00135: Invalid method in request RPC_OUT_DATA /BLA/boletinlegal/Circulares/2013/sNWsKCLx.htm HTTP/1.1
[Mon Sep 23 22:38:50.326614 2019] [core:error] [pid 7308:tid 18688] [client 201.242.14.219:3342] AH00135: Invalid method in request SEARCH /BLA/boletinlegal/Circulares/2013/sNWsKCLx.htm HTTP/1.1
[Mon Sep 23 22:38:50.701015 2019] [core:error] [pid 7308:tid 16724] [client 201.242.14.219:3343] AH00135: Invalid method in request SUBSCRIBE /BLA/boletinlegal/Circulares/2013/sNWsKCLx.htm HTTP/1.1
[Mon Sep 23 22:38:51.247016 2019] [core:error] [pid 7308:tid 16724] [client 201.242.14.219:3344] AH00135: Invalid method in request TESTZZZ /BLA/boletinlegal/Circulares/2013/sNWsKCLx.htm HTTP/1.1
[Mon Sep 23 22:38:51.902217 2019] [core:error] [pid 7308:tid 16964] [client 201.242.14.219:3345] AH00135: Invalid method in request UNSUBSCRIBE /BLA/boletinlegal/Circulares/2013/sNWsKCLx.htm HTTP/1.1
[Mon Sep 23 22:38:52.588618 2019] [core:error] [pid 7308:tid 16964] [client 201.242.14.219:3347] AH00135: Invalid method in request X-MS-ENUMATTS /BLA/boletinlegal/Circulares/2013/sNWsKCLx.htm HTTP/1.1
[Mon Sep 23 22:38:53.399819 2019] [core:error] [pid 7308:tid 16964] [client 201.242.14.219:3349] AH00135: Invalid method in request ACL /BLA/boletinlegal/Circulares/2014/cfOPNZFb.htm HTTP/1.1
[Mon Sep 23 22:38:53.914620 2019] [core:error] [pid 7308:tid 16964] [client 201.242.14.219:3350] AH00135: Invalid method in request BCOPY /BLA/boletinlegal/Circulares/2014/cfOPNZFb.htm HTTP/1.1
[Mon Sep 23 22:38:54.273421 2019] [core:error] [pid 7308:tid 16964] [client 201.242.14.219:3351] AH00135: Invalid method in request BDELETE /BLA/boletinlegal/Circulares/2014/cfOPNZFb.htm HTTP/1.1
[Mon Sep 23 22:38:54.554222 2019] [core:error] [pid 7308:tid 16792] [client 201.242.14.219:3352] AH00135: Invalid method in request BMOVE /BLA/boletinlegal/Circulares/2014/cfOPNZFb.htm HTTP/1.1
[Mon Sep 23 22:38:54.866222 2019] [core:error] [pid 7308:tid 16792] [client 201.242.14.219:3353] AH00135: Invalid method in request BPROPFIND /BLA/boletinlegal/Circulares/2014/cfOPNZFb.htm HTTP/1.1
[Mon Sep 23 22:38:55.084622 2019] [core:error] [pid 7308:tid 18688] [client 201.242.14.219:3355] AH00135: Invalid method in request BPROPPATCH /BLA/boletinlegal/Circulares/2014/cfOPNZFb.htm HTTP/1.1
[Mon Sep 23 22:38:56.878626 2019] [core:error] [pid 7308:tid 16964] [client 201.242.14.219:3357] AH00135: Invalid method in request DEBUG /BLA/boletinlegal/Circulares/2014/cfOPNZFb.htm HTTP/1.1
[Mon Sep 23 22:38:57.783427 2019] [core:error] [pid 7308:tid 16792] [client 201.242.14.219:3359] AH00135: Invalid method in request INDEX /BLA/boletinlegal/Circulares/2014/cfOPNZFb.htm HTTP/1.1
[Mon Sep 23 22:38:59.296630 2019] [core:error] [pid 7308:tid 16792] [client 201.242.14.219:3360] AH00135: Invalid method in request NOTIFY /BLA/boletinlegal/Circulares/2014/cfOPNZFb.htm HTTP/1.1
[Mon Sep 23 22:38:59.889431 2019] [core:error] [pid 7308:tid 16792] [client 201.242.14.219:3362] AH00135: Invalid method in request ORDERPATCH /BLA/boletinlegal/Circulares/2014/cfOPNZFb.htm HTTP/1.1
[Mon Sep 23 22:39:00.669432 2019] [core:error] [pid 7308:tid 16792] [client 201.242.14.219:3363] AH00135: Invalid method in request POLL /BLA/boletinlegal/Circulares/2014/cfOPNZFb.htm HTTP/1.1
[Mon Sep 23 22:39:00.778632 2019] [cgi:error] [pid 7308:tid 18564] [client 201.242.14.219:2896] script not found or unable to stat: E:/nuevo/cgi-bin/zenworks
[Mon Sep 23 22:39:01.792634 2019] [core:error] [pid 7308:tid 18564] [client 201.242.14.219:3366] AH00135: Invalid method in request RPC_IN_DATA /BLA/boletinlegal/Circulares/2014/cfOPNZFb.htm HTTP/1.1
[Mon Sep 23 22:39:02.011035 2019] [core:error] [pid 7308:tid 16964] [client 201.242.14.219:3368] AH00135: Invalid method in request RPC_OUT_DATA /BLA/boletinlegal/Circulares/2014/cfOPNZFb.htm HTTP/1.1
[Mon Sep 23 22:39:02.541436 2019] [core:error] [pid 7308:tid 16964] [client 201.242.14.219:3369] AH00135: Invalid method in request SEARCH /BLA/boletinlegal/Circulares/2014/cfOPNZFb.htm HTTP/1.1
[Mon Sep 23 22:39:02.837836 2019] [core:error] [pid 7308:tid 16964] [client 201.242.14.219:3370] AH00135: Invalid method in request SUBSCRIBE /BLA/boletinlegal/Circulares/2014/cfOPNZFb.htm HTTP/1.1
[Mon Sep 23 22:39:03.134237 2019] [core:error] [pid 7308:tid 16964] [client 201.242.14.219:3371] AH00135: Invalid method in request TESTZZZ /BLA/boletinlegal/Circulares/2014/cfOPNZFb.htm HTTP/1.1
[Mon Sep 23 22:39:03.758238 2019] [core:error] [pid 7308:tid 16792] [client 201.242.14.219:3372] AH00135: Invalid method in request UNSUBSCRIBE /BLA/boletinlegal/Circulares/2014/cfOPNZFb.htm HTTP/1.1
[Mon Sep 23 22:39:04.429039 2019] [core:error] [pid 7308:tid 16792] [client 201.242.14.219:3373] AH00135: Invalid method in request X-MS-ENUMATTS /BLA/boletinlegal/Circulares/2014/cfOPNZFb.htm HTTP/1.1
[Mon Sep 23 22:39:05.224640 2019] [core:error] [pid 7308:tid 18564] [client 201.242.14.219:3377] AH00135: Invalid method in request ACL /BLA/boletinlegal/Circulares/2015/HQkh9Uvf.htm HTTP/1.1
[Mon Sep 23 22:39:05.723841 2019] [core:error] [pid 7308:tid 18564] [client 201.242.14.219:3378] AH00135: Invalid method in request BCOPY /BLA/boletinlegal/Circulares/2015/HQkh9Uvf.htm HTTP/1.1
[Mon Sep 23 22:39:06.035842 2019] [core:error] [pid 7308:tid 18564] [client 201.242.14.219:3379] AH00135: Invalid method in request BDELETE /BLA/boletinlegal/Circulares/2015/HQkh9Uvf.htm HTTP/1.1
[Mon Sep 23 22:39:06.332242 2019] [core:error] [pid 7308:tid 18564] [client 201.242.14.219:3380] AH00135: Invalid method in request BMOVE /BLA/boletinlegal/Circulares/2015/HQkh9Uvf.htm HTTP/1.1
[Mon Sep 23 22:39:06.628643 2019] [core:error] [pid 7308:tid 18564] [client 201.242.14.219:3381] AH00135: Invalid method in request BPROPFIND /BLA/boletinlegal/Circulares/2015/HQkh9Uvf.htm HTTP/1.1
[Mon Sep 23 22:39:06.940643 2019] [core:error] [pid 7308:tid 18564] [client 201.242.14.219:3382] AH00135: Invalid method in request BPROPPATCH /BLA/boletinlegal/Circulares/2015/HQkh9Uvf.htm HTTP/1.1
[Mon Sep 23 22:39:08.173045 2019] [core:error] [pid 7308:tid 18564] [client 201.242.14.219:3384] AH00135: Invalid method in request DEBUG /BLA/boletinlegal/Circulares/2015/HQkh9Uvf.htm HTTP/1.1
[Mon Sep 23 22:39:09.077847 2019] [core:error] [pid 7308:tid 16792] [client 201.242.14.219:3386] AH00135: Invalid method in request INDEX /BLA/boletinlegal/Circulares/2015/HQkh9Uvf.htm HTTP/1.1
[Mon Sep 23 22:39:10.372649 2019] [core:error] [pid 7308:tid 16792] [client 201.242.14.219:3387] AH00135: Invalid method in request NOTIFY /BLA/boletinlegal/Circulares/2015/HQkh9Uvf.htm HTTP/1.1
[Mon Sep 23 22:39:10.887450 2019] [core:error] [pid 7308:tid 16792] [client 201.242.14.219:3390] AH00135: Invalid method in request ORDERPATCH /BLA/boletinlegal/Circulares/2015/HQkh9Uvf.htm HTTP/1.1
[Mon Sep 23 22:39:11.293051 2019] [core:error] [pid 7308:tid 16792] [client 201.242.14.219:3392] AH00135: Invalid method in request POLL /BLA/boletinlegal/Circulares/2015/HQkh9Uvf.htm HTTP/1.1
[Mon Sep 23 22:39:12.197853 2019] [cgi:error] [pid 7308:tid 16320] [client 201.242.14.219:3397] script not found or unable to stat: E:/nuevo/cgi-bin/login.php
[Mon Sep 23 22:39:12.728253 2019] [core:error] [pid 7308:tid 17944] [client 201.242.14.219:3395] AH00135: Invalid method in request RPC_IN_DATA /BLA/boletinlegal/Circulares/2015/HQkh9Uvf.htm HTTP/1.1
[Mon Sep 23 22:39:13.118254 2019] [core:error] [pid 7308:tid 17944] [client 201.242.14.219:3401] AH00135: Invalid method in request RPC_OUT_DATA /BLA/boletinlegal/Circulares/2015/HQkh9Uvf.htm HTTP/1.1
[Mon Sep 23 22:39:13.414655 2019] [core:error] [pid 7308:tid 17944] [client 201.242.14.219:3404] AH00135: Invalid method in request SEARCH /BLA/boletinlegal/Circulares/2015/HQkh9Uvf.htm HTTP/1.1
[Mon Sep 23 22:39:13.820255 2019] [core:error] [pid 7308:tid 17944] [client 201.242.14.219:3405] AH00135: Invalid method in request SUBSCRIBE /BLA/boletinlegal/Circulares/2015/HQkh9Uvf.htm HTTP/1.1
[Mon Sep 23 22:39:14.194656 2019] [core:error] [pid 7308:tid 17944] [client 201.242.14.219:3407] AH00135: Invalid method in request TESTZZZ /BLA/boletinlegal/Circulares/2015/HQkh9Uvf.htm HTTP/1.1
[Mon Sep 23 22:39:14.818657 2019] [core:error] [pid 7308:tid 16320] [client 201.242.14.219:3409] AH00135: Invalid method in request UNSUBSCRIBE /BLA/boletinlegal/Circulares/2015/HQkh9Uvf.htm HTTP/1.1
[Mon Sep 23 22:39:15.255458 2019] [core:error] [pid 7308:tid 16320] [client 201.242.14.219:3411] AH00135: Invalid method in request X-MS-ENUMATTS /BLA/boletinlegal/Circulares/2015/HQkh9Uvf.htm HTTP/1.1
[Mon Sep 23 22:39:15.879459 2019] [core:error] [pid 7308:tid 16320] [client 201.242.14.219:3413] AH00135: Invalid method in request ACL /BLA/boletinlegal/Circulares/2017/PKHXui4b.htm HTTP/1.1
[Mon Sep 23 22:39:16.565860 2019] [core:error] [pid 7308:tid 16320] [client 201.242.14.219:3414] AH00135: Invalid method in request BCOPY /BLA/boletinlegal/Circulares/2017/PKHXui4b.htm HTTP/1.1
[Mon Sep 23 22:39:16.955861 2019] [core:error] [pid 7308:tid 16792] [client 201.242.14.219:3416] AH00135: Invalid method in request BDELETE /BLA/boletinlegal/Circulares/2017/PKHXui4b.htm HTTP/1.1
[Mon Sep 23 22:39:17.345862 2019] [core:error] [pid 7308:tid 17944] [client 201.242.14.219:3418] AH00135: Invalid method in request BMOVE /BLA/boletinlegal/Circulares/2017/PKHXui4b.htm HTTP/1.1
[Mon Sep 23 22:39:17.486262 2019] [cgi:error] [pid 7308:tid 16320] [client 201.242.14.219:2906] script not found or unable to stat: E:/nuevo/cgi-bin/login.php
[Mon Sep 23 22:39:17.642262 2019] [core:error] [pid 7308:tid 18008] [client 201.242.14.219:3419] AH00135: Invalid method in request BPROPFIND /BLA/boletinlegal/Circulares/2017/PKHXui4b.htm HTTP/1.1
[Mon Sep 23 22:39:17.938663 2019] [core:error] [pid 7308:tid 16792] [client 201.242.14.219:3420] AH00135: Invalid method in request BPROPPATCH /BLA/boletinlegal/Circulares/2017/PKHXui4b.htm HTTP/1.1
[Mon Sep 23 22:39:19.639066 2019] [core:error] [pid 7308:tid 18916] [client 201.242.14.219:3424] AH00135: Invalid method in request DEBUG /BLA/boletinlegal/Circulares/2017/PKHXui4b.htm HTTP/1.1
[Mon Sep 23 22:39:20.902668 2019] [core:error] [pid 7308:tid 18008] [client 201.242.14.219:3427] AH00135: Invalid method in request INDEX /BLA/boletinlegal/Circulares/2017/PKHXui4b.htm HTTP/1.1
[Mon Sep 23 22:39:23.102272 2019] [core:error] [pid 7308:tid 18916] [client 201.242.14.219:3429] AH00135: Invalid method in request NOTIFY /BLA/boletinlegal/Circulares/2017/PKHXui4b.htm HTTP/1.1
[Mon Sep 23 22:39:23.726273 2019] [core:error] [pid 7308:tid 18916] [client 201.242.14.219:3437] AH00135: Invalid method in request ORDERPATCH /BLA/boletinlegal/Circulares/2017/PKHXui4b.htm HTTP/1.1
[Mon Sep 23 22:39:24.147473 2019] [core:error] [pid 7308:tid 18008] [client 201.242.14.219:3438] AH00135: Invalid method in request POLL /BLA/boletinlegal/Circulares/2017/PKHXui4b.htm HTTP/1.1
[Mon Sep 23 22:39:25.333076 2019] [core:error] [pid 7308:tid 18008] [client 201.242.14.219:3441] AH00135: Invalid method in request RPC_IN_DATA /BLA/boletinlegal/Circulares/2017/PKHXui4b.htm HTTP/1.1
[Mon Sep 23 22:39:25.645076 2019] [core:error] [pid 7308:tid 18008] [client 201.242.14.219:3442] AH00135: Invalid method in request RPC_OUT_DATA /BLA/boletinlegal/Circulares/2017/PKHXui4b.htm HTTP/1.1
[Mon Sep 23 22:39:25.941477 2019] [core:error] [pid 7308:tid 18008] [client 201.242.14.219:3445] AH00135: Invalid method in request SEARCH /BLA/boletinlegal/Circulares/2017/PKHXui4b.htm HTTP/1.1
[Mon Sep 23 22:39:26.237877 2019] [core:error] [pid 7308:tid 18008] [client 201.242.14.219:3446] AH00135: Invalid method in request SUBSCRIBE /BLA/boletinlegal/Circulares/2017/PKHXui4b.htm HTTP/1.1
[Mon Sep 23 22:39:27.251879 2019] [core:error] [pid 7308:tid 18008] [client 201.242.14.219:3447] AH00135: Invalid method in request TESTZZZ /BLA/boletinlegal/Circulares/2017/PKHXui4b.htm HTTP/1.1
[Mon Sep 23 22:39:27.782280 2019] [core:error] [pid 7308:tid 18008] [client 201.242.14.219:3449] AH00135: Invalid method in request UNSUBSCRIBE /BLA/boletinlegal/Circulares/2017/PKHXui4b.htm HTTP/1.1
[Mon Sep 23 22:39:28.687081 2019] [core:error] [pid 7308:tid 18008] [client 201.242.14.219:3450] AH00135: Invalid method in request X-MS-ENUMATTS /BLA/boletinlegal/Circulares/2017/PKHXui4b.htm HTTP/1.1
[Mon Sep 23 22:39:29.295483 2019] [core:error] [pid 7308:tid 18564] [client 201.242.14.219:3454] AH00135: Invalid method in request ACL /BLA/boletinlegal/Circulares/2018/9_x7ioun.htm HTTP/1.1
[Mon Sep 23 22:39:29.357883 2019] [cgi:error] [pid 7308:tid 18008] [client 201.242.14.219:3455] script not found or unable to stat: E:/nuevo/cgi-bin/gotopage.cgi
[Mon Sep 23 22:39:29.654283 2019] [cgi:error] [pid 7308:tid 18008] [client 201.242.14.219:3456] script not found or unable to stat: E:/nuevo/cgi-bin/genindexpage.cgi
[Mon Sep 23 22:39:29.716683 2019] [core:error] [pid 7308:tid 18564] [client 201.242.14.219:3457] AH00135: Invalid method in request BCOPY /BLA/boletinlegal/Circulares/2018/9_x7ioun.htm HTTP/1.1
[Mon Sep 23 22:39:29.950684 2019] [cgi:error] [pid 7308:tid 18008] [client 201.242.14.219:3459] script not found or unable to stat: E:/nuevo/htdocs/BLA/resoluciones/gotopage.cgi
[Mon Sep 23 22:39:30.013084 2019] [core:error] [pid 7308:tid 18564] [client 201.242.14.219:3458] AH00135: Invalid method in request BDELETE /BLA/boletinlegal/Circulares/2018/9_x7ioun.htm HTTP/1.1
[Mon Sep 23 22:39:30.262684 2019] [cgi:error] [pid 7308:tid 18564] [client 201.242.14.219:3460] script not found or unable to stat: E:/nuevo/htdocs/BLA/resoluciones/genindexpage.cgi
[Mon Sep 23 22:39:30.325084 2019] [core:error] [pid 7308:tid 17920] [client 201.242.14.219:3461] AH00135: Invalid method in request BMOVE /BLA/boletinlegal/Circulares/2018/9_x7ioun.htm HTTP/1.1
[Mon Sep 23 22:39:30.559085 2019] [cgi:error] [pid 7308:tid 18916] [client 201.242.14.219:3463] script not found or unable to stat: E:/nuevo/htdocs/BLA/boletinlegal/gotopage.cgi
[Mon Sep 23 22:39:30.621485 2019] [core:error] [pid 7308:tid 18564] [client 201.242.14.219:3462] AH00135: Invalid method in request BPROPFIND /BLA/boletinlegal/Circulares/2018/9_x7ioun.htm HTTP/1.1
[Mon Sep 23 22:39:30.777485 2019] [cgi:error] [pid 7308:tid 17920] [client 201.242.14.219:3465] script not found or unable to stat: E:/nuevo/htdocs/BLA/boletinlegal/genindexpage.cgi
[Mon Sep 23 22:39:31.011486 2019] [core:error] [pid 7308:tid 18564] [client 201.242.14.219:3466] AH00135: Invalid method in request BPROPPATCH /BLA/boletinlegal/Circulares/2018/9_x7ioun.htm HTTP/1.1
[Mon Sep 23 22:39:33.148689 2019] [core:error] [pid 7308:tid 16964] [client 201.242.14.219:3470] AH00135: Invalid method in request DEBUG /BLA/boletinlegal/Circulares/2018/9_x7ioun.htm HTTP/1.1
[Mon Sep 23 22:39:34.225091 2019] [core:error] [pid 7308:tid 16320] [client 201.242.14.219:3474] AH00135: Invalid method in request INDEX /BLA/boletinlegal/Circulares/2018/9_x7ioun.htm HTTP/1.1
[Mon Sep 23 22:39:36.580695 2019] [core:error] [pid 7308:tid 18168] [client 201.242.14.219:3475] AH00135: Invalid method in request NOTIFY /BLA/boletinlegal/Circulares/2018/9_x7ioun.htm HTTP/1.1
[Mon Sep 23 22:39:37.329497 2019] [core:error] [pid 7308:tid 16800] [client 201.242.14.219:3481] AH00135: Invalid method in request ORDERPATCH /BLA/boletinlegal/Circulares/2018/9_x7ioun.htm HTTP/1.1
[Mon Sep 23 22:39:37.750697 2019] [core:error] [pid 7308:tid 16800] [client 201.242.14.219:3482] AH00135: Invalid method in request POLL /BLA/boletinlegal/Circulares/2018/9_x7ioun.htm HTTP/1.1
[Mon Sep 23 22:39:39.029900 2019] [core:error] [pid 7308:tid 18168] [client 201.242.14.219:3484] AH00135: Invalid method in request RPC_IN_DATA /BLA/boletinlegal/Circulares/2018/9_x7ioun.htm HTTP/1.1
[Mon Sep 23 22:39:39.248300 2019] [core:error] [pid 7308:tid 18168] [client 201.242.14.219:3486] AH00135: Invalid method in request RPC_OUT_DATA /BLA/boletinlegal/Circulares/2018/9_x7ioun.htm HTTP/1.1
[Mon Sep 23 22:39:39.544701 2019] [core:error] [pid 7308:tid 18168] [client 201.242.14.219:3487] AH00135: Invalid method in request SEARCH /BLA/boletinlegal/Circulares/2018/9_x7ioun.htm HTTP/1.1
[Mon Sep 23 22:39:39.919101 2019] [core:error] [pid 7308:tid 18168] [client 201.242.14.219:3488] AH00135: Invalid method in request SUBSCRIBE /BLA/boletinlegal/Circulares/2018/9_x7ioun.htm HTTP/1.1
[Mon Sep 23 22:39:40.402702 2019] [core:error] [pid 7308:tid 18168] [client 201.242.14.219:3490] AH00135: Invalid method in request TESTZZZ /BLA/boletinlegal/Circulares/2018/9_x7ioun.htm HTTP/1.1
[Mon Sep 23 22:39:41.026703 2019] [core:error] [pid 7308:tid 18168] [client 201.242.14.219:3491] AH00135: Invalid method in request UNSUBSCRIBE /BLA/boletinlegal/Circulares/2018/9_x7ioun.htm HTTP/1.1
[Mon Sep 23 22:39:41.791104 2019] [core:error] [pid 7308:tid 18104] [client 201.242.14.219:3494] AH00135: Invalid method in request X-MS-ENUMATTS /BLA/boletinlegal/Circulares/2018/9_x7ioun.htm HTTP/1.1
[Mon Sep 23 22:39:42.399506 2019] [core:error] [pid 7308:tid 18104] [client 201.242.14.219:3496] AH00135: Invalid method in request ACL /BLA/boletinlegal/Circulares/2019/nAlOR1A4.htm HTTP/1.1
[Mon Sep 23 22:39:43.163907 2019] [core:error] [pid 7308:tid 16888] [client 201.242.14.219:3498] AH00135: Invalid method in request BCOPY /BLA/boletinlegal/Circulares/2019/nAlOR1A4.htm HTTP/1.1
[Mon Sep 23 22:39:43.538308 2019] [core:error] [pid 7308:tid 16888] [client 201.242.14.219:3500] AH00135: Invalid method in request BDELETE /BLA/boletinlegal/Circulares/2019/nAlOR1A4.htm HTTP/1.1
[Mon Sep 23 22:39:43.928308 2019] [core:error] [pid 7308:tid 16888] [client 201.242.14.219:3502] AH00135: Invalid method in request BMOVE /BLA/boletinlegal/Circulares/2019/nAlOR1A4.htm HTTP/1.1
[Mon Sep 23 22:39:44.224709 2019] [core:error] [pid 7308:tid 18168] [client 201.242.14.219:3504] AH00135: Invalid method in request BPROPFIND /BLA/boletinlegal/Circulares/2019/nAlOR1A4.htm HTTP/1.1
[Mon Sep 23 22:39:44.645909 2019] [core:error] [pid 7308:tid 16888] [client 201.242.14.219:3507] AH00135: Invalid method in request BPROPPATCH /BLA/boletinlegal/Circulares/2019/nAlOR1A4.htm HTTP/1.1
[Mon Sep 23 22:39:45.659911 2019] [core:error] [pid 7308:tid 18104] [client 201.242.14.219:3509] AH00135: Invalid method in request DEBUG /BLA/boletinlegal/Circulares/2019/nAlOR1A4.htm HTTP/1.1
[Mon Sep 23 22:39:46.783113 2019] [core:error] [pid 7308:tid 18104] [client 201.242.14.219:3513] AH00135: Invalid method in request INDEX /BLA/boletinlegal/Circulares/2019/nAlOR1A4.htm HTTP/1.1
[Mon Sep 23 22:39:48.031115 2019] [core:error] [pid 7308:tid 18104] [client 201.242.14.219:3514] AH00135: Invalid method in request NOTIFY /BLA/boletinlegal/Circulares/2019/nAlOR1A4.htm HTTP/1.1
[Mon Sep 23 22:39:48.545916 2019] [core:error] [pid 7308:tid 18104] [client 201.242.14.219:3517] AH00135: Invalid method in request ORDERPATCH /BLA/boletinlegal/Circulares/2019/nAlOR1A4.htm HTTP/1.1
[Mon Sep 23 22:39:49.045117 2019] [core:error] [pid 7308:tid 18104] [client 201.242.14.219:3518] AH00135: Invalid method in request POLL /BLA/boletinlegal/Circulares/2019/nAlOR1A4.htm HTTP/1.1
[Mon Sep 23 22:39:50.386720 2019] [proxy_http:error] [pid 7308:tid 17920] (OS 10053)An established connection was aborted by the software in your host machine.  : [client 201.242.14.219:3467] AH01102: error reading status line from remote server 192.168.175.30:80
[Mon Sep 23 22:39:50.386720 2019] [proxy:error] [pid 7308:tid 17920] [client 201.242.14.219:3467] AH00898: Error reading from remote server returned by /catalogoisis/gotopage.cgi
[Mon Sep 23 22:39:51.229121 2019] [core:error] [pid 7308:tid 18104] [client 201.242.14.219:3522] AH00135: Invalid method in request RPC_IN_DATA /BLA/boletinlegal/Circulares/2019/nAlOR1A4.htm HTTP/1.1
[Mon Sep 23 22:39:51.634722 2019] [core:error] [pid 7308:tid 18104] [client 201.242.14.219:3524] AH00135: Invalid method in request RPC_OUT_DATA /BLA/boletinlegal/Circulares/2019/nAlOR1A4.htm HTTP/1.1
[Mon Sep 23 22:39:52.180723 2019] [core:error] [pid 7308:tid 18104] [client 201.242.14.219:3525] AH00135: Invalid method in request SEARCH /BLA/boletinlegal/Circulares/2019/nAlOR1A4.htm HTTP/1.1
[Mon Sep 23 22:39:52.492723 2019] [core:error] [pid 7308:tid 18104] [client 201.242.14.219:3526] AH00135: Invalid method in request SUBSCRIBE /BLA/boletinlegal/Circulares/2019/nAlOR1A4.htm HTTP/1.1
[Mon Sep 23 22:39:52.804724 2019] [core:error] [pid 7308:tid 17084] [client 201.242.14.219:3527] AH00135: Invalid method in request TESTZZZ /BLA/boletinlegal/Circulares/2019/nAlOR1A4.htm HTTP/1.1
[Mon Sep 23 22:39:54.505127 2019] [core:error] [pid 7308:tid 17084] [client 201.242.14.219:3530] AH00135: Invalid method in request UNSUBSCRIBE /BLA/boletinlegal/Circulares/2019/nAlOR1A4.htm HTTP/1.1
[Mon Sep 23 22:39:56.049530 2019] [core:error] [pid 7308:tid 17084] [client 201.242.14.219:3532] AH00135: Invalid method in request X-MS-ENUMATTS /BLA/boletinlegal/Circulares/2019/nAlOR1A4.htm HTTP/1.1
[Mon Sep 23 22:39:56.782731 2019] [core:error] [pid 7308:tid 18136] [client 201.242.14.219:3535] AH00135: Invalid method in request ACL /BLA/boletinlegal/Directivas/0o4tq0nM.htm HTTP/1.1
[Mon Sep 23 22:39:57.359932 2019] [core:error] [pid 7308:tid 18136] [client 201.242.14.219:3537] AH00135: Invalid method in request BCOPY /BLA/boletinlegal/Directivas/0o4tq0nM.htm HTTP/1.1
[Mon Sep 23 22:39:57.749933 2019] [core:error] [pid 7308:tid 18136] [client 201.242.14.219:3539] AH00135: Invalid method in request BDELETE /BLA/boletinlegal/Directivas/0o4tq0nM.htm HTTP/1.1
[Mon Sep 23 22:39:58.061933 2019] [core:error] [pid 7308:tid 17084] [client 201.242.14.219:3542] AH00135: Invalid method in request BMOVE /BLA/boletinlegal/Directivas/0o4tq0nM.htm HTTP/1.1
[Mon Sep 23 22:39:58.295933 2019] [core:error] [pid 7308:tid 18136] [client 201.242.14.219:3544] AH00135: Invalid method in request BPROPFIND /BLA/boletinlegal/Directivas/0o4tq0nM.htm HTTP/1.1
[Mon Sep 23 22:39:58.592334 2019] [core:error] [pid 7308:tid 18172] [client 201.242.14.219:3546] AH00135: Invalid method in request BPROPPATCH /BLA/boletinlegal/Directivas/0o4tq0nM.htm HTTP/1.1
[Mon Sep 23 22:39:59.715536 2019] [cgi:error] [pid 7308:tid 18168] [client 201.242.14.219:2914] script not found or unable to stat: E:/nuevo/cgi-bin/gotopage.cgi
[Mon Sep 23 22:39:59.918336 2019] [core:error] [pid 7308:tid 18136] [client 201.242.14.219:3553] AH00135: Invalid method in request DEBUG /BLA/boletinlegal/Directivas/0o4tq0nM.htm HTTP/1.1
[Mon Sep 23 22:40:00.791938 2019] [cgi:error] [pid 7308:tid 18172] [client 201.242.14.219:2915] script not found or unable to stat: E:/nuevo/cgi-bin/genindexpage.cgi
[Mon Sep 23 22:40:00.901138 2019] [core:error] [pid 7308:tid 18168] [client 201.242.14.219:3556] AH00135: Invalid method in request INDEX /BLA/boletinlegal/Directivas/0o4tq0nM.htm HTTP/1.1
[Mon Sep 23 22:40:01.415939 2019] [cgi:error] [pid 7308:tid 18172] [client 201.242.14.219:2916] script not found or unable to stat: E:/nuevo/htdocs/BLA/resoluciones/gotopage.cgi
[Mon Sep 23 22:40:02.336341 2019] [cgi:error] [pid 7308:tid 18172] [client 201.242.14.219:2917] script not found or unable to stat: E:/nuevo/htdocs/BLA/resoluciones/genindexpage.cgi
[Mon Sep 23 22:40:02.429941 2019] [core:error] [pid 7308:tid 18168] [client 201.242.14.219:3559] AH00135: Invalid method in request NOTIFY /BLA/boletinlegal/Directivas/0o4tq0nM.htm HTTP/1.1
[Mon Sep 23 22:40:03.007142 2019] [cgi:error] [pid 7308:tid 18172] [client 201.242.14.219:2918] script not found or unable to stat: E:/nuevo/htdocs/BLA/boletinlegal/gotopage.cgi
[Mon Sep 23 22:40:03.069542 2019] [core:error] [pid 7308:tid 18168] [client 201.242.14.219:3561] AH00135: Invalid method in request ORDERPATCH /BLA/boletinlegal/Directivas/0o4tq0nM.htm HTTP/1.1
[Mon Sep 23 22:40:03.849543 2019] [core:error] [pid 7308:tid 17084] [client 201.242.14.219:3562] AH00135: Invalid method in request POLL /BLA/boletinlegal/Directivas/0o4tq0nM.htm HTTP/1.1
[Mon Sep 23 22:40:03.989943 2019] [cgi:error] [pid 7308:tid 18168] [client 201.242.14.219:2919] script not found or unable to stat: E:/nuevo/htdocs/BLA/boletinlegal/genindexpage.cgi
[Mon Sep 23 22:40:05.191146 2019] [proxy:error] [pid 7308:tid 16492] (OS 10060)A connection attempt failed because the connected party did not properly respond after a period of time, or established connection failed because connected host has failed to respond.  : AH00957: HTTP: attempt to connect to 192.168.175.30:80 (192.168.175.30) failed
[Mon Sep 23 22:40:05.191146 2019] [proxy:error] [pid 7308:tid 16492] AH00959: ap_proxy_connect_backend disabling worker for (192.168.175.30) for 60s
[Mon Sep 23 22:40:05.191146 2019] [proxy_http:error] [pid 7308:tid 16492] [client 201.242.14.219:3503] AH01114: HTTP: failed to make connection to backend: 192.168.175.30
[Mon Sep 23 22:40:05.471946 2019] [core:error] [pid 7308:tid 18168] [client 201.242.14.219:3564] AH00135: Invalid method in request RPC_IN_DATA /BLA/boletinlegal/Directivas/0o4tq0nM.htm HTTP/1.1
[Mon Sep 23 22:40:05.799547 2019] [core:error] [pid 7308:tid 18168] [client 201.242.14.219:3567] AH00135: Invalid method in request RPC_OUT_DATA /BLA/boletinlegal/Directivas/0o4tq0nM.htm HTTP/1.1
[Mon Sep 23 22:40:06.189547 2019] [core:error] [pid 7308:tid 18168] [client 201.242.14.219:3568] AH00135: Invalid method in request SEARCH /BLA/boletinlegal/Directivas/0o4tq0nM.htm HTTP/1.1
[Mon Sep 23 22:40:06.501548 2019] [core:error] [pid 7308:tid 18168] [client 201.242.14.219:3569] AH00135: Invalid method in request SUBSCRIBE /BLA/boletinlegal/Directivas/0o4tq0nM.htm HTTP/1.1
[Mon Sep 23 22:40:06.891549 2019] [core:error] [pid 7308:tid 18136] [client 201.242.14.219:3571] AH00135: Invalid method in request TESTZZZ /BLA/boletinlegal/Directivas/0o4tq0nM.htm HTTP/1.1
[Mon Sep 23 22:40:07.905550 2019] [core:error] [pid 7308:tid 18136] [client 201.242.14.219:3574] AH00135: Invalid method in request UNSUBSCRIBE /BLA/boletinlegal/Directivas/0o4tq0nM.htm HTTP/1.1
[Mon Sep 23 22:40:08.498351 2019] [core:error] [pid 7308:tid 18136] [client 201.242.14.219:3576] AH00135: Invalid method in request X-MS-ENUMATTS /BLA/boletinlegal/Directivas/0o4tq0nM.htm HTTP/1.1
[Mon Sep 23 22:40:09.169153 2019] [core:error] [pid 7308:tid 18136] [client 201.242.14.219:3579] AH00135: Invalid method in request ACL /BLA/boletinlegal/Directivas/2009/Agb6bTvr.htm HTTP/1.1
[Mon Sep 23 22:40:09.574753 2019] [core:error] [pid 7308:tid 18136] [client 201.242.14.219:3580] AH00135: Invalid method in request BCOPY /BLA/boletinlegal/Directivas/2009/Agb6bTvr.htm HTTP/1.1
[Mon Sep 23 22:40:09.871154 2019] [core:error] [pid 7308:tid 16868] [client 201.242.14.219:3581] AH00135: Invalid method in request BDELETE /BLA/boletinlegal/Directivas/2009/Agb6bTvr.htm HTTP/1.1
[Mon Sep 23 22:40:10.261154 2019] [core:error] [pid 7308:tid 18168] [client 201.242.14.219:3583] AH00135: Invalid method in request BMOVE /BLA/boletinlegal/Directivas/2009/Agb6bTvr.htm HTTP/1.1
[Mon Sep 23 22:40:10.744755 2019] [core:error] [pid 7308:tid 18168] [client 201.242.14.219:3585] AH00135: Invalid method in request BPROPFIND /BLA/boletinlegal/Directivas/2009/Agb6bTvr.htm HTTP/1.1
[Mon Sep 23 22:40:11.056756 2019] [core:error] [pid 7308:tid 18168] [client 201.242.14.219:3586] AH00135: Invalid method in request BPROPPATCH /BLA/boletinlegal/Directivas/2009/Agb6bTvr.htm HTTP/1.1
[Mon Sep 23 22:40:11.399956 2019] [proxy:error] [pid 7308:tid 17328] AH00940: HTTP: disabled connection for (192.168.175.30)
[Mon Sep 23 22:40:12.070758 2019] [proxy:error] [pid 7308:tid 16868] AH00940: HTTP: disabled connection for (192.168.175.30)
[Mon Sep 23 22:40:12.351558 2019] [core:error] [pid 7308:tid 18168] [client 201.242.14.219:3590] AH00135: Invalid method in request DEBUG /BLA/boletinlegal/Directivas/2009/Agb6bTvr.htm HTTP/1.1
[Mon Sep 23 22:40:13.193960 2019] [core:error] [pid 7308:tid 18168] [client 201.242.14.219:3596] AH00135: Invalid method in request INDEX /BLA/boletinlegal/Directivas/2009/Agb6bTvr.htm HTTP/1.1
[Mon Sep 23 22:40:15.315563 2019] [core:error] [pid 7308:tid 18168] [client 201.242.14.219:3597] AH00135: Invalid method in request NOTIFY /BLA/boletinlegal/Directivas/2009/Agb6bTvr.htm HTTP/1.1
[Mon Sep 23 22:40:15.502764 2019] [proxy:error] [pid 7308:tid 17328] AH00940: HTTP: disabled connection for (192.168.175.30)
[Mon Sep 23 22:40:16.189165 2019] [cgi:error] [pid 7308:tid 18168] [client 201.242.14.219:2927] script not found or unable to stat: E:/nuevo/htdocs/gotopage.cgi
[Mon Sep 23 22:40:16.189165 2019] [core:error] [pid 7308:tid 16888] [client 201.242.14.219:3606] AH00135: Invalid method in request ORDERPATCH /BLA/boletinlegal/Directivas/2009/Agb6bTvr.htm HTTP/1.1
[Mon Sep 23 22:40:16.828766 2019] [core:error] [pid 7308:tid 18168] [client 201.242.14.219:3610] AH00135: Invalid method in request POLL /BLA/boletinlegal/Directivas/2009/Agb6bTvr.htm HTTP/1.1
[Mon Sep 23 22:40:17.140767 2019] [cgi:error] [pid 7308:tid 17328] [client 201.242.14.219:2928] script not found or unable to stat: E:/nuevo/htdocs/genindexpage.cgi
[Mon Sep 23 22:40:18.326369 2019] [core:error] [pid 7308:tid 17328] [client 201.242.14.219:3616] AH00135: Invalid method in request RPC_IN_DATA /BLA/boletinlegal/Directivas/2009/Agb6bTvr.htm HTTP/1.1
[Mon Sep 23 22:40:18.560369 2019] [core:error] [pid 7308:tid 16800] [client 201.242.14.219:3618] AH00135: Invalid method in request RPC_OUT_DATA /BLA/boletinlegal/Directivas/2009/Agb6bTvr.htm HTTP/1.1
[Mon Sep 23 22:40:18.872370 2019] [core:error] [pid 7308:tid 18172] [client 201.242.14.219:3619] AH00135: Invalid method in request SEARCH /BLA/boletinlegal/Directivas/2009/Agb6bTvr.htm HTTP/1.1
[Mon Sep 23 22:40:19.168770 2019] [core:error] [pid 7308:tid 18136] [client 201.242.14.219:3620] AH00135: Invalid method in request SUBSCRIBE /BLA/boletinlegal/Directivas/2009/Agb6bTvr.htm HTTP/1.1
[Mon Sep 23 22:40:19.636771 2019] [core:error] [pid 7308:tid 18136] [client 201.242.14.219:3622] AH00135: Invalid method in request TESTZZZ /BLA/boletinlegal/Directivas/2009/Agb6bTvr.htm HTTP/1.1
[Mon Sep 23 22:40:19.948772 2019] [cgi:error] [pid 7308:tid 17328] [client 201.242.14.219:2932] attempt to invoke directory as script: E:/nuevo/cgi-bin/
[Mon Sep 23 22:40:20.525973 2019] [core:error] [pid 7308:tid 16888] [client 201.242.14.219:3623] AH00135: Invalid method in request UNSUBSCRIBE /BLA/boletinlegal/Directivas/2009/Agb6bTvr.htm HTTP/1.1
[Mon Sep 23 22:40:21.399574 2019] [core:error] [pid 7308:tid 16888] [client 201.242.14.219:3626] AH00135: Invalid method in request X-MS-ENUMATTS /BLA/boletinlegal/Directivas/2009/Agb6bTvr.htm HTTP/1.1
[Mon Sep 23 22:40:22.023575 2019] [core:error] [pid 7308:tid 16888] [client 201.242.14.219:3628] AH00135: Invalid method in request ACL /BLA/boletinlegal/Directivas/2011/E2jjQ2Cz.htm HTTP/1.1
[Mon Sep 23 22:40:22.444776 2019] [core:error] [pid 7308:tid 18136] [client 201.242.14.219:3630] AH00135: Invalid method in request BCOPY /BLA/boletinlegal/Directivas/2011/E2jjQ2Cz.htm HTTP/1.1
[Mon Sep 23 22:40:22.756776 2019] [core:error] [pid 7308:tid 16888] [client 201.242.14.219:3632] AH00135: Invalid method in request BDELETE /BLA/boletinlegal/Directivas/2011/E2jjQ2Cz.htm HTTP/1.1
[Mon Sep 23 22:40:23.255977 2019] [core:error] [pid 7308:tid 18136] [client 201.242.14.219:3634] AH00135: Invalid method in request BMOVE /BLA/boletinlegal/Directivas/2011/E2jjQ2Cz.htm HTTP/1.1
[Mon Sep 23 22:40:23.552378 2019] [core:error] [pid 7308:tid 18172] [client 201.242.14.219:3637] AH00135: Invalid method in request BPROPFIND /BLA/boletinlegal/Directivas/2011/E2jjQ2Cz.htm HTTP/1.1
[Mon Sep 23 22:40:23.801978 2019] [core:error] [pid 7308:tid 18172] [client 201.242.14.219:3639] AH00135: Invalid method in request BPROPPATCH /BLA/boletinlegal/Directivas/2011/E2jjQ2Cz.htm HTTP/1.1
[Mon Sep 23 22:40:24.472779 2019] [proxy:error] [pid 7308:tid 17740] (OS 10060)A connection attempt failed because the connected party did not properly respond after a period of time, or established connection failed because connected host has failed to respond.  : AH00957: HTTP: attempt to connect to 192.168.175.30:80 (192.168.175.30) failed
[Mon Sep 23 22:40:24.472779 2019] [proxy_http:error] [pid 7308:tid 17740] [client 201.242.14.219:3260] AH01114: HTTP: failed to make connection to backend: 192.168.175.30
[Mon Sep 23 22:40:25.346381 2019] [core:error] [pid 7308:tid 17740] [client 201.242.14.219:3644] AH00135: Invalid method in request DEBUG /BLA/boletinlegal/Directivas/2011/E2jjQ2Cz.htm HTTP/1.1
[Mon Sep 23 22:40:25.689582 2019] [proxy:error] [pid 7308:tid 17084] (OS 10060)A connection attempt failed because the connected party did not properly respond after a period of time, or established connection failed because connected host has failed to respond.  : AH00957: HTTP: attempt to connect to 192.168.175.30:80 (192.168.175.30) failed
[Mon Sep 23 22:40:25.689582 2019] [proxy_http:error] [pid 7308:tid 17084] [client 201.242.14.219:2920] AH01114: HTTP: failed to make connection to backend: 192.168.175.30
[Mon Sep 23 22:40:26.500783 2019] [core:error] [pid 7308:tid 18136] [client 201.242.14.219:3649] AH00135: Invalid method in request INDEX /BLA/boletinlegal/Directivas/2011/E2jjQ2Cz.htm HTTP/1.1
[Mon Sep 23 22:40:28.325986 2019] [core:error] [pid 7308:tid 18136] [client 201.242.14.219:3652] AH00135: Invalid method in request NOTIFY /BLA/boletinlegal/Directivas/2011/E2jjQ2Cz.htm HTTP/1.1
[Mon Sep 23 22:40:29.105988 2019] [core:error] [pid 7308:tid 16888] [client 201.242.14.219:3661] AH00135: Invalid method in request ORDERPATCH /BLA/boletinlegal/Directivas/2011/E2jjQ2Cz.htm HTTP/1.1
[Mon Sep 23 22:40:29.573988 2019] [core:error] [pid 7308:tid 16888] [client 201.242.14.219:3662] AH00135: Invalid method in request POLL /BLA/boletinlegal/Directivas/2011/E2jjQ2Cz.htm HTTP/1.1
[Mon Sep 23 22:40:30.899991 2019] [core:error] [pid 7308:tid 18136] [client 201.242.14.219:3665] AH00135: Invalid method in request RPC_IN_DATA /BLA/boletinlegal/Directivas/2011/E2jjQ2Cz.htm HTTP/1.1
[Mon Sep 23 22:40:31.352392 2019] [core:error] [pid 7308:tid 16888] [client 201.242.14.219:3667] AH00135: Invalid method in request RPC_OUT_DATA /BLA/boletinlegal/Directivas/2011/E2jjQ2Cz.htm HTTP/1.1
[Mon Sep 23 22:40:31.570792 2019] [core:error] [pid 7308:tid 16888] [client 201.242.14.219:3669] AH00135: Invalid method in request SEARCH /BLA/boletinlegal/Directivas/2011/E2jjQ2Cz.htm HTTP/1.1
[Mon Sep 23 22:40:31.867192 2019] [core:error] [pid 7308:tid 16888] [client 201.242.14.219:3670] AH00135: Invalid method in request SUBSCRIBE /BLA/boletinlegal/Directivas/2011/E2jjQ2Cz.htm HTTP/1.1
[Mon Sep 23 22:40:32.179193 2019] [core:error] [pid 7308:tid 17920] [client 201.242.14.219:3671] AH00135: Invalid method in request TESTZZZ /BLA/boletinlegal/Directivas/2011/E2jjQ2Cz.htm HTTP/1.1
[Mon Sep 23 22:40:33.115195 2019] [core:error] [pid 7308:tid 17920] [client 201.242.14.219:3672] AH00135: Invalid method in request UNSUBSCRIBE /BLA/boletinlegal/Directivas/2011/E2jjQ2Cz.htm HTTP/1.1
[Mon Sep 23 22:40:33.957596 2019] [core:error] [pid 7308:tid 17084] [client 201.242.14.219:3674] AH00135: Invalid method in request X-MS-ENUMATTS /BLA/boletinlegal/Directivas/2011/E2jjQ2Cz.htm HTTP/1.1
[Mon Sep 23 22:40:34.269597 2019] [cgi:error] [pid 7308:tid 16888] [client 201.242.14.219:3677] attempt to invoke directory as script: E:/nuevo/cgi-bin/
[Mon Sep 23 22:40:34.472397 2019] [cgi:error] [pid 7308:tid 16888] [client 201.242.14.219:3677] script not found or unable to stat: E:/nuevo/cgi-bin/OyVfP2q2.htm
[Mon Sep 23 22:40:34.940398 2019] [cgi:error] [pid 7308:tid 17084] [client 201.242.14.219:3680] script not found or unable to stat: E:/nuevo/cgi-bin/OyVfP2q2.htm
[Mon Sep 23 22:40:35.252398 2019] [cgi:error] [pid 7308:tid 16800] [client 201.242.14.219:3681] script not found or unable to stat: E:/nuevo/cgi-bin/OyVfP2q2.htm
[Mon Sep 23 22:40:35.642399 2019] [cgi:error] [pid 7308:tid 17920] [client 201.242.14.219:3685] script not found or unable to stat: E:/nuevo/cgi-bin/OyVfP2q2.htm
[Mon Sep 23 22:40:35.954400 2019] [cgi:error] [pid 7308:tid 16888] [client 201.242.14.219:3688] script not found or unable to stat: E:/nuevo/cgi-bin/OyVfP2q2.htm
[Mon Sep 23 22:40:36.282000 2019] [cgi:error] [pid 7308:tid 16888] [client 201.242.14.219:3689] script not found or unable to stat: E:/nuevo/cgi-bin/OyVfP2q2.htm
[Mon Sep 23 22:40:36.562801 2019] [cgi:error] [pid 7308:tid 16888] [client 201.242.14.219:3690] script not found or unable to stat: E:/nuevo/cgi-bin/forum.php
[Mon Sep 23 22:40:36.672001 2019] [cgi:error] [pid 7308:tid 17920] [client 201.242.14.219:3691] script not found or unable to stat: E:/nuevo/cgi-bin/OyVfP2q2.htm
[Mon Sep 23 22:40:37.062002 2019] [cgi:error] [pid 7308:tid 17132] [client 201.242.14.219:3693] script not found or unable to stat: E:/nuevo/cgi-bin/OyVfP2q2.htm
[Mon Sep 23 22:40:37.576802 2019] [cgi:error] [pid 7308:tid 18136] [client 201.242.14.219:3696] script not found or unable to stat: E:/nuevo/cgi-bin/OyVfP2q2.htm
[Mon Sep 23 22:40:38.200804 2019] [cgi:error] [pid 7308:tid 16800] [client 201.242.14.219:3698] script not found or unable to stat: E:/nuevo/cgi-bin/OyVfP2q2.htm
[Mon Sep 23 22:40:38.590804 2019] [cgi:error] [pid 7308:tid 16800] [client 201.242.14.219:3700] script not found or unable to stat: E:/nuevo/cgi-bin/OyVfP2q2.htm
[Mon Sep 23 22:40:38.902805 2019] [cgi:error] [pid 7308:tid 16800] [client 201.242.14.219:3701] script not found or unable to stat: E:/nuevo/cgi-bin/OyVfP2q2.htm
[Mon Sep 23 22:40:39.121205 2019] [cgi:error] [pid 7308:tid 18136] [client 201.242.14.219:3703] script not found or unable to stat: E:/nuevo/cgi-bin/OyVfP2q2.htm
[Mon Sep 23 22:40:39.542406 2019] [cgi:error] [pid 7308:tid 18136] [client 201.242.14.219:3705] script not found or unable to stat: E:/nuevo/cgi-bin/OyVfP2q2.htm
[Mon Sep 23 22:40:39.667206 2019] [cgi:error] [pid 7308:tid 18136] [client 201.242.14.219:3705] script not found or unable to stat: E:/nuevo/cgi-bin/OyVfP2q2.htm
[Mon Sep 23 22:40:39.979207 2019] [cgi:error] [pid 7308:tid 18136] [client 201.242.14.219:3706] script not found or unable to stat: E:/nuevo/cgi-bin/OyVfP2q2.htm
[Mon Sep 23 22:40:40.291207 2019] [cgi:error] [pid 7308:tid 18136] [client 201.242.14.219:3707] script not found or unable to stat: E:/nuevo/cgi-bin/OyVfP2q2.htm
[Mon Sep 23 22:40:40.603208 2019] [cgi:error] [pid 7308:tid 16800] [client 201.242.14.219:3708] script not found or unable to stat: E:/nuevo/cgi-bin/OyVfP2q2.htm
[Mon Sep 23 22:40:40.993208 2019] [cgi:error] [pid 7308:tid 18172] [client 201.242.14.219:3710] script not found or unable to stat: E:/nuevo/cgi-bin/OyVfP2q2.htm
[Mon Sep 23 22:40:41.570409 2019] [cgi:error] [pid 7308:tid 18172] [client 201.242.14.219:3712] script not found or unable to stat: E:/nuevo/cgi-bin/OyVfP2q2.htm
