[Mon Sep 23 22:40:41.960410 2019] [cgi:error] [pid 7308:tid 17084] [client 201.242.14.219:3714] script not found or unable to stat: E:/nuevo/cgi-bin/OyVfP2q2.htm
[Mon Sep 23 22:40:42.350411 2019] [cgi:error] [pid 7308:tid 18172] [client 201.242.14.219:3716] script not found or unable to stat: E:/nuevo/cgi-bin/OyVfP2q2.htm
[Mon Sep 23 22:40:42.849612 2019] [cgi:error] [pid 7308:tid 17328] [client 201.242.14.219:3718] script not found or unable to stat: E:/nuevo/cgi-bin/OyVfP2q2.htm
[Mon Sep 23 22:40:43.161612 2019] [cgi:error] [pid 7308:tid 17084] [client 201.242.14.219:3721] script not found or unable to stat: E:/nuevo/cgi-bin/OyVfP2q2.htm
[Mon Sep 23 22:40:43.395613 2019] [cgi:error] [pid 7308:tid 17328] [client 201.242.14.219:3723] script not found or unable to stat: E:/nuevo/cgi-bin/OyVfP2q2.htm
[Mon Sep 23 22:40:43.707613 2019] [cgi:error] [pid 7308:tid 17328] [client 201.242.14.219:3724] script not found or unable to stat: E:/nuevo/cgi-bin/OyVfP2q2.htm
[Mon Sep 23 22:40:44.097614 2019] [cgi:error] [pid 7308:tid 17328] [client 201.242.14.219:3726] script not found or unable to stat: E:/nuevo/cgi-bin/OyVfP2q2.htm
[Mon Sep 23 22:40:44.409614 2019] [cgi:error] [pid 7308:tid 17328] [client 201.242.14.219:3727] script not found or unable to stat: E:/nuevo/cgi-bin/OyVfP2q2.htm
[Mon Sep 23 22:40:44.628015 2019] [cgi:error] [pid 7308:tid 17328] [client 201.242.14.219:3728] script not found or unable to stat: E:/nuevo/cgi-bin/OyVfP2q2.htm
[Mon Sep 23 22:40:44.940015 2019] [cgi:error] [pid 7308:tid 17328] [client 201.242.14.219:3729] script not found or unable to stat: E:/nuevo/cgi-bin/OyVfP2q2.htm
[Mon Sep 23 22:40:45.252016 2019] [cgi:error] [pid 7308:tid 17328] [client 201.242.14.219:3730] script not found or unable to stat: E:/nuevo/cgi-bin/OyVfP2q2.htm
[Mon Sep 23 22:40:45.548416 2019] [cgi:error] [pid 7308:tid 17328] [client 201.242.14.219:3731] script not found or unable to stat: E:/nuevo/cgi-bin/OyVfP2q2.htm
[Mon Sep 23 22:40:46.000817 2019] [cgi:error] [pid 7308:tid 17084] [client 201.242.14.219:3732] script not found or unable to stat: E:/nuevo/cgi-bin/OyVfP2q2.htm
[Mon Sep 23 22:40:46.312818 2019] [cgi:error] [pid 7308:tid 17084] [client 201.242.14.219:3734] script not found or unable to stat: E:/nuevo/cgi-bin/OyVfP2q2.htm
[Mon Sep 23 22:40:46.640418 2019] [cgi:error] [pid 7308:tid 17084] [client 201.242.14.219:3735] script not found or unable to stat: E:/nuevo/cgi-bin/OyVfP2q2.htm
[Mon Sep 23 22:40:47.046019 2019] [cgi:error] [pid 7308:tid 17084] [client 201.242.14.219:3737] script not found or unable to stat: E:/nuevo/cgi-bin/OyVfP2q2.htm
[Mon Sep 23 22:40:47.389220 2019] [cgi:error] [pid 7308:tid 17084] [client 201.242.14.219:3738] script not found or unable to stat: E:/nuevo/cgi-bin/OyVfP2q2.htm
[Mon Sep 23 22:40:47.763620 2019] [cgi:error] [pid 7308:tid 17084] [client 201.242.14.219:3740] script not found or unable to stat: E:/nuevo/cgi-bin/OyVfP2q2.htm
[Mon Sep 23 22:40:48.013221 2019] [cgi:error] [pid 7308:tid 17084] [client 201.242.14.219:3742] script not found or unable to stat: E:/nuevo/cgi-bin/OyVfP2q2.htm
[Mon Sep 23 22:40:48.340821 2019] [cgi:error] [pid 7308:tid 17084] [client 201.242.14.219:3743] script not found or unable to stat: E:/nuevo/cgi-bin/OyVfP2q2.htm
[Mon Sep 23 22:40:48.855622 2019] [cgi:error] [pid 7308:tid 17084] [client 201.242.14.219:3744] script not found or unable to stat: E:/nuevo/cgi-bin/OyVfP2q2.htm
[Mon Sep 23 22:40:49.183223 2019] [cgi:error] [pid 7308:tid 17084] [client 201.242.14.219:3745] script not found or unable to stat: E:/nuevo/cgi-bin/OyVfP2q2.htm
[Mon Sep 23 22:40:49.432823 2019] [cgi:error] [pid 7308:tid 17084] [client 201.242.14.219:3747] script not found or unable to stat: E:/nuevo/cgi-bin/OyVfP2q2.htm
[Mon Sep 23 22:40:50.088024 2019] [core:error] [pid 7308:tid 16868] [client 201.242.14.219:3749] AH00135: Invalid method in request ACL /css/6Ug4QhX9.htm HTTP/1.1
[Mon Sep 23 22:40:50.727626 2019] [core:error] [pid 7308:tid 17328] [client 201.242.14.219:3750] AH00135: Invalid method in request BCOPY /css/6Ug4QhX9.htm HTTP/1.1
[Mon Sep 23 22:40:51.289227 2019] [core:error] [pid 7308:tid 17328] [client 201.242.14.219:3753] AH00135: Invalid method in request BDELETE /css/6Ug4QhX9.htm HTTP/1.1
[Mon Sep 23 22:40:51.538827 2019] [core:error] [pid 7308:tid 17328] [client 201.242.14.219:3755] AH00135: Invalid method in request BMOVE /css/6Ug4QhX9.htm HTTP/1.1
[Mon Sep 23 22:40:51.835228 2019] [core:error] [pid 7308:tid 17328] [client 201.242.14.219:3756] AH00135: Invalid method in request BPROPFIND /css/6Ug4QhX9.htm HTTP/1.1
[Mon Sep 23 22:40:52.162828 2019] [core:error] [pid 7308:tid 17328] [client 201.242.14.219:3759] AH00135: Invalid method in request BPROPPATCH /css/6Ug4QhX9.htm HTTP/1.1
[Mon Sep 23 22:40:53.270430 2019] [cgi:error] [pid 7308:tid 18288] [client 201.242.14.219:3766] script not found or unable to stat: E:/nuevo/cgi-bin/search.cgi
[Mon Sep 23 22:40:53.410830 2019] [core:error] [pid 7308:tid 18136] [client 201.242.14.219:3765] AH00135: Invalid method in request DEBUG /css/6Ug4QhX9.htm HTTP/1.1
[Mon Sep 23 22:40:53.582431 2019] [cgi:error] [pid 7308:tid 18288] [client 201.242.14.219:3767] script not found or unable to stat: E:/nuevo/cgi-bin/search.pl
[Mon Sep 23 22:40:53.972431 2019] [cgi:error] [pid 7308:tid 18288] [client 201.242.14.219:3769] script not found or unable to stat: E:/nuevo/cgi-bin/search.exe
[Mon Sep 23 22:40:54.378032 2019] [cgi:error] [pid 7308:tid 18240] [client 201.242.14.219:3772] script not found or unable to stat: E:/nuevo/htdocs/BLA/resoluciones/search.cgi
[Mon Sep 23 22:40:54.393632 2019] [core:error] [pid 7308:tid 18288] [client 201.242.14.219:3771] AH00135: Invalid method in request INDEX /css/6Ug4QhX9.htm HTTP/1.1
[Mon Sep 23 22:40:54.768033 2019] [cgi:error] [pid 7308:tid 18240] [client 201.242.14.219:3773] script not found or unable to stat: E:/nuevo/htdocs/BLA/resoluciones/search.pl
[Mon Sep 23 22:40:55.438834 2019] [cgi:error] [pid 7308:tid 18240] [client 201.242.14.219:3777] script not found or unable to stat: E:/nuevo/htdocs/BLA/boletinlegal/search.cgi
[Mon Sep 23 22:40:55.735234 2019] [cgi:error] [pid 7308:tid 16868] [client 201.242.14.219:3778] script not found or unable to stat: E:/nuevo/htdocs/BLA/boletinlegal/search.pl
[Mon Sep 23 22:40:58.543239 2019] [proxy:error] [pid 7308:tid 17132] (OS 10060)A connection attempt failed because the connected party did not properly respond after a period of time, or established connection failed because connected host has failed to respond.  : AH00957: HTTP: attempt to connect to 192.168.175.30:80 (192.168.175.30) failed
[Mon Sep 23 22:40:58.543239 2019] [proxy:error] [pid 7308:tid 17132] AH00959: ap_proxy_connect_backend disabling worker for (192.168.175.30) for 60s
[Mon Sep 23 22:40:58.543239 2019] [proxy_http:error] [pid 7308:tid 17132] [client 201.242.14.219:3695] AH01114: HTTP: failed to make connection to backend: 192.168.175.30
[Mon Sep 23 22:41:00.009642 2019] [core:error] [pid 7308:tid 17740] [client 201.242.14.219:3775] AH00135: Invalid method in request NOTIFY /css/6Ug4QhX9.htm HTTP/1.1
[Mon Sep 23 22:41:00.649243 2019] [core:error] [pid 7308:tid 17740] [client 201.242.14.219:3793] AH00135: Invalid method in request ORDERPATCH /css/6Ug4QhX9.htm HTTP/1.1
[Mon Sep 23 22:41:01.569645 2019] [core:error] [pid 7308:tid 17740] [client 201.242.14.219:3795] AH00135: Invalid method in request POLL /css/6Ug4QhX9.htm HTTP/1.1
[Mon Sep 23 22:41:02.848847 2019] [core:error] [pid 7308:tid 16868] [client 201.242.14.219:3798] AH00135: Invalid method in request RPC_IN_DATA /css/6Ug4QhX9.htm HTTP/1.1
[Mon Sep 23 22:41:03.301248 2019] [core:error] [pid 7308:tid 17740] [client 201.242.14.219:3801] AH00135: Invalid method in request RPC_OUT_DATA /css/6Ug4QhX9.htm HTTP/1.1
[Mon Sep 23 22:41:03.706848 2019] [core:error] [pid 7308:tid 18288] [client 201.242.14.219:3803] AH00135: Invalid method in request SEARCH /css/6Ug4QhX9.htm HTTP/1.1
[Mon Sep 23 22:41:04.018849 2019] [core:error] [pid 7308:tid 18288] [client 201.242.14.219:3806] AH00135: Invalid method in request SUBSCRIBE /css/6Ug4QhX9.htm HTTP/1.1
[Mon Sep 23 22:41:04.315249 2019] [core:error] [pid 7308:tid 18288] [client 201.242.14.219:3808] AH00135: Invalid method in request TESTZZZ /css/6Ug4QhX9.htm HTTP/1.1
[Mon Sep 23 22:41:05.454051 2019] [core:error] [pid 7308:tid 18288] [client 201.242.14.219:3809] AH00135: Invalid method in request UNSUBSCRIBE /css/6Ug4QhX9.htm HTTP/1.1
[Mon Sep 23 22:41:05.984452 2019] [core:error] [pid 7308:tid 18288] [client 201.242.14.219:3811] AH00135: Invalid method in request X-MS-ENUMATTS /css/6Ug4QhX9.htm HTTP/1.1
[Mon Sep 23 22:41:06.748854 2019] [core:error] [pid 7308:tid 17132] [client 201.242.14.219:3813] AH00135: Invalid method in request ACL /error/GPZ4KtsF.htm HTTP/1.1
[Mon Sep 23 22:41:07.170054 2019] [core:error] [pid 7308:tid 17132] [client 201.242.14.219:3815] AH00135: Invalid method in request BCOPY /error/GPZ4KtsF.htm HTTP/1.1
[Mon Sep 23 22:41:07.482055 2019] [core:error] [pid 7308:tid 17132] [client 201.242.14.219:3816] AH00135: Invalid method in request BDELETE /error/GPZ4KtsF.htm HTTP/1.1
[Mon Sep 23 22:41:07.794056 2019] [core:error] [pid 7308:tid 16612] [client 201.242.14.219:3819] AH00135: Invalid method in request BMOVE /error/GPZ4KtsF.htm HTTP/1.1
[Mon Sep 23 22:41:08.184056 2019] [core:error] [pid 7308:tid 16612] [client 201.242.14.219:3820] AH00135: Invalid method in request BPROPFIND /error/GPZ4KtsF.htm HTTP/1.1
[Mon Sep 23 22:41:08.574057 2019] [core:error] [pid 7308:tid 17740] [client 201.242.14.219:3822] AH00135: Invalid method in request BPROPPATCH /error/GPZ4KtsF.htm HTTP/1.1
[Mon Sep 23 22:41:10.149660 2019] [core:error] [pid 7308:tid 17740] [client 201.242.14.219:3826] AH00135: Invalid method in request DEBUG /error/GPZ4KtsF.htm HTTP/1.1
[Mon Sep 23 22:41:10.430460 2019] [cgi:error] [pid 7308:tid 18288] [client 201.242.14.219:2941] script not found or unable to stat: E:/nuevo/cgi-bin/forum.php
[Mon Sep 23 22:41:11.319662 2019] [core:error] [pid 7308:tid 18168] [client 201.242.14.219:3829] AH00135: Invalid method in request INDEX /error/GPZ4KtsF.htm HTTP/1.1
[Mon Sep 23 22:41:11.538062 2019] [proxy:error] [pid 7308:tid 18168] AH00940: HTTP: disabled connection for (192.168.175.30)
[Mon Sep 23 22:41:11.772063 2019] [proxy:error] [pid 7308:tid 17084] AH00940: HTTP: disabled connection for (192.168.175.30)
[Mon Sep 23 22:41:12.224463 2019] [proxy:error] [pid 7308:tid 18288] AH00940: HTTP: disabled connection for (192.168.175.30)
[Mon Sep 23 22:41:13.051265 2019] [proxy:error] [pid 7308:tid 18288] AH00940: HTTP: disabled connection for (192.168.175.30)
[Mon Sep 23 22:41:13.644066 2019] [proxy:error] [pid 7308:tid 17328] (OS 10060)A connection attempt failed because the connected party did not properly respond after a period of time, or established connection failed because connected host has failed to respond.  : AH00957: HTTP: attempt to connect to 192.168.175.30:80 (192.168.175.30) failed
[Mon Sep 23 22:41:13.644066 2019] [proxy_http:error] [pid 7308:tid 17328] [client 201.242.14.219:3762] AH01114: HTTP: failed to make connection to backend: 192.168.175.30
[Mon Sep 23 22:41:13.831266 2019] [core:error] [pid 7308:tid 18168] [client 201.242.14.219:3833] AH00135: Invalid method in request NOTIFY /error/GPZ4KtsF.htm HTTP/1.1
[Mon Sep 23 22:41:14.346067 2019] [cgi:error] [pid 7308:tid 18288] [client 201.242.14.219:3850] script not found or unable to stat: E:/nuevo/htdocs/search.cgi
[Mon Sep 23 22:41:14.361667 2019] [core:error] [pid 7308:tid 17328] [client 201.242.14.219:3851] AH00135: Invalid method in request ORDERPATCH /error/GPZ4KtsF.htm HTTP/1.1
[Mon Sep 23 22:41:14.658068 2019] [cgi:error] [pid 7308:tid 18288] [client 201.242.14.219:3853] script not found or unable to stat: E:/nuevo/htdocs/search.pl
[Mon Sep 23 22:41:15.172869 2019] [core:error] [pid 7308:tid 17328] [client 201.242.14.219:3852] AH00135: Invalid method in request POLL /error/GPZ4KtsF.htm HTTP/1.1
[Mon Sep 23 22:41:16.639271 2019] [core:error] [pid 7308:tid 18288] [client 201.242.14.219:3856] AH00135: Invalid method in request RPC_IN_DATA /error/GPZ4KtsF.htm HTTP/1.1
[Mon Sep 23 22:41:16.935672 2019] [core:error] [pid 7308:tid 18288] [client 201.242.14.219:3859] AH00135: Invalid method in request RPC_OUT_DATA /error/GPZ4KtsF.htm HTTP/1.1
[Mon Sep 23 22:41:17.232072 2019] [core:error] [pid 7308:tid 16492] [client 201.242.14.219:3860] AH00135: Invalid method in request SEARCH /error/GPZ4KtsF.htm HTTP/1.1
[Mon Sep 23 22:41:17.450473 2019] [core:error] [pid 7308:tid 16800] [client 201.242.14.219:3862] AH00135: Invalid method in request SUBSCRIBE /error/GPZ4KtsF.htm HTTP/1.1
[Mon Sep 23 22:41:17.481673 2019] [proxy:error] [pid 7308:tid 18240] (OS 10060)A connection attempt failed because the connected party did not properly respond after a period of time, or established connection failed because connected host has failed to respond.  : AH00957: HTTP: attempt to connect to 192.168.175.30:80 (192.168.175.30) failed
[Mon Sep 23 22:41:17.481673 2019] [proxy_http:error] [pid 7308:tid 18240] [client 201.242.14.219:3785] AH01114: HTTP: failed to make connection to backend: 192.168.175.30
[Mon Sep 23 22:41:17.778073 2019] [core:error] [pid 7308:tid 16800] [client 201.242.14.219:3863] AH00135: Invalid method in request TESTZZZ /error/GPZ4KtsF.htm HTTP/1.1
[Mon Sep 23 22:41:18.152474 2019] [cgi:error] [pid 7308:tid 18168] [client 201.242.14.219:3864] attempt to invoke directory as script: E:/nuevo/cgi-bin/
[Mon Sep 23 22:41:18.963675 2019] [core:error] [pid 7308:tid 17084] [client 201.242.14.219:3865] AH00135: Invalid method in request UNSUBSCRIBE /error/GPZ4KtsF.htm HTTP/1.1
[Mon Sep 23 22:41:19.977677 2019] [core:error] [pid 7308:tid 17084] [client 201.242.14.219:3867] AH00135: Invalid method in request X-MS-ENUMATTS /error/GPZ4KtsF.htm HTTP/1.1
[Mon Sep 23 22:41:20.164877 2019] [cgi:error] [pid 7308:tid 18172] [client 201.242.14.219:2952] script not found or unable to stat: E:/nuevo/cgi-bin/search.cgi
[Mon Sep 23 22:41:20.586078 2019] [core:error] [pid 7308:tid 18172] [client 201.242.14.219:3871] AH00135: Invalid method in request ACL /icons/0R2oiXmf.htm HTTP/1.1
[Mon Sep 23 22:41:20.788878 2019] [cgi:error] [pid 7308:tid 17084] [client 201.242.14.219:2953] script not found or unable to stat: E:/nuevo/cgi-bin/search.pl
[Mon Sep 23 22:41:21.256879 2019] [core:error] [pid 7308:tid 17704] [client 201.242.14.219:3872] AH00135: Invalid method in request BCOPY /icons/0R2oiXmf.htm HTTP/1.1
[Mon Sep 23 22:41:21.646880 2019] [core:error] [pid 7308:tid 17328] [client 201.242.14.219:3874] AH00135: Invalid method in request BDELETE /icons/0R2oiXmf.htm HTTP/1.1
[Mon Sep 23 22:41:21.662480 2019] [cgi:error] [pid 7308:tid 18172] [client 201.242.14.219:3875] script not found or unable to stat: E:/nuevo/cgi-bin/namazu.cgi
[Mon Sep 23 22:41:21.678080 2019] [cgi:error] [pid 7308:tid 17084] [client 201.242.14.219:2954] script not found or unable to stat: E:/nuevo/cgi-bin/search.exe
[Mon Sep 23 22:41:22.224081 2019] [core:error] [pid 7308:tid 17084] [client 201.242.14.219:3877] AH00135: Invalid method in request BMOVE /icons/0R2oiXmf.htm HTTP/1.1
[Mon Sep 23 22:41:22.551681 2019] [core:error] [pid 7308:tid 18172] [client 201.242.14.219:3880] AH00135: Invalid method in request BPROPFIND /icons/0R2oiXmf.htm HTTP/1.1
[Mon Sep 23 22:41:22.863682 2019] [core:error] [pid 7308:tid 18172] [client 201.242.14.219:3881] AH00135: Invalid method in request BPROPPATCH /icons/0R2oiXmf.htm HTTP/1.1
[Mon Sep 23 22:41:22.879282 2019] [cgi:error] [pid 7308:tid 16612] [client 201.242.14.219:2956] script not found or unable to stat: E:/nuevo/htdocs/BLA/resoluciones/search.cgi
[Mon Sep 23 22:41:22.926082 2019] [cgi:error] [pid 7308:tid 17084] [client 201.242.14.219:2957] script not found or unable to stat: E:/nuevo/cgi-bin/namazu.cgi
[Mon Sep 23 22:41:23.846484 2019] [cgi:error] [pid 7308:tid 17704] [client 201.242.14.219:2958] script not found or unable to stat: E:/nuevo/htdocs/BLA/resoluciones/search.pl
[Mon Sep 23 22:41:24.454885 2019] [core:error] [pid 7308:tid 18288] [client 201.242.14.219:3886] AH00135: Invalid method in request DEBUG /icons/0R2oiXmf.htm HTTP/1.1
[Mon Sep 23 22:41:25.219286 2019] [cgi:error] [pid 7308:tid 16612] [client 201.242.14.219:2960] script not found or unable to stat: E:/nuevo/htdocs/BLA/boletinlegal/search.cgi
[Mon Sep 23 22:41:25.734087 2019] [core:error] [pid 7308:tid 16800] [client 201.242.14.219:3893] AH00135: Invalid method in request INDEX /icons/0R2oiXmf.htm HTTP/1.1
[Mon Sep 23 22:41:26.311288 2019] [cgi:error] [pid 7308:tid 16612] [client 201.242.14.219:2961] script not found or unable to stat: E:/nuevo/htdocs/BLA/boletinlegal/search.pl
[Mon Sep 23 22:41:28.276892 2019] [core:error] [pid 7308:tid 16800] [client 201.242.14.219:3895] AH00135: Invalid method in request NOTIFY /icons/0R2oiXmf.htm HTTP/1.1
[Mon Sep 23 22:41:29.197293 2019] [core:error] [pid 7308:tid 17704] [client 201.242.14.219:3899] AH00135: Invalid method in request ORDERPATCH /icons/0R2oiXmf.htm HTTP/1.1
[Mon Sep 23 22:41:29.680894 2019] [core:error] [pid 7308:tid 17132] [client 201.242.14.219:3902] AH00135: Invalid method in request POLL /icons/0R2oiXmf.htm HTTP/1.1
[Mon Sep 23 22:41:31.615297 2019] [core:error] [pid 7308:tid 17084] [client 201.242.14.219:3906] AH00135: Invalid method in request RPC_IN_DATA /icons/0R2oiXmf.htm HTTP/1.1
[Mon Sep 23 22:41:31.927298 2019] [core:error] [pid 7308:tid 17084] [client 201.242.14.219:3909] AH00135: Invalid method in request RPC_OUT_DATA /icons/0R2oiXmf.htm HTTP/1.1
[Mon Sep 23 22:41:32.239298 2019] [core:error] [pid 7308:tid 17132] [client 201.242.14.219:3910] AH00135: Invalid method in request SEARCH /icons/0R2oiXmf.htm HTTP/1.1
[Mon Sep 23 22:41:32.644899 2019] [core:error] [pid 7308:tid 17132] [client 201.242.14.219:3912] AH00135: Invalid method in request SUBSCRIBE /icons/0R2oiXmf.htm HTTP/1.1
[Mon Sep 23 22:41:32.956900 2019] [core:error] [pid 7308:tid 17132] [client 201.242.14.219:3913] AH00135: Invalid method in request TESTZZZ /icons/0R2oiXmf.htm HTTP/1.1
[Mon Sep 23 22:41:34.282902 2019] [core:error] [pid 7308:tid 17132] [client 201.242.14.219:3914] AH00135: Invalid method in request UNSUBSCRIBE /icons/0R2oiXmf.htm HTTP/1.1
[Mon Sep 23 22:41:34.298502 2019] [cgi:error] [pid 7308:tid 17328] [client 201.242.14.219:3916] attempt to invoke directory as script: E:/nuevo/cgi-bin/
[Mon Sep 23 22:41:34.641703 2019] [cgi:error] [pid 7308:tid 17328] [client 201.242.14.219:3916] script not found or unable to stat: E:/nuevo/cgi-bin/lp
[Mon Sep 23 22:41:35.359304 2019] [core:error] [pid 7308:tid 17132] [client 201.242.14.219:3918] AH00135: Invalid method in request X-MS-ENUMATTS /icons/0R2oiXmf.htm HTTP/1.1
[Mon Sep 23 22:41:49.134128 2019] [proxy:error] [pid 7308:tid 16612] (OS 10060)A connection attempt failed because the connected party did not properly respond after a period of time, or established connection failed because connected host has failed to respond.  : AH00957: HTTP: attempt to connect to 192.168.175.30:80 (192.168.175.30) failed
[Mon Sep 23 22:41:49.134128 2019] [proxy:error] [pid 7308:tid 16612] AH00959: ap_proxy_connect_backend disabling worker for (192.168.175.30) for 60s
[Mon Sep 23 22:41:49.134128 2019] [proxy_http:error] [pid 7308:tid 16612] [client 201.242.14.219:2965] AH01114: HTTP: failed to make connection to backend: 192.168.175.30
[Mon Sep 23 22:41:50.694131 2019] [core:error] [pid 7308:tid 16492] [client 201.242.14.219:3997] AH00135: Invalid method in request ACL /images/3pphVQQz.htm HTTP/1.1
[Mon Sep 23 22:41:51.364932 2019] [core:error] [pid 7308:tid 16612] [client 201.242.14.219:3998] AH00135: Invalid method in request BCOPY /images/3pphVQQz.htm HTTP/1.1
[Mon Sep 23 22:41:51.786133 2019] [core:error] [pid 7308:tid 16612] [client 201.242.14.219:4001] AH00135: Invalid method in request BDELETE /images/3pphVQQz.htm HTTP/1.1
[Mon Sep 23 22:41:52.191734 2019] [core:error] [pid 7308:tid 16868] [client 201.242.14.219:4003] AH00135: Invalid method in request BMOVE /images/3pphVQQz.htm HTTP/1.1
[Mon Sep 23 22:41:52.612934 2019] [core:error] [pid 7308:tid 18288] [client 201.242.14.219:4005] AH00135: Invalid method in request BPROPFIND /images/3pphVQQz.htm HTTP/1.1
[Mon Sep 23 22:41:53.018535 2019] [core:error] [pid 7308:tid 18288] [client 201.242.14.219:4007] AH00135: Invalid method in request BPROPPATCH /images/3pphVQQz.htm HTTP/1.1
[Mon Sep 23 22:41:54.781338 2019] [core:error] [pid 7308:tid 18288] [client 201.242.14.219:4011] AH00135: Invalid method in request DEBUG /images/3pphVQQz.htm HTTP/1.1
[Mon Sep 23 22:41:55.935740 2019] [core:error] [pid 7308:tid 18172] [client 201.242.14.219:4013] AH00135: Invalid method in request INDEX /images/3pphVQQz.htm HTTP/1.1
[Mon Sep 23 22:41:56.731341 2019] [proxy:error] [pid 7308:tid 17740] (OS 10060)A connection attempt failed because the connected party did not properly respond after a period of time, or established connection failed because connected host has failed to respond.  : AH00957: HTTP: attempt to connect to 192.168.175.30:80 (192.168.175.30) failed
[Mon Sep 23 22:41:56.731341 2019] [proxy_http:error] [pid 7308:tid 17740] [client 201.242.14.219:2968] AH01114: HTTP: failed to make connection to backend: 192.168.175.30
[Mon Sep 23 22:41:58.587745 2019] [core:error] [pid 7308:tid 18172] [client 201.242.14.219:4016] AH00135: Invalid method in request NOTIFY /images/3pphVQQz.htm HTTP/1.1
[Mon Sep 23 22:41:59.149346 2019] [core:error] [pid 7308:tid 18172] [client 201.242.14.219:4021] AH00135: Invalid method in request ORDERPATCH /images/3pphVQQz.htm HTTP/1.1
[Mon Sep 23 22:41:59.804547 2019] [core:error] [pid 7308:tid 18172] [client 201.242.14.219:4022] AH00135: Invalid method in request POLL /images/3pphVQQz.htm HTTP/1.1
[Mon Sep 23 22:42:01.848150 2019] [core:error] [pid 7308:tid 18172] [client 201.242.14.219:4026] AH00135: Invalid method in request RPC_IN_DATA /images/3pphVQQz.htm HTTP/1.1
[Mon Sep 23 22:42:02.238151 2019] [core:error] [pid 7308:tid 18172] [client 201.242.14.219:4030] AH00135: Invalid method in request RPC_OUT_DATA /images/3pphVQQz.htm HTTP/1.1
[Mon Sep 23 22:42:02.565752 2019] [core:error] [pid 7308:tid 18172] [client 201.242.14.219:4034] AH00135: Invalid method in request SEARCH /images/3pphVQQz.htm HTTP/1.1
[Mon Sep 23 22:42:02.815352 2019] [core:error] [pid 7308:tid 18172] [client 201.242.14.219:4036] AH00135: Invalid method in request SUBSCRIBE /images/3pphVQQz.htm HTTP/1.1
[Mon Sep 23 22:42:03.127353 2019] [core:error] [pid 7308:tid 18172] [client 201.242.14.219:4037] AH00135: Invalid method in request TESTZZZ /images/3pphVQQz.htm HTTP/1.1
[Mon Sep 23 22:42:04.390955 2019] [core:error] [pid 7308:tid 17920] [client 201.242.14.219:4041] AH00135: Invalid method in request UNSUBSCRIBE /images/3pphVQQz.htm HTTP/1.1
[Mon Sep 23 22:42:05.217756 2019] [core:error] [pid 7308:tid 18172] [client 201.242.14.219:4046] AH00135: Invalid method in request X-MS-ENUMATTS /images/3pphVQQz.htm HTTP/1.1
[Mon Sep 23 22:42:05.872958 2019] [core:error] [pid 7308:tid 18288] [client 201.242.14.219:4053] AH00135: Invalid method in request ACL /img/Yumn950n.htm HTTP/1.1
[Mon Sep 23 22:42:06.512559 2019] [core:error] [pid 7308:tid 16492] [client 201.242.14.219:4056] AH00135: Invalid method in request BCOPY /img/Yumn950n.htm HTTP/1.1
[Mon Sep 23 22:42:06.871359 2019] [core:error] [pid 7308:tid 18240] [client 201.242.14.219:4061] AH00135: Invalid method in request BDELETE /img/Yumn950n.htm HTTP/1.1
[Mon Sep 23 22:42:07.089760 2019] [cgi:error] [pid 7308:tid 18240] [client 201.242.14.219:4062] attempt to invoke directory as script: E:/nuevo/cgi-bin/
[Mon Sep 23 22:42:07.120960 2019] [core:error] [pid 7308:tid 18172] [client 201.242.14.219:4063] AH00135: Invalid method in request BMOVE /img/Yumn950n.htm HTTP/1.1
[Mon Sep 23 22:42:07.386160 2019] [core:error] [pid 7308:tid 16492] [client 201.242.14.219:4066] AH00135: Invalid method in request BPROPFIND /img/Yumn950n.htm HTTP/1.1
[Mon Sep 23 22:42:07.713761 2019] [core:error] [pid 7308:tid 16492] [client 201.242.14.219:4067] AH00135: Invalid method in request BPROPPATCH /img/Yumn950n.htm HTTP/1.1
[Mon Sep 23 22:42:09.476564 2019] [core:error] [pid 7308:tid 16492] [client 201.242.14.219:4071] AH00135: Invalid method in request DEBUG /img/Yumn950n.htm HTTP/1.1
[Mon Sep 23 22:42:10.584166 2019] [core:error] [pid 7308:tid 16492] [client 201.242.14.219:4077] AH00135: Invalid method in request INDEX /img/Yumn950n.htm HTTP/1.1
[Mon Sep 23 22:42:13.236170 2019] [core:error] [pid 7308:tid 18172] [client 201.242.14.219:4079] AH00135: Invalid method in request NOTIFY /img/Yumn950n.htm HTTP/1.1
[Mon Sep 23 22:42:13.875772 2019] [core:error] [pid 7308:tid 18288] [client 201.242.14.219:4086] AH00135: Invalid method in request ORDERPATCH /img/Yumn950n.htm HTTP/1.1
[Mon Sep 23 22:42:14.452973 2019] [core:error] [pid 7308:tid 18288] [client 201.242.14.219:4089] AH00135: Invalid method in request POLL /img/Yumn950n.htm HTTP/1.1
[Mon Sep 23 22:42:16.137776 2019] [core:error] [pid 7308:tid 17740] [client 201.242.14.219:4093] AH00135: Invalid method in request RPC_IN_DATA /img/Yumn950n.htm HTTP/1.1
[Mon Sep 23 22:42:16.387376 2019] [core:error] [pid 7308:tid 17740] [client 201.242.14.219:4096] AH00135: Invalid method in request RPC_OUT_DATA /img/Yumn950n.htm HTTP/1.1
[Mon Sep 23 22:42:16.730577 2019] [core:error] [pid 7308:tid 17740] [client 201.242.14.219:4097] AH00135: Invalid method in request SEARCH /img/Yumn950n.htm HTTP/1.1
[Mon Sep 23 22:42:17.042577 2019] [core:error] [pid 7308:tid 17740] [client 201.242.14.219:4098] AH00135: Invalid method in request SUBSCRIBE /img/Yumn950n.htm HTTP/1.1
[Mon Sep 23 22:42:17.572978 2019] [core:error] [pid 7308:tid 17740] [client 201.242.14.219:4099] AH00135: Invalid method in request TESTZZZ /img/Yumn950n.htm HTTP/1.1
[Mon Sep 23 22:42:18.555780 2019] [core:error] [pid 7308:tid 17740] [client 201.242.14.219:4100] AH00135: Invalid method in request UNSUBSCRIBE /img/Yumn950n.htm HTTP/1.1
[Mon Sep 23 22:42:19.538582 2019] [core:error] [pid 7308:tid 17740] [client 201.242.14.219:4103] AH00135: Invalid method in request X-MS-ENUMATTS /img/Yumn950n.htm HTTP/1.1
[Mon Sep 23 22:42:20.349783 2019] [core:error] [pid 7308:tid 18172] [client 201.242.14.219:4114] AH00135: Invalid method in request ACL /js/F6XJ64Ib.htm HTTP/1.1
[Mon Sep 23 22:42:20.958184 2019] [core:error] [pid 7308:tid 18172] [client 201.242.14.219:4115] AH00135: Invalid method in request BCOPY /js/F6XJ64Ib.htm HTTP/1.1
[Mon Sep 23 22:42:21.285785 2019] [core:error] [pid 7308:tid 18288] [client 201.242.14.219:4116] AH00135: Invalid method in request BDELETE /js/F6XJ64Ib.htm HTTP/1.1
[Mon Sep 23 22:42:24.639791 2019] [core:error] [pid 7308:tid 16868] [client 201.242.14.219:4117] AH00135: Invalid method in request BMOVE /js/F6XJ64Ib.htm HTTP/1.1
[Mon Sep 23 22:42:24.889391 2019] [core:error] [pid 7308:tid 16868] [client 201.242.14.219:4127] AH00135: Invalid method in request BPROPFIND /js/F6XJ64Ib.htm HTTP/1.1
[Mon Sep 23 22:42:25.341792 2019] [core:error] [pid 7308:tid 16868] [client 201.242.14.219:4128] AH00135: Invalid method in request BPROPPATCH /js/F6XJ64Ib.htm HTTP/1.1
[Mon Sep 23 22:42:26.745794 2019] [core:error] [pid 7308:tid 16868] [client 201.242.14.219:4133] AH00135: Invalid method in request DEBUG /js/F6XJ64Ib.htm HTTP/1.1
[Mon Sep 23 22:42:28.134197 2019] [core:error] [pid 7308:tid 17740] [client 201.242.14.219:4141] AH00135: Invalid method in request INDEX /js/F6XJ64Ib.htm HTTP/1.1
[Mon Sep 23 22:42:30.786201 2019] [core:error] [pid 7308:tid 17740] [client 201.242.14.219:4143] AH00135: Invalid method in request NOTIFY /js/F6XJ64Ib.htm HTTP/1.1
[Mon Sep 23 22:42:31.581803 2019] [core:error] [pid 7308:tid 16612] [client 201.242.14.219:4148] AH00135: Invalid method in request ORDERPATCH /js/F6XJ64Ib.htm HTTP/1.1
[Mon Sep 23 22:42:32.174604 2019] [core:error] [pid 7308:tid 16612] [client 201.242.14.219:4149] AH00135: Invalid method in request POLL /js/F6XJ64Ib.htm HTTP/1.1
[Mon Sep 23 22:42:34.187007 2019] [core:error] [pid 7308:tid 17084] [client 201.242.14.219:4152] AH00135: Invalid method in request RPC_IN_DATA /js/F6XJ64Ib.htm HTTP/1.1
[Mon Sep 23 22:42:34.592608 2019] [core:error] [pid 7308:tid 17740] [client 201.242.14.219:4158] AH00135: Invalid method in request RPC_OUT_DATA /js/F6XJ64Ib.htm HTTP/1.1
[Mon Sep 23 22:42:34.982609 2019] [core:error] [pid 7308:tid 17132] [client 201.242.14.219:4161] AH00135: Invalid method in request SEARCH /js/F6XJ64Ib.htm HTTP/1.1
[Mon Sep 23 22:42:35.294609 2019] [core:error] [pid 7308:tid 17132] [client 201.242.14.219:4164] AH00135: Invalid method in request SUBSCRIBE /js/F6XJ64Ib.htm HTTP/1.1
[Mon Sep 23 22:42:35.606610 2019] [core:error] [pid 7308:tid 17132] [client 201.242.14.219:4165] AH00135: Invalid method in request TESTZZZ /js/F6XJ64Ib.htm HTTP/1.1
[Mon Sep 23 22:42:36.885812 2019] [core:error] [pid 7308:tid 17132] [client 201.242.14.219:4167] AH00135: Invalid method in request UNSUBSCRIBE /js/F6XJ64Ib.htm HTTP/1.1
[Mon Sep 23 22:42:37.931014 2019] [core:error] [pid 7308:tid 17132] [client 201.242.14.219:4169] AH00135: Invalid method in request X-MS-ENUMATTS /js/F6XJ64Ib.htm HTTP/1.1
[Mon Sep 23 22:43:15.761080 2019] [core:error] [pid 7308:tid 17912] [client 201.242.14.219:4319] AH00135: Invalid method in request ACL /restricted/4Fz66qfl.htm HTTP/1.1
[Mon Sep 23 22:43:16.899882 2019] [core:error] [pid 7308:tid 18288] [client 201.242.14.219:4321] AH00135: Invalid method in request BCOPY /restricted/4Fz66qfl.htm HTTP/1.1
[Mon Sep 23 22:43:17.180683 2019] [core:error] [pid 7308:tid 18288] [client 201.242.14.219:4325] AH00135: Invalid method in request BDELETE /restricted/4Fz66qfl.htm HTTP/1.1
[Mon Sep 23 22:43:17.492683 2019] [core:error] [pid 7308:tid 17920] [client 201.242.14.219:4326] AH00135: Invalid method in request BMOVE /restricted/4Fz66qfl.htm HTTP/1.1
[Mon Sep 23 22:43:18.038684 2019] [core:error] [pid 7308:tid 17748] [client 201.242.14.219:4329] AH00135: Invalid method in request BPROPFIND /restricted/4Fz66qfl.htm HTTP/1.1
[Mon Sep 23 22:43:18.366285 2019] [core:error] [pid 7308:tid 18916] [client 201.242.14.219:4330] AH00135: Invalid method in request BPROPPATCH /restricted/4Fz66qfl.htm HTTP/1.1
[Mon Sep 23 22:43:20.160288 2019] [proxy:error] [pid 7308:tid 18168] (OS 10060)A connection attempt failed because the connected party did not properly respond after a period of time, or established connection failed because connected host has failed to respond.  : AH00957: HTTP: attempt to connect to 192.168.175.30:80 (192.168.175.30) failed
[Mon Sep 23 22:43:20.160288 2019] [proxy:error] [pid 7308:tid 18168] AH00959: ap_proxy_connect_backend disabling worker for (192.168.175.30) for 60s
[Mon Sep 23 22:43:20.160288 2019] [proxy_http:error] [pid 7308:tid 18168] [client 201.242.14.219:3864] AH01114: HTTP: failed to make connection to backend: 192.168.175.30
[Mon Sep 23 22:43:20.815489 2019] [core:error] [pid 7308:tid 18916] [client 201.242.14.219:4336] AH00135: Invalid method in request DEBUG /restricted/4Fz66qfl.htm HTTP/1.1
[Mon Sep 23 22:43:21.845091 2019] [core:error] [pid 7308:tid 17944] [client 201.242.14.219:4342] AH00135: Invalid method in request INDEX /restricted/4Fz66qfl.htm HTTP/1.1
[Mon Sep 23 22:43:25.043097 2019] [core:error] [pid 7308:tid 17920] [client 201.242.14.219:4345] AH00135: Invalid method in request NOTIFY /restricted/4Fz66qfl.htm HTTP/1.1
[Mon Sep 23 22:43:25.667098 2019] [core:error] [pid 7308:tid 17740] [client 201.242.14.219:4360] AH00135: Invalid method in request ORDERPATCH /restricted/4Fz66qfl.htm HTTP/1.1
[Mon Sep 23 22:43:26.244299 2019] [core:error] [pid 7308:tid 17740] [client 201.242.14.219:4361] AH00135: Invalid method in request POLL /restricted/4Fz66qfl.htm HTTP/1.1
[Mon Sep 23 22:43:28.428303 2019] [core:error] [pid 7308:tid 17748] [client 201.242.14.219:4364] AH00135: Invalid method in request RPC_IN_DATA /restricted/4Fz66qfl.htm HTTP/1.1
[Mon Sep 23 22:43:28.880703 2019] [core:error] [pid 7308:tid 17748] [client 201.242.14.219:4366] AH00135: Invalid method in request RPC_OUT_DATA /restricted/4Fz66qfl.htm HTTP/1.1
[Mon Sep 23 22:43:29.192704 2019] [core:error] [pid 7308:tid 17748] [client 201.242.14.219:4368] AH00135: Invalid method in request SEARCH /restricted/4Fz66qfl.htm HTTP/1.1
[Mon Sep 23 22:43:29.504704 2019] [core:error] [pid 7308:tid 17920] [client 201.242.14.219:4371] AH00135: Invalid method in request SUBSCRIBE /restricted/4Fz66qfl.htm HTTP/1.1
[Mon Sep 23 22:43:30.003905 2019] [core:error] [pid 7308:tid 17920] [client 201.242.14.219:4374] AH00135: Invalid method in request TESTZZZ /restricted/4Fz66qfl.htm HTTP/1.1
[Mon Sep 23 22:43:30.768307 2019] [core:error] [pid 7308:tid 19092] [client 201.242.14.219:4376] AH00135: Invalid method in request UNSUBSCRIBE /restricted/4Fz66qfl.htm HTTP/1.1
[Mon Sep 23 22:43:31.875909 2019] [core:error] [pid 7308:tid 19092] [client 201.242.14.219:4380] AH00135: Invalid method in request X-MS-ENUMATTS /restricted/4Fz66qfl.htm HTTP/1.1
[Mon Sep 23 22:43:33.669912 2019] [proxy:error] [pid 7308:tid 17920] AH00940: HTTP: disabled connection for (192.168.175.30)
[Mon Sep 23 22:43:34.278313 2019] [proxy:error] [pid 7308:tid 16888] AH00940: HTTP: disabled connection for (192.168.175.30)
[Mon Sep 23 22:43:35.401515 2019] [cgi:error] [pid 7308:tid 18916] [client 201.242.14.219:2974] attempt to invoke directory as script: E:/nuevo/cgi-bin/
[Mon Sep 23 22:43:36.789917 2019] [core:error] [pid 7308:tid 18288] [client 201.242.14.219:2975] AH00135: Invalid method in request ACL /uvSMxoCP.htm HTTP/1.1
[Mon Sep 23 22:43:37.304718 2019] [proxy:error] [pid 7308:tid 17912] (OS 10060)A connection attempt failed because the connected party did not properly respond after a period of time, or established connection failed because connected host has failed to respond.  : AH00957: HTTP: attempt to connect to 192.168.175.30:80 (192.168.175.30) failed
[Mon Sep 23 22:43:37.304718 2019] [proxy_http:error] [pid 7308:tid 17912] [client 201.242.14.219:4320] AH01114: HTTP: failed to make connection to backend: 192.168.175.30
[Mon Sep 23 22:43:37.616719 2019] [proxy:error] [pid 7308:tid 17520] (OS 10060)A connection attempt failed because the connected party did not properly respond after a period of time, or established connection failed because connected host has failed to respond.  : AH00957: HTTP: attempt to connect to 192.168.175.30:80 (192.168.175.30) failed
[Mon Sep 23 22:43:37.616719 2019] [proxy_http:error] [pid 7308:tid 17520] [client 201.242.14.219:4322] AH01114: HTTP: failed to make connection to backend: 192.168.175.30
[Mon Sep 23 22:43:38.271920 2019] [core:error] [pid 7308:tid 18288] [client 201.242.14.219:2976] AH00135: Invalid method in request BCOPY /uvSMxoCP.htm HTTP/1.1
[Mon Sep 23 22:43:38.739921 2019] [cgi:error] [pid 7308:tid 17084] [client 201.242.14.219:2978] attempt to invoke directory as script: E:/nuevo/cgi-bin/
[Mon Sep 23 22:43:38.973921 2019] [core:error] [pid 7308:tid 17748] [client 201.242.14.219:2979] AH00135: Invalid method in request BDELETE /uvSMxoCP.htm HTTP/1.1
[Mon Sep 23 22:43:38.989521 2019] [cgi:error] [pid 7308:tid 17084] [client 201.242.14.219:2978] script not found or unable to stat: E:/nuevo/cgi-bin/lp
[Mon Sep 23 22:43:40.034723 2019] [core:error] [pid 7308:tid 17748] [client 201.242.14.219:2980] AH00135: Invalid method in request BMOVE /uvSMxoCP.htm HTTP/1.1
[Mon Sep 23 22:43:41.111125 2019] [core:error] [pid 7308:tid 17920] [client 201.242.14.219:2983] AH00135: Invalid method in request BPROPFIND /uvSMxoCP.htm HTTP/1.1
[Mon Sep 23 22:43:42.327927 2019] [core:error] [pid 7308:tid 18172] [client 201.242.14.219:2984] AH00135: Invalid method in request BPROPPATCH /uvSMxoCP.htm HTTP/1.1
[Mon Sep 23 22:43:45.011132 2019] [core:error] [pid 7308:tid 18172] [client 201.242.14.219:2986] AH00135: Invalid method in request DEBUG /uvSMxoCP.htm HTTP/1.1
[Mon Sep 23 22:43:47.132735 2019] [core:error] [pid 7308:tid 18172] [client 201.242.14.219:2988] AH00135: Invalid method in request INDEX /uvSMxoCP.htm HTTP/1.1
[Mon Sep 23 22:43:49.613140 2019] [core:error] [pid 7308:tid 17944] [client 201.242.14.219:2989] AH00135: Invalid method in request NOTIFY /uvSMxoCP.htm HTTP/1.1
[Mon Sep 23 22:43:51.547543 2019] [core:error] [pid 7308:tid 17944] [client 201.242.14.219:2991] AH00135: Invalid method in request ORDERPATCH /uvSMxoCP.htm HTTP/1.1
[Mon Sep 23 22:43:52.904746 2019] [core:error] [pid 7308:tid 18484] [client 201.242.14.219:2992] AH00135: Invalid method in request POLL /uvSMxoCP.htm HTTP/1.1
[Mon Sep 23 22:43:55.977951 2019] [core:error] [pid 7308:tid 17328] [client 201.242.14.219:2994] AH00135: Invalid method in request RPC_IN_DATA /uvSMxoCP.htm HTTP/1.1
[Mon Sep 23 22:43:56.913953 2019] [core:error] [pid 7308:tid 17912] [client 201.242.14.219:2996] AH00135: Invalid method in request RPC_OUT_DATA /uvSMxoCP.htm HTTP/1.1
[Mon Sep 23 22:43:57.553554 2019] [core:error] [pid 7308:tid 18136] [client 201.242.14.219:2998] AH00135: Invalid method in request SEARCH /uvSMxoCP.htm HTTP/1.1
[Mon Sep 23 22:43:58.520755 2019] [core:error] [pid 7308:tid 16868] [client 201.242.14.219:2999] AH00135: Invalid method in request SUBSCRIBE /uvSMxoCP.htm HTTP/1.1
[Mon Sep 23 22:43:59.877958 2019] [core:error] [pid 7308:tid 16868] [client 201.242.14.219:3001] AH00135: Invalid method in request TESTZZZ /uvSMxoCP.htm HTTP/1.1
[Mon Sep 23 22:44:01.094760 2019] [core:error] [pid 7308:tid 16868] [client 201.242.14.219:3002] AH00135: Invalid method in request UNSUBSCRIBE /uvSMxoCP.htm HTTP/1.1
[Mon Sep 23 22:44:03.372364 2019] [core:error] [pid 7308:tid 16868] [client 201.242.14.219:3003] AH00135: Invalid method in request X-MS-ENUMATTS /uvSMxoCP.htm HTTP/1.1
[Mon Sep 23 22:44:04.635966 2019] [core:error] [pid 7308:tid 16868] [client 201.242.14.219:3004] AH00135: Invalid method in request ACL /BLA/jI_FTzHb.htm HTTP/1.1
[Mon Sep 23 22:44:06.539169 2019] [core:error] [pid 7308:tid 16868] [client 201.242.14.219:3005] AH00135: Invalid method in request BCOPY /BLA/jI_FTzHb.htm HTTP/1.1
[Mon Sep 23 22:44:07.412771 2019] [core:error] [pid 7308:tid 17704] [client 201.242.14.219:3006] AH00135: Invalid method in request BDELETE /BLA/jI_FTzHb.htm HTTP/1.1
[Mon Sep 23 22:44:08.520373 2019] [core:error] [pid 7308:tid 17920] [client 201.242.14.219:3007] AH00135: Invalid method in request BMOVE /BLA/jI_FTzHb.htm HTTP/1.1
[Mon Sep 23 22:44:09.581175 2019] [core:error] [pid 7308:tid 16612] [client 201.242.14.219:3008] AH00135: Invalid method in request BPROPFIND /BLA/jI_FTzHb.htm HTTP/1.1
[Mon Sep 23 22:44:09.986776 2019] [proxy:error] [pid 7308:tid 18240] (OS 10060)A connection attempt failed because the connected party did not properly respond after a period of time, or established connection failed because connected host has failed to respond.  : AH00957: HTTP: attempt to connect to 192.168.175.30:80 (192.168.175.30) failed
[Mon Sep 23 22:44:09.986776 2019] [proxy:error] [pid 7308:tid 18240] AH00959: ap_proxy_connect_backend disabling worker for (192.168.175.30) for 60s
[Mon Sep 23 22:44:09.986776 2019] [proxy_http:error] [pid 7308:tid 18240] [client 201.242.14.219:4062] AH01114: HTTP: failed to make connection to backend: 192.168.175.30
[Mon Sep 23 22:44:11.203578 2019] [core:error] [pid 7308:tid 16612] [client 201.242.14.219:3009] AH00135: Invalid method in request BPROPPATCH /BLA/jI_FTzHb.htm HTTP/1.1
[Mon Sep 23 22:44:13.871182 2019] [core:error] [pid 7308:tid 18172] [client 201.242.14.219:3011] AH00135: Invalid method in request DEBUG /BLA/jI_FTzHb.htm HTTP/1.1
[Mon Sep 23 22:44:19.221992 2019] [core:error] [pid 7308:tid 17520] [client 201.242.14.219:3013] AH00135: Invalid method in request INDEX /BLA/jI_FTzHb.htm HTTP/1.1
[Mon Sep 23 22:44:22.373197 2019] [core:error] [pid 7308:tid 18008] [client 201.242.14.219:3014] AH00135: Invalid method in request NOTIFY /BLA/jI_FTzHb.htm HTTP/1.1
[Mon Sep 23 22:44:24.026800 2019] [core:error] [pid 7308:tid 18008] [client 201.242.14.219:3016] AH00135: Invalid method in request ORDERPATCH /BLA/jI_FTzHb.htm HTTP/1.1
[Mon Sep 23 22:44:24.416801 2019] [proxy:error] [pid 7308:tid 17520] AH00940: HTTP: disabled connection for (192.168.175.30)
[Mon Sep 23 22:44:25.399603 2019] [proxy:error] [pid 7308:tid 16924] AH00940: HTTP: disabled connection for (192.168.175.30)
[Mon Sep 23 22:44:25.399603 2019] [core:error] [pid 7308:tid 18008] [client 201.242.14.219:3019] AH00135: Invalid method in request POLL /BLA/jI_FTzHb.htm HTTP/1.1
[Mon Sep 23 22:44:26.554005 2019] [proxy:error] [pid 7308:tid 18136] (OS 10060)A connection attempt failed because the connected party did not properly respond after a period of time, or established connection failed because connected host has failed to respond.  : AH00957: HTTP: attempt to connect to 192.168.175.30:80 (192.168.175.30) failed
[Mon Sep 23 22:44:26.554005 2019] [proxy_http:error] [pid 7308:tid 18136] [client 201.242.14.219:4468] AH01114: HTTP: failed to make connection to backend: 192.168.175.30
[Mon Sep 23 22:44:27.989207 2019] [core:error] [pid 7308:tid 16924] [client 201.242.14.219:3024] AH00135: Invalid method in request RPC_IN_DATA /BLA/jI_FTzHb.htm HTTP/1.1
[Mon Sep 23 22:44:29.705210 2019] [core:error] [pid 7308:tid 17748] [client 201.242.14.219:3029] AH00135: Invalid method in request RPC_OUT_DATA /BLA/jI_FTzHb.htm HTTP/1.1
[Mon Sep 23 22:44:30.688012 2019] [core:error] [pid 7308:tid 18008] [client 201.242.14.219:3035] AH00135: Invalid method in request SEARCH /BLA/jI_FTzHb.htm HTTP/1.1
[Mon Sep 23 22:44:31.218413 2019] [cgi:error] [pid 7308:tid 17920] [client 201.242.14.219:3036] attempt to invoke directory as script: E:/nuevo/cgi-bin/
[Mon Sep 23 22:44:32.076414 2019] [core:error] [pid 7308:tid 18008] [client 201.242.14.219:3037] AH00135: Invalid method in request SUBSCRIBE /BLA/jI_FTzHb.htm HTTP/1.1
[Mon Sep 23 22:44:32.716015 2019] [core:error] [pid 7308:tid 18240] [client 201.242.14.219:3038] AH00135: Invalid method in request TESTZZZ /BLA/jI_FTzHb.htm HTTP/1.1
[Mon Sep 23 22:44:34.759619 2019] [core:error] [pid 7308:tid 18008] [client 201.242.14.219:3039] AH00135: Invalid method in request UNSUBSCRIBE /BLA/jI_FTzHb.htm HTTP/1.1
[Mon Sep 23 22:44:36.460022 2019] [core:error] [pid 7308:tid 18008] [client 201.242.14.219:3040] AH00135: Invalid method in request X-MS-ENUMATTS /BLA/jI_FTzHb.htm HTTP/1.1
[Mon Sep 23 22:45:01.654066 2019] [cgi:error] [pid 7308:tid 17212] [client 201.242.14.219:4634] script not found or unable to stat: E:/nuevo/cgi-bin/admin.php
[Mon Sep 23 22:45:14.446089 2019] [cgi:error] [pid 7308:tid 17748] [client 201.242.14.219:4675] script not found or unable to stat: E:/nuevo/cgi-bin/op
[Mon Sep 23 22:45:17.347694 2019] [cgi:error] [pid 7308:tid 16868] [client 201.242.14.219:4696] script not found or unable to stat: E:/nuevo/cgi-bin/viart_shop.xml
[Mon Sep 23 22:45:17.378894 2019] [core:error] [pid 7308:tid 17328] [client 201.242.14.219:3060] AH00135: Invalid method in request BCOPY /BLA/boletinlegal/DAB1H6gL.htm HTTP/1.1
[Mon Sep 23 22:45:18.361696 2019] [core:error] [pid 7308:tid 16868] [client 201.242.14.219:3061] AH00135: Invalid method in request BDELETE /BLA/boletinlegal/DAB1H6gL.htm HTTP/1.1
[Mon Sep 23 22:45:19.001297 2019] [core:error] [pid 7308:tid 17944] [client 201.242.14.219:3062] AH00135: Invalid method in request BMOVE /BLA/boletinlegal/DAB1H6gL.htm HTTP/1.1
[Mon Sep 23 22:45:19.890498 2019] [core:error] [pid 7308:tid 16868] [client 201.242.14.219:3063] AH00135: Invalid method in request BPROPFIND /BLA/boletinlegal/DAB1H6gL.htm HTTP/1.1
[Mon Sep 23 22:45:20.498899 2019] [core:error] [pid 7308:tid 16224] [client 201.242.14.219:3064] AH00135: Invalid method in request BPROPPATCH /BLA/boletinlegal/DAB1H6gL.htm HTTP/1.1
[Mon Sep 23 22:45:22.464503 2019] [core:error] [pid 7308:tid 17944] [client 201.242.14.219:3066] AH00135: Invalid method in request DEBUG /BLA/boletinlegal/DAB1H6gL.htm HTTP/1.1
[Mon Sep 23 22:45:23.837305 2019] [proxy:error] [pid 7308:tid 18136] (OS 10060)A connection attempt failed because the connected party did not properly respond after a period of time, or established connection failed because connected host has failed to respond.  : AH00957: HTTP: attempt to connect to 192.168.175.30:80 (192.168.175.30) failed
[Mon Sep 23 22:45:23.837305 2019] [proxy:error] [pid 7308:tid 18136] AH00959: ap_proxy_connect_backend disabling worker for (192.168.175.30) for 60s
[Mon Sep 23 22:45:23.837305 2019] [proxy_http:error] [pid 7308:tid 18136] [client 201.242.14.219:4643] AH01114: HTTP: failed to make connection to backend: 192.168.175.30
[Mon Sep 23 22:45:23.993306 2019] [proxy:error] [pid 7308:tid 17328] AH00940: HTTP: disabled connection for (192.168.175.30)
[Mon Sep 23 22:45:24.383306 2019] [core:error] [pid 7308:tid 17944] [client 201.242.14.219:3068] AH00135: Invalid method in request INDEX /BLA/boletinlegal/DAB1H6gL.htm HTTP/1.1
[Mon Sep 23 22:45:26.411310 2019] [cgi:error] [pid 7308:tid 17212] [client 201.242.14.219:3071] script not found or unable to stat: E:/nuevo/cgi-bin/admin.php
[Mon Sep 23 22:45:26.707710 2019] [core:error] [pid 7308:tid 17944] [client 201.242.14.219:3069] AH00135: Invalid method in request NOTIFY /BLA/boletinlegal/DAB1H6gL.htm HTTP/1.1
[Mon Sep 23 22:45:28.298913 2019] [core:error] [pid 7308:tid 17520] [client 201.242.14.219:3076] AH00135: Invalid method in request ORDERPATCH /BLA/boletinlegal/DAB1H6gL.htm HTTP/1.1
[Mon Sep 23 22:45:28.548514 2019] [proxy:error] [pid 7308:tid 18008] AH00940: HTTP: disabled connection for (192.168.175.30)
[Mon Sep 23 22:45:29.344115 2019] [core:error] [pid 7308:tid 16492] [client 201.242.14.219:3077] AH00135: Invalid method in request POLL /BLA/boletinlegal/DAB1H6gL.htm HTTP/1.1
[Mon Sep 23 22:45:32.027320 2019] [core:error] [pid 7308:tid 17132] [client 201.242.14.219:3082] AH00135: Invalid method in request RPC_IN_DATA /BLA/boletinlegal/DAB1H6gL.htm HTTP/1.1
[Mon Sep 23 22:45:32.916521 2019] [core:error] [pid 7308:tid 18168] [client 201.242.14.219:3083] AH00135: Invalid method in request RPC_OUT_DATA /BLA/boletinlegal/DAB1H6gL.htm HTTP/1.1
[Mon Sep 23 22:45:33.587322 2019] [core:error] [pid 7308:tid 17944] [client 201.242.14.219:3084] AH00135: Invalid method in request SEARCH /BLA/boletinlegal/DAB1H6gL.htm HTTP/1.1
[Mon Sep 23 22:45:34.616924 2019] [core:error] [pid 7308:tid 17132] [client 201.242.14.219:3085] AH00135: Invalid method in request SUBSCRIBE /BLA/boletinlegal/DAB1H6gL.htm HTTP/1.1
[Mon Sep 23 22:45:35.272125 2019] [core:error] [pid 7308:tid 17132] [client 201.242.14.219:3086] AH00135: Invalid method in request TESTZZZ /BLA/boletinlegal/DAB1H6gL.htm HTTP/1.1
[Mon Sep 23 22:45:36.676128 2019] [proxy:error] [pid 7308:tid 17748] (OS 10060)A connection attempt failed because the connected party did not properly respond after a period of time, or established connection failed because connected host has failed to respond.  : AH00957: HTTP: attempt to connect to 192.168.175.30:80 (192.168.175.30) failed
[Mon Sep 23 22:45:36.676128 2019] [proxy_http:error] [pid 7308:tid 17748] [client 201.242.14.219:4684] AH01114: HTTP: failed to make connection to backend: 192.168.175.30
[Mon Sep 23 22:45:37.066128 2019] [core:error] [pid 7308:tid 17912] [client 201.242.14.219:3087] AH00135: Invalid method in request UNSUBSCRIBE /BLA/boletinlegal/DAB1H6gL.htm HTTP/1.1
[Mon Sep 23 22:45:38.579331 2019] [core:error] [pid 7308:tid 17912] [client 201.242.14.219:3088] AH00135: Invalid method in request X-MS-ENUMATTS /BLA/boletinlegal/DAB1H6gL.htm HTTP/1.1
[Mon Sep 23 22:45:39.577733 2019] [proxy:error] [pid 7308:tid 17704] (OS 10060)A connection attempt failed because the connected party did not properly respond after a period of time, or established connection failed because connected host has failed to respond.  : AH00957: HTTP: attempt to connect to 192.168.175.30:80 (192.168.175.30) failed
[Mon Sep 23 22:45:39.577733 2019] [proxy:error] [pid 7308:tid 17704] AH00959: ap_proxy_connect_backend disabling worker for (192.168.175.30) for 60s
[Mon Sep 23 22:45:39.577733 2019] [proxy_http:error] [pid 7308:tid 17704] [client 201.242.14.219:4701] AH01114: HTTP: failed to make connection to backend: 192.168.175.30
[Mon Sep 23 22:45:39.671333 2019] [proxy:error] [pid 7308:tid 17704] AH00940: HTTP: disabled connection for (192.168.175.30)
[Mon Sep 23 22:45:40.638535 2019] [core:error] [pid 7308:tid 17748] [client 201.242.14.219:3092] AH00135: Invalid method in request ACL /BLA/boletinlegal/jurisprudencia/Jv5kA8sP.htm HTTP/1.1
[Mon Sep 23 22:45:41.839737 2019] [core:error] [pid 7308:tid 18168] [client 201.242.14.219:3094] AH00135: Invalid method in request BCOPY /BLA/boletinlegal/jurisprudencia/Jv5kA8sP.htm HTTP/1.1
[Mon Sep 23 22:45:42.947339 2019] [core:error] [pid 7308:tid 17132] [client 201.242.14.219:3098] AH00135: Invalid method in request BDELETE /BLA/boletinlegal/jurisprudencia/Jv5kA8sP.htm HTTP/1.1
[Mon Sep 23 22:45:43.727340 2019] [core:error] [pid 7308:tid 17944] [client 201.242.14.219:3101] AH00135: Invalid method in request BMOVE /BLA/boletinlegal/jurisprudencia/Jv5kA8sP.htm HTTP/1.1
[Mon Sep 23 22:45:44.086141 2019] [cgi:error] [pid 7308:tid 16492] [client 201.242.14.219:3102] script not found or unable to stat: E:/nuevo/cgi-bin/viart_shop.xml
[Mon Sep 23 22:45:44.335741 2019] [core:error] [pid 7308:tid 17912] [client 201.242.14.219:3103] AH00135: Invalid method in request BPROPFIND /BLA/boletinlegal/jurisprudencia/Jv5kA8sP.htm HTTP/1.1
[Mon Sep 23 22:45:45.224943 2019] [core:error] [pid 7308:tid 17912] [client 201.242.14.219:3105] AH00135: Invalid method in request BPROPPATCH /BLA/boletinlegal/jurisprudencia/Jv5kA8sP.htm HTTP/1.1
[Mon Sep 23 22:45:46.098544 2019] [cgi:error] [pid 7308:tid 18168] [client 201.242.14.219:4803] script not found or unable to stat: E:/nuevo/cgi-bin/carbo.dll
[Mon Sep 23 22:45:46.176544 2019] [proxy:error] [pid 7308:tid 16492] AH00940: HTTP: disabled connection for (192.168.175.30)
[Mon Sep 23 22:45:47.065746 2019] [proxy:error] [pid 7308:tid 16888] AH00940: HTTP: disabled connection for (192.168.175.30)
