!C99Shell v. 1.0 pre-release build #13!

Software: Apache. PHP/5.5.15 

uname -a: Windows NT SVR-DMZ 6.1 build 7600 (Windows Server 2008 R2 Enterprise Edition) i586 

SYSTEM 

Safe-mode: OFF (not secure)

E:\nuevo\apache\logs\   drwxrwxrwx
Free 9.41 GB of 239.26 GB (3.93%)
Detected drives: [ a ] [ c ] [ d ] [ e ] [ f ]
Home    Back    Forward    UPDIR    Refresh    Search    Buffer    Encoder    Tools    Proc.    FTP brute    Sec.    SQL    PHP-code    Update    Feedback    Self remove    Logout    


Viewing file:     error.2020.01.11.log (37.27 KB)      -rw-rw-rw-
Select action/file-type:
(+) | (+) | (+) | Code (+) | Session (+) | (+) | SDB (+) | (+) | (+) | (+) | (+) | (+) |
[Sat Jan 11 00:01:18.311220 2020] [core:error] [pid 672:tid 16280] (20024)The given path is misformatted or contained invalid characters: [client 114.119.134.210:19600] AH00127: Cannot map GET /galeria/galeria/fotos/Huemdal-%0A%0ACordoba3P.jpg HTTP/1.1 to file
[Sat Jan 11 00:04:40.987776 2020] [mpm_winnt:warn] [pid 672:tid 20012] (OS 64)The specified network name is no longer available.  : AH00341: winnt_accept: Asynchronous AcceptEx failed.
[Sat Jan 11 00:05:12.609032 2020] [mpm_winnt:warn] [pid 672:tid 20012] (OS 64)The specified network name is no longer available.  : AH00341: winnt_accept: Asynchronous AcceptEx failed.
[Sat Jan 11 00:36:55.032373 2020] [mpm_winnt:warn] [pid 672:tid 20012] (OS 64)The specified network name is no longer available.  : AH00341: winnt_accept: Asynchronous AcceptEx failed.
[Sat Jan 11 00:46:52.965823 2020] [core:error] [pid 672:tid 15400] (20024)The given path is misformatted or contained invalid characters: [client 114.119.128.8:16334] AH00127: Cannot map GET /BLA/boletinlegal/%0D%0A HTTP/1.1 to file
[Sat Jan 11 01:03:14.660947 2020] [mpm_winnt:warn] [pid 672:tid 20012] (OS 64)The specified network name is no longer available.  : AH00341: winnt_accept: Asynchronous AcceptEx failed.
[Sat Jan 11 01:04:07.669841 2020] [core:error] [pid 672:tid 16264] (20024)The given path is misformatted or contained invalid characters: [client 46.229.168.135:17596] AH00127: Cannot map GET /www.ambientebogota.gov.co:81/ HTTP/1.1 to file
[Sat Jan 11 01:18:24.080145 2020] [core:error] [pid 672:tid 16280] (20024)The given path is misformatted or contained invalid characters: [client 112.239.239.119:58179] AH00127: Cannot map HEAD /www.ambientebogota.gov.co:81/ HTTP/1.1 to file
[Sat Jan 11 01:18:30.803757 2020] [core:error] [pid 672:tid 15880] (20024)The given path is misformatted or contained invalid characters: [client 112.239.239.119:58235] AH00127: Cannot map GET /www.ambientebogota.gov.co:81/ HTTP/1.1 to file
[Sat Jan 11 01:18:32.051759 2020] [core:error] [pid 672:tid 15880] (20024)The given path is misformatted or contained invalid characters: [client 112.239.239.119:58286] AH00127: Cannot map HEAD /www.ambientebogota.gov.co:81 HTTP/1.1 to file
[Sat Jan 11 01:18:32.800560 2020] [core:error] [pid 672:tid 15880] (20024)The given path is misformatted or contained invalid characters: [client 112.239.239.119:58296] AH00127: Cannot map GET /www.ambientebogota.gov.co:81 HTTP/1.1 to file
[Sat Jan 11 01:29:14.164487 2020] [mpm_winnt:warn] [pid 672:tid 20012] (OS 64)The specified network name is no longer available.  : AH00341: winnt_accept: Asynchronous AcceptEx failed.
[Sat Jan 11 01:29:45.801342 2020] [mpm_winnt:warn] [pid 672:tid 20012] (OS 64)The specified network name is no longer available.  : AH00341: winnt_accept: Asynchronous AcceptEx failed.
[Sat Jan 11 01:31:35.204334 2020] [core:error] [pid 672:tid 18740] (20024)The given path is misformatted or contained invalid characters: [client 114.119.146.62:15608] AH00127: Cannot map GET /www.ambientebogota.gov.co:81 HTTP/1.1 to file
[Sat Jan 11 01:35:32.371551 2020] [proxy:error] [pid 672:tid 15784] (OS 10061)No connection could be made because the target machine actively refused it.  : AH00957: HTTP: attempt to connect to 172.22.1.16:18080 (172.22.1.16) failed
[Sat Jan 11 01:35:32.371551 2020] [proxy:error] [pid 672:tid 15784] AH00959: ap_proxy_connect_backend disabling worker for (172.22.1.16) for 60s
[Sat Jan 11 01:35:32.371551 2020] [proxy_http:error] [pid 672:tid 15784] [client 201.245.192.253:40664] AH01114: HTTP: failed to make connection to backend: 172.22.1.16
[Sat Jan 11 02:16:51.731706 2020] [mpm_winnt:warn] [pid 672:tid 20012] (OS 64)The specified network name is no longer available.  : AH00341: winnt_accept: Asynchronous AcceptEx failed.
[Sat Jan 11 02:27:40.240445 2020] [mpm_winnt:warn] [pid 672:tid 20012] (OS 64)The specified network name is no longer available.  : AH00341: winnt_accept: Asynchronous AcceptEx failed.
[Sat Jan 11 02:36:37.411788 2020] [mpm_winnt:warn] [pid 672:tid 20012] (OS 64)The specified network name is no longer available.  : AH00341: winnt_accept: Asynchronous AcceptEx failed.
[Sat Jan 11 03:07:11.320809 2020] [mpm_winnt:warn] [pid 672:tid 20012] (OS 64)The specified network name is no longer available.  : AH00341: winnt_accept: Asynchronous AcceptEx failed.
[Sat Jan 11 03:07:43.332066 2020] [mpm_winnt:warn] [pid 672:tid 20012] (OS 64)The specified network name is no longer available.  : AH00341: winnt_accept: Asynchronous AcceptEx failed.
[Sat Jan 11 03:29:43.905585 2020] [proxy:error] [pid 672:tid 17456] (OS 10060)A connection attempt failed because the connected party did not properly respond after a period of time, or established connection failed because connected host has failed to respond.  : AH00957: HTTP: attempt to connect to 172.22.1.31:80 (172.22.1.31) failed
[Sat Jan 11 03:29:43.905585 2020] [proxy:error] [pid 672:tid 17456] AH00959: ap_proxy_connect_backend disabling worker for (172.22.1.31) for 60s
[Sat Jan 11 03:29:43.905585 2020] [proxy_http:error] [pid 672:tid 17456] [client 91.242.162.76:41388] AH01114: HTTP: failed to make connection to backend: 172.22.1.31
[Sat Jan 11 03:36:14.639471 2020] [authz_core:error] [pid 672:tid 18456] [client 111.250.37.148:54596] AH01630: client denied by server configuration: E:/nuevo/phpMyAdmin/
[Sat Jan 11 03:50:57.617622 2020] [mpm_winnt:warn] [pid 672:tid 20012] (OS 64)The specified network name is no longer available.  : AH00341: winnt_accept: Asynchronous AcceptEx failed.
[Sat Jan 11 03:51:29.254478 2020] [mpm_winnt:warn] [pid 672:tid 20012] (OS 64)The specified network name is no longer available.  : AH00341: winnt_accept: Asynchronous AcceptEx failed.
[Sat Jan 11 04:07:03.493319 2020] [proxy:error] [pid 672:tid 18676] (OS 10060)A connection attempt failed because the connected party did not properly respond after a period of time, or established connection failed because connected host has failed to respond.  : AH00957: HTTP: attempt to connect to 172.22.1.51:8399 (172.22.1.51) failed
[Sat Jan 11 04:07:03.493319 2020] [proxy:error] [pid 672:tid 18676] AH00959: ap_proxy_connect_backend disabling worker for (172.22.1.51) for 60s
[Sat Jan 11 04:07:03.493319 2020] [proxy_http:error] [pid 672:tid 18676] [client 152.61.128.50:49287] AH01114: HTTP: failed to make connection to backend: 172.22.1.51
[Sat Jan 11 04:07:03.696119 2020] [proxy:error] [pid 672:tid 18676] AH00940: HTTP: disabled connection for (172.22.1.51)
[Sat Jan 11 04:07:03.914519 2020] [proxy:error] [pid 672:tid 18676] AH00940: HTTP: disabled connection for (172.22.1.51)
[Sat Jan 11 04:19:16.897407 2020] [mpm_winnt:warn] [pid 672:tid 20012] (OS 64)The specified network name is no longer available.  : AH00341: winnt_accept: Asynchronous AcceptEx failed.
[Sat Jan 11 04:19:16.897407 2020] [mpm_winnt:warn] [pid 672:tid 20012] (OS 64)The specified network name is no longer available.  : AH00341: winnt_accept: Asynchronous AcceptEx failed.
[Sat Jan 11 04:19:16.897407 2020] [mpm_winnt:warn] [pid 672:tid 20012] (OS 64)The specified network name is no longer available.  : AH00341: winnt_accept: Asynchronous AcceptEx failed.
[Sat Jan 11 04:28:18.514758 2020] [core:error] [pid 672:tid 15208] (20024)The given path is misformatted or contained invalid characters: [client 159.138.156.181:55198] AH00127: Cannot map GET /www.ambientebogota.gov.co:81 HTTP/1.1 to file
[Sat Jan 11 04:56:59.885182 2020] [mpm_winnt:warn] [pid 672:tid 20012] (OS 64)The specified network name is no longer available.  : AH00341: winnt_accept: Asynchronous AcceptEx failed.
[Sat Jan 11 04:57:31.475237 2020] [mpm_winnt:warn] [pid 672:tid 20012] (OS 64)The specified network name is no longer available.  : AH00341: winnt_accept: Asynchronous AcceptEx failed.
[Sat Jan 11 05:20:17.585237 2020] [proxy:error] [pid 672:tid 15512] (OS 10060)A connection attempt failed because the connected party did not properly respond after a period of time, or established connection failed because connected host has failed to respond.  : AH00957: HTTP: attempt to connect to 172.22.1.51:8399 (172.22.1.51) failed
[Sat Jan 11 05:20:17.585237 2020] [proxy:error] [pid 672:tid 15512] AH00959: ap_proxy_connect_backend disabling worker for (172.22.1.51) for 60s
[Sat Jan 11 05:20:17.585237 2020] [proxy_http:error] [pid 672:tid 15512] [client 152.61.192.232:58251] AH01114: HTTP: failed to make connection to backend: 172.22.1.51
[Sat Jan 11 05:20:17.803637 2020] [proxy:error] [pid 672:tid 15512] AH00940: HTTP: disabled connection for (172.22.1.51)
[Sat Jan 11 05:20:18.068837 2020] [proxy:error] [pid 672:tid 15512] AH00940: HTTP: disabled connection for (172.22.1.51)
[Sat Jan 11 06:11:18.374013 2020] [mpm_winnt:warn] [pid 672:tid 20012] (OS 64)The specified network name is no longer available.  : AH00341: winnt_accept: Asynchronous AcceptEx failed.
[Sat Jan 11 06:11:50.291669 2020] [mpm_winnt:warn] [pid 672:tid 20012] (OS 64)The specified network name is no longer available.  : AH00341: winnt_accept: Asynchronous AcceptEx failed.
[Sat Jan 11 06:13:37.354657 2020] [mpm_winnt:warn] [pid 672:tid 20012] (OS 64)The specified network name is no longer available.  : AH00341: winnt_accept: Asynchronous AcceptEx failed.
[Sat Jan 11 06:14:09.069512 2020] [mpm_winnt:warn] [pid 672:tid 20012] (OS 64)The specified network name is no longer available.  : AH00341: winnt_accept: Asynchronous AcceptEx failed.
[Sat Jan 11 06:23:54.210940 2020] [core:error] [pid 672:tid 15128] (20024)The given path is misformatted or contained invalid characters: [client 114.119.160.193:49688] AH00127: Cannot map GET /www.ambientebogota.gov.co:81 HTTP/1.1 to file
[Sat Jan 11 06:34:04.516212 2020] [core:error] [pid 672:tid 17416] (20024)The given path is misformatted or contained invalid characters: [client 162.208.51.41:50390] AH00127: Cannot map GET /www.ambientebogota.gov.co:81/ HTTP/1.1 to file
[Sat Jan 11 07:29:09.788618 2020] [mpm_winnt:warn] [pid 672:tid 20012] (OS 64)The specified network name is no longer available.  : AH00341: winnt_accept: Asynchronous AcceptEx failed.
[Sat Jan 11 07:51:28.177368 2020] [core:error] [pid 672:tid 15976] (20024)The given path is misformatted or contained invalid characters: [client 114.119.131.239:31236] AH00127: Cannot map GET /galeria/galeria/fotos/juan-%0A%0Aamarillo4G.jpg HTTP/1.1 to file
[Sat Jan 11 07:56:07.636259 2020] [mpm_winnt:warn] [pid 672:tid 20012] (OS 64)The specified network name is no longer available.  : AH00341: winnt_accept: Asynchronous AcceptEx failed.
[Sat Jan 11 08:00:50.776757 2020] [core:error] [pid 672:tid 16488] [client 66.240.192.138:39468] AH00135: Invalid method in request quit
[Sat Jan 11 08:06:16.474129 2020] [authz_core:error] [pid 672:tid 16484] [client 167.172.50.134:52546] AH01630: client denied by server configuration: E:/nuevo/htdocs/phpMyAdmin
[Sat Jan 11 08:06:16.817329 2020] [authz_core:error] [pid 672:tid 15476] [client 167.172.50.134:52844] AH01630: client denied by server configuration: E:/nuevo/phpMyAdmin/scripts
[Sat Jan 11 08:16:18.432386 2020] [mpm_winnt:warn] [pid 672:tid 20012] (OS 64)The specified network name is no longer available.  : AH00341: winnt_accept: Asynchronous AcceptEx failed.
[Sat Jan 11 08:25:46.742384 2020] [mpm_winnt:warn] [pid 672:tid 20012] (OS 64)The specified network name is no longer available.  : AH00341: winnt_accept: Asynchronous AcceptEx failed.
[Sat Jan 11 08:26:18.582040 2020] [mpm_winnt:warn] [pid 672:tid 20012] (OS 64)The specified network name is no longer available.  : AH00341: winnt_accept: Asynchronous AcceptEx failed.
[Sat Jan 11 08:59:28.755536 2020] [mpm_winnt:warn] [pid 672:tid 20012] (OS 64)The specified network name is no longer available.  : AH00341: winnt_accept: Asynchronous AcceptEx failed.
[Sat Jan 11 09:45:16.935363 2020] [mpm_winnt:warn] [pid 672:tid 20012] (OS 64)The specified network name is no longer available.  : AH00341: winnt_accept: Asynchronous AcceptEx failed.
[Sat Jan 11 09:45:48.681418 2020] [mpm_winnt:warn] [pid 672:tid 20012] (OS 64)The specified network name is no longer available.  : AH00341: winnt_accept: Asynchronous AcceptEx failed.
[Sat Jan 11 09:53:27.790225 2020] [mpm_winnt:warn] [pid 672:tid 20012] (OS 64)The specified network name is no longer available.  : AH00341: winnt_accept: Asynchronous AcceptEx failed.
[Sat Jan 11 09:53:59.661081 2020] [mpm_winnt:warn] [pid 672:tid 20012] (OS 64)The specified network name is no longer available.  : AH00341: winnt_accept: Asynchronous AcceptEx failed.
[Sat Jan 11 10:06:53.859241 2020] [mpm_winnt:warn] [pid 672:tid 20012] (OS 64)The specified network name is no longer available.  : AH00341: winnt_accept: Asynchronous AcceptEx failed.
[Sat Jan 11 10:10:15.272194 2020] [mpm_winnt:warn] [pid 672:tid 20012] (OS 64)The specified network name is no longer available.  : AH00341: winnt_accept: Asynchronous AcceptEx failed.
[Sat Jan 11 10:10:47.252251 2020] [mpm_winnt:warn] [pid 672:tid 20012] (OS 64)The specified network name is no longer available.  : AH00341: winnt_accept: Asynchronous AcceptEx failed.
[Sat Jan 11 10:15:32.841952 2020] [mpm_winnt:warn] [pid 672:tid 20012] (OS 64)The specified network name is no longer available.  : AH00341: winnt_accept: Asynchronous AcceptEx failed.
[Sat Jan 11 10:16:04.666008 2020] [mpm_winnt:warn] [pid 672:tid 20012] (OS 64)The specified network name is no longer available.  : AH00341: winnt_accept: Asynchronous AcceptEx failed.
[Sat Jan 11 10:37:14.258638 2020] [mpm_winnt:warn] [pid 672:tid 20012] (OS 64)The specified network name is no longer available.  : AH00341: winnt_accept: Asynchronous AcceptEx failed.
[Sat Jan 11 10:59:06.236542 2020] [mpm_winnt:warn] [pid 672:tid 20012] (OS 64)The specified network name is no longer available.  : AH00341: winnt_accept: Asynchronous AcceptEx failed.
[Sat Jan 11 11:10:08.365105 2020] [ssl:error] [pid 672:tid 18860] AH02032: Hostname 190.27.245.106:443 provided via SNI and hostname 190.27.245.106 provided via HTTP are different
[Sat Jan 11 11:28:36.076251 2020] [core:error] [pid 672:tid 15304] (20024)The given path is misformatted or contained invalid characters: [client 42.54.89.123:61745] AH00127: Cannot map GET /galeria/galeria/fotos/juan-%0A%0Aamarillo1G.jpg HTTP/1.1 to file
[Sat Jan 11 11:53:31.775678 2020] [core:error] [pid 672:tid 15400] (20024)The given path is misformatted or contained invalid characters: [client 114.119.141.101:42384] AH00127: Cannot map GET /www.ambientebogota.gov.co:81 HTTP/1.1 to file
[Sat Jan 11 12:01:14.223890 2020] [mpm_winnt:warn] [pid 672:tid 20012] (OS 64)The specified network name is no longer available.  : AH00341: winnt_accept: Asynchronous AcceptEx failed.
[Sat Jan 11 12:01:46.047946 2020] [mpm_winnt:warn] [pid 672:tid 20012] (OS 64)The specified network name is no longer available.  : AH00341: winnt_accept: Asynchronous AcceptEx failed.
[Sat Jan 11 12:26:10.952919 2020] [proxy:error] [pid 672:tid 16452] (OS 10061)No connection could be made because the target machine actively refused it.  : AH00957: HTTP: attempt to connect to 172.22.1.144:80 (172.22.1.144) failed
[Sat Jan 11 12:26:10.952919 2020] [proxy:error] [pid 672:tid 16452] AH00959: ap_proxy_connect_backend disabling worker for (172.22.1.144) for 60s
[Sat Jan 11 12:26:10.952919 2020] [proxy_http:error] [pid 672:tid 16452] [client 66.249.64.36:63285] AH01114: HTTP: failed to make connection to backend: 172.22.1.144
[Sat Jan 11 12:29:42.723291 2020] [mpm_winnt:warn] [pid 672:tid 20012] (OS 64)The specified network name is no longer available.  : AH00341: winnt_accept: Asynchronous AcceptEx failed.
[Sat Jan 11 12:34:16.316572 2020] [mpm_winnt:warn] [pid 672:tid 20012] (OS 64)The specified network name is no longer available.  : AH00341: winnt_accept: Asynchronous AcceptEx failed.
[Sat Jan 11 12:42:17.296616 2020] [mpm_winnt:warn] [pid 672:tid 20012] (OS 64)The specified network name is no longer available.  : AH00341: winnt_accept: Asynchronous AcceptEx failed.
[Sat Jan 11 12:42:49.198673 2020] [mpm_winnt:warn] [pid 672:tid 20012] (OS 64)The specified network name is no longer available.  : AH00341: winnt_accept: Asynchronous AcceptEx failed.
[Sat Jan 11 13:02:53.209787 2020] [proxy:error] [pid 672:tid 19068] (OS 10061)No connection could be made because the target machine actively refused it.  : AH00957: HTTP: attempt to connect to 172.22.1.144:80 (172.22.1.144) failed
[Sat Jan 11 13:02:53.209787 2020] [proxy:error] [pid 672:tid 19068] AH00959: ap_proxy_connect_backend disabling worker for (172.22.1.144) for 60s
[Sat Jan 11 13:02:53.209787 2020] [proxy_http:error] [pid 672:tid 19068] [client 66.249.64.59:39697] AH01114: HTTP: failed to make connection to backend: 172.22.1.144
[Sat Jan 11 13:34:30.126319 2020] [proxy:error] [pid 672:tid 15328] (OS 10061)No connection could be made because the target machine actively refused it.  : AH00957: HTTP: attempt to connect to 172.22.1.144:80 (172.22.1.144) failed
[Sat Jan 11 13:34:30.126319 2020] [proxy:error] [pid 672:tid 15328] AH00959: ap_proxy_connect_backend disabling worker for (172.22.1.144) for 60s
[Sat Jan 11 13:34:30.126319 2020] [proxy_http:error] [pid 672:tid 15328] [client 66.249.64.63:56046] AH01114: HTTP: failed to make connection to backend: 172.22.1.144
[Sat Jan 11 13:40:42.077772 2020] [mpm_winnt:warn] [pid 672:tid 20012] (OS 64)The specified network name is no longer available.  : AH00341: winnt_accept: Asynchronous AcceptEx failed.
[Sat Jan 11 13:41:13.667828 2020] [mpm_winnt:warn] [pid 672:tid 20012] (OS 64)The specified network name is no longer available.  : AH00341: winnt_accept: Asynchronous AcceptEx failed.
[Sat Jan 11 14:07:08.086758 2020] [proxy:error] [pid 672:tid 15496] (OS 10061)No connection could be made because the target machine actively refused it.  : AH00957: HTTP: attempt to connect to 172.22.1.144:80 (172.22.1.144) failed
[Sat Jan 11 14:07:08.086758 2020] [proxy:error] [pid 672:tid 15496] AH00959: ap_proxy_connect_backend disabling worker for (172.22.1.144) for 60s
[Sat Jan 11 14:07:08.086758 2020] [proxy_http:error] [pid 672:tid 15496] [client 66.249.64.59:36064] AH01114: HTTP: failed to make connection to backend: 172.22.1.144
[Sat Jan 11 14:20:21.987753 2020] [proxy:error] [pid 672:tid 15320] (OS 10061)No connection could be made because the target machine actively refused it.  : AH00957: HTTP: attempt to connect to 172.22.1.144:80 (172.22.1.144) failed
[Sat Jan 11 14:20:21.987753 2020] [proxy:error] [pid 672:tid 15320] AH00959: ap_proxy_connect_backend disabling worker for (172.22.1.144) for 60s
[Sat Jan 11 14:20:21.987753 2020] [proxy_http:error] [pid 672:tid 15320] [client 66.249.64.59:54983] AH01114: HTTP: failed to make connection to backend: 172.22.1.144
[Sat Jan 11 14:23:36.566894 2020] [core:error] [pid 672:tid 15216] (20024)The given path is misformatted or contained invalid characters: [client 54.36.150.113:47352] AH00127: Cannot map GET /www.ambientebogota.gov.co:81/ HTTP/1.1 to file
[Sat Jan 11 14:55:03.594009 2020] [mpm_winnt:warn] [pid 672:tid 20012] (OS 64)The specified network name is no longer available.  : AH00341: winnt_accept: Asynchronous AcceptEx failed.
[Sat Jan 11 14:59:00.932826 2020] [proxy:error] [pid 672:tid 19128] (OS 10061)No connection could be made because the target machine actively refused it.  : AH00957: HTTP: attempt to connect to 172.22.1.144:80 (172.22.1.144) failed
[Sat Jan 11 14:59:00.932826 2020] [proxy:error] [pid 672:tid 19128] AH00959: ap_proxy_connect_backend disabling worker for (172.22.1.144) for 60s
[Sat Jan 11 14:59:00.932826 2020] [proxy_http:error] [pid 672:tid 19128] [client 66.249.64.59:56356] AH01114: HTTP: failed to make connection to backend: 172.22.1.144
[Sat Jan 11 15:12:13.944618 2020] [proxy:error] [pid 672:tid 15292] (OS 10061)No connection could be made because the target machine actively refused it.  : AH00957: HTTP: attempt to connect to 172.22.1.144:80 (172.22.1.144) failed
[Sat Jan 11 15:12:13.944618 2020] [proxy:error] [pid 672:tid 15292] AH00959: ap_proxy_connect_backend disabling worker for (172.22.1.144) for 60s
[Sat Jan 11 15:12:13.944618 2020] [proxy_http:error] [pid 672:tid 15292] [client 66.249.64.61:35021] AH01114: HTTP: failed to make connection to backend: 172.22.1.144
[Sat Jan 11 15:36:37.866790 2020] [proxy:error] [pid 672:tid 19032] (OS 10061)No connection could be made because the target machine actively refused it.  : AH00957: HTTP: attempt to connect to 172.22.1.144:80 (172.22.1.144) failed
[Sat Jan 11 15:36:37.866790 2020] [proxy:error] [pid 672:tid 19032] AH00959: ap_proxy_connect_backend disabling worker for (172.22.1.144) for 60s
[Sat Jan 11 15:36:37.866790 2020] [proxy_http:error] [pid 672:tid 19032] [client 66.249.64.61:35023] AH01114: HTTP: failed to make connection to backend: 172.22.1.144
[Sat Jan 11 16:00:00.731454 2020] [proxy:error] [pid 672:tid 15536] (OS 10061)No connection could be made because the target machine actively refused it.  : AH00957: HTTP: attempt to connect to 172.22.1.144:80 (172.22.1.144) failed
[Sat Jan 11 16:00:00.731454 2020] [proxy:error] [pid 672:tid 15536] AH00959: ap_proxy_connect_backend disabling worker for (172.22.1.144) for 60s
[Sat Jan 11 16:00:00.731454 2020] [proxy_http:error] [pid 672:tid 15536] [client 66.249.64.59:64808] AH01114: HTTP: failed to make connection to backend: 172.22.1.144
[Sat Jan 11 16:00:27.922301 2020] [mpm_winnt:warn] [pid 672:tid 20012] (OS 64)The specified network name is no longer available.  : AH00341: winnt_accept: Asynchronous AcceptEx failed.
[Sat Jan 11 16:03:03.875775 2020] [proxy:error] [pid 672:tid 17036] (OS 10061)No connection could be made because the target machine actively refused it.  : AH00957: HTTP: attempt to connect to 172.22.1.144:80 (172.22.1.144) failed
[Sat Jan 11 16:03:03.875775 2020] [proxy:error] [pid 672:tid 17036] AH00959: ap_proxy_connect_backend disabling worker for (172.22.1.144) for 60s
[Sat Jan 11 16:03:03.875775 2020] [proxy_http:error] [pid 672:tid 17036] [client 66.249.64.61:59469] AH01114: HTTP: failed to make connection to backend: 172.22.1.144
[Sat Jan 11 16:07:07.766604 2020] [proxy:error] [pid 672:tid 18620] (OS 10061)No connection could be made because the target machine actively refused it.  : AH00957: HTTP: attempt to connect to 172.22.1.144:80 (172.22.1.144) failed
[Sat Jan 11 16:07:07.766604 2020] [proxy:error] [pid 672:tid 18620] AH00959: ap_proxy_connect_backend disabling worker for (172.22.1.144) for 60s
[Sat Jan 11 16:07:07.766604 2020] [proxy_http:error] [pid 672:tid 18620] [client 66.249.64.59:49695] AH01114: HTTP: failed to make connection to backend: 172.22.1.144
[Sat Jan 11 16:34:34.709297 2020] [proxy:error] [pid 672:tid 18632] (OS 10061)No connection could be made because the target machine actively refused it.  : AH00957: HTTP: attempt to connect to 172.22.1.144:80 (172.22.1.144) failed
[Sat Jan 11 16:34:34.709297 2020] [proxy:error] [pid 672:tid 18632] AH00959: ap_proxy_connect_backend disabling worker for (172.22.1.144) for 60s
[Sat Jan 11 16:34:34.709297 2020] [proxy_http:error] [pid 672:tid 18632] [client 66.249.64.59:36982] AH01114: HTTP: failed to make connection to backend: 172.22.1.144
[Sat Jan 11 16:53:53.650932 2020] [proxy:error] [pid 672:tid 15936] (OS 10061)No connection could be made because the target machine actively refused it.  : AH00957: HTTP: attempt to connect to 172.22.1.144:80 (172.22.1.144) failed
[Sat Jan 11 16:53:53.650932 2020] [proxy:error] [pid 672:tid 15936] AH00959: ap_proxy_connect_backend disabling worker for (172.22.1.144) for 60s
[Sat Jan 11 16:53:53.650932 2020] [proxy_http:error] [pid 672:tid 15936] [client 66.249.64.59:63770] AH01114: HTTP: failed to make connection to backend: 172.22.1.144
[Sat Jan 11 16:54:29.702595 2020] [cgi:error] [pid 672:tid 19068] [client 50.63.164.78:45046] script not found or unable to stat: E:/nuevo/cgi-bin/test-cgi
[Sat Jan 11 16:54:35.303005 2020] [cgi:error] [pid 672:tid 15936] [client 50.63.164.78:51662] script not found or unable to stat: E:/nuevo/cgi-bin/env.sh
[Sat Jan 11 17:05:47.274186 2020] [core:error] [pid 672:tid 18676] (20024)The given path is misformatted or contained invalid characters: [client 159.138.158.126:55134] AH00127: Cannot map GET /BLA/boletinlegal/%0D%0A HTTP/1.1 to file
[Sat Jan 11 17:08:41.916492 2020] [authz_core:error] [pid 672:tid 19124] [client 202.53.137.66:11145] AH01630: client denied by server configuration: E:/nuevo/phpMyAdmin/scripts
[Sat Jan 11 17:08:42.509293 2020] [authz_core:error] [pid 672:tid 15916] [client 202.53.137.66:11334] AH01630: client denied by server configuration: E:/nuevo/htdocs/phpMyAdmin
[Sat Jan 11 17:08:43.694895 2020] [authz_core:error] [pid 672:tid 19124] [client 202.53.137.66:11690] AH01630: client denied by server configuration: E:/nuevo/phpMyAdmin/scripts
[Sat Jan 11 17:08:44.272096 2020] [authz_core:error] [pid 672:tid 19124] [client 202.53.137.66:11875] AH01630: client denied by server configuration: E:/nuevo/htdocs/phpMyAdmin
[Sat Jan 11 17:10:09.651046 2020] [proxy:error] [pid 672:tid 16432] (OS 10061)No connection could be made because the target machine actively refused it.  : AH00957: HTTP: attempt to connect to 172.22.1.144:80 (172.22.1.144) failed
[Sat Jan 11 17:10:09.651046 2020] [proxy:error] [pid 672:tid 16432] AH00959: ap_proxy_connect_backend disabling worker for (172.22.1.144) for 60s
[Sat Jan 11 17:10:09.651046 2020] [proxy_http:error] [pid 672:tid 16432] [client 66.249.64.59:52233] AH01114: HTTP: failed to make connection to backend: 172.22.1.144
[Sat Jan 11 17:14:13.604275 2020] [proxy:error] [pid 672:tid 15936] (OS 10061)No connection could be made because the target machine actively refused it.  : AH00957: HTTP: attempt to connect to 172.22.1.144:80 (172.22.1.144) failed
[Sat Jan 11 17:14:13.604275 2020] [proxy:error] [pid 672:tid 15936] AH00959: ap_proxy_connect_backend disabling worker for (172.22.1.144) for 60s
[Sat Jan 11 17:14:13.604275 2020] [proxy_http:error] [pid 672:tid 15936] [client 66.249.64.61:52582] AH01114: HTTP: failed to make connection to backend: 172.22.1.144
[Sat Jan 11 17:16:21.430899 2020] [authz_core:error] [pid 672:tid 15936] [client 202.53.137.66:33214] AH01630: client denied by server configuration: E:/nuevo/phpMyAdmin/index.php
[Sat Jan 11 17:16:22.023700 2020] [authz_core:error] [pid 672:tid 15936] [client 202.53.137.66:33400] AH01630: client denied by server configuration: E:/nuevo/htdocs/phpMyAdmin
[Sat Jan 11 17:16:36.204125 2020] [authz_core:error] [pid 672:tid 19200] [client 202.53.137.66:37998] AH01630: client denied by server configuration: E:/nuevo/htdocs/phpmyadmin0
[Sat Jan 11 17:16:36.796926 2020] [authz_core:error] [pid 672:tid 19200] [client 202.53.137.66:38201] AH01630: client denied by server configuration: E:/nuevo/htdocs/phpmyadmin1
[Sat Jan 11 17:16:37.389727 2020] [authz_core:error] [pid 672:tid 19200] [client 202.53.137.66:38397] AH01630: client denied by server configuration: E:/nuevo/htdocs/phpmyadmin2
[Sat Jan 11 17:16:37.982528 2020] [authz_core:error] [pid 672:tid 15436] [client 202.53.137.66:38586] AH01630: client denied by server configuration: E:/nuevo/htdocs/phpMyAdmin-4.4.0
[Sat Jan 11 17:16:38.575329 2020] [authz_core:error] [pid 672:tid 15436] [client 202.53.137.66:38803] AH01630: client denied by server configuration: E:/nuevo/htdocs/phpMyAdmin4.8.0
[Sat Jan 11 17:16:39.651731 2020] [authz_core:error] [pid 672:tid 15496] [client 202.53.137.66:39024] AH01630: client denied by server configuration: E:/nuevo/htdocs/phpMyAdmin4.8.1
[Sat Jan 11 17:16:40.244532 2020] [authz_core:error] [pid 672:tid 15496] [client 202.53.137.66:39263] AH01630: client denied by server configuration: E:/nuevo/htdocs/phpMyAdmin4.8.2
[Sat Jan 11 17:16:40.837333 2020] [authz_core:error] [pid 672:tid 15496] [client 202.53.137.66:39465] AH01630: client denied by server configuration: E:/nuevo/htdocs/phpMyAdmin4.8.3
[Sat Jan 11 17:16:41.430134 2020] [authz_core:error] [pid 672:tid 15496] [client 202.53.137.66:39666] AH01630: client denied by server configuration: E:/nuevo/htdocs/phpMyAdmin4.8.4
[Sat Jan 11 17:16:42.007335 2020] [authz_core:error] [pid 672:tid 15496] [client 202.53.137.66:39845] AH01630: client denied by server configuration: E:/nuevo/htdocs/phpMyAdmin4.8.5
[Sat Jan 11 17:16:43.754539 2020] [authz_core:error] [pid 672:tid 15176] [client 202.53.137.66:40448] AH01630: client denied by server configuration: E:/nuevo/htdocs/xampp/phpmyadmin
[Sat Jan 11 17:16:44.362940 2020] [authz_core:error] [pid 672:tid 15176] [client 202.53.137.66:40654] AH01630: client denied by server configuration: E:/nuevo/htdocs/phpMyadmin_bak
[Sat Jan 11 17:16:46.110143 2020] [authz_core:error] [pid 672:tid 15176] [client 202.53.137.66:41237] AH01630: client denied by server configuration: E:/nuevo/htdocs/phpmyadmin-old
[Sat Jan 11 17:16:46.702944 2020] [authz_core:error] [pid 672:tid 15176] [client 202.53.137.66:41446] AH01630: client denied by server configuration: E:/nuevo/htdocs/phpMyAdminold
[Sat Jan 11 17:16:47.280145 2020] [authz_core:error] [pid 672:tid 15176] [client 202.53.137.66:41652] AH01630: client denied by server configuration: E:/nuevo/htdocs/phpMyAdmin.old
[Sat Jan 11 17:16:50.197350 2020] [authz_core:error] [pid 672:tid 19128] [client 202.53.137.66:42660] AH01630: client denied by server configuration: E:/nuevo/phpMyAdmin/phpmyadmin
[Sat Jan 11 17:16:50.774551 2020] [authz_core:error] [pid 672:tid 19128] [client 202.53.137.66:42869] AH01630: client denied by server configuration: E:/nuevo/htdocs/phpMyAdmin
[Sat Jan 11 17:16:51.991353 2020] [authz_core:error] [pid 672:tid 19128] [client 202.53.137.66:43289] AH01630: client denied by server configuration: E:/nuevo/htdocs/phpMyAdmin__
[Sat Jan 11 17:16:52.599754 2020] [authz_core:error] [pid 672:tid 19128] [client 202.53.137.66:43522] AH01630: client denied by server configuration: E:/nuevo/htdocs/phpMyAdmin+++---
[Sat Jan 11 17:16:57.856963 2020] [authz_core:error] [pid 672:tid 19128] [client 202.53.137.66:45395] AH01630: client denied by server configuration: E:/nuevo/htdocs/phpMyAdmin1
[Sat Jan 11 17:16:58.434164 2020] [authz_core:error] [pid 672:tid 19128] [client 202.53.137.66:45615] AH01630: client denied by server configuration: E:/nuevo/htdocs/phpMyAdmin123
[Sat Jan 11 17:16:59.635366 2020] [authz_core:error] [pid 672:tid 19128] [client 202.53.137.66:46041] AH01630: client denied by server configuration: E:/nuevo/htdocs/phpMyAdmina
[Sat Jan 11 17:17:00.805369 2020] [authz_core:error] [pid 672:tid 19128] [client 202.53.137.66:46448] AH01630: client denied by server configuration: E:/nuevo/htdocs/phpMyAdmins
[Sat Jan 11 17:17:01.382570 2020] [authz_core:error] [pid 672:tid 19128] [client 202.53.137.66:46666] AH01630: client denied by server configuration: E:/nuevo/htdocs/phpMyAdmin._
[Sat Jan 11 17:17:01.975371 2020] [authz_core:error] [pid 672:tid 19128] [client 202.53.137.66:46861] AH01630: client denied by server configuration: E:/nuevo/htdocs/phpMyAdmin._2
[Sat Jan 11 17:17:02.568172 2020] [authz_core:error] [pid 672:tid 19128] [client 202.53.137.66:47092] AH01630: client denied by server configuration: E:/nuevo/htdocs/phpmyadmin2222
[Sat Jan 11 17:17:03.145373 2020] [authz_core:error] [pid 672:tid 15936] [client 202.53.137.66:47283] AH01630: client denied by server configuration: E:/nuevo/htdocs/phpMyAdmin333
[Sat Jan 11 17:17:03.722574 2020] [authz_core:error] [pid 672:tid 15936] [client 202.53.137.66:47486] AH01630: client denied by server configuration: E:/nuevo/htdocs/phpmyadmin3333
[Sat Jan 11 17:17:06.982979 2020] [authz_core:error] [pid 672:tid 15936] [client 202.53.137.66:48685] AH01630: client denied by server configuration: E:/nuevo/htdocs/phpMyAdmin_111
[Sat Jan 11 17:17:09.338583 2020] [authz_core:error] [pid 672:tid 15176] [client 202.53.137.66:49768] AH01630: client denied by server configuration: E:/nuevo/htdocs/phpMyAdminn
[Sat Jan 11 17:17:09.946985 2020] [authz_core:error] [pid 672:tid 15176] [client 202.53.137.66:50017] AH01630: client denied by server configuration: E:/nuevo/htdocs/phpMyAdminhf
[Sat Jan 11 17:17:12.380589 2020] [authz_core:error] [pid 672:tid 15176] [client 202.53.137.66:50975] AH01630: client denied by server configuration: E:/nuevo/htdocs/phpMyAdmin_ai
[Sat Jan 11 17:38:37.558646 2020] [proxy:error] [pid 672:tid 18532] (OS 10061)No connection could be made because the target machine actively refused it.  : AH00957: HTTP: attempt to connect to 172.22.1.144:80 (172.22.1.144) failed
[Sat Jan 11 17:38:37.558646 2020] [proxy:error] [pid 672:tid 18532] AH00959: ap_proxy_connect_backend disabling worker for (172.22.1.144) for 60s
[Sat Jan 11 17:38:37.558646 2020] [proxy_http:error] [pid 672:tid 18532] [client 66.249.64.59:42573] AH01114: HTTP: failed to make connection to backend: 172.22.1.144
[Sat Jan 11 17:51:40.726822 2020] [mpm_winnt:warn] [pid 672:tid 20012] (OS 64)The specified network name is no longer available.  : AH00341: winnt_accept: Asynchronous AcceptEx failed.
[Sat Jan 11 17:53:42.079435 2020] [ssl:error] [pid 672:tid 15976] AH02032: Hostname 190.27.245.106:443 provided via SNI and hostname 190.27.245.106 provided via HTTP are different
[Sat Jan 11 18:11:09.496475 2020] [proxy:error] [pid 672:tid 19236] (OS 10061)No connection could be made because the target machine actively refused it.  : AH00957: HTTP: attempt to connect to 172.22.1.144:80 (172.22.1.144) failed
[Sat Jan 11 18:11:09.496475 2020] [proxy:error] [pid 672:tid 19236] AH00959: ap_proxy_connect_backend disabling worker for (172.22.1.144) for 60s
[Sat Jan 11 18:11:09.496475 2020] [proxy_http:error] [pid 672:tid 19236] [client 66.249.64.59:41051] AH01114: HTTP: failed to make connection to backend: 172.22.1.144
[Sat Jan 11 18:36:27.785741 2020] [proxy_http:error] [pid 672:tid 16536] (70008)Partial results are valid but processing is incomplete: [client 190.25.65.46:51208] AH01110: error reading response
[Sat Jan 11 18:46:44.408024 2020] [proxy:error] [pid 672:tid 19200] (OS 10061)No connection could be made because the target machine actively refused it.  : AH00957: HTTP: attempt to connect to 172.22.1.144:80 (172.22.1.144) failed
[Sat Jan 11 18:46:44.408024 2020] [proxy:error] [pid 672:tid 19200] AH00959: ap_proxy_connect_backend disabling worker for (172.22.1.144) for 60s
[Sat Jan 11 18:46:44.408024 2020] [proxy_http:error] [pid 672:tid 19200] [client 66.249.64.59:65091] AH01114: HTTP: failed to make connection to backend: 172.22.1.144
[Sat Jan 11 18:57:55.302803 2020] [proxy:error] [pid 672:tid 17416] (OS 10061)No connection could be made because the target machine actively refused it.  : AH00957: HTTP: attempt to connect to 172.22.1.144:80 (172.22.1.144) failed
[Sat Jan 11 18:57:55.302803 2020] [proxy:error] [pid 672:tid 17416] AH00959: ap_proxy_connect_backend disabling worker for (172.22.1.144) for 60s
[Sat Jan 11 18:57:55.302803 2020] [proxy_http:error] [pid 672:tid 17416] [client 66.249.64.59:40310] AH01114: HTTP: failed to make connection to backend: 172.22.1.144
[Sat Jan 11 19:28:49.679060 2020] [mpm_winnt:warn] [pid 672:tid 20012] (OS 64)The specified network name is no longer available.  : AH00341: winnt_accept: Asynchronous AcceptEx failed.
[Sat Jan 11 19:29:21.409516 2020] [mpm_winnt:warn] [pid 672:tid 20012] (OS 64)The specified network name is no longer available.  : AH00341: winnt_accept: Asynchronous AcceptEx failed.
[Sat Jan 11 19:57:28.396479 2020] [mpm_winnt:warn] [pid 672:tid 20012] (OS 64)The specified network name is no longer available.  : AH00341: winnt_accept: Asynchronous AcceptEx failed.
[Sat Jan 11 19:58:00.126934 2020] [mpm_winnt:warn] [pid 672:tid 20012] (OS 64)The specified network name is no longer available.  : AH00341: winnt_accept: Asynchronous AcceptEx failed.
[Sat Jan 11 20:18:10.627661 2020] [mpm_winnt:warn] [pid 672:tid 20012] (OS 64)The specified network name is no longer available.  : AH00341: winnt_accept: Asynchronous AcceptEx failed.
[Sat Jan 11 20:18:42.202116 2020] [mpm_winnt:warn] [pid 672:tid 20012] (OS 64)The specified network name is no longer available.  : AH00341: winnt_accept: Asynchronous AcceptEx failed.
[Sat Jan 11 21:17:06.889672 2020] [mpm_winnt:warn] [pid 672:tid 20012] (OS 64)The specified network name is no longer available.  : AH00341: winnt_accept: Asynchronous AcceptEx failed.
[Sat Jan 11 21:17:06.889672 2020] [mpm_winnt:warn] [pid 672:tid 20012] (OS 64)The specified network name is no longer available.  : AH00341: winnt_accept: Asynchronous AcceptEx failed.
[Sat Jan 11 22:22:48.487195 2020] [mpm_winnt:warn] [pid 672:tid 20012] (OS 64)The specified network name is no longer available.  : AH00341: winnt_accept: Asynchronous AcceptEx failed.
[Sat Jan 11 22:24:20.386956 2020] [mpm_winnt:warn] [pid 672:tid 20012] (OS 64)The specified network name is no longer available.  : AH00341: winnt_accept: Asynchronous AcceptEx failed.
[Sat Jan 11 22:49:20.625991 2020] [mpm_winnt:warn] [pid 672:tid 20012] (OS 64)The specified network name is no longer available.  : AH00341: winnt_accept: Asynchronous AcceptEx failed.
[Sat Jan 11 22:57:24.508641 2020] [mpm_winnt:warn] [pid 672:tid 20012] (OS 64)The specified network name is no longer available.  : AH00341: winnt_accept: Asynchronous AcceptEx failed.
[Sat Jan 11 23:05:54.005536 2020] [mpm_winnt:warn] [pid 672:tid 20012] (OS 64)The specified network name is no longer available.  : AH00341: winnt_accept: Asynchronous AcceptEx failed.
[Sat Jan 11 23:45:31.855313 2020] [mpm_winnt:warn] [pid 672:tid 20012] (OS 64)The specified network name is no longer available.  : AH00341: winnt_accept: Asynchronous AcceptEx failed.
[Sat Jan 11 23:46:03.772969 2020] [mpm_winnt:warn] [pid 672:tid 20012] (OS 64)The specified network name is no longer available.  : AH00341: winnt_accept: Asynchronous AcceptEx failed.
[Sat Jan 11 23:59:04.711340 2020] [mpm_winnt:warn] [pid 672:tid 20012] (OS 64)The specified network name is no longer available.  : AH00341: winnt_accept: Asynchronous AcceptEx failed.
[Sat Jan 11 23:59:10.202550 2020] [cgi:error] [pid 672:tid 17848] [client 169.197.108.42:48140] script not found or unable to stat: E:/nuevo/cgi-bin/config.exp

:: Command execute ::

Enter:
 
Select:
 

:: Search ::
regexp 

:: Upload ::
 
[ ok ]

:: Make Dir ::
 
[ ok ]
:: Make File ::
 
[ ok ]

:: Go Dir ::
 
:: Go File ::
 

--[ c99shell v. 1.0 pre-release build #13 powered by Captain Crunch Security Team | http://ccteam.ru | Generation time: 0.0312 ]--