[Sun Feb 16 22:50:20.607846 2020] [authz_core:error] [pid 12996:tid 17164] [client 172.22.2.1:28175] AH01630: client denied by server configuration: E:/nuevo/htdocs/xampp/index.php
[Sun Feb 16 22:50:20.685847 2020] [core:error] [pid 12996:tid 17164] [client 172.22.2.1:28177] AH00126: Invalid URI in request GET ..\\..\\..\\..\\..\\..\\windows\\win.ini HTTP/1.1
[Sun Feb 16 22:50:20.732647 2020] [authz_core:error] [pid 12996:tid 18568] [client 172.22.2.1:28178] AH01630: client denied by server configuration: E:/nuevo/htdocs/xampp/index.php
[Sun Feb 16 22:50:20.810647 2020] [core:error] [pid 12996:tid 17164] [client 172.22.2.1:28179] AH00126: Invalid URI in request GET ..\\..\\..\\..\\..\\..\\winnt\\win.ini HTTP/1.1
[Sun Feb 16 22:50:21.216247 2020] [core:error] [pid 12996:tid 18140] (20024)The given path is misformatted or contained invalid characters: [client 172.22.2.1:28117] AH00127: Cannot map GET /<script>document.cookie=%22testamfu=2343;%22</script> HTTP/1.1 to file
[Sun Feb 16 22:50:21.387848 2020] [core:error] [pid 12996:tid 18140] [client 172.22.2.1:28117] AH00126: Invalid URI in request GET <script>document.cookie=%22testamfu=2343;%22</script> HTTP/1.1
[Sun Feb 16 22:50:21.590648 2020] [core:error] [pid 12996:tid 18140] (20024)The given path is misformatted or contained invalid characters: [client 172.22.2.1:28197] AH00127: Cannot map GET /<meta%20http-equiv=Set-Cookie%20content=%22testamfu=2343%22> HTTP/1.1 to file
[Sun Feb 16 22:50:21.762248 2020] [core:error] [pid 12996:tid 18140] [client 172.22.2.1:28197] AH00126: Invalid URI in request GET <meta%20http-equiv=Set-Cookie%20content=%22testamfu=2343%22> HTTP/1.1
[Sun Feb 16 22:50:22.308249 2020] [cgi:error] [pid 12996:tid 18568] [client 172.22.2.1:28212] script not found or unable to stat: E:/nuevo/htdocs/niet1105900163.asp
[Sun Feb 16 22:50:25.443855 2020] [cgi:error] [pid 12996:tid 18568] [client 172.22.2.1:28307] script not found or unable to stat: E:/nuevo/htdocs/niet363858182.asp
[Sun Feb 16 22:50:27.191058 2020] [authz_core:error] [pid 12996:tid 18456] [client 172.22.2.1:28367] AH01630: client denied by server configuration: E:/nuevo/htdocs/server-info
[Sun Feb 16 22:50:27.425058 2020] [authz_core:error] [pid 12996:tid 18456] [client 172.22.2.1:28374] AH01630: client denied by server configuration: E:/nuevo/htdocs/server-info
[Sun Feb 16 22:50:27.799459 2020] [cgi:error] [pid 12996:tid 18140] [client 172.22.2.1:28384] script not found or unable to stat: E:/nuevo/cgi-bin/pub
[Sun Feb 16 22:50:28.017859 2020] [cgi:error] [pid 12996:tid 18948] [client 172.22.2.1:28391] script not found or unable to stat: E:/nuevo/cgi-bin/pub
[Sun Feb 16 22:50:29.141061 2020] [core:error] [pid 12996:tid 17164] [client 172.22.2.1:28424] AH00038: Forbidden: E:/nuevo/cgi-bin/com5 doesn't point to a file or directory
[Sun Feb 16 22:50:30.513864 2020] [core:error] [pid 12996:tid 18140] [client 172.22.2.1:28438] AH00038: Forbidden: E:/nuevo/cgi-bin/com5 doesn't point to a file or directory
[Sun Feb 16 22:50:48.968696 2020] [core:error] [pid 12996:tid 17500] [client 172.22.2.1:28561] AH00135: Invalid method in request NESSUS / HTTP/1.0
[Sun Feb 16 22:50:49.873498 2020] [core:error] [pid 12996:tid 18448] [client 172.22.2.1:28570] AH00135: Invalid method in request NESSUS / HTTP/1.0
[Sun Feb 16 22:52:41.679894 2020] [proxy:error] [pid 12996:tid 17640] (OS 10061)No connection could be made because the target machine actively refused it.  : AH00957: AJP: attempt to connect to 127.0.0.1:8009 (*) failed
[Sun Feb 16 22:52:41.679894 2020] [proxy_ajp:error] [pid 12996:tid 17640] [client 172.22.2.1:28718] AH00896: failed to make connection to backend: 127.0.0.1
[Sun Feb 16 22:52:43.302297 2020] [proxy:error] [pid 12996:tid 17640] (OS 10061)No connection could be made because the target machine actively refused it.  : AH00957: AJP: attempt to connect to 127.0.0.1:8009 (*) failed
[Sun Feb 16 22:52:43.302297 2020] [proxy_ajp:error] [pid 12996:tid 17640] [client 172.22.2.1:28724] AH00896: failed to make connection to backend: 127.0.0.1
[Sun Feb 16 22:52:45.845102 2020] [cgi:error] [pid 12996:tid 18568] [client 172.22.2.1:28748] script not found or unable to stat: E:/nuevo/htdocs/InitialPage.asp
[Sun Feb 16 22:52:46.281902 2020] [cgi:error] [pid 12996:tid 17140] [client 172.22.2.1:28751] script not found or unable to stat: E:/nuevo/htdocs/InitialPage.asp
[Sun Feb 16 22:52:49.932309 2020] [cgi:error] [pid 12996:tid 17640] [client 172.22.2.1:28768] script not found or unable to stat: E:/nuevo/cgi-bin/printenv
[Sun Feb 16 22:52:50.400310 2020] [cgi:error] [pid 12996:tid 17640] [client 172.22.2.1:28771] script not found or unable to stat: E:/nuevo/cgi-bin/printenv
[Sun Feb 16 22:53:16.249555 2020] [negotiation:error] [pid 12996:tid 18568] [client 172.22.2.1:28811] AH00690: no acceptable variant: E:/nuevo/apache/error/HTTP_NOT_FOUND.html.var
[Sun Feb 16 22:53:16.358755 2020] [negotiation:error] [pid 12996:tid 18568] [client 172.22.2.1:28811] AH00690: no acceptable variant: E:/nuevo/apache/error/HTTP_NOT_FOUND.html.var
[Sun Feb 16 22:53:16.499155 2020] [negotiation:error] [pid 12996:tid 18568] [client 172.22.2.1:28811] AH00690: no acceptable variant: E:/nuevo/apache/error/HTTP_NOT_FOUND.html.var
[Sun Feb 16 22:53:16.577155 2020] [negotiation:error] [pid 12996:tid 18568] [client 172.22.2.1:28811] AH00690: no acceptable variant: E:/nuevo/apache/error/HTTP_NOT_FOUND.html.var
[Sun Feb 16 22:53:16.655156 2020] [negotiation:error] [pid 12996:tid 18568] [client 172.22.2.1:28811] AH00690: no acceptable variant: E:/nuevo/apache/error/HTTP_NOT_FOUND.html.var
[Sun Feb 16 22:53:17.185557 2020] [negotiation:error] [pid 12996:tid 19008] [client 172.22.2.1:28819] AH00690: no acceptable variant: E:/nuevo/apache/error/HTTP_NOT_FOUND.html.var
[Sun Feb 16 22:53:17.310357 2020] [negotiation:error] [pid 12996:tid 19008] [client 172.22.2.1:28819] AH00690: no acceptable variant: E:/nuevo/apache/error/HTTP_NOT_FOUND.html.var
[Sun Feb 16 22:53:17.591157 2020] [negotiation:error] [pid 12996:tid 19008] [client 172.22.2.1:28819] AH00690: no acceptable variant: E:/nuevo/apache/error/HTTP_NOT_FOUND.html.var
[Sun Feb 16 22:53:17.700357 2020] [cgi:error] [pid 12996:tid 17640] [client 172.22.2.1:28824] script not found or unable to stat: E:/nuevo/cgi-bin/index.cgi
[Sun Feb 16 22:53:17.700357 2020] [negotiation:error] [pid 12996:tid 19008] [client 172.22.2.1:28819] AH00690: no acceptable variant: E:/nuevo/apache/error/HTTP_NOT_FOUND.html.var
[Sun Feb 16 22:53:17.856358 2020] [negotiation:error] [pid 12996:tid 19008] [client 172.22.2.1:28819] AH00690: no acceptable variant: E:/nuevo/apache/error/HTTP_NOT_FOUND.html.var
[Sun Feb 16 22:53:18.386759 2020] [cgi:error] [pid 12996:tid 17640] [client 172.22.2.1:28827] script not found or unable to stat: E:/nuevo/cgi-bin/index.cgi
[Sun Feb 16 22:53:24.033969 2020] [core:error] [pid 12996:tid 18948] [client 172.22.2.1:28897] AH00135: Invalid method in request SEARCH / HTTP/1.1
[Sun Feb 16 22:53:24.439569 2020] [negotiation:error] [pid 12996:tid 17604] [client 172.22.2.1:28901] AH00690: no acceptable variant: E:/nuevo/apache/error/HTTP_NOT_FOUND.html.var
[Sun Feb 16 22:53:24.657970 2020] [core:error] [pid 12996:tid 19008] [client 172.22.2.1:28905] AH00135: Invalid method in request SEARCH / HTTP/1.1
[Sun Feb 16 22:53:24.923170 2020] [negotiation:error] [pid 12996:tid 18948] [client 172.22.2.1:28907] AH00690: no acceptable variant: E:/nuevo/apache/error/HTTP_NOT_FOUND.html.var
[Sun Feb 16 22:53:30.539180 2020] [cgi:error] [pid 12996:tid 17604] [client 172.22.2.1:28952] script not found or unable to stat: E:/nuevo/htdocs/home.asp
[Sun Feb 16 22:53:31.319181 2020] [cgi:error] [pid 12996:tid 18948] [client 172.22.2.1:28954] script not found or unable to stat: E:/nuevo/htdocs/home.asp
[Sun Feb 16 22:53:32.270783 2020] [negotiation:error] [pid 12996:tid 18948] [client 172.22.2.1:28967] AH00690: no acceptable variant: E:/nuevo/apache/error/HTTP_NOT_FOUND.html.var
[Sun Feb 16 22:53:32.894784 2020] [negotiation:error] [pid 12996:tid 18948] [client 172.22.2.1:28973] AH00690: no acceptable variant: E:/nuevo/apache/error/HTTP_NOT_FOUND.html.var
[Sun Feb 16 22:53:36.264390 2020] [mpm_winnt:warn] [pid 12996:tid 19892] (OS 64)The specified network name is no longer available.  : AH00341: winnt_accept: Asynchronous AcceptEx failed.
[Sun Feb 16 22:54:02.503636 2020] [authz_core:error] [pid 12996:tid 16968] [client 172.22.2.1:29130] AH01630: client denied by server configuration: E:/nuevo/htdocs/server-info
[Sun Feb 16 22:54:08.977648 2020] [authz_core:error] [pid 12996:tid 17520] [client 172.22.2.1:29177] AH01630: client denied by server configuration: E:/nuevo/htdocs/server-info
[Sun Feb 16 22:54:09.944849 2020] [authz_core:error] [pid 12996:tid 18440] [client 172.22.2.1:29179] AH01630: client denied by server configuration: E:/nuevo/htdocs/server-status
[Sun Feb 16 22:54:10.100850 2020] [authz_core:error] [pid 12996:tid 16968] [client 172.22.2.1:29181] AH01630: client denied by server configuration: E:/nuevo/htdocs/.htaccess
[Sun Feb 16 22:54:12.331653 2020] [authz_core:error] [pid 12996:tid 16968] [client 172.22.2.1:29181] AH01630: client denied by server configuration: E:/nuevo/htdocs/.htpasswd
[Sun Feb 16 22:54:12.986855 2020] [authz_core:error] [pid 12996:tid 18440] [client 172.22.2.1:29188] AH01630: client denied by server configuration: E:/nuevo/htdocs/server-status
[Sun Feb 16 22:54:15.061658 2020] [authz_core:error] [pid 12996:tid 18140] [client 172.22.2.1:29201] AH01630: client denied by server configuration: E:/nuevo/htdocs/.htaccess
[Sun Feb 16 22:54:16.855661 2020] [authz_core:error] [pid 12996:tid 18140] [client 172.22.2.1:29201] AH01630: client denied by server configuration: E:/nuevo/htdocs/.htpasswd
[Sun Feb 16 22:54:37.759698 2020] [cgi:error] [pid 12996:tid 17604] [client 172.22.2.1:29350] script not found or unable to stat: E:/nuevo/cgi-bin/client_execute.cgi
[Sun Feb 16 22:54:40.349303 2020] [cgi:error] [pid 12996:tid 18448] [client 172.22.2.1:29368] script not found or unable to stat: E:/nuevo/cgi-bin/guestimage.html
[Sun Feb 16 22:54:41.191704 2020] [cgi:error] [pid 12996:tid 18448] [client 172.22.2.1:29378] script not found or unable to stat: E:/nuevo/cgi-bin/camctrl.cgi
[Sun Feb 16 22:54:41.394504 2020] [cgi:error] [pid 12996:tid 18448] [client 172.22.2.1:29381] script not found or unable to stat: E:/nuevo/cgi-bin/ctrldirect.cgi
[Sun Feb 16 22:54:42.455306 2020] [cgi:error] [pid 12996:tid 17640] [client 172.22.2.1:29392] script not found or unable to stat: E:/nuevo/htdocs/main.cgi
[Sun Feb 16 22:54:43.328908 2020] [cgi:error] [pid 12996:tid 18440] [client 172.22.2.1:29397] script not found or unable to stat: E:/nuevo/cgi-bin/pdesk.cgi
[Sun Feb 16 22:54:44.186909 2020] [cgi:error] [pid 12996:tid 19008] [client 172.22.2.1:29404] script not found or unable to stat: E:/nuevo/cgi-bin/client_execute.cgi
[Sun Feb 16 22:54:44.576910 2020] [cgi:error] [pid 12996:tid 18440] [client 172.22.2.1:29406] script not found or unable to stat: E:/nuevo/cgi-bin/pdesk.cgi
[Sun Feb 16 22:54:47.010514 2020] [core:error] [pid 12996:tid 17640] (20024)The given path is misformatted or contained invalid characters: [client 172.22.2.1:29429] AH00127: Cannot map GET /<script>foo</script> HTTP/1.1 to file
[Sun Feb 16 22:54:47.104114 2020] [cgi:error] [pid 12996:tid 18448] [client 172.22.2.1:29430] script not found or unable to stat: E:/nuevo/cgi-bin/guestimage.html
[Sun Feb 16 22:54:49.085318 2020] [core:error] [pid 12996:tid 17640] (20024)The given path is misformatted or contained invalid characters: [client 172.22.2.1:29442] AH00127: Cannot map GET /<script>foo</script> HTTP/1.1 to file
[Sun Feb 16 22:54:49.132118 2020] [cgi:error] [pid 12996:tid 18448] [client 172.22.2.1:29444] script not found or unable to stat: E:/nuevo/cgi-bin/camctrl.cgi
[Sun Feb 16 22:54:50.255320 2020] [cgi:error] [pid 12996:tid 18448] [client 172.22.2.1:29455] script not found or unable to stat: E:/nuevo/cgi-bin/ctrldirect.cgi
[Sun Feb 16 22:54:52.548524 2020] [cgi:error] [pid 12996:tid 18440] [client 172.22.2.1:29521] script not found or unable to stat: E:/nuevo/htdocs/main.cgi
[Sun Feb 16 22:54:56.526531 2020] [cgi:error] [pid 12996:tid 17140] [client 172.22.2.1:29553] script not found or unable to stat: E:/nuevo/cgi-bin/kvm.cgi
[Sun Feb 16 22:54:57.103732 2020] [cgi:error] [pid 12996:tid 17140] [client 172.22.2.1:29556] script not found or unable to stat: E:/nuevo/cgi-bin/kvm.cgi
[Sun Feb 16 22:54:57.571733 2020] [cgi:error] [pid 12996:tid 18448] [client 172.22.2.1:29565] script not found or unable to stat: E:/nuevo/cgi-bin/login.cgi
[Sun Feb 16 22:54:58.538935 2020] [cgi:error] [pid 12996:tid 18448] [client 172.22.2.1:29570] script not found or unable to stat: E:/nuevo/cgi-bin/login.cgi
[Sun Feb 16 22:55:04.076944 2020] [cgi:error] [pid 12996:tid 18304] [client 172.22.2.1:29612] script not found or unable to stat: E:/nuevo/htdocs/6c_tOKo1.asp
[Sun Feb 16 22:55:05.246946 2020] [cgi:error] [pid 12996:tid 18304] [client 172.22.2.1:29619] script not found or unable to stat: E:/nuevo/htdocs/VyLXesJY.asp
[Sun Feb 16 22:55:08.054951 2020] [core:error] [pid 12996:tid 17164] [client 172.22.2.1:29645] AH00126: Invalid URI in request GET /%2e%2e/%2e%2e/%2e%2e/%2e%2e/%2e%2e/%2e%2e/%2e%2e/etc/passwd HTTP/1.1
[Sun Feb 16 22:55:08.304552 2020] [core:error] [pid 12996:tid 17164] [client 172.22.2.1:29648] AH00126: Invalid URI in request GET /%2e%2e/%2e%2e/%2e%2e/%2e%2e/%2e%2e/%2e%2e/%2e%2e/etc/passwd HTTP/1.1
[Sun Feb 16 22:55:08.382552 2020] [authz_core:error] [pid 12996:tid 18448] [client 172.22.2.1:29641] AH01630: client denied by server configuration: E:/nuevo/htdocs/server-status
[Sun Feb 16 22:55:09.677354 2020] [authz_core:error] [pid 12996:tid 18448] [client 172.22.2.1:29658] AH01630: client denied by server configuration: E:/nuevo/htdocs/server-status
[Sun Feb 16 22:55:11.627358 2020] [authz_core:error] [pid 12996:tid 18448] [client 172.22.2.1:29686] AH01630: client denied by server configuration: E:/nuevo/webalizer/
[Sun Feb 16 22:55:13.499361 2020] [authz_core:error] [pid 12996:tid 18448] [client 172.22.2.1:29710] AH01630: client denied by server configuration: E:/nuevo/webalizer/
[Sun Feb 16 22:55:44.293815 2020] [core:error] [pid 12996:tid 17520] [client 172.22.2.1:29856] AH00126: Invalid URI in request t3 12.2.1
[Sun Feb 16 22:55:45.261017 2020] [core:error] [pid 12996:tid 17520] [client 172.22.2.1:29864] AH00126: Invalid URI in request t3s 12.2.1
[Sun Feb 16 22:56:41.187115 2020] [mpm_winnt:warn] [pid 12996:tid 19892] (OS 64)The specified network name is no longer available.  : AH00341: winnt_accept: Asynchronous AcceptEx failed.
[Sun Feb 16 22:56:46.194724 2020] [mpm_winnt:warn] [pid 12996:tid 19892] (OS 64)The specified network name is no longer available.  : AH00341: winnt_accept: Asynchronous AcceptEx failed.
[Sun Feb 16 22:56:46.896725 2020] [mpm_winnt:warn] [pid 12996:tid 19892] (OS 64)The specified network name is no longer available.  : AH00341: winnt_accept: Asynchronous AcceptEx failed.
[Sun Feb 16 22:57:36.146011 2020] [core:error] [pid 12996:tid 16968] [client 172.22.2.1:30324] AH00038: Forbidden: E:/nuevo/htdocs/nul doesn't point to a file or directory
[Sun Feb 16 22:57:36.364412 2020] [core:error] [pid 12996:tid 16968] [client 172.22.2.1:30331] AH00038: Forbidden: E:/nuevo/htdocs/nul doesn't point to a file or directory
[Sun Feb 16 22:57:50.232836 2020] [cgi:error] [pid 12996:tid 16968] [client 172.22.2.1:30437] script not found or unable to stat: E:/nuevo/cgi-bin/filescan
[Sun Feb 16 22:57:50.732037 2020] [cgi:error] [pid 12996:tid 16968] [client 172.22.2.1:30443] script not found or unable to stat: E:/nuevo/cgi-bin/filescan
[Sun Feb 16 22:57:56.550847 2020] [cgi:error] [pid 12996:tid 17520] [client 172.22.2.1:30470] script not found or unable to stat: E:/nuevo/htdocs/FormHandler.cgi
[Sun Feb 16 22:57:58.032850 2020] [cgi:error] [pid 12996:tid 17520] [client 172.22.2.1:30476] script not found or unable to stat: E:/nuevo/htdocs/FormHandler.cgi
[Sun Feb 16 22:57:59.608453 2020] [cgi:error] [pid 12996:tid 17556] [client 172.22.2.1:30486] script not found or unable to stat: E:/nuevo/cgi-bin/file_transfer.cgi
[Sun Feb 16 22:58:00.294854 2020] [cgi:error] [pid 12996:tid 17520] [client 172.22.2.1:30489] script not found or unable to stat: E:/nuevo/htdocs/admin.cgi
[Sun Feb 16 22:58:00.778455 2020] [cgi:error] [pid 12996:tid 17556] [client 172.22.2.1:30492] script not found or unable to stat: E:/nuevo/htdocs/administrator.cgi
[Sun Feb 16 22:58:00.856455 2020] [cgi:error] [pid 12996:tid 17520] [client 172.22.2.1:30491] script not found or unable to stat: E:/nuevo/cgi-bin/file_transfer.cgi
[Sun Feb 16 22:58:01.043655 2020] [cgi:error] [pid 12996:tid 17556] [client 172.22.2.1:30494] script not found or unable to stat: E:/nuevo/htdocs/buglist.cgi
[Sun Feb 16 22:58:01.402456 2020] [cgi:error] [pid 12996:tid 17556] [client 172.22.2.1:30500] script not found or unable to stat: E:/nuevo/cgi-bin/admin
[Sun Feb 16 22:58:01.558456 2020] [cgi:error] [pid 12996:tid 17556] [client 172.22.2.1:30503] script not found or unable to stat: E:/nuevo/cgi-bin/admin.cgi
[Sun Feb 16 22:58:01.714456 2020] [cgi:error] [pid 12996:tid 17556] [client 172.22.2.1:30506] script not found or unable to stat: E:/nuevo/cgi-bin/admin.pl
[Sun Feb 16 22:58:01.917257 2020] [cgi:error] [pid 12996:tid 19056] [client 172.22.2.1:30508] script not found or unable to stat: E:/nuevo/cgi-bin/administrator
[Sun Feb 16 22:58:02.073257 2020] [cgi:error] [pid 12996:tid 19056] [client 172.22.2.1:30512] script not found or unable to stat: E:/nuevo/cgi-bin/administrator.cgi
[Sun Feb 16 22:58:02.369657 2020] [cgi:error] [pid 12996:tid 19056] [client 172.22.2.1:30514] script not found or unable to stat: E:/nuevo/cgi-bin/agorn.cgi
[Sun Feb 16 22:58:02.634858 2020] [cgi:error] [pid 12996:tid 19056] [client 172.22.2.1:30517] script not found or unable to stat: E:/nuevo/cgi-bin/bugreport.cgi
[Sun Feb 16 22:58:02.915658 2020] [cgi:error] [pid 12996:tid 19056] [client 172.22.2.1:30520] script not found or unable to stat: E:/nuevo/cgi-bin/cart.cgi
[Sun Feb 16 22:58:03.071659 2020] [cgi:error] [pid 12996:tid 19056] [client 172.22.2.1:30523] script not found or unable to stat: E:/nuevo/cgi-bin/clwarn.cgi
[Sun Feb 16 22:58:03.274459 2020] [cgi:error] [pid 12996:tid 19056] [client 172.22.2.1:30525] script not found or unable to stat: E:/nuevo/cgi-bin/count.cgi
[Sun Feb 16 22:58:03.399259 2020] [cgi:error] [pid 12996:tid 19056] [client 172.22.2.1:30527] script not found or unable to stat: E:/nuevo/cgi-bin/Count.cgi
[Sun Feb 16 22:58:03.726860 2020] [cgi:error] [pid 12996:tid 19056] [client 172.22.2.1:30529] script not found or unable to stat: E:/nuevo/cgi-bin/faqmanager.cgi
[Sun Feb 16 22:58:03.804860 2020] [cgi:error] [pid 12996:tid 18416] [client 172.22.2.1:30530] script not found or unable to stat: E:/nuevo/htdocs/admin.cgi
[Sun Feb 16 22:58:03.914060 2020] [cgi:error] [pid 12996:tid 17556] [client 172.22.2.1:30531] script not found or unable to stat: E:/nuevo/cgi-bin/FormHandler.cgi
[Sun Feb 16 22:58:03.960860 2020] [cgi:error] [pid 12996:tid 18416] [client 172.22.2.1:30533] script not found or unable to stat: E:/nuevo/htdocs/administrator.cgi
[Sun Feb 16 22:58:04.054460 2020] [cgi:error] [pid 12996:tid 17556] [client 172.22.2.1:30534] script not found or unable to stat: E:/nuevo/cgi-bin/FormMail.cgi
[Sun Feb 16 22:58:04.101261 2020] [cgi:error] [pid 12996:tid 17556] [client 172.22.2.1:30535] script not found or unable to stat: E:/nuevo/htdocs/buglist.cgi
[Sun Feb 16 22:58:04.101261 2020] [cgi:error] [pid 12996:tid 18416] [client 172.22.2.1:30536] script not found or unable to stat: E:/nuevo/cgi-bin/guestbook.cgi
[Sun Feb 16 22:58:04.350861 2020] [cgi:error] [pid 12996:tid 18416] [client 172.22.2.1:30539] script not found or unable to stat: E:/nuevo/cgi-bin/help.cgi
[Sun Feb 16 22:58:04.444461 2020] [cgi:error] [pid 12996:tid 17556] [client 172.22.2.1:30540] script not found or unable to stat: E:/nuevo/cgi-bin/admin
[Sun Feb 16 22:58:04.460061 2020] [cgi:error] [pid 12996:tid 18416] [client 172.22.2.1:30541] script not found or unable to stat: E:/nuevo/cgi-bin/hi
[Sun Feb 16 22:58:04.491261 2020] [core:error] [pid 12996:tid 19056] (20024)The given path is misformatted or contained invalid characters: [client 172.22.2.1:30532] AH00127: Cannot map GET //${%23w%3d%23context.get('com.opensymphony.xwork2.dispatcher.HttpServletResponse').getWriter(),%23w.print('Nessus%20Response:%20'),%23w.println('struts_2_3_14_3_command_execution-1867769622'),%23w.flush(),%23w.close()}.action HTTP/1.1 to file
[Sun Feb 16 22:58:04.538061 2020] [cgi:error] [pid 12996:tid 17556] [client 172.22.2.1:30542] script not found or unable to stat: E:/nuevo/cgi-bin/admin.cgi
[Sun Feb 16 22:58:04.538061 2020] [cgi:error] [pid 12996:tid 18416] [client 172.22.2.1:30543] script not found or unable to stat: E:/nuevo/cgi-bin/index.cgi
[Sun Feb 16 22:58:04.772062 2020] [cgi:error] [pid 12996:tid 17556] [client 172.22.2.1:30544] script not found or unable to stat: E:/nuevo/cgi-bin/admin.pl
[Sun Feb 16 22:58:04.772062 2020] [cgi:error] [pid 12996:tid 18416] [client 172.22.2.1:30545] script not found or unable to stat: E:/nuevo/cgi-bin/index.pl
[Sun Feb 16 22:58:04.896862 2020] [cgi:error] [pid 12996:tid 17556] [client 172.22.2.1:30546] script not found or unable to stat: E:/nuevo/cgi-bin/administrator
[Sun Feb 16 22:58:04.912462 2020] [cgi:error] [pid 12996:tid 18416] [client 172.22.2.1:30547] script not found or unable to stat: E:/nuevo/cgi-bin/index.sh
[Sun Feb 16 22:58:05.052862 2020] [cgi:error] [pid 12996:tid 18416] [client 172.22.2.1:30549] script not found or unable to stat: E:/nuevo/cgi-bin/administrator.cgi
[Sun Feb 16 22:58:05.099662 2020] [cgi:error] [pid 12996:tid 17556] [client 172.22.2.1:30550] script not found or unable to stat: E:/nuevo/cgi-bin/login
[Sun Feb 16 22:58:05.208862 2020] [cgi:error] [pid 12996:tid 18416] [client 172.22.2.1:30551] script not found or unable to stat: E:/nuevo/cgi-bin/agorn.cgi
[Sun Feb 16 22:58:05.208862 2020] [cgi:error] [pid 12996:tid 17556] [client 172.22.2.1:30552] script not found or unable to stat: E:/nuevo/cgi-bin/login.cgi
[Sun Feb 16 22:58:05.364863 2020] [cgi:error] [pid 12996:tid 18416] [client 172.22.2.1:30554] script not found or unable to stat: E:/nuevo/cgi-bin/bugreport.cgi
[Sun Feb 16 22:58:05.442863 2020] [cgi:error] [pid 12996:tid 17556] [client 172.22.2.1:30555] script not found or unable to stat: E:/nuevo/cgi-bin/mailit.pl
[Sun Feb 16 22:58:05.708063 2020] [cgi:error] [pid 12996:tid 18416] [client 172.22.2.1:30558] script not found or unable to stat: E:/nuevo/cgi-bin/cart.cgi
[Sun Feb 16 22:58:05.708063 2020] [cgi:error] [pid 12996:tid 17556] [client 172.22.2.1:30559] script not found or unable to stat: E:/nuevo/cgi-bin/mt
[Sun Feb 16 22:58:05.864064 2020] [cgi:error] [pid 12996:tid 18416] [client 172.22.2.1:30560] script not found or unable to stat: E:/nuevo/cgi-bin/clwarn.cgi
[Sun Feb 16 22:58:05.926464 2020] [cgi:error] [pid 12996:tid 17556] [client 172.22.2.1:30561] script not found or unable to stat: E:/nuevo/cgi-bin/mt
[Sun Feb 16 22:58:06.035664 2020] [cgi:error] [pid 12996:tid 18416] [client 172.22.2.1:30562] script not found or unable to stat: E:/nuevo/cgi-bin/count.cgi
[Sun Feb 16 22:58:06.051264 2020] [cgi:error] [pid 12996:tid 17556] [client 172.22.2.1:30563] script not found or unable to stat: E:/nuevo/cgi-bin/mt-static
[Sun Feb 16 22:58:06.222864 2020] [cgi:error] [pid 12996:tid 18416] [client 172.22.2.1:30564] script not found or unable to stat: E:/nuevo/cgi-bin/Count.cgi
[Sun Feb 16 22:58:06.254064 2020] [cgi:error] [pid 12996:tid 17556] [client 172.22.2.1:30565] script not found or unable to stat: E:/nuevo/cgi-bin/mt-static
[Sun Feb 16 22:58:06.332064 2020] [cgi:error] [pid 12996:tid 18416] [client 172.22.2.1:30566] script not found or unable to stat: E:/nuevo/cgi-bin/faqmanager.cgi
[Sun Feb 16 22:58:06.394465 2020] [cgi:error] [pid 12996:tid 17556] [client 172.22.2.1:30567] script not found or unable to stat: E:/nuevo/cgi-bin/ncbook
[Sun Feb 16 22:58:06.768865 2020] [core:error] [pid 12996:tid 19056] (20024)The given path is misformatted or contained invalid characters: [client 172.22.2.1:30557] AH00127: Cannot map GET //${%23w%3d%23context.get('com.opensymphony.xwork2.dispatcher.HttpServletResponse').getWriter(),%23w.print('Nessus%20Response:%20'),%23w.println('struts_2_3_14_3_command_execution-1761757677'),%23w.flush(),%23w.close()}.action HTTP/1.1 to file
[Sun Feb 16 22:58:06.831265 2020] [cgi:error] [pid 12996:tid 18416] [client 172.22.2.1:30569] script not found or unable to stat: E:/nuevo/cgi-bin/FormHandler.cgi
[Sun Feb 16 22:58:06.862465 2020] [cgi:error] [pid 12996:tid 17556] [client 172.22.2.1:30571] script not found or unable to stat: E:/nuevo/cgi-bin/printenv
[Sun Feb 16 22:58:07.065266 2020] [cgi:error] [pid 12996:tid 18416] [client 172.22.2.1:30572] script not found or unable to stat: E:/nuevo/cgi-bin/FormMail.cgi
[Sun Feb 16 22:58:07.127666 2020] [cgi:error] [pid 12996:tid 17556] [client 172.22.2.1:30573] script not found or unable to stat: E:/nuevo/cgi-bin/printenv.cgi
[Sun Feb 16 22:58:07.236866 2020] [cgi:error] [pid 12996:tid 18416] [client 172.22.2.1:30574] script not found or unable to stat: E:/nuevo/cgi-bin/guestbook.cgi
[Sun Feb 16 22:58:07.236866 2020] [cgi:error] [pid 12996:tid 17556] [client 172.22.2.1:30575] script not found or unable to stat: E:/nuevo/cgi-bin/quickstore.cgi
[Sun Feb 16 22:58:07.346066 2020] [cgi:error] [pid 12996:tid 18416] [client 172.22.2.1:30576] script not found or unable to stat: E:/nuevo/cgi-bin/help.cgi
[Sun Feb 16 22:58:07.470866 2020] [cgi:error] [pid 12996:tid 17556] [client 172.22.2.1:30577] script not found or unable to stat: E:/nuevo/cgi-bin/search
[Sun Feb 16 22:58:07.658067 2020] [cgi:error] [pid 12996:tid 18416] [client 172.22.2.1:30578] script not found or unable to stat: E:/nuevo/cgi-bin/hi
[Sun Feb 16 22:58:07.689267 2020] [cgi:error] [pid 12996:tid 17556] [client 172.22.2.1:30579] script not found or unable to stat: E:/nuevo/cgi-bin/search.cgi
[Sun Feb 16 22:58:07.814067 2020] [cgi:error] [pid 12996:tid 18416] [client 172.22.2.1:30580] script not found or unable to stat: E:/nuevo/cgi-bin/index.cgi
[Sun Feb 16 22:58:07.907667 2020] [cgi:error] [pid 12996:tid 19056] [client 172.22.2.1:30582] script not found or unable to stat: E:/nuevo/cgi-bin/search
[Sun Feb 16 22:58:07.985667 2020] [cgi:error] [pid 12996:tid 18416] [client 172.22.2.1:30583] script not found or unable to stat: E:/nuevo/cgi-bin/index.pl
[Sun Feb 16 22:58:08.048067 2020] [cgi:error] [pid 12996:tid 19056] [client 172.22.2.1:30584] script not found or unable to stat: E:/nuevo/cgi-bin/status
[Sun Feb 16 22:58:08.531668 2020] [cgi:error] [pid 12996:tid 18416] [client 172.22.2.1:30587] script not found or unable to stat: E:/nuevo/cgi-bin/index.sh
[Sun Feb 16 22:58:08.656469 2020] [cgi:error] [pid 12996:tid 19056] [client 172.22.2.1:30588] script not found or unable to stat: E:/nuevo/cgi-bin/status.cgi
[Sun Feb 16 22:58:08.812469 2020] [cgi:error] [pid 12996:tid 18416] [client 172.22.2.1:30590] script not found or unable to stat: E:/nuevo/cgi-bin/login.cgi
[Sun Feb 16 22:58:08.843669 2020] [cgi:error] [pid 12996:tid 19056] [client 172.22.2.1:30591] script not found or unable to stat: E:/nuevo/cgi-bin/test.cgi
[Sun Feb 16 22:58:08.999669 2020] [cgi:error] [pid 12996:tid 18416] [client 172.22.2.1:30593] script not found or unable to stat: E:/nuevo/cgi-bin/mailit.pl
[Sun Feb 16 22:58:09.046469 2020] [cgi:error] [pid 12996:tid 19056] [client 172.22.2.1:30594] script not found or unable to stat: E:/nuevo/cgi-bin/test.sh
[Sun Feb 16 22:58:09.311670 2020] [cgi:error] [pid 12996:tid 18416] [client 172.22.2.1:30595] script not found or unable to stat: E:/nuevo/cgi-bin/mt
[Sun Feb 16 22:58:09.311670 2020] [cgi:error] [pid 12996:tid 19056] [client 172.22.2.1:30596] script not found or unable to stat: E:/nuevo/cgi-bin/test-cgi
[Sun Feb 16 22:58:09.530070 2020] [cgi:error] [pid 12996:tid 18416] [client 172.22.2.1:30599] script not found or unable to stat: E:/nuevo/cgi-bin/mt
[Sun Feb 16 22:58:09.530070 2020] [cgi:error] [pid 12996:tid 19056] [client 172.22.2.1:30598] script not found or unable to stat: E:/nuevo/cgi-bin/upload.cgi
[Sun Feb 16 22:58:09.795271 2020] [cgi:error] [pid 12996:tid 18416] [client 172.22.2.1:30602] script not found or unable to stat: E:/nuevo/cgi-bin/urlcount.cgi
[Sun Feb 16 22:58:09.795271 2020] [cgi:error] [pid 12996:tid 19056] [client 172.22.2.1:30603] script not found or unable to stat: E:/nuevo/cgi-bin/mt-static
[Sun Feb 16 22:58:09.904471 2020] [cgi:error] [pid 12996:tid 18416] [client 172.22.2.1:30606] script not found or unable to stat: E:/nuevo/cgi-bin/mt-static
[Sun Feb 16 22:58:09.904471 2020] [cgi:error] [pid 12996:tid 19056] [client 172.22.2.1:30605] script not found or unable to stat: E:/nuevo/cgi-bin/viewcvs.cgi
[Sun Feb 16 22:58:10.325671 2020] [cgi:error] [pid 12996:tid 18416] [client 172.22.2.1:30608] script not found or unable to stat: E:/nuevo/cgi-bin/ncbook
[Sun Feb 16 22:58:10.325671 2020] [cgi:error] [pid 12996:tid 19056] [client 172.22.2.1:30607] script not found or unable to stat: E:/nuevo/cgi-bin/wa
[Sun Feb 16 22:58:10.840472 2020] [cgi:error] [pid 12996:tid 18416] [client 172.22.2.1:30610] script not found or unable to stat: E:/nuevo/cgi-bin/wa.cgi
[Sun Feb 16 22:58:10.840472 2020] [cgi:error] [pid 12996:tid 19056] [client 172.22.2.1:30611] script not found or unable to stat: E:/nuevo/cgi-bin/printenv
[Sun Feb 16 22:58:11.199273 2020] [cgi:error] [pid 12996:tid 19056] [client 172.22.2.1:30614] script not found or unable to stat: E:/nuevo/cgi-bin/wa.exe
[Sun Feb 16 22:58:11.199273 2020] [cgi:error] [pid 12996:tid 18416] [client 172.22.2.1:30615] script not found or unable to stat: E:/nuevo/cgi-bin/printenv.cgi
[Sun Feb 16 22:58:11.511274 2020] [cgi:error] [pid 12996:tid 18416] [client 172.22.2.1:30616] script not found or unable to stat: E:/nuevo/cgi-bin/whois.cgi
[Sun Feb 16 22:58:11.511274 2020] [cgi:error] [pid 12996:tid 19056] [client 172.22.2.1:30617] script not found or unable to stat: E:/nuevo/cgi-bin/quickstore.cgi
[Sun Feb 16 22:58:11.620474 2020] [cgi:error] [pid 12996:tid 18416] [client 172.22.2.1:30619] script not found or unable to stat: E:/nuevo/cgi-bin/search
[Sun Feb 16 22:58:11.823274 2020] [cgi:error] [pid 12996:tid 19056] [client 172.22.2.1:30621] script not found or unable to stat: E:/nuevo/cgi-bin/search.cgi
[Sun Feb 16 22:58:11.885674 2020] [cgi:error] [pid 12996:tid 19056] [client 172.22.2.1:30624] script not found or unable to stat: E:/nuevo/cgi-bin/search
[Sun Feb 16 22:58:11.963674 2020] [cgi:error] [pid 12996:tid 19056] [client 172.22.2.1:30626] script not found or unable to stat: E:/nuevo/cgi-bin/status
[Sun Feb 16 22:58:12.072875 2020] [cgi:error] [pid 12996:tid 18416] [client 172.22.2.1:30627] script not found or unable to stat: E:/nuevo/htdocs/index.cgi
[Sun Feb 16 22:58:12.244475 2020] [cgi:error] [pid 12996:tid 19056] [client 172.22.2.1:30629] script not found or unable to stat: E:/nuevo/cgi-bin/status.cgi
[Sun Feb 16 22:58:12.275675 2020] [cgi:error] [pid 12996:tid 18416] [client 172.22.2.1:30630] script not found or unable to stat: E:/nuevo/htdocs/index.pl
[Sun Feb 16 22:58:12.322475 2020] [cgi:error] [pid 12996:tid 19056] [client 172.22.2.1:30631] script not found or unable to stat: E:/nuevo/cgi-bin/test.cgi
[Sun Feb 16 22:58:12.572075 2020] [cgi:error] [pid 12996:tid 19056] [client 172.22.2.1:30633] script not found or unable to stat: E:/nuevo/cgi-bin/test.sh
[Sun Feb 16 22:58:12.618875 2020] [cgi:error] [pid 12996:tid 18416] [client 172.22.2.1:30634] script not found or unable to stat: E:/nuevo/htdocs/nph-mr.cgi
[Sun Feb 16 22:58:12.728076 2020] [cgi:error] [pid 12996:tid 19056] [client 172.22.2.1:30635] script not found or unable to stat: E:/nuevo/cgi-bin/test-cgi
[Sun Feb 16 22:58:12.868476 2020] [cgi:error] [pid 12996:tid 18416] [client 172.22.2.1:30636] script not found or unable to stat: E:/nuevo/htdocs/query.cgi
[Sun Feb 16 22:58:13.055676 2020] [cgi:error] [pid 12996:tid 19056] [client 172.22.2.1:30639] script not found or unable to stat: E:/nuevo/cgi-bin/upload.cgi
[Sun Feb 16 22:58:13.102476 2020] [cgi:error] [pid 12996:tid 18416] [client 172.22.2.1:30640] script not found or unable to stat: E:/nuevo/htdocs/session_login.cgi
[Sun Feb 16 22:58:13.149276 2020] [cgi:error] [pid 12996:tid 17520] [client 172.22.2.1:30642] script not found or unable to stat: E:/nuevo/cgi-bin/urlcount.cgi
[Sun Feb 16 22:58:13.164876 2020] [cgi:error] [pid 12996:tid 18416] [client 172.22.2.1:30643] script not found or unable to stat: E:/nuevo/htdocs/show_bug.cgi
[Sun Feb 16 22:58:13.227277 2020] [cgi:error] [pid 12996:tid 17520] [client 172.22.2.1:30644] script not found or unable to stat: E:/nuevo/cgi-bin/viewcvs.cgi
[Sun Feb 16 22:58:13.554877 2020] [cgi:error] [pid 12996:tid 17520] [client 172.22.2.1:30648] script not found or unable to stat: E:/nuevo/cgi-bin/wa
[Sun Feb 16 22:58:13.648477 2020] [cgi:error] [pid 12996:tid 18416] [client 172.22.2.1:30649] script not found or unable to stat: E:/nuevo/htdocs/test.cgi
[Sun Feb 16 22:58:13.851278 2020] [cgi:error] [pid 12996:tid 17520] [client 172.22.2.1:30651] script not found or unable to stat: E:/nuevo/cgi-bin/wa.cgi
[Sun Feb 16 22:58:14.100878 2020] [cgi:error] [pid 12996:tid 17520] [client 172.22.2.1:30655] script not found or unable to stat: E:/nuevo/cgi-bin/wa.exe
[Sun Feb 16 22:58:14.116478 2020] [cgi:error] [pid 12996:tid 18416] [client 172.22.2.1:30656] script not found or unable to stat: E:/nuevo/htdocs/whois.cgi
[Sun Feb 16 22:58:14.256878 2020] [core:error] [pid 12996:tid 19056] [client 172.22.2.1:30657] AH00126: Invalid URI in request GET /././.. HTTP/1.1
[Sun Feb 16 22:58:14.381679 2020] [cgi:error] [pid 12996:tid 17520] [client 172.22.2.1:30658] script not found or unable to stat: E:/nuevo/cgi-bin/whois.cgi
[Sun Feb 16 22:58:14.475279 2020] [core:error] [pid 12996:tid 19056] [client 172.22.2.1:30661] AH00126: Invalid URI in request GET ././././././././././././././././././././././././././././././././././././././././././././././././././././././././././././././././././././././././././././././././././././././././././././././././../../../../../../../../ HTTP/1.1
[Sun Feb 16 22:58:14.584479 2020] [cgi:error] [pid 12996:tid 17520] [client 172.22.2.1:30662] script not found or unable to stat: E:/nuevo/htdocs/wwwadmin.cgi
[Sun Feb 16 22:58:14.896479 2020] [core:error] [pid 12996:tid 19056] [client 172.22.2.1:30667] AH00126: Invalid URI in request GET /././.. HTTP/1.1
[Sun Feb 16 22:58:14.958880 2020] [cgi:error] [pid 12996:tid 18416] [client 172.22.2.1:30668] script not found or unable to stat: E:/nuevo/htdocs/wwwboard.cgi
[Sun Feb 16 22:58:15.208480 2020] [authz_core:error] [pid 12996:tid 17520] [client 172.22.2.1:30672] AH01630: client denied by server configuration: E:/nuevo/htdocs/xampp/cgi.cgi
[Sun Feb 16 22:58:15.255280 2020] [core:error] [pid 12996:tid 18416] [client 172.22.2.1:30671] AH00126: Invalid URI in request GET ././././././././././././././././././././././././././././././././././././././././././././././././././././././././././././././././././././././././././././././././././././././././././././././././../../../../../../../../ HTTP/1.1
[Sun Feb 16 22:58:16.253682 2020] [cgi:error] [pid 12996:tid 19056] [client 172.22.2.1:30678] script not found or unable to stat: E:/nuevo/htdocs/index.cgi
[Sun Feb 16 22:58:17.018083 2020] [cgi:error] [pid 12996:tid 19056] [client 172.22.2.1:30680] script not found or unable to stat: E:/nuevo/htdocs/index.pl
[Sun Feb 16 22:58:19.560888 2020] [cgi:error] [pid 12996:tid 19056] [client 172.22.2.1:30684] script not found or unable to stat: E:/nuevo/htdocs/nph-mr.cgi
[Sun Feb 16 22:58:20.621690 2020] [cgi:error] [pid 12996:tid 19056] [client 172.22.2.1:30687] script not found or unable to stat: E:/nuevo/htdocs/query.cgi
[Sun Feb 16 22:58:21.822892 2020] [cgi:error] [pid 12996:tid 19056] [client 172.22.2.1:30690] script not found or unable to stat: E:/nuevo/htdocs/session_login.cgi
[Sun Feb 16 22:58:22.680893 2020] [cgi:error] [pid 12996:tid 19056] [client 172.22.2.1:30693] script not found or unable to stat: E:/nuevo/htdocs/show_bug.cgi
[Sun Feb 16 22:58:23.086494 2020] [cgi:error] [pid 12996:tid 17520] [client 172.22.2.1:30694] script not found or unable to stat: E:/nuevo/htdocs/admin.cgi
[Sun Feb 16 22:58:23.694895 2020] [cgi:error] [pid 12996:tid 17520] [client 172.22.2.1:30696] script not found or unable to stat: E:/nuevo/htdocs/administrator.cgi
[Sun Feb 16 22:58:23.741695 2020] [cgi:error] [pid 12996:tid 19056] [client 172.22.2.1:30698] script not found or unable to stat: E:/nuevo/htdocs/test.cgi
[Sun Feb 16 22:58:23.944495 2020] [cgi:error] [pid 12996:tid 17520] [client 172.22.2.1:30699] script not found or unable to stat: E:/nuevo/htdocs/buglist.cgi
[Sun Feb 16 22:58:24.209696 2020] [cgi:error] [pid 12996:tid 17520] [client 172.22.2.1:30702] script not found or unable to stat: E:/nuevo/htdocs/whois.cgi
[Sun Feb 16 22:58:24.365696 2020] [cgi:error] [pid 12996:tid 19056] [client 172.22.2.1:30705] script not found or unable to stat: E:/nuevo/cgi-bin/admin
[Sun Feb 16 22:58:24.381296 2020] [cgi:error] [pid 12996:tid 17520] [client 172.22.2.1:30707] script not found or unable to stat: E:/nuevo/htdocs/wwwadmin.cgi
[Sun Feb 16 22:58:24.490496 2020] [cgi:error] [pid 12996:tid 18140] [client 172.22.2.1:30708] script not found or unable to stat: E:/nuevo/cgi-bin/admin.cgi
[Sun Feb 16 22:58:24.568496 2020] [cgi:error] [pid 12996:tid 17520] [client 172.22.2.1:30710] script not found or unable to stat: E:/nuevo/htdocs/wwwboard.cgi
[Sun Feb 16 22:58:24.630897 2020] [authz_core:error] [pid 12996:tid 17520] [client 172.22.2.1:30712] AH01630: client denied by server configuration: E:/nuevo/htdocs/xampp/cgi.cgi
[Sun Feb 16 22:58:24.662097 2020] [cgi:error] [pid 12996:tid 17140] [client 172.22.2.1:30711] script not found or unable to stat: E:/nuevo/cgi-bin/admin.pl
[Sun Feb 16 22:58:24.771297 2020] [cgi:error] [pid 12996:tid 17140] [client 172.22.2.1:30714] script not found or unable to stat: E:/nuevo/cgi-bin/administrator
[Sun Feb 16 22:58:24.989697 2020] [cgi:error] [pid 12996:tid 17140] [client 172.22.2.1:30717] script not found or unable to stat: E:/nuevo/cgi-bin/administrator.cgi
[Sun Feb 16 22:58:25.067697 2020] [cgi:error] [pid 12996:tid 18140] [client 172.22.2.1:30720] script not found or unable to stat: E:/nuevo/cgi-bin/agorn.cgi
[Sun Feb 16 22:58:25.161297 2020] [cgi:error] [pid 12996:tid 17520] [client 172.22.2.1:30722] script not found or unable to stat: E:/nuevo/cgi-bin/bugreport.cgi
[Sun Feb 16 22:58:25.332898 2020] [cgi:error] [pid 12996:tid 17520] [client 172.22.2.1:30725] script not found or unable to stat: E:/nuevo/cgi-bin/cart.cgi
[Sun Feb 16 22:58:25.457698 2020] [cgi:error] [pid 12996:tid 17520] [client 172.22.2.1:30726] script not found or unable to stat: E:/nuevo/cgi-bin/clwarn.cgi
[Sun Feb 16 22:58:25.520098 2020] [cgi:error] [pid 12996:tid 18140] [client 172.22.2.1:30727] script not found or unable to stat: E:/nuevo/htdocs/admin.cgi
[Sun Feb 16 22:58:25.722898 2020] [cgi:error] [pid 12996:tid 17520] [client 172.22.2.1:30728] script not found or unable to stat: E:/nuevo/cgi-bin/count.cgi
[Sun Feb 16 22:58:25.800899 2020] [cgi:error] [pid 12996:tid 18140] [client 172.22.2.1:30730] script not found or unable to stat: E:/nuevo/htdocs/administrator.cgi
[Sun Feb 16 22:58:26.066099 2020] [cgi:error] [pid 12996:tid 18416] [client 172.22.2.1:30733] script not found or unable to stat: E:/nuevo/cgi-bin/Count.cgi
[Sun Feb 16 22:58:26.081699 2020] [cgi:error] [pid 12996:tid 18140] [client 172.22.2.1:30734] script not found or unable to stat: E:/nuevo/htdocs/buglist.cgi
[Sun Feb 16 22:58:26.175299 2020] [cgi:error] [pid 12996:tid 18416] [client 172.22.2.1:30736] script not found or unable to stat: E:/nuevo/cgi-bin/faqmanager.cgi
[Sun Feb 16 22:58:26.378100 2020] [cgi:error] [pid 12996:tid 18140] [client 172.22.2.1:30738] script not found or unable to stat: E:/nuevo/cgi-bin/FormHandler.cgi
[Sun Feb 16 22:58:26.378100 2020] [cgi:error] [pid 12996:tid 18416] [client 172.22.2.1:30740] script not found or unable to stat: E:/nuevo/cgi-bin/admin
[Sun Feb 16 22:58:26.487300 2020] [cgi:error] [pid 12996:tid 18416] [client 172.22.2.1:30741] script not found or unable to stat: E:/nuevo/cgi-bin/FormMail.cgi
[Sun Feb 16 22:58:26.487300 2020] [cgi:error] [pid 12996:tid 18140] [client 172.22.2.1:30742] script not found or unable to stat: E:/nuevo/cgi-bin/admin.cgi
[Sun Feb 16 22:58:26.705700 2020] [cgi:error] [pid 12996:tid 18140] [client 172.22.2.1:30744] script not found or unable to stat: E:/nuevo/cgi-bin/guestbook.cgi
[Sun Feb 16 22:58:26.721300 2020] [cgi:error] [pid 12996:tid 18416] [client 172.22.2.1:30745] script not found or unable to stat: E:/nuevo/cgi-bin/admin.pl
[Sun Feb 16 22:58:26.846100 2020] [cgi:error] [pid 12996:tid 18140] [client 172.22.2.1:30746] script not found or unable to stat: E:/nuevo/cgi-bin/help.cgi
[Sun Feb 16 22:58:26.846100 2020] [cgi:error] [pid 12996:tid 18416] [client 172.22.2.1:30747] script not found or unable to stat: E:/nuevo/cgi-bin/administrator
[Sun Feb 16 22:58:27.064501 2020] [cgi:error] [pid 12996:tid 18416] [client 172.22.2.1:30749] script not found or unable to stat: E:/nuevo/cgi-bin/hi
[Sun Feb 16 22:58:27.064501 2020] [cgi:error] [pid 12996:tid 18140] [client 172.22.2.1:30750] script not found or unable to stat: E:/nuevo/cgi-bin/administrator.cgi
[Sun Feb 16 22:58:27.438901 2020] [cgi:error] [pid 12996:tid 18416] [client 172.22.2.1:30753] script not found or unable to stat: E:/nuevo/cgi-bin/agorn.cgi
[Sun Feb 16 22:58:27.438901 2020] [cgi:error] [pid 12996:tid 18140] [client 172.22.2.1:30752] script not found or unable to stat: E:/nuevo/cgi-bin/index.cgi
[Sun Feb 16 22:58:27.532502 2020] [cgi:error] [pid 12996:tid 18416] [client 172.22.2.1:30754] script not found or unable to stat: E:/nuevo/cgi-bin/index.pl
[Sun Feb 16 22:58:27.548102 2020] [cgi:error] [pid 12996:tid 18140] [client 172.22.2.1:30755] script not found or unable to stat: E:/nuevo/cgi-bin/bugreport.cgi
[Sun Feb 16 22:58:27.766502 2020] [cgi:error] [pid 12996:tid 18416] [client 172.22.2.1:30756] script not found or unable to stat: E:/nuevo/cgi-bin/index.sh
[Sun Feb 16 22:58:27.906902 2020] [cgi:error] [pid 12996:tid 18140] [client 172.22.2.1:30758] script not found or unable to stat: E:/nuevo/cgi-bin/cart.cgi
[Sun Feb 16 22:58:27.969302 2020] [cgi:error] [pid 12996:tid 18416] [client 172.22.2.1:30759] script not found or unable to stat: E:/nuevo/cgi-bin/login
[Sun Feb 16 22:58:28.078503 2020] [cgi:error] [pid 12996:tid 18140] [client 172.22.2.1:30761] script not found or unable to stat: E:/nuevo/cgi-bin/clwarn.cgi
[Sun Feb 16 22:58:28.203303 2020] [cgi:error] [pid 12996:tid 18416] [client 172.22.2.1:30762] script not found or unable to stat: E:/nuevo/cgi-bin/login.cgi
[Sun Feb 16 22:58:28.250103 2020] [cgi:error] [pid 12996:tid 18140] [client 172.22.2.1:30764] script not found or unable to stat: E:/nuevo/cgi-bin/count.cgi
[Sun Feb 16 22:58:28.577703 2020] [cgi:error] [pid 12996:tid 18416] [client 172.22.2.1:30767] script not found or unable to stat: E:/nuevo/cgi-bin/mailit.pl
[Sun Feb 16 22:58:28.624504 2020] [cgi:error] [pid 12996:tid 18140] [client 172.22.2.1:30768] script not found or unable to stat: E:/nuevo/cgi-bin/Count.cgi
[Sun Feb 16 22:58:28.858504 2020] [cgi:error] [pid 12996:tid 18416] [client 172.22.2.1:30770] script not found or unable to stat: E:/nuevo/cgi-bin/mt
[Sun Feb 16 22:58:28.858504 2020] [cgi:error] [pid 12996:tid 18140] [client 172.22.2.1:30771] script not found or unable to stat: E:/nuevo/cgi-bin/faqmanager.cgi
[Sun Feb 16 22:58:29.014504 2020] [cgi:error] [pid 12996:tid 18140] [client 172.22.2.1:30773] script not found or unable to stat: E:/nuevo/cgi-bin/mt
[Sun Feb 16 22:58:29.014504 2020] [cgi:error] [pid 12996:tid 18416] [client 172.22.2.1:30774] script not found or unable to stat: E:/nuevo/cgi-bin/FormHandler.cgi
[Sun Feb 16 22:58:29.279705 2020] [cgi:error] [pid 12996:tid 18416] [client 172.22.2.1:30776] script not found or unable to stat: E:/nuevo/cgi-bin/mt-static
[Sun Feb 16 22:58:29.279705 2020] [cgi:error] [pid 12996:tid 18140] [client 172.22.2.1:30777] script not found or unable to stat: E:/nuevo/cgi-bin/FormMail.cgi
[Sun Feb 16 22:58:29.388905 2020] [cgi:error] [pid 12996:tid 19056] [client 172.22.2.1:30780] script not found or unable to stat: E:/nuevo/cgi-bin/guestbook.cgi
[Sun Feb 16 22:58:29.388905 2020] [cgi:error] [pid 12996:tid 18416] [client 172.22.2.1:30779] script not found or unable to stat: E:/nuevo/cgi-bin/mt-static
[Sun Feb 16 22:58:29.513705 2020] [cgi:error] [pid 12996:tid 19056] [client 172.22.2.1:30781] script not found or unable to stat: E:/nuevo/cgi-bin/ncbook
[Sun Feb 16 22:58:29.513705 2020] [cgi:error] [pid 12996:tid 18416] [client 172.22.2.1:30782] script not found or unable to stat: E:/nuevo/cgi-bin/help.cgi
[Sun Feb 16 22:58:29.685305 2020] [cgi:error] [pid 12996:tid 17520] [client 172.22.2.1:30784] script not found or unable to stat: E:/nuevo/cgi-bin/printenv
[Sun Feb 16 22:58:29.685305 2020] [cgi:error] [pid 12996:tid 18416] [client 172.22.2.1:30785] script not found or unable to stat: E:/nuevo/cgi-bin/hi
[Sun Feb 16 22:58:29.747706 2020] [cgi:error] [pid 12996:tid 18416] [client 172.22.2.1:30788] script not found or unable to stat: E:/nuevo/cgi-bin/printenv.cgi
[Sun Feb 16 22:58:29.763306 2020] [cgi:error] [pid 12996:tid 17520] [client 172.22.2.1:30789] script not found or unable to stat: E:/nuevo/cgi-bin/index.cgi
[Sun Feb 16 22:58:29.934906 2020] [cgi:error] [pid 12996:tid 18140] [client 172.22.2.1:30792] script not found or unable to stat: E:/nuevo/cgi-bin/quickstore.cgi
[Sun Feb 16 22:58:29.981706 2020] [cgi:error] [pid 12996:tid 17520] [client 172.22.2.1:30793] script not found or unable to stat: E:/nuevo/cgi-bin/index.pl
[Sun Feb 16 22:58:30.075306 2020] [cgi:error] [pid 12996:tid 18140] [client 172.22.2.1:30794] script not found or unable to stat: E:/nuevo/cgi-bin/search
[Sun Feb 16 22:58:30.215706 2020] [cgi:error] [pid 12996:tid 17520] [client 172.22.2.1:30797] script not found or unable to stat: E:/nuevo/cgi-bin/index.sh
[Sun Feb 16 22:58:30.340507 2020] [core:error] [pid 12996:tid 18140] [client 172.22.2.1:30799] AH00126: Invalid URI in request GET /..\\pixfir~1\\how_to_login.html HTTP/1.1
[Sun Feb 16 22:58:30.340507 2020] [cgi:error] [pid 12996:tid 18416] [client 172.22.2.1:30798] script not found or unable to stat: E:/nuevo/cgi-bin/search.cgi
[Sun Feb 16 22:58:30.558907 2020] [cgi:error] [pid 12996:tid 17520] [client 172.22.2.1:30800] script not found or unable to stat: E:/nuevo/cgi-bin/login.cgi
[Sun Feb 16 22:58:31.058108 2020] [cgi:error] [pid 12996:tid 18140] [client 172.22.2.1:30803] script not found or unable to stat: E:/nuevo/cgi-bin/search
[Sun Feb 16 22:58:31.073708 2020] [core:error] [pid 12996:tid 18416] [client 172.22.2.1:30805] AH00126: Invalid URI in request GET /..\\pixfir~1\\how_to_login.html HTTP/1.1
[Sun Feb 16 22:58:31.229708 2020] [cgi:error] [pid 12996:tid 17520] [client 172.22.2.1:30806] script not found or unable to stat: E:/nuevo/cgi-bin/mailit.pl
[Sun Feb 16 22:58:31.416908 2020] [cgi:error] [pid 12996:tid 18416] [client 172.22.2.1:30808] script not found or unable to stat: E:/nuevo/cgi-bin/status
[Sun Feb 16 22:58:31.448109 2020] [cgi:error] [pid 12996:tid 18140] [client 172.22.2.1:30809] script not found or unable to stat: E:/nuevo/cgi-bin/mt
[Sun Feb 16 22:58:31.869309 2020] [cgi:error] [pid 12996:tid 18416] [client 172.22.2.1:30811] script not found or unable to stat: E:/nuevo/cgi-bin/status.cgi
[Sun Feb 16 22:58:31.916109 2020] [cgi:error] [pid 12996:tid 18140] [client 172.22.2.1:30813] script not found or unable to stat: E:/nuevo/cgi-bin/mt
[Sun Feb 16 22:58:32.087710 2020] [cgi:error] [pid 12996:tid 18416] [client 172.22.2.1:30814] script not found or unable to stat: E:/nuevo/cgi-bin/test.cgi
[Sun Feb 16 22:58:32.196910 2020] [cgi:error] [pid 12996:tid 18140] [client 172.22.2.1:30816] script not found or unable to stat: E:/nuevo/cgi-bin/mt-static
[Sun Feb 16 22:58:32.430910 2020] [cgi:error] [pid 12996:tid 18416] [client 172.22.2.1:30819] script not found or unable to stat: E:/nuevo/cgi-bin/test.sh
[Sun Feb 16 22:58:32.508910 2020] [cgi:error] [pid 12996:tid 18140] [client 172.22.2.1:30820] script not found or unable to stat: E:/nuevo/cgi-bin/mt-static
[Sun Feb 16 22:58:32.758511 2020] [cgi:error] [pid 12996:tid 18416] [client 172.22.2.1:30822] script not found or unable to stat: E:/nuevo/cgi-bin/test-cgi
[Sun Feb 16 22:58:32.883311 2020] [cgi:error] [pid 12996:tid 18140] [client 172.22.2.1:30823] script not found or unable to stat: E:/nuevo/cgi-bin/ncbook
[Sun Feb 16 22:58:32.961311 2020] [cgi:error] [pid 12996:tid 19300] [client 172.22.2.1:30825] script not found or unable to stat: E:/nuevo/cgi-bin/upload.cgi
[Sun Feb 16 22:58:33.008111 2020] [cgi:error] [pid 12996:tid 18140] [client 172.22.2.1:30826] script not found or unable to stat: E:/nuevo/cgi-bin/printenv
[Sun Feb 16 22:58:33.117311 2020] [cgi:error] [pid 12996:tid 19300] [client 172.22.2.1:30828] script not found or unable to stat: E:/nuevo/cgi-bin/urlcount.cgi
[Sun Feb 16 22:58:33.148512 2020] [cgi:error] [pid 12996:tid 18140] [client 172.22.2.1:30829] script not found or unable to stat: E:/nuevo/cgi-bin/printenv.cgi
[Sun Feb 16 22:58:33.195312 2020] [cgi:error] [pid 12996:tid 18416] [client 172.22.2.1:30831] script not found or unable to stat: E:/nuevo/cgi-bin/viewcvs.cgi
[Sun Feb 16 22:58:33.195312 2020] [cgi:error] [pid 12996:tid 18140] [client 172.22.2.1:30832] script not found or unable to stat: E:/nuevo/cgi-bin/quickstore.cgi
[Sun Feb 16 22:58:33.242112 2020] [cgi:error] [pid 12996:tid 18416] [client 172.22.2.1:30833] script not found or unable to stat: E:/nuevo/cgi-bin/wa
[Sun Feb 16 22:58:33.242112 2020] [cgi:error] [pid 12996:tid 18140] [client 172.22.2.1:30834] script not found or unable to stat: E:/nuevo/cgi-bin/search
[Sun Feb 16 22:58:33.444912 2020] [cgi:error] [pid 12996:tid 18140] [client 172.22.2.1:30836] script not found or unable to stat: E:/nuevo/cgi-bin/wa.cgi
