[Sun Mar 15 22:55:11.842519 2020] [negotiation:error] [pid 4036:tid 19080] [client 172.22.2.1:21796] AH00690: no acceptable variant: E:/nuevo/apache/error/HTTP_NOT_FOUND.html.var
[Sun Mar 15 22:55:22.122937 2020] [authz_core:error] [pid 4036:tid 17100] [client 172.22.2.1:21894] AH01630: client denied by server configuration: E:/nuevo/htdocs/server-info
[Sun Mar 15 22:55:27.224146 2020] [authz_core:error] [pid 4036:tid 18256] [client 172.22.2.1:21905] AH01630: client denied by server configuration: E:/nuevo/htdocs/server-status
[Sun Mar 15 22:55:27.255346 2020] [authz_core:error] [pid 4036:tid 19256] [client 172.22.2.1:21908] AH01630: client denied by server configuration: E:/nuevo/htdocs/.htaccess
[Sun Mar 15 22:55:27.270946 2020] [authz_core:error] [pid 4036:tid 17100] [client 172.22.2.1:21907] AH01630: client denied by server configuration: E:/nuevo/htdocs/server-info
[Sun Mar 15 22:55:27.426947 2020] [authz_core:error] [pid 4036:tid 19256] [client 172.22.2.1:21908] AH01630: client denied by server configuration: E:/nuevo/htdocs/.htpasswd
[Sun Mar 15 22:55:27.926147 2020] [authz_core:error] [pid 4036:tid 18256] [client 172.22.2.1:21913] AH01630: client denied by server configuration: E:/nuevo/htdocs/server-status
[Sun Mar 15 22:55:29.610950 2020] [authz_core:error] [pid 4036:tid 18256] [client 172.22.2.1:21926] AH01630: client denied by server configuration: E:/nuevo/htdocs/.htaccess
[Sun Mar 15 22:55:29.766951 2020] [authz_core:error] [pid 4036:tid 18256] [client 172.22.2.1:21926] AH01630: client denied by server configuration: E:/nuevo/htdocs/.htpasswd
[Sun Mar 15 22:56:01.091806 2020] [cgi:error] [pid 4036:tid 15776] [client 172.22.2.1:22089] script not found or unable to stat: E:/nuevo/cgi-bin/client_execute.cgi
[Sun Mar 15 22:56:01.357006 2020] [cgi:error] [pid 4036:tid 15776] [client 172.22.2.1:22101] script not found or unable to stat: E:/nuevo/cgi-bin/guestimage.html
[Sun Mar 15 22:56:01.450606 2020] [cgi:error] [pid 4036:tid 19256] [client 172.22.2.1:22110] script not found or unable to stat: E:/nuevo/cgi-bin/camctrl.cgi
[Sun Mar 15 22:56:01.497406 2020] [cgi:error] [pid 4036:tid 19256] [client 172.22.2.1:22111] script not found or unable to stat: E:/nuevo/cgi-bin/ctrldirect.cgi
[Sun Mar 15 22:56:01.762607 2020] [cgi:error] [pid 4036:tid 19256] [client 172.22.2.1:22121] script not found or unable to stat: E:/nuevo/htdocs/main.cgi
[Sun Mar 15 22:56:02.090207 2020] [cgi:error] [pid 4036:tid 18464] [client 172.22.2.1:22131] script not found or unable to stat: E:/nuevo/cgi-bin/client_execute.cgi
[Sun Mar 15 22:56:02.495808 2020] [cgi:error] [pid 4036:tid 19256] [client 172.22.2.1:22141] script not found or unable to stat: E:/nuevo/cgi-bin/pdesk.cgi
[Sun Mar 15 22:56:02.714209 2020] [cgi:error] [pid 4036:tid 18256] [client 172.22.2.1:22147] script not found or unable to stat: E:/nuevo/cgi-bin/pdesk.cgi
[Sun Mar 15 22:56:02.870209 2020] [cgi:error] [pid 4036:tid 19256] [client 172.22.2.1:22151] script not found or unable to stat: E:/nuevo/cgi-bin/guestimage.html
[Sun Mar 15 22:56:03.291410 2020] [cgi:error] [pid 4036:tid 19080] [client 172.22.2.1:22166] script not found or unable to stat: E:/nuevo/cgi-bin/camctrl.cgi
[Sun Mar 15 22:56:03.525410 2020] [cgi:error] [pid 4036:tid 19080] [client 172.22.2.1:22168] script not found or unable to stat: E:/nuevo/cgi-bin/ctrldirect.cgi
[Sun Mar 15 22:56:03.587810 2020] [core:error] [pid 4036:tid 19080] (20024)The given path is misformatted or contained invalid characters: [client 172.22.2.1:22170] AH00127: Cannot map GET /<script>foo</script> HTTP/1.1 to file
[Sun Mar 15 22:56:03.650210 2020] [core:error] [pid 4036:tid 19080] (20024)The given path is misformatted or contained invalid characters: [client 172.22.2.1:22173] AH00127: Cannot map GET /<script>foo</script> HTTP/1.1 to file
[Sun Mar 15 22:56:04.055811 2020] [cgi:error] [pid 4036:tid 19080] [client 172.22.2.1:22181] script not found or unable to stat: E:/nuevo/htdocs/main.cgi
[Sun Mar 15 22:56:05.522213 2020] [cgi:error] [pid 4036:tid 18256] [client 172.22.2.1:22220] script not found or unable to stat: E:/nuevo/cgi-bin/kvm.cgi
[Sun Mar 15 22:56:05.584614 2020] [cgi:error] [pid 4036:tid 18256] [client 172.22.2.1:22224] script not found or unable to stat: E:/nuevo/cgi-bin/kvm.cgi
[Sun Mar 15 22:56:05.943414 2020] [cgi:error] [pid 4036:tid 19080] [client 172.22.2.1:22233] script not found or unable to stat: E:/nuevo/cgi-bin/login.cgi
[Sun Mar 15 22:56:06.395815 2020] [cgi:error] [pid 4036:tid 17316] [client 172.22.2.1:22239] script not found or unable to stat: E:/nuevo/cgi-bin/login.cgi
[Sun Mar 15 22:56:08.377018 2020] [cgi:error] [pid 4036:tid 18964] [client 172.22.2.1:22265] script not found or unable to stat: E:/nuevo/htdocs/GKxdVuLS.asp
[Sun Mar 15 22:56:08.673419 2020] [cgi:error] [pid 4036:tid 18724] [client 172.22.2.1:22269] script not found or unable to stat: E:/nuevo/htdocs/V0_3ImRA.asp
[Sun Mar 15 22:56:10.186622 2020] [authz_core:error] [pid 4036:tid 18724] [client 172.22.2.1:22293] AH01630: client denied by server configuration: E:/nuevo/htdocs/server-status
[Sun Mar 15 22:56:10.311422 2020] [core:error] [pid 4036:tid 18724] [client 172.22.2.1:22297] AH00126: Invalid URI in request GET /%2e%2e/%2e%2e/%2e%2e/%2e%2e/%2e%2e/%2e%2e/%2e%2e/etc/passwd HTTP/1.1
[Sun Mar 15 22:56:10.327022 2020] [authz_core:error] [pid 4036:tid 18964] [client 172.22.2.1:22296] AH01630: client denied by server configuration: E:/nuevo/htdocs/server-status
[Sun Mar 15 22:56:10.373822 2020] [core:error] [pid 4036:tid 18724] [client 172.22.2.1:22298] AH00126: Invalid URI in request GET /%2e%2e/%2e%2e/%2e%2e/%2e%2e/%2e%2e/%2e%2e/%2e%2e/etc/passwd HTTP/1.1
[Sun Mar 15 22:56:11.793424 2020] [authz_core:error] [pid 4036:tid 18756] [client 172.22.2.1:22332] AH01630: client denied by server configuration: E:/nuevo/webalizer/
[Sun Mar 15 22:56:12.074225 2020] [authz_core:error] [pid 4036:tid 18724] [client 172.22.2.1:22338] AH01630: client denied by server configuration: E:/nuevo/webalizer/
[Sun Mar 15 22:56:41.137076 2020] [core:error] [pid 4036:tid 18756] [client 172.22.2.1:22480] AH00126: Invalid URI in request t3 12.2.1
[Sun Mar 15 22:56:41.293076 2020] [core:error] [pid 4036:tid 18756] [client 172.22.2.1:22485] AH00126: Invalid URI in request t3s 12.2.1
[Sun Mar 15 22:57:34.598370 2020] [mpm_winnt:warn] [pid 4036:tid 21864] (OS 64)The specified network name is no longer available.  : AH00341: winnt_accept: Asynchronous AcceptEx failed.
[Sun Mar 15 22:57:41.368782 2020] [mpm_winnt:warn] [pid 4036:tid 21864] (OS 64)The specified network name is no longer available.  : AH00341: winnt_accept: Asynchronous AcceptEx failed.
[Sun Mar 15 22:57:42.008383 2020] [mpm_winnt:warn] [pid 4036:tid 21864] (OS 64)The specified network name is no longer available.  : AH00341: winnt_accept: Asynchronous AcceptEx failed.
[Sun Mar 15 22:58:23.208055 2020] [core:error] [pid 4036:tid 15728] [client 172.22.2.1:22940] AH00038: Forbidden: E:/nuevo/htdocs/nul doesn't point to a file or directory
[Sun Mar 15 22:58:23.442056 2020] [core:error] [pid 4036:tid 17776] [client 172.22.2.1:22945] AH00038: Forbidden: E:/nuevo/htdocs/nul doesn't point to a file or directory
[Sun Mar 15 22:58:26.998862 2020] [cgi:error] [pid 4036:tid 19256] [client 172.22.2.1:23022] script not found or unable to stat: E:/nuevo/cgi-bin/filescan
[Sun Mar 15 22:58:27.092462 2020] [cgi:error] [pid 4036:tid 19256] [client 172.22.2.1:23025] script not found or unable to stat: E:/nuevo/cgi-bin/filescan
[Sun Mar 15 22:58:28.309264 2020] [cgi:error] [pid 4036:tid 15728] [client 172.22.2.1:23054] script not found or unable to stat: E:/nuevo/htdocs/FormHandler.cgi
[Sun Mar 15 22:58:28.402864 2020] [cgi:error] [pid 4036:tid 15728] [client 172.22.2.1:23060] script not found or unable to stat: E:/nuevo/htdocs/FormHandler.cgi
[Sun Mar 15 22:58:28.683665 2020] [cgi:error] [pid 4036:tid 16320] [client 172.22.2.1:23065] script not found or unable to stat: E:/nuevo/cgi-bin/file_transfer.cgi
[Sun Mar 15 22:58:28.699265 2020] [cgi:error] [pid 4036:tid 15728] [client 172.22.2.1:23066] script not found or unable to stat: E:/nuevo/htdocs/admin.cgi
[Sun Mar 15 22:58:28.714865 2020] [cgi:error] [pid 4036:tid 15728] [client 172.22.2.1:23068] script not found or unable to stat: E:/nuevo/htdocs/administrator.cgi
[Sun Mar 15 22:58:28.730465 2020] [cgi:error] [pid 4036:tid 16320] [client 172.22.2.1:23070] script not found or unable to stat: E:/nuevo/htdocs/buglist.cgi
[Sun Mar 15 22:58:28.746065 2020] [cgi:error] [pid 4036:tid 15728] [client 172.22.2.1:23069] script not found or unable to stat: E:/nuevo/cgi-bin/file_transfer.cgi
[Sun Mar 15 22:58:28.870865 2020] [cgi:error] [pid 4036:tid 16320] [client 172.22.2.1:23072] script not found or unable to stat: E:/nuevo/cgi-bin/admin
[Sun Mar 15 22:58:28.917665 2020] [cgi:error] [pid 4036:tid 16320] [client 172.22.2.1:23074] script not found or unable to stat: E:/nuevo/cgi-bin/admin.cgi
[Sun Mar 15 22:58:28.933265 2020] [cgi:error] [pid 4036:tid 16320] [client 172.22.2.1:23076] script not found or unable to stat: E:/nuevo/cgi-bin/admin.pl
[Sun Mar 15 22:58:28.964465 2020] [cgi:error] [pid 4036:tid 15728] [client 172.22.2.1:23078] script not found or unable to stat: E:/nuevo/cgi-bin/administrator
[Sun Mar 15 22:58:28.980065 2020] [cgi:error] [pid 4036:tid 15728] [client 172.22.2.1:23079] script not found or unable to stat: E:/nuevo/cgi-bin/administrator.cgi
[Sun Mar 15 22:58:29.120466 2020] [cgi:error] [pid 4036:tid 15728] [client 172.22.2.1:23083] script not found or unable to stat: E:/nuevo/cgi-bin/agorn.cgi
[Sun Mar 15 22:58:29.198466 2020] [cgi:error] [pid 4036:tid 15728] [client 172.22.2.1:23085] script not found or unable to stat: E:/nuevo/cgi-bin/bugreport.cgi
[Sun Mar 15 22:58:29.214066 2020] [cgi:error] [pid 4036:tid 15728] [client 172.22.2.1:23087] script not found or unable to stat: E:/nuevo/cgi-bin/cart.cgi
[Sun Mar 15 22:58:29.229666 2020] [cgi:error] [pid 4036:tid 15728] [client 172.22.2.1:23089] script not found or unable to stat: E:/nuevo/cgi-bin/clwarn.cgi
[Sun Mar 15 22:58:29.260866 2020] [cgi:error] [pid 4036:tid 15728] [client 172.22.2.1:23091] script not found or unable to stat: E:/nuevo/cgi-bin/count.cgi
[Sun Mar 15 22:58:29.276466 2020] [cgi:error] [pid 4036:tid 16320] [client 172.22.2.1:23093] script not found or unable to stat: E:/nuevo/cgi-bin/Count.cgi
[Sun Mar 15 22:58:29.307666 2020] [cgi:error] [pid 4036:tid 16320] [client 172.22.2.1:23094] script not found or unable to stat: E:/nuevo/cgi-bin/faqmanager.cgi
[Sun Mar 15 22:58:29.323266 2020] [cgi:error] [pid 4036:tid 16320] [client 172.22.2.1:23096] script not found or unable to stat: E:/nuevo/cgi-bin/FormHandler.cgi
[Sun Mar 15 22:58:29.354466 2020] [cgi:error] [pid 4036:tid 16320] [client 172.22.2.1:23097] script not found or unable to stat: E:/nuevo/cgi-bin/FormMail.cgi
[Sun Mar 15 22:58:29.385666 2020] [cgi:error] [pid 4036:tid 16320] [client 172.22.2.1:23099] script not found or unable to stat: E:/nuevo/cgi-bin/guestbook.cgi
[Sun Mar 15 22:58:29.416866 2020] [cgi:error] [pid 4036:tid 15728] [client 172.22.2.1:23101] script not found or unable to stat: E:/nuevo/cgi-bin/help.cgi
[Sun Mar 15 22:58:29.448066 2020] [cgi:error] [pid 4036:tid 15728] [client 172.22.2.1:23102] script not found or unable to stat: E:/nuevo/cgi-bin/hi
[Sun Mar 15 22:58:29.463666 2020] [cgi:error] [pid 4036:tid 15728] [client 172.22.2.1:23104] script not found or unable to stat: E:/nuevo/cgi-bin/index.cgi
[Sun Mar 15 22:58:29.494866 2020] [cgi:error] [pid 4036:tid 15728] [client 172.22.2.1:23106] script not found or unable to stat: E:/nuevo/cgi-bin/index.pl
[Sun Mar 15 22:58:29.510466 2020] [cgi:error] [pid 4036:tid 15728] [client 172.22.2.1:23107] script not found or unable to stat: E:/nuevo/cgi-bin/index.sh
[Sun Mar 15 22:58:29.650867 2020] [cgi:error] [pid 4036:tid 15728] [client 172.22.2.1:23109] script not found or unable to stat: E:/nuevo/cgi-bin/login
[Sun Mar 15 22:58:29.666467 2020] [cgi:error] [pid 4036:tid 15728] [client 172.22.2.1:23111] script not found or unable to stat: E:/nuevo/cgi-bin/login.cgi
[Sun Mar 15 22:58:29.682067 2020] [cgi:error] [pid 4036:tid 15728] [client 172.22.2.1:23113] script not found or unable to stat: E:/nuevo/cgi-bin/mailit.pl
[Sun Mar 15 22:58:29.713267 2020] [cgi:error] [pid 4036:tid 16320] [client 172.22.2.1:23114] script not found or unable to stat: E:/nuevo/cgi-bin/mt
[Sun Mar 15 22:58:29.744467 2020] [cgi:error] [pid 4036:tid 16320] [client 172.22.2.1:23116] script not found or unable to stat: E:/nuevo/cgi-bin/mt
[Sun Mar 15 22:58:29.978467 2020] [cgi:error] [pid 4036:tid 16320] [client 172.22.2.1:23118] script not found or unable to stat: E:/nuevo/cgi-bin/mt-static
[Sun Mar 15 22:58:30.025267 2020] [cgi:error] [pid 4036:tid 16320] [client 172.22.2.1:23121] script not found or unable to stat: E:/nuevo/cgi-bin/mt-static
[Sun Mar 15 22:58:30.056467 2020] [cgi:error] [pid 4036:tid 16320] [client 172.22.2.1:23122] script not found or unable to stat: E:/nuevo/cgi-bin/ncbook
[Sun Mar 15 22:58:30.072067 2020] [cgi:error] [pid 4036:tid 15728] [client 172.22.2.1:23123] script not found or unable to stat: E:/nuevo/htdocs/admin.cgi
[Sun Mar 15 22:58:30.087667 2020] [cgi:error] [pid 4036:tid 16320] [client 172.22.2.1:23124] script not found or unable to stat: E:/nuevo/cgi-bin/printenv
[Sun Mar 15 22:58:30.118867 2020] [cgi:error] [pid 4036:tid 15728] [client 172.22.2.1:23125] script not found or unable to stat: E:/nuevo/htdocs/administrator.cgi
[Sun Mar 15 22:58:30.118867 2020] [cgi:error] [pid 4036:tid 16320] [client 172.22.2.1:23126] script not found or unable to stat: E:/nuevo/cgi-bin/printenv.cgi
[Sun Mar 15 22:58:30.150067 2020] [cgi:error] [pid 4036:tid 15728] [client 172.22.2.1:23127] script not found or unable to stat: E:/nuevo/htdocs/buglist.cgi
[Sun Mar 15 22:58:30.150067 2020] [cgi:error] [pid 4036:tid 16320] [client 172.22.2.1:23128] script not found or unable to stat: E:/nuevo/cgi-bin/quickstore.cgi
[Sun Mar 15 22:58:30.181268 2020] [cgi:error] [pid 4036:tid 16320] [client 172.22.2.1:23130] script not found or unable to stat: E:/nuevo/cgi-bin/search
[Sun Mar 15 22:58:30.243668 2020] [cgi:error] [pid 4036:tid 15728] [client 172.22.2.1:23132] script not found or unable to stat: E:/nuevo/cgi-bin/admin
[Sun Mar 15 22:58:30.243668 2020] [cgi:error] [pid 4036:tid 16320] [client 172.22.2.1:23133] script not found or unable to stat: E:/nuevo/cgi-bin/search.cgi
[Sun Mar 15 22:58:30.274868 2020] [cgi:error] [pid 4036:tid 15728] [client 172.22.2.1:23134] script not found or unable to stat: E:/nuevo/cgi-bin/admin.cgi
[Sun Mar 15 22:58:30.274868 2020] [cgi:error] [pid 4036:tid 16320] [client 172.22.2.1:23135] script not found or unable to stat: E:/nuevo/cgi-bin/search
[Sun Mar 15 22:58:30.306068 2020] [cgi:error] [pid 4036:tid 15728] [client 172.22.2.1:23136] script not found or unable to stat: E:/nuevo/cgi-bin/admin.pl
[Sun Mar 15 22:58:30.306068 2020] [cgi:error] [pid 4036:tid 16320] [client 172.22.2.1:23137] script not found or unable to stat: E:/nuevo/cgi-bin/status
[Sun Mar 15 22:58:30.337268 2020] [cgi:error] [pid 4036:tid 15728] [client 172.22.2.1:23138] script not found or unable to stat: E:/nuevo/cgi-bin/administrator
[Sun Mar 15 22:58:30.337268 2020] [cgi:error] [pid 4036:tid 16320] [client 172.22.2.1:23139] script not found or unable to stat: E:/nuevo/cgi-bin/status.cgi
[Sun Mar 15 22:58:30.368468 2020] [cgi:error] [pid 4036:tid 15728] [client 172.22.2.1:23140] script not found or unable to stat: E:/nuevo/cgi-bin/administrator.cgi
[Sun Mar 15 22:58:30.368468 2020] [cgi:error] [pid 4036:tid 16320] [client 172.22.2.1:23141] script not found or unable to stat: E:/nuevo/cgi-bin/test.cgi
[Sun Mar 15 22:58:30.399668 2020] [cgi:error] [pid 4036:tid 15728] [client 172.22.2.1:23143] script not found or unable to stat: E:/nuevo/cgi-bin/agorn.cgi
[Sun Mar 15 22:58:30.399668 2020] [cgi:error] [pid 4036:tid 16320] [client 172.22.2.1:23144] script not found or unable to stat: E:/nuevo/cgi-bin/test.sh
[Sun Mar 15 22:58:30.430868 2020] [cgi:error] [pid 4036:tid 15728] [client 172.22.2.1:23146] script not found or unable to stat: E:/nuevo/cgi-bin/bugreport.cgi
[Sun Mar 15 22:58:30.446468 2020] [cgi:error] [pid 4036:tid 16320] [client 172.22.2.1:23147] script not found or unable to stat: E:/nuevo/cgi-bin/test-cgi
[Sun Mar 15 22:58:30.462068 2020] [cgi:error] [pid 4036:tid 15728] [client 172.22.2.1:23148] script not found or unable to stat: E:/nuevo/cgi-bin/cart.cgi
[Sun Mar 15 22:58:30.493268 2020] [cgi:error] [pid 4036:tid 16320] [client 172.22.2.1:23149] script not found or unable to stat: E:/nuevo/cgi-bin/upload.cgi
[Sun Mar 15 22:58:30.508868 2020] [cgi:error] [pid 4036:tid 15728] [client 172.22.2.1:23150] script not found or unable to stat: E:/nuevo/cgi-bin/clwarn.cgi
[Sun Mar 15 22:58:30.524468 2020] [cgi:error] [pid 4036:tid 16320] [client 172.22.2.1:23151] script not found or unable to stat: E:/nuevo/cgi-bin/urlcount.cgi
[Sun Mar 15 22:58:30.540068 2020] [cgi:error] [pid 4036:tid 15728] [client 172.22.2.1:23152] script not found or unable to stat: E:/nuevo/cgi-bin/count.cgi
[Sun Mar 15 22:58:30.555668 2020] [cgi:error] [pid 4036:tid 16320] [client 172.22.2.1:23153] script not found or unable to stat: E:/nuevo/cgi-bin/viewcvs.cgi
[Sun Mar 15 22:58:30.571268 2020] [cgi:error] [pid 4036:tid 15728] [client 172.22.2.1:23154] script not found or unable to stat: E:/nuevo/cgi-bin/Count.cgi
[Sun Mar 15 22:58:30.586868 2020] [cgi:error] [pid 4036:tid 16320] [client 172.22.2.1:23155] script not found or unable to stat: E:/nuevo/cgi-bin/wa
[Sun Mar 15 22:58:30.602468 2020] [cgi:error] [pid 4036:tid 15728] [client 172.22.2.1:23156] script not found or unable to stat: E:/nuevo/cgi-bin/faqmanager.cgi
[Sun Mar 15 22:58:30.618068 2020] [cgi:error] [pid 4036:tid 16320] [client 172.22.2.1:23157] script not found or unable to stat: E:/nuevo/cgi-bin/wa.cgi
[Sun Mar 15 22:58:30.633668 2020] [cgi:error] [pid 4036:tid 15728] [client 172.22.2.1:23158] script not found or unable to stat: E:/nuevo/cgi-bin/FormHandler.cgi
[Sun Mar 15 22:58:30.680468 2020] [cgi:error] [pid 4036:tid 16320] [client 172.22.2.1:23159] script not found or unable to stat: E:/nuevo/cgi-bin/wa.exe
[Sun Mar 15 22:58:30.680468 2020] [cgi:error] [pid 4036:tid 15728] [client 172.22.2.1:23160] script not found or unable to stat: E:/nuevo/cgi-bin/FormMail.cgi
[Sun Mar 15 22:58:30.711668 2020] [cgi:error] [pid 4036:tid 16320] [client 172.22.2.1:23161] script not found or unable to stat: E:/nuevo/cgi-bin/whois.cgi
[Sun Mar 15 22:58:30.711668 2020] [cgi:error] [pid 4036:tid 15728] [client 172.22.2.1:23162] script not found or unable to stat: E:/nuevo/cgi-bin/guestbook.cgi
[Sun Mar 15 22:58:30.742869 2020] [cgi:error] [pid 4036:tid 15728] [client 172.22.2.1:23164] script not found or unable to stat: E:/nuevo/cgi-bin/help.cgi
[Sun Mar 15 22:58:30.789669 2020] [cgi:error] [pid 4036:tid 15728] [client 172.22.2.1:23167] script not found or unable to stat: E:/nuevo/cgi-bin/hi
[Sun Mar 15 22:58:30.820869 2020] [cgi:error] [pid 4036:tid 15728] [client 172.22.2.1:23169] script not found or unable to stat: E:/nuevo/cgi-bin/index.cgi
[Sun Mar 15 22:58:30.852069 2020] [cgi:error] [pid 4036:tid 15728] [client 172.22.2.1:23172] script not found or unable to stat: E:/nuevo/cgi-bin/index.pl
[Sun Mar 15 22:58:30.883269 2020] [cgi:error] [pid 4036:tid 16320] [client 172.22.2.1:23173] script not found or unable to stat: E:/nuevo/htdocs/index.cgi
[Sun Mar 15 22:58:30.883269 2020] [cgi:error] [pid 4036:tid 15728] [client 172.22.2.1:23174] script not found or unable to stat: E:/nuevo/cgi-bin/index.sh
[Sun Mar 15 22:58:30.914469 2020] [cgi:error] [pid 4036:tid 16320] [client 172.22.2.1:23175] script not found or unable to stat: E:/nuevo/htdocs/index.pl
[Sun Mar 15 22:58:30.914469 2020] [cgi:error] [pid 4036:tid 15728] [client 172.22.2.1:23176] script not found or unable to stat: E:/nuevo/cgi-bin/login.cgi
[Sun Mar 15 22:58:30.961269 2020] [cgi:error] [pid 4036:tid 15728] [client 172.22.2.1:23178] script not found or unable to stat: E:/nuevo/cgi-bin/mailit.pl
[Sun Mar 15 22:58:30.992469 2020] [cgi:error] [pid 4036:tid 16320] [client 172.22.2.1:23179] script not found or unable to stat: E:/nuevo/htdocs/nph-mr.cgi
[Sun Mar 15 22:58:30.992469 2020] [cgi:error] [pid 4036:tid 15728] [client 172.22.2.1:23180] script not found or unable to stat: E:/nuevo/cgi-bin/mt
[Sun Mar 15 22:58:31.023669 2020] [cgi:error] [pid 4036:tid 16320] [client 172.22.2.1:23181] script not found or unable to stat: E:/nuevo/htdocs/query.cgi
[Sun Mar 15 22:58:31.023669 2020] [cgi:error] [pid 4036:tid 15728] [client 172.22.2.1:23182] script not found or unable to stat: E:/nuevo/cgi-bin/mt
[Sun Mar 15 22:58:31.054869 2020] [cgi:error] [pid 4036:tid 16320] [client 172.22.2.1:23183] script not found or unable to stat: E:/nuevo/htdocs/session_login.cgi
[Sun Mar 15 22:58:31.054869 2020] [cgi:error] [pid 4036:tid 15728] [client 172.22.2.1:23184] script not found or unable to stat: E:/nuevo/cgi-bin/mt-static
[Sun Mar 15 22:58:31.086069 2020] [cgi:error] [pid 4036:tid 16320] [client 172.22.2.1:23185] script not found or unable to stat: E:/nuevo/htdocs/show_bug.cgi
[Sun Mar 15 22:58:31.086069 2020] [cgi:error] [pid 4036:tid 15728] [client 172.22.2.1:23186] script not found or unable to stat: E:/nuevo/cgi-bin/mt-static
[Sun Mar 15 22:58:31.117269 2020] [cgi:error] [pid 4036:tid 15728] [client 172.22.2.1:23188] script not found or unable to stat: E:/nuevo/cgi-bin/ncbook
[Sun Mar 15 22:58:31.132869 2020] [cgi:error] [pid 4036:tid 16320] [client 172.22.2.1:23189] script not found or unable to stat: E:/nuevo/htdocs/test.cgi
[Sun Mar 15 22:58:31.132869 2020] [cgi:error] [pid 4036:tid 15728] [client 172.22.2.1:23190] script not found or unable to stat: E:/nuevo/cgi-bin/printenv
[Sun Mar 15 22:58:31.148469 2020] [cgi:error] [pid 4036:tid 15728] [client 172.22.2.1:23192] script not found or unable to stat: E:/nuevo/cgi-bin/printenv.cgi
[Sun Mar 15 22:58:31.647670 2020] [cgi:error] [pid 4036:tid 16320] [client 172.22.2.1:23195] script not found or unable to stat: E:/nuevo/htdocs/whois.cgi
[Sun Mar 15 22:58:31.663270 2020] [cgi:error] [pid 4036:tid 15728] [client 172.22.2.1:23196] script not found or unable to stat: E:/nuevo/cgi-bin/quickstore.cgi
[Sun Mar 15 22:58:31.694470 2020] [cgi:error] [pid 4036:tid 15728] [client 172.22.2.1:23198] script not found or unable to stat: E:/nuevo/cgi-bin/search
[Sun Mar 15 22:58:31.694470 2020] [cgi:error] [pid 4036:tid 16320] [client 172.22.2.1:23199] script not found or unable to stat: E:/nuevo/htdocs/wwwadmin.cgi
[Sun Mar 15 22:58:31.710070 2020] [cgi:error] [pid 4036:tid 15728] [client 172.22.2.1:23200] script not found or unable to stat: E:/nuevo/cgi-bin/search.cgi
[Sun Mar 15 22:58:31.725670 2020] [cgi:error] [pid 4036:tid 16320] [client 172.22.2.1:23201] script not found or unable to stat: E:/nuevo/htdocs/wwwboard.cgi
[Sun Mar 15 22:58:31.725670 2020] [cgi:error] [pid 4036:tid 15728] [client 172.22.2.1:23202] script not found or unable to stat: E:/nuevo/cgi-bin/search
[Sun Mar 15 22:58:31.741270 2020] [authz_core:error] [pid 4036:tid 16320] [client 172.22.2.1:23204] AH01630: client denied by server configuration: E:/nuevo/htdocs/xampp/cgi.cgi
[Sun Mar 15 22:58:31.741270 2020] [cgi:error] [pid 4036:tid 15728] [client 172.22.2.1:23205] script not found or unable to stat: E:/nuevo/cgi-bin/status
[Sun Mar 15 22:58:31.772470 2020] [cgi:error] [pid 4036:tid 15728] [client 172.22.2.1:23206] script not found or unable to stat: E:/nuevo/cgi-bin/status.cgi
[Sun Mar 15 22:58:31.788070 2020] [cgi:error] [pid 4036:tid 15728] [client 172.22.2.1:23207] script not found or unable to stat: E:/nuevo/cgi-bin/test.cgi
[Sun Mar 15 22:58:31.803670 2020] [cgi:error] [pid 4036:tid 15728] [client 172.22.2.1:23208] script not found or unable to stat: E:/nuevo/cgi-bin/test.sh
[Sun Mar 15 22:58:31.819270 2020] [cgi:error] [pid 4036:tid 15728] [client 172.22.2.1:23209] script not found or unable to stat: E:/nuevo/cgi-bin/test-cgi
[Sun Mar 15 22:58:31.912871 2020] [cgi:error] [pid 4036:tid 15728] [client 172.22.2.1:23212] script not found or unable to stat: E:/nuevo/cgi-bin/upload.cgi
[Sun Mar 15 22:58:31.944071 2020] [cgi:error] [pid 4036:tid 15728] [client 172.22.2.1:23214] script not found or unable to stat: E:/nuevo/cgi-bin/urlcount.cgi
[Sun Mar 15 22:58:31.959671 2020] [cgi:error] [pid 4036:tid 15728] [client 172.22.2.1:23215] script not found or unable to stat: E:/nuevo/cgi-bin/viewcvs.cgi
[Sun Mar 15 22:58:31.990871 2020] [cgi:error] [pid 4036:tid 15728] [client 172.22.2.1:23216] script not found or unable to stat: E:/nuevo/cgi-bin/wa
[Sun Mar 15 22:58:32.006471 2020] [cgi:error] [pid 4036:tid 15728] [client 172.22.2.1:23218] script not found or unable to stat: E:/nuevo/cgi-bin/wa.cgi
[Sun Mar 15 22:58:32.022071 2020] [cgi:error] [pid 4036:tid 16320] [client 172.22.2.1:23217] script not found or unable to stat: E:/nuevo/htdocs/admin.cgi
[Sun Mar 15 22:58:32.068871 2020] [cgi:error] [pid 4036:tid 15728] [client 172.22.2.1:23219] script not found or unable to stat: E:/nuevo/cgi-bin/wa.exe
[Sun Mar 15 22:58:32.084471 2020] [cgi:error] [pid 4036:tid 16320] [client 172.22.2.1:23220] script not found or unable to stat: E:/nuevo/htdocs/administrator.cgi
[Sun Mar 15 22:58:32.100071 2020] [cgi:error] [pid 4036:tid 15728] [client 172.22.2.1:23221] script not found or unable to stat: E:/nuevo/cgi-bin/whois.cgi
[Sun Mar 15 22:58:32.146871 2020] [cgi:error] [pid 4036:tid 16320] [client 172.22.2.1:23222] script not found or unable to stat: E:/nuevo/htdocs/buglist.cgi
[Sun Mar 15 22:58:32.256071 2020] [cgi:error] [pid 4036:tid 15728] [client 172.22.2.1:23230] script not found or unable to stat: E:/nuevo/htdocs/index.cgi
[Sun Mar 15 22:58:32.256071 2020] [cgi:error] [pid 4036:tid 16320] [client 172.22.2.1:23229] script not found or unable to stat: E:/nuevo/cgi-bin/admin
[Sun Mar 15 22:58:32.271671 2020] [cgi:error] [pid 4036:tid 15728] [client 172.22.2.1:23231] script not found or unable to stat: E:/nuevo/htdocs/index.pl
[Sun Mar 15 22:58:32.302871 2020] [cgi:error] [pid 4036:tid 16320] [client 172.22.2.1:23232] script not found or unable to stat: E:/nuevo/cgi-bin/admin.cgi
[Sun Mar 15 22:58:32.318471 2020] [cgi:error] [pid 4036:tid 15728] [client 172.22.2.1:23234] script not found or unable to stat: E:/nuevo/htdocs/nph-mr.cgi
[Sun Mar 15 22:58:32.334071 2020] [cgi:error] [pid 4036:tid 15728] [client 172.22.2.1:23236] script not found or unable to stat: E:/nuevo/htdocs/query.cgi
[Sun Mar 15 22:58:32.349671 2020] [cgi:error] [pid 4036:tid 16320] [client 172.22.2.1:23235] script not found or unable to stat: E:/nuevo/cgi-bin/admin.pl
[Sun Mar 15 22:58:32.365271 2020] [cgi:error] [pid 4036:tid 15728] [client 172.22.2.1:23237] script not found or unable to stat: E:/nuevo/htdocs/session_login.cgi
[Sun Mar 15 22:58:32.396471 2020] [cgi:error] [pid 4036:tid 16320] [client 172.22.2.1:23238] script not found or unable to stat: E:/nuevo/cgi-bin/administrator
[Sun Mar 15 22:58:32.396471 2020] [cgi:error] [pid 4036:tid 15728] [client 172.22.2.1:23239] script not found or unable to stat: E:/nuevo/htdocs/show_bug.cgi
[Sun Mar 15 22:58:32.443271 2020] [cgi:error] [pid 4036:tid 15728] [client 172.22.2.1:23242] script not found or unable to stat: E:/nuevo/htdocs/test.cgi
[Sun Mar 15 22:58:32.443271 2020] [cgi:error] [pid 4036:tid 16320] [client 172.22.2.1:23241] script not found or unable to stat: E:/nuevo/cgi-bin/administrator.cgi
[Sun Mar 15 22:58:32.490072 2020] [cgi:error] [pid 4036:tid 15728] [client 172.22.2.1:23245] script not found or unable to stat: E:/nuevo/htdocs/whois.cgi
[Sun Mar 15 22:58:32.490072 2020] [cgi:error] [pid 4036:tid 16320] [client 172.22.2.1:23244] script not found or unable to stat: E:/nuevo/cgi-bin/agorn.cgi
[Sun Mar 15 22:58:32.536872 2020] [cgi:error] [pid 4036:tid 15728] [client 172.22.2.1:23248] script not found or unable to stat: E:/nuevo/htdocs/wwwadmin.cgi
[Sun Mar 15 22:58:32.536872 2020] [cgi:error] [pid 4036:tid 16320] [client 172.22.2.1:23247] script not found or unable to stat: E:/nuevo/cgi-bin/bugreport.cgi
[Sun Mar 15 22:58:32.552472 2020] [cgi:error] [pid 4036:tid 15728] [client 172.22.2.1:23249] script not found or unable to stat: E:/nuevo/htdocs/wwwboard.cgi
[Sun Mar 15 22:58:32.583672 2020] [cgi:error] [pid 4036:tid 16320] [client 172.22.2.1:23250] script not found or unable to stat: E:/nuevo/cgi-bin/cart.cgi
[Sun Mar 15 22:58:32.599272 2020] [authz_core:error] [pid 4036:tid 15728] [client 172.22.2.1:23251] AH01630: client denied by server configuration: E:/nuevo/htdocs/xampp/cgi.cgi
[Sun Mar 15 22:58:32.630472 2020] [cgi:error] [pid 4036:tid 16320] [client 172.22.2.1:23252] script not found or unable to stat: E:/nuevo/cgi-bin/clwarn.cgi
[Sun Mar 15 22:58:32.677272 2020] [cgi:error] [pid 4036:tid 16320] [client 172.22.2.1:23253] script not found or unable to stat: E:/nuevo/cgi-bin/count.cgi
[Sun Mar 15 22:58:32.770872 2020] [cgi:error] [pid 4036:tid 17584] [client 172.22.2.1:23254] script not found or unable to stat: E:/nuevo/cgi-bin/Count.cgi
[Sun Mar 15 22:58:32.817672 2020] [cgi:error] [pid 4036:tid 17584] [client 172.22.2.1:23257] script not found or unable to stat: E:/nuevo/cgi-bin/faqmanager.cgi
[Sun Mar 15 22:58:32.864472 2020] [cgi:error] [pid 4036:tid 17584] [client 172.22.2.1:23259] script not found or unable to stat: E:/nuevo/cgi-bin/FormHandler.cgi
[Sun Mar 15 22:58:32.911272 2020] [cgi:error] [pid 4036:tid 16320] [client 172.22.2.1:23260] script not found or unable to stat: E:/nuevo/htdocs/admin.cgi
[Sun Mar 15 22:58:32.926872 2020] [cgi:error] [pid 4036:tid 17584] [client 172.22.2.1:23261] script not found or unable to stat: E:/nuevo/cgi-bin/FormMail.cgi
[Sun Mar 15 22:58:32.973672 2020] [cgi:error] [pid 4036:tid 16320] [client 172.22.2.1:23262] script not found or unable to stat: E:/nuevo/htdocs/administrator.cgi
[Sun Mar 15 22:58:32.973672 2020] [cgi:error] [pid 4036:tid 16032] [client 172.22.2.1:23263] script not found or unable to stat: E:/nuevo/cgi-bin/guestbook.cgi
[Sun Mar 15 22:58:33.020473 2020] [cgi:error] [pid 4036:tid 16320] [client 172.22.2.1:23264] script not found or unable to stat: E:/nuevo/htdocs/buglist.cgi
[Sun Mar 15 22:58:33.036073 2020] [cgi:error] [pid 4036:tid 16032] [client 172.22.2.1:23265] script not found or unable to stat: E:/nuevo/cgi-bin/help.cgi
[Sun Mar 15 22:58:33.098473 2020] [cgi:error] [pid 4036:tid 16032] [client 172.22.2.1:23267] script not found or unable to stat: E:/nuevo/cgi-bin/hi
[Sun Mar 15 22:58:33.129673 2020] [cgi:error] [pid 4036:tid 16320] [client 172.22.2.1:23268] script not found or unable to stat: E:/nuevo/cgi-bin/admin
[Sun Mar 15 22:58:33.145273 2020] [cgi:error] [pid 4036:tid 17584] [client 172.22.2.1:23269] script not found or unable to stat: E:/nuevo/cgi-bin/index.cgi
[Sun Mar 15 22:58:33.192073 2020] [cgi:error] [pid 4036:tid 16320] [client 172.22.2.1:23270] script not found or unable to stat: E:/nuevo/cgi-bin/admin.cgi
[Sun Mar 15 22:58:33.192073 2020] [cgi:error] [pid 4036:tid 17584] [client 172.22.2.1:23271] script not found or unable to stat: E:/nuevo/cgi-bin/index.pl
[Sun Mar 15 22:58:33.238873 2020] [cgi:error] [pid 4036:tid 16320] [client 172.22.2.1:23272] script not found or unable to stat: E:/nuevo/cgi-bin/admin.pl
[Sun Mar 15 22:58:33.238873 2020] [cgi:error] [pid 4036:tid 17584] [client 172.22.2.1:23273] script not found or unable to stat: E:/nuevo/cgi-bin/index.sh
[Sun Mar 15 22:58:33.301273 2020] [cgi:error] [pid 4036:tid 17584] [client 172.22.2.1:23274] script not found or unable to stat: E:/nuevo/cgi-bin/administrator
[Sun Mar 15 22:58:33.301273 2020] [cgi:error] [pid 4036:tid 16320] [client 172.22.2.1:23275] script not found or unable to stat: E:/nuevo/cgi-bin/login
[Sun Mar 15 22:58:33.363673 2020] [cgi:error] [pid 4036:tid 16320] [client 172.22.2.1:23277] script not found or unable to stat: E:/nuevo/cgi-bin/login.cgi
[Sun Mar 15 22:58:33.363673 2020] [cgi:error] [pid 4036:tid 17584] [client 172.22.2.1:23276] script not found or unable to stat: E:/nuevo/cgi-bin/administrator.cgi
[Sun Mar 15 22:58:33.394873 2020] [cgi:error] [pid 4036:tid 17584] [client 172.22.2.1:23278] script not found or unable to stat: E:/nuevo/cgi-bin/mailit.pl
[Sun Mar 15 22:58:33.394873 2020] [cgi:error] [pid 4036:tid 16320] [client 172.22.2.1:23279] script not found or unable to stat: E:/nuevo/cgi-bin/agorn.cgi
[Sun Mar 15 22:58:33.472873 2020] [cgi:error] [pid 4036:tid 17584] [client 172.22.2.1:23280] script not found or unable to stat: E:/nuevo/cgi-bin/mt
[Sun Mar 15 22:58:33.472873 2020] [cgi:error] [pid 4036:tid 16320] [client 172.22.2.1:23281] script not found or unable to stat: E:/nuevo/cgi-bin/bugreport.cgi
[Sun Mar 15 22:58:33.519673 2020] [cgi:error] [pid 4036:tid 17584] [client 172.22.2.1:23282] script not found or unable to stat: E:/nuevo/cgi-bin/mt
[Sun Mar 15 22:58:33.535273 2020] [cgi:error] [pid 4036:tid 16320] [client 172.22.2.1:23283] script not found or unable to stat: E:/nuevo/cgi-bin/cart.cgi
[Sun Mar 15 22:58:33.582073 2020] [cgi:error] [pid 4036:tid 17584] [client 172.22.2.1:23284] script not found or unable to stat: E:/nuevo/cgi-bin/mt-static
[Sun Mar 15 22:58:33.613274 2020] [cgi:error] [pid 4036:tid 16320] [client 172.22.2.1:23285] script not found or unable to stat: E:/nuevo/cgi-bin/clwarn.cgi
[Sun Mar 15 22:58:33.675674 2020] [cgi:error] [pid 4036:tid 17584] [client 172.22.2.1:23286] script not found or unable to stat: E:/nuevo/cgi-bin/mt-static
[Sun Mar 15 22:58:33.675674 2020] [cgi:error] [pid 4036:tid 16320] [client 172.22.2.1:23287] script not found or unable to stat: E:/nuevo/cgi-bin/count.cgi
[Sun Mar 15 22:58:33.706874 2020] [cgi:error] [pid 4036:tid 17584] [client 172.22.2.1:23288] script not found or unable to stat: E:/nuevo/cgi-bin/ncbook
[Sun Mar 15 22:58:33.738074 2020] [cgi:error] [pid 4036:tid 16320] [client 172.22.2.1:23289] script not found or unable to stat: E:/nuevo/cgi-bin/Count.cgi
[Sun Mar 15 22:58:33.769274 2020] [cgi:error] [pid 4036:tid 17584] [client 172.22.2.1:23290] script not found or unable to stat: E:/nuevo/cgi-bin/printenv
[Sun Mar 15 22:58:33.800474 2020] [cgi:error] [pid 4036:tid 16320] [client 172.22.2.1:23291] script not found or unable to stat: E:/nuevo/cgi-bin/faqmanager.cgi
[Sun Mar 15 22:58:33.909674 2020] [cgi:error] [pid 4036:tid 17584] [client 172.22.2.1:23293] script not found or unable to stat: E:/nuevo/cgi-bin/printenv.cgi
[Sun Mar 15 22:58:33.909674 2020] [cgi:error] [pid 4036:tid 18224] [client 172.22.2.1:23294] script not found or unable to stat: E:/nuevo/cgi-bin/FormHandler.cgi
[Sun Mar 15 22:58:33.956474 2020] [cgi:error] [pid 4036:tid 18224] [client 172.22.2.1:23295] script not found or unable to stat: E:/nuevo/cgi-bin/quickstore.cgi
[Sun Mar 15 22:58:33.956474 2020] [cgi:error] [pid 4036:tid 17584] [client 172.22.2.1:23296] script not found or unable to stat: E:/nuevo/cgi-bin/FormMail.cgi
[Sun Mar 15 22:58:34.018874 2020] [cgi:error] [pid 4036:tid 17584] [client 172.22.2.1:23297] script not found or unable to stat: E:/nuevo/cgi-bin/search
[Sun Mar 15 22:58:34.018874 2020] [cgi:error] [pid 4036:tid 18224] [client 172.22.2.1:23298] script not found or unable to stat: E:/nuevo/cgi-bin/guestbook.cgi
[Sun Mar 15 22:58:34.081274 2020] [cgi:error] [pid 4036:tid 17584] [client 172.22.2.1:23300] script not found or unable to stat: E:/nuevo/cgi-bin/help.cgi
[Sun Mar 15 22:58:34.081274 2020] [cgi:error] [pid 4036:tid 18224] [client 172.22.2.1:23299] script not found or unable to stat: E:/nuevo/cgi-bin/search.cgi
[Sun Mar 15 22:58:34.143674 2020] [cgi:error] [pid 4036:tid 17584] [client 172.22.2.1:23301] script not found or unable to stat: E:/nuevo/cgi-bin/search
[Sun Mar 15 22:58:34.159275 2020] [cgi:error] [pid 4036:tid 18224] [client 172.22.2.1:23302] script not found or unable to stat: E:/nuevo/cgi-bin/hi
[Sun Mar 15 22:58:34.190475 2020] [cgi:error] [pid 4036:tid 17584] [client 172.22.2.1:23303] script not found or unable to stat: E:/nuevo/cgi-bin/status
[Sun Mar 15 22:58:34.206075 2020] [cgi:error] [pid 4036:tid 18224] [client 172.22.2.1:23304] script not found or unable to stat: E:/nuevo/cgi-bin/index.cgi
[Sun Mar 15 22:58:34.237275 2020] [cgi:error] [pid 4036:tid 17584] [client 172.22.2.1:23305] script not found or unable to stat: E:/nuevo/cgi-bin/status.cgi
[Sun Mar 15 22:58:34.268475 2020] [cgi:error] [pid 4036:tid 18224] [client 172.22.2.1:23306] script not found or unable to stat: E:/nuevo/cgi-bin/index.pl
[Sun Mar 15 22:58:34.299675 2020] [cgi:error] [pid 4036:tid 17584] [client 172.22.2.1:23307] script not found or unable to stat: E:/nuevo/cgi-bin/test.cgi
[Sun Mar 15 22:58:34.346475 2020] [cgi:error] [pid 4036:tid 18224] [client 172.22.2.1:23308] script not found or unable to stat: E:/nuevo/cgi-bin/index.sh
[Sun Mar 15 22:58:34.377675 2020] [cgi:error] [pid 4036:tid 17584] [client 172.22.2.1:23309] script not found or unable to stat: E:/nuevo/cgi-bin/test.sh
[Sun Mar 15 22:58:34.424475 2020] [cgi:error] [pid 4036:tid 18224] [client 172.22.2.1:23310] script not found or unable to stat: E:/nuevo/cgi-bin/login.cgi
[Sun Mar 15 22:58:34.424475 2020] [cgi:error] [pid 4036:tid 17584] [client 172.22.2.1:23311] script not found or unable to stat: E:/nuevo/cgi-bin/test-cgi
[Sun Mar 15 22:58:34.455675 2020] [cgi:error] [pid 4036:tid 18224] [client 172.22.2.1:23312] script not found or unable to stat: E:/nuevo/cgi-bin/mailit.pl
[Sun Mar 15 22:58:34.455675 2020] [cgi:error] [pid 4036:tid 17584] [client 172.22.2.1:23313] script not found or unable to stat: E:/nuevo/cgi-bin/upload.cgi
[Sun Mar 15 22:58:34.518075 2020] [cgi:error] [pid 4036:tid 18224] [client 172.22.2.1:23315] script not found or unable to stat: E:/nuevo/cgi-bin/urlcount.cgi
[Sun Mar 15 22:58:34.518075 2020] [cgi:error] [pid 4036:tid 17584] [client 172.22.2.1:23314] script not found or unable to stat: E:/nuevo/cgi-bin/mt
[Sun Mar 15 22:58:34.564875 2020] [cgi:error] [pid 4036:tid 18224] [client 172.22.2.1:23316] script not found or unable to stat: E:/nuevo/cgi-bin/viewcvs.cgi
[Sun Mar 15 22:58:34.564875 2020] [cgi:error] [pid 4036:tid 17584] [client 172.22.2.1:23317] script not found or unable to stat: E:/nuevo/cgi-bin/mt
[Sun Mar 15 22:58:34.611675 2020] [cgi:error] [pid 4036:tid 17584] [client 172.22.2.1:23318] script not found or unable to stat: E:/nuevo/cgi-bin/wa
[Sun Mar 15 22:58:34.627275 2020] [cgi:error] [pid 4036:tid 18224] [client 172.22.2.1:23319] script not found or unable to stat: E:/nuevo/cgi-bin/mt-static
[Sun Mar 15 22:58:34.689675 2020] [cgi:error] [pid 4036:tid 17584] [client 172.22.2.1:23320] script not found or unable to stat: E:/nuevo/cgi-bin/wa.cgi
[Sun Mar 15 22:58:34.689675 2020] [cgi:error] [pid 4036:tid 18224] [client 172.22.2.1:23321] script not found or unable to stat: E:/nuevo/cgi-bin/mt-static
[Sun Mar 15 22:58:34.736476 2020] [cgi:error] [pid 4036:tid 17584] [client 172.22.2.1:23322] script not found or unable to stat: E:/nuevo/cgi-bin/wa.exe
[Sun Mar 15 22:58:34.752076 2020] [cgi:error] [pid 4036:tid 18224] [client 172.22.2.1:23323] script not found or unable to stat: E:/nuevo/cgi-bin/ncbook
[Sun Mar 15 22:58:34.798876 2020] [cgi:error] [pid 4036:tid 18224] [client 172.22.2.1:23325] script not found or unable to stat: E:/nuevo/cgi-bin/printenv
[Sun Mar 15 22:58:34.798876 2020] [cgi:error] [pid 4036:tid 17584] [client 172.22.2.1:23324] script not found or unable to stat: E:/nuevo/cgi-bin/whois.cgi
[Sun Mar 15 22:58:34.861276 2020] [cgi:error] [pid 4036:tid 17584] [client 172.22.2.1:23327] script not found or unable to stat: E:/nuevo/cgi-bin/printenv.cgi
[Sun Mar 15 22:58:34.954876 2020] [cgi:error] [pid 4036:tid 18908] [client 172.22.2.1:23330] script not found or unable to stat: E:/nuevo/cgi-bin/quickstore.cgi
[Sun Mar 15 22:58:35.017276 2020] [cgi:error] [pid 4036:tid 17584] [client 172.22.2.1:23333] script not found or unable to stat: E:/nuevo/cgi-bin/search
[Sun Mar 15 22:58:35.064076 2020] [cgi:error] [pid 4036:tid 17584] [client 172.22.2.1:23335] script not found or unable to stat: E:/nuevo/cgi-bin/search.cgi
[Sun Mar 15 22:58:35.095276 2020] [cgi:error] [pid 4036:tid 18224] [client 172.22.2.1:23336] script not found or unable to stat: E:/nuevo/htdocs/index.cgi
[Sun Mar 15 22:58:35.110876 2020] [cgi:error] [pid 4036:tid 17584] [client 172.22.2.1:23337] script not found or unable to stat: E:/nuevo/cgi-bin/search
[Sun Mar 15 22:58:35.157676 2020] [cgi:error] [pid 4036:tid 18224] [client 172.22.2.1:23338] script not found or unable to stat: E:/nuevo/htdocs/index.pl
[Sun Mar 15 22:58:35.157676 2020] [cgi:error] [pid 4036:tid 17584] [client 172.22.2.1:23339] script not found or unable to stat: E:/nuevo/cgi-bin/status
[Sun Mar 15 22:58:35.220076 2020] [cgi:error] [pid 4036:tid 18224] [client 172.22.2.1:23341] script not found or unable to stat: E:/nuevo/cgi-bin/status.cgi
[Sun Mar 15 22:58:35.251276 2020] [cgi:error] [pid 4036:tid 18224] [client 172.22.2.1:23343] script not found or unable to stat: E:/nuevo/htdocs/nph-mr.cgi
[Sun Mar 15 22:58:35.251276 2020] [cgi:error] [pid 4036:tid 17584] [client 172.22.2.1:23344] script not found or unable to stat: E:/nuevo/cgi-bin/test.cgi
[Sun Mar 15 22:58:35.298077 2020] [cgi:error] [pid 4036:tid 18224] [client 172.22.2.1:23345] script not found or unable to stat: E:/nuevo/htdocs/query.cgi
[Sun Mar 15 22:58:35.313677 2020] [cgi:error] [pid 4036:tid 17584] [client 172.22.2.1:23346] script not found or unable to stat: E:/nuevo/cgi-bin/test.sh
[Sun Mar 15 22:58:35.344877 2020] [cgi:error] [pid 4036:tid 18224] [client 172.22.2.1:23347] script not found or unable to stat: E:/nuevo/htdocs/session_login.cgi
[Sun Mar 15 22:58:35.344877 2020] [cgi:error] [pid 4036:tid 17584] [client 172.22.2.1:23348] script not found or unable to stat: E:/nuevo/cgi-bin/test-cgi
[Sun Mar 15 22:58:35.391677 2020] [cgi:error] [pid 4036:tid 18224] [client 172.22.2.1:23349] script not found or unable to stat: E:/nuevo/htdocs/show_bug.cgi
[Sun Mar 15 22:58:35.391677 2020] [cgi:error] [pid 4036:tid 17584] [client 172.22.2.1:23350] script not found or unable to stat: E:/nuevo/cgi-bin/upload.cgi
[Sun Mar 15 22:58:35.438477 2020] [cgi:error] [pid 4036:tid 17584] [client 172.22.2.1:23352] script not found or unable to stat: E:/nuevo/cgi-bin/urlcount.cgi
[Sun Mar 15 22:58:35.485277 2020] [cgi:error] [pid 4036:tid 17864] [client 172.22.2.1:23353] script not found or unable to stat: E:/nuevo/htdocs/test.cgi
[Sun Mar 15 22:58:35.485277 2020] [cgi:error] [pid 4036:tid 17584] [client 172.22.2.1:23354] script not found or unable to stat: E:/nuevo/cgi-bin/viewcvs.cgi
[Sun Mar 15 22:58:35.532077 2020] [cgi:error] [pid 4036:tid 17584] [client 172.22.2.1:23356] script not found or unable to stat: E:/nuevo/cgi-bin/wa
[Sun Mar 15 22:58:35.563277 2020] [cgi:error] [pid 4036:tid 17584] [client 172.22.2.1:23357] script not found or unable to stat: E:/nuevo/htdocs/whois.cgi
[Sun Mar 15 22:58:35.578877 2020] [cgi:error] [pid 4036:tid 17864] [client 172.22.2.1:23358] script not found or unable to stat: E:/nuevo/cgi-bin/wa.cgi
[Sun Mar 15 22:58:36.171678 2020] [cgi:error] [pid 4036:tid 17864] [client 172.22.2.1:23362] script not found or unable to stat: E:/nuevo/cgi-bin/wa.exe
[Sun Mar 15 22:58:36.218478 2020] [cgi:error] [pid 4036:tid 17584] [client 172.22.2.1:23363] script not found or unable to stat: E:/nuevo/htdocs/wwwadmin.cgi
[Sun Mar 15 22:58:36.234078 2020] [cgi:error] [pid 4036:tid 17864] [client 172.22.2.1:23364] script not found or unable to stat: E:/nuevo/cgi-bin/whois.cgi
[Sun Mar 15 22:58:36.265278 2020] [cgi:error] [pid 4036:tid 17584] [client 172.22.2.1:23365] script not found or unable to stat: E:/nuevo/htdocs/wwwboard.cgi
[Sun Mar 15 22:58:36.358878 2020] [authz_core:error] [pid 4036:tid 17584] [client 172.22.2.1:23367] AH01630: client denied by server configuration: E:/nuevo/htdocs/xampp/cgi.cgi
[Sun Mar 15 22:58:36.483679 2020] [cgi:error] [pid 4036:tid 17864] [client 172.22.2.1:23371] script not found or unable to stat: E:/nuevo/htdocs/index.cgi
[Sun Mar 15 22:58:36.655279 2020] [cgi:error] [pid 4036:tid 17864] [client 172.22.2.1:23373] script not found or unable to stat: E:/nuevo/htdocs/index.pl
[Sun Mar 15 22:58:36.717679 2020] [cgi:error] [pid 4036:tid 17864] [client 172.22.2.1:23376] script not found or unable to stat: E:/nuevo/htdocs/nph-mr.cgi
[Sun Mar 15 22:58:36.748879 2020] [cgi:error] [pid 4036:tid 17864] [client 172.22.2.1:23377] script not found or unable to stat: E:/nuevo/htdocs/query.cgi
[Sun Mar 15 22:58:36.764479 2020] [core:error] [pid 4036:tid 17584] (20024)The given path is misformatted or contained invalid characters: [client 172.22.2.1:23374] AH00127: Cannot map GET //${%23w%3d%23context.get('com.opensymphony.xwork2.dispatcher.HttpServletResponse').getWriter(),%23w.print('Nessus%20Response:%20'),%23w.println('struts_2_3_14_3_command_execution-1933093939'),%23w.flush(),%23w.close()}.action HTTP/1.1 to file
[Sun Mar 15 22:58:36.780079 2020] [cgi:error] [pid 4036:tid 17864] [client 172.22.2.1:23378] script not found or unable to stat: E:/nuevo/htdocs/session_login.cgi
[Sun Mar 15 22:58:36.826879 2020] [cgi:error] [pid 4036:tid 17864] [client 172.22.2.1:23379] script not found or unable to stat: E:/nuevo/htdocs/show_bug.cgi
[Sun Mar 15 22:58:36.904879 2020] [cgi:error] [pid 4036:tid 17864] [client 172.22.2.1:23382] script not found or unable to stat: E:/nuevo/htdocs/test.cgi
[Sun Mar 15 22:58:36.982879 2020] [cgi:error] [pid 4036:tid 17864] [client 172.22.2.1:23385] script not found or unable to stat: E:/nuevo/htdocs/whois.cgi
[Sun Mar 15 22:58:37.014080 2020] [core:error] [pid 4036:tid 17584] (20024)The given path is misformatted or contained invalid characters: [client 172.22.2.1:23383] AH00127: Cannot map GET //${%23w%3d%23context.get('com.opensymphony.xwork2.dispatcher.HttpServletResponse').getWriter(),%23w.print('Nessus%20Response:%20'),%23w.println('struts_2_3_14_3_command_execution-2106987511'),%23w.flush(),%23w.close()}.action HTTP/1.1 to file
[Sun Mar 15 22:58:37.060880 2020] [cgi:error] [pid 4036:tid 17864] [client 172.22.2.1:23388] script not found or unable to stat: E:/nuevo/htdocs/wwwadmin.cgi
[Sun Mar 15 22:58:37.092080 2020] [cgi:error] [pid 4036:tid 17864] [client 172.22.2.1:23389] script not found or unable to stat: E:/nuevo/htdocs/wwwboard.cgi
[Sun Mar 15 22:58:37.138880 2020] [authz_core:error] [pid 4036:tid 17584] [client 172.22.2.1:23390] AH01630: client denied by server configuration: E:/nuevo/htdocs/xampp/cgi.cgi
[Sun Mar 15 22:58:37.840881 2020] [core:error] [pid 4036:tid 17404] [client 172.22.2.1:23409] AH00126: Invalid URI in request GET /././.. HTTP/1.1
[Sun Mar 15 22:58:37.918881 2020] [core:error] [pid 4036:tid 17404] [client 172.22.2.1:23412] AH00126: Invalid URI in request GET ././././././././././././././././././././././././././././././././././././././././././././././././././././././././././././././././././././././././././././././././././././././././././././././././../../../../../../../../ HTTP/1.1
[Sun Mar 15 22:58:37.981281 2020] [core:error] [pid 4036:tid 17404] [client 172.22.2.1:23415] AH00126: Invalid URI in request GET /././.. HTTP/1.1
[Sun Mar 15 22:58:38.043681 2020] [core:error] [pid 4036:tid 17404] [client 172.22.2.1:23418] AH00126: Invalid URI in request GET ././././././././././././././././././././././././././././././././././././././././././././././././././././././././././././././././././././././././././././././././././././././././././././././././../../../../../../../../ HTTP/1.1
[Sun Mar 15 22:58:39.260483 2020] [core:error] [pid 4036:tid 17584] [client 172.22.2.1:23451] AH00126: Invalid URI in request GET /..\\pixfir~1\\how_to_login.html HTTP/1.1
[Sun Mar 15 22:58:39.463284 2020] [core:error] [pid 4036:tid 17584] [client 172.22.2.1:23457] AH00126: Invalid URI in request GET /..\\pixfir~1\\how_to_login.html HTTP/1.1
[Sun Mar 15 22:58:39.884485 2020] [cgi:error] [pid 4036:tid 17584] [client 172.22.2.1:23474] script not found or unable to stat: E:/nuevo/cgi-bin/faqmanager.cgi
[Sun Mar 15 22:58:40.336885 2020] [cgi:error] [pid 4036:tid 17584] [client 172.22.2.1:23478] script not found or unable to stat: E:/nuevo/cgi-bin/faqmanager.cgi

:: Command execute ::

Enter:
 
Select:
 

:: Search ::
regexp 

:: Upload ::
 
[ ok ]

:: Make Dir ::
 
[ ok ]
:: Make File ::
 
[ ok ]

:: Go Dir ::
 
:: Go File ::
 

--[ c99shell v. 1.0 pre-release build #13 powered by Captain Crunch Security Team | http://ccteam.ru | Generation time: 0.0468 ]--