!C99Shell v. 1.0 pre-release build #13!

Software: Apache. PHP/5.5.15 

uname -a: Windows NT SVR-DMZ 6.1 build 7600 (Windows Server 2008 R2 Enterprise Edition) i586 

SYSTEM 

Safe-mode: OFF (not secure)

E:\nuevo\apache\logs\   drwxrwxrwx
Free 9.41 GB of 239.26 GB (3.93%)
Detected drives: [ a ] [ c ] [ d ] [ e ] [ f ]
Home    Back    Forward    UPDIR    Refresh    Search    Buffer    Encoder    Tools    Proc.    FTP brute    Sec.    SQL    PHP-code    Update    Feedback    Self remove    Logout    


Viewing file:     error.2020.03.22.log (94.63 KB)      -rw-rw-rw-
Select action/file-type:
(+) | (+) | (+) | Code (+) | Session (+) | (+) | SDB (+) | (+) | (+) | (+) | (+) | (+) |
[Sun Mar 22 00:59:35.015014 2020] [mpm_winnt:warn] [pid 4036:tid 21864] (OS 64)The specified network name is no longer available.  : AH00341: winnt_accept: Asynchronous AcceptEx failed.
[Sun Mar 22 00:59:52.861445 2020] [cgi:error] [pid 4036:tid 17928] [client 128.14.133.58:40136] script not found or unable to stat: E:/nuevo/cgi-bin/config.exp
[Sun Mar 22 01:04:55.392776 2020] [proxy:error] [pid 4036:tid 14684] (OS 10060)A connection attempt failed because the connected party did not properly respond after a period of time, or established connection failed because connected host has failed to respond.  : AH00957: HTTP: attempt to connect to 172.22.1.51:8399 (172.22.1.51) failed
[Sun Mar 22 01:04:55.392776 2020] [proxy:error] [pid 4036:tid 14684] AH00959: ap_proxy_connect_backend disabling worker for (172.22.1.51) for 60s
[Sun Mar 22 01:04:55.392776 2020] [proxy_http:error] [pid 4036:tid 14684] [client 152.61.192.232:53422] AH01114: HTTP: failed to make connection to backend: 172.22.1.51
[Sun Mar 22 01:04:55.626777 2020] [proxy:error] [pid 4036:tid 14684] AH00940: HTTP: disabled connection for (172.22.1.51)
[Sun Mar 22 01:04:55.860777 2020] [proxy:error] [pid 4036:tid 14684] AH00940: HTTP: disabled connection for (172.22.1.51)
[Sun Mar 22 01:36:18.862084 2020] [proxy_http:error] [pid 4036:tid 16428] (20014)Internal error: [client 201.245.192.253:45360] AH01102: error reading status line from remote server 172.22.1.16:18080
[Sun Mar 22 01:36:18.862084 2020] [proxy:error] [pid 4036:tid 16428] [client 201.245.192.253:45360] AH00898: Error reading from remote server returned by /kwsrmcab/Wsrmcab
[Sun Mar 22 03:23:58.225030 2020] [proxy:error] [pid 4036:tid 17744] (OS 10060)A connection attempt failed because the connected party did not properly respond after a period of time, or established connection failed because connected host has failed to respond.  : AH00957: HTTP: attempt to connect to 172.22.1.51:8399 (172.22.1.51) failed
[Sun Mar 22 03:23:58.225030 2020] [proxy:error] [pid 4036:tid 17744] AH00959: ap_proxy_connect_backend disabling worker for (172.22.1.51) for 60s
[Sun Mar 22 03:23:58.225030 2020] [proxy_http:error] [pid 4036:tid 17744] [client 152.61.128.50:57863] AH01114: HTTP: failed to make connection to backend: 172.22.1.51
[Sun Mar 22 03:23:58.443430 2020] [proxy:error] [pid 4036:tid 17744] AH00940: HTTP: disabled connection for (172.22.1.51)
[Sun Mar 22 03:23:58.677430 2020] [proxy:error] [pid 4036:tid 17744] AH00940: HTTP: disabled connection for (172.22.1.51)
[Sun Mar 22 03:34:09.886504 2020] [mpm_winnt:warn] [pid 4036:tid 21864] (OS 64)The specified network name is no longer available.  : AH00341: winnt_accept: Asynchronous AcceptEx failed.
[Sun Mar 22 04:19:18.878062 2020] [mpm_winnt:warn] [pid 4036:tid 21864] (OS 64)The specified network name is no longer available.  : AH00341: winnt_accept: Asynchronous AcceptEx failed.
[Sun Mar 22 04:19:47.628913 2020] [mpm_winnt:warn] [pid 4036:tid 21864] (OS 64)The specified network name is no longer available.  : AH00341: winnt_accept: Asynchronous AcceptEx failed.
[Sun Mar 22 04:57:53.656928 2020] [mpm_winnt:warn] [pid 4036:tid 21864] (OS 64)The specified network name is no longer available.  : AH00341: winnt_accept: Asynchronous AcceptEx failed.
[Sun Mar 22 05:47:53.089796 2020] [mpm_winnt:warn] [pid 4036:tid 21864] (OS 64)The specified network name is no longer available.  : AH00341: winnt_accept: Asynchronous AcceptEx failed.
[Sun Mar 22 06:07:42.061484 2020] [mpm_winnt:warn] [pid 4036:tid 21864] (OS 64)The specified network name is no longer available.  : AH00341: winnt_accept: Asynchronous AcceptEx failed.
[Sun Mar 22 06:10:10.261745 2020] [mpm_winnt:warn] [pid 4036:tid 21864] (OS 64)The specified network name is no longer available.  : AH00341: winnt_accept: Asynchronous AcceptEx failed.
[Sun Mar 22 06:10:10.542545 2020] [mpm_winnt:warn] [pid 4036:tid 21864] (OS 64)The specified network name is no longer available.  : AH00341: winnt_accept: Asynchronous AcceptEx failed.
[Sun Mar 22 06:46:25.732366 2020] [mpm_winnt:warn] [pid 4036:tid 21864] (OS 64)The specified network name is no longer available.  : AH00341: winnt_accept: Asynchronous AcceptEx failed.
[Sun Mar 22 08:04:59.826646 2020] [mpm_winnt:warn] [pid 4036:tid 21864] (OS 64)The specified network name is no longer available.  : AH00341: winnt_accept: Asynchronous AcceptEx failed.
[Sun Mar 22 08:15:18.570532 2020] [mpm_winnt:warn] [pid 4036:tid 21864] (OS 64)The specified network name is no longer available.  : AH00341: winnt_accept: Asynchronous AcceptEx failed.
[Sun Mar 22 08:54:10.743429 2020] [mpm_winnt:warn] [pid 4036:tid 21864] (OS 64)The specified network name is no longer available.  : AH00341: winnt_accept: Asynchronous AcceptEx failed.
[Sun Mar 22 10:12:31.780485 2020] [mpm_winnt:warn] [pid 4036:tid 21864] (OS 64)The specified network name is no longer available.  : AH00341: winnt_accept: Asynchronous AcceptEx failed.
[Sun Mar 22 12:01:39.174385 2020] [mpm_winnt:warn] [pid 4036:tid 21864] (OS 64)The specified network name is no longer available.  : AH00341: winnt_accept: Asynchronous AcceptEx failed.
[Sun Mar 22 13:40:39.524419 2020] [mpm_winnt:warn] [pid 4036:tid 21864] (OS 64)The specified network name is no longer available.  : AH00341: winnt_accept: Asynchronous AcceptEx failed.
[Sun Mar 22 14:37:16.773586 2020] [mpm_winnt:warn] [pid 4036:tid 21864] (OS 64)The specified network name is no longer available.  : AH00341: winnt_accept: Asynchronous AcceptEx failed.
[Sun Mar 22 16:44:37.667006 2020] [mpm_winnt:warn] [pid 4036:tid 21864] (OS 64)The specified network name is no longer available.  : AH00341: winnt_accept: Asynchronous AcceptEx failed.
[Sun Mar 22 16:45:10.161864 2020] [mpm_winnt:warn] [pid 4036:tid 21864] (OS 64)The specified network name is no longer available.  : AH00341: winnt_accept: Asynchronous AcceptEx failed.
[Sun Mar 22 17:09:49.840062 2020] [mpm_winnt:warn] [pid 4036:tid 21864] (OS 64)The specified network name is no longer available.  : AH00341: winnt_accept: Asynchronous AcceptEx failed.
[Sun Mar 22 17:18:24.531766 2020] [mpm_winnt:warn] [pid 4036:tid 21864] (OS 64)The specified network name is no longer available.  : AH00341: winnt_accept: Asynchronous AcceptEx failed.
[Sun Mar 22 17:25:44.390139 2020] [mpm_winnt:warn] [pid 4036:tid 21864] (OS 64)The specified network name is no longer available.  : AH00341: winnt_accept: Asynchronous AcceptEx failed.
[Sun Mar 22 17:51:54.111696 2020] [mpm_winnt:warn] [pid 4036:tid 21864] (OS 64)The specified network name is no longer available.  : AH00341: winnt_accept: Asynchronous AcceptEx failed.
[Sun Mar 22 19:42:01.331701 2020] [mpm_winnt:warn] [pid 4036:tid 21864] (OS 64)The specified network name is no longer available.  : AH00341: winnt_accept: Asynchronous AcceptEx failed.
[Sun Mar 22 20:05:27.720971 2020] [authz_core:error] [pid 4036:tid 16104] [client 167.172.158.192:43890] AH01630: client denied by server configuration: E:/nuevo/htdocs/phpMyAdmin
[Sun Mar 22 20:05:27.923772 2020] [authz_core:error] [pid 4036:tid 18700] [client 167.172.158.192:44220] AH01630: client denied by server configuration: E:/nuevo/phpMyAdmin/scripts
[Sun Mar 22 21:31:18.460018 2020] [mpm_winnt:warn] [pid 4036:tid 21864] (OS 64)The specified network name is no longer available.  : AH00341: winnt_accept: Asynchronous AcceptEx failed.
[Sun Mar 22 22:12:15.121133 2020] [mpm_winnt:warn] [pid 4036:tid 21864] (OS 64)The specified network name is no longer available.  : AH00341: winnt_accept: Asynchronous AcceptEx failed.
[Sun Mar 22 22:48:02.074904 2020] [mpm_winnt:warn] [pid 4036:tid 21864] (OS 64)The specified network name is no longer available.  : AH00341: winnt_accept: Asynchronous AcceptEx failed.
[Sun Mar 22 22:48:12.090122 2020] [mpm_winnt:warn] [pid 4036:tid 21864] (OS 64)The specified network name is no longer available.  : AH00341: winnt_accept: Asynchronous AcceptEx failed.
[Sun Mar 22 22:48:13.088523 2020] [mpm_winnt:warn] [pid 4036:tid 21864] (OS 64)The specified network name is no longer available.  : AH00341: winnt_accept: Asynchronous AcceptEx failed.
[Sun Mar 22 22:48:14.586126 2020] [mpm_winnt:warn] [pid 4036:tid 21864] (OS 64)The specified network name is no longer available.  : AH00341: winnt_accept: Asynchronous AcceptEx failed.
[Sun Mar 22 22:48:16.598529 2020] [mpm_winnt:warn] [pid 4036:tid 21864] (OS 64)The specified network name is no longer available.  : AH00341: winnt_accept: Asynchronous AcceptEx failed.
[Sun Mar 22 22:48:28.158150 2020] [mpm_winnt:warn] [pid 4036:tid 21864] (OS 64)The specified network name is no longer available.  : AH00341: winnt_accept: Asynchronous AcceptEx failed.
[Sun Mar 22 22:48:29.156551 2020] [mpm_winnt:warn] [pid 4036:tid 21864] (OS 64)The specified network name is no longer available.  : AH00341: winnt_accept: Asynchronous AcceptEx failed.
[Sun Mar 22 22:48:29.655752 2020] [mpm_winnt:warn] [pid 4036:tid 21864] (OS 64)The specified network name is no longer available.  : AH00341: winnt_accept: Asynchronous AcceptEx failed.
[Sun Mar 22 22:48:31.168955 2020] [mpm_winnt:warn] [pid 4036:tid 21864] (OS 64)The specified network name is no longer available.  : AH00341: winnt_accept: Asynchronous AcceptEx failed.
[Sun Mar 22 22:48:31.652556 2020] [mpm_winnt:warn] [pid 4036:tid 21864] (OS 64)The specified network name is no longer available.  : AH00341: winnt_accept: Asynchronous AcceptEx failed.
[Sun Mar 22 22:48:49.202587 2020] [mpm_winnt:warn] [pid 4036:tid 21864] (OS 64)The specified network name is no longer available.  : AH00341: winnt_accept: Asynchronous AcceptEx failed.
[Sun Mar 22 22:48:49.202587 2020] [mpm_winnt:warn] [pid 4036:tid 21864] (OS 64)The specified network name is no longer available.  : AH00341: winnt_accept: Asynchronous AcceptEx failed.
[Sun Mar 22 22:49:15.535433 2020] [mpm_winnt:warn] [pid 4036:tid 21864] (OS 64)The specified network name is no longer available.  : AH00341: winnt_accept: Asynchronous AcceptEx failed.
[Sun Mar 22 22:49:28.077855 2020] [mpm_winnt:warn] [pid 4036:tid 21864] (OS 64)The specified network name is no longer available.  : AH00341: winnt_accept: Asynchronous AcceptEx failed.
[Sun Mar 22 22:49:28.077855 2020] [mpm_winnt:warn] [pid 4036:tid 21864] (OS 64)The specified network name is no longer available.  : AH00341: winnt_accept: Asynchronous AcceptEx failed.
[Sun Mar 22 22:50:32.474768 2020] [mpm_winnt:warn] [pid 4036:tid 21864] (OS 64)The specified network name is no longer available.  : AH00341: winnt_accept: Asynchronous AcceptEx failed.
[Sun Mar 22 22:50:33.753970 2020] [mpm_winnt:warn] [pid 4036:tid 21864] (OS 64)The specified network name is no longer available.  : AH00341: winnt_accept: Asynchronous AcceptEx failed.
[Sun Mar 22 22:52:51.299412 2020] [core:error] [pid 4036:tid 18144] (20025)The given path contained wildcard characters: [client 172.22.2.1:45511] AH00036: access to * failed (filesystem path 'E:/nuevo/htdocs/*')
[Sun Mar 22 22:52:51.517812 2020] [core:error] [pid 4036:tid 18144] (20025)The given path contained wildcard characters: [client 172.22.2.1:45515] AH00036: access to * failed (filesystem path 'E:/nuevo/htdocs/*')
[Sun Mar 22 22:53:00.612628 2020] [core:error] [pid 4036:tid 18660] [client 172.22.2.1:45558] AH00135: Invalid method in request SSCMIF / HTTP/1.1
[Sun Mar 22 22:53:04.653035 2020] [core:error] [pid 4036:tid 18144] [client 172.22.2.1:45584] AH00126: Invalid URI in request some invalid request
[Sun Mar 22 22:53:05.682637 2020] [core:error] [pid 4036:tid 18144] [client 172.22.2.1:45587] AH00126: Invalid URI in request some invalid request
[Sun Mar 22 22:53:10.159845 2020] [core:error] [pid 4036:tid 15520] [client 172.22.2.1:45597] AH00135: Invalid method in request SMXANJ / HTTP/1.1
[Sun Mar 22 22:53:14.169052 2020] [core:error] [pid 4036:tid 15520] [client 172.22.2.1:45629] AH00126: Invalid URI in request GNUTELLA CONNECT/0.6
[Sun Mar 22 22:53:14.247052 2020] [core:error] [pid 4036:tid 15520] [client 172.22.2.1:45631] AH00126: Invalid URI in request GNUTELLA CONNECT/0.4
[Sun Mar 22 22:53:14.512253 2020] [core:error] [pid 4036:tid 15520] [client 172.22.2.1:45632] AH00126: Invalid URI in request GNUTELLA CONNECT/0.6
[Sun Mar 22 22:53:14.746253 2020] [core:error] [pid 4036:tid 15520] [client 172.22.2.1:45635] AH00126: Invalid URI in request GNUTELLA CONNECT/0.4
[Sun Mar 22 22:53:22.998668 2020] [cgi:error] [pid 4036:tid 17556] [client 172.22.2.1:45652] script not found or unable to stat: E:/nuevo/htdocs/Pdr3YvQskSsn.cgi
[Sun Mar 22 22:53:30.159080 2020] [cgi:error] [pid 4036:tid 17556] [client 172.22.2.1:45652] script not found or unable to stat: E:/nuevo/htdocs/Pdr3YvQskSsn.pl
[Sun Mar 22 22:53:36.118291 2020] [cgi:error] [pid 4036:tid 17556] [client 172.22.2.1:45652] script not found or unable to stat: E:/nuevo/htdocs/Pdr3YvQskSsn.asp
[Sun Mar 22 22:53:41.063499 2020] [cgi:error] [pid 4036:tid 17556] [client 172.22.2.1:45652] script not found or unable to stat: E:/nuevo/cgi-bin/Pdr3YvQskSsn.html
[Sun Mar 22 22:53:42.217901 2020] [cgi:error] [pid 4036:tid 17556] [client 172.22.2.1:45652] script not found or unable to stat: E:/nuevo/cgi-bin/Pdr3YvQskSsn.cgi
[Sun Mar 22 22:53:43.029103 2020] [cgi:error] [pid 4036:tid 17556] [client 172.22.2.1:45652] script not found or unable to stat: E:/nuevo/cgi-bin/Pdr3YvQskSsn.sh
[Sun Mar 22 22:53:43.824704 2020] [cgi:error] [pid 4036:tid 17556] [client 172.22.2.1:45652] script not found or unable to stat: E:/nuevo/cgi-bin/Pdr3YvQskSsn.pl
[Sun Mar 22 22:53:44.729506 2020] [cgi:error] [pid 4036:tid 17556] [client 172.22.2.1:45652] script not found or unable to stat: E:/nuevo/cgi-bin/Pdr3YvQskSsn.inc
[Sun Mar 22 22:53:45.291107 2020] [cgi:error] [pid 4036:tid 17556] [client 172.22.2.1:45652] script not found or unable to stat: E:/nuevo/cgi-bin/Pdr3YvQskSsn.shtml
[Sun Mar 22 22:53:45.540707 2020] [cgi:error] [pid 4036:tid 17556] [client 172.22.2.1:45652] script not found or unable to stat: E:/nuevo/cgi-bin/Pdr3YvQskSsn.asp
[Sun Mar 22 22:53:45.821508 2020] [cgi:error] [pid 4036:tid 17556] [client 172.22.2.1:45652] script not found or unable to stat: E:/nuevo/cgi-bin/Pdr3YvQskSsn.php
[Sun Mar 22 22:53:46.117908 2020] [cgi:error] [pid 4036:tid 17556] [client 172.22.2.1:45652] script not found or unable to stat: E:/nuevo/cgi-bin/Pdr3YvQskSsn.php3
[Sun Mar 22 22:53:46.507909 2020] [cgi:error] [pid 4036:tid 17556] [client 172.22.2.1:45652] script not found or unable to stat: E:/nuevo/cgi-bin/Pdr3YvQskSsn.cfm
[Sun Mar 22 22:53:54.432723 2020] [cgi:error] [pid 4036:tid 17556] [client 172.22.2.1:45719] script not found or unable to stat: E:/nuevo/htdocs/Pdr3YvQskSsn.cgi
[Sun Mar 22 22:53:55.758725 2020] [cgi:error] [pid 4036:tid 17556] [client 172.22.2.1:45719] script not found or unable to stat: E:/nuevo/htdocs/Pdr3YvQskSsn.pl
[Sun Mar 22 22:53:59.674332 2020] [cgi:error] [pid 4036:tid 17556] [client 172.22.2.1:45719] script not found or unable to stat: E:/nuevo/htdocs/Pdr3YvQskSsn.asp
[Sun Mar 22 22:54:03.543139 2020] [cgi:error] [pid 4036:tid 17556] [client 172.22.2.1:45719] script not found or unable to stat: E:/nuevo/cgi-bin/Pdr3YvQskSsn.html
[Sun Mar 22 22:54:04.057940 2020] [cgi:error] [pid 4036:tid 17556] [client 172.22.2.1:45719] script not found or unable to stat: E:/nuevo/cgi-bin/Pdr3YvQskSsn.cgi
[Sun Mar 22 22:54:05.352742 2020] [cgi:error] [pid 4036:tid 17556] [client 172.22.2.1:45719] script not found or unable to stat: E:/nuevo/cgi-bin/Pdr3YvQskSsn.sh
[Sun Mar 22 22:54:06.600744 2020] [cgi:error] [pid 4036:tid 17556] [client 172.22.2.1:45719] script not found or unable to stat: E:/nuevo/cgi-bin/Pdr3YvQskSsn.pl
[Sun Mar 22 22:54:06.709944 2020] [core:error] [pid 4036:tid 18660] [client 172.22.2.1:45752] AH00126: Invalid URI in request t3 12.2.1
[Sun Mar 22 22:54:07.193545 2020] [core:error] [pid 4036:tid 18660] [client 172.22.2.1:45755] AH00126: Invalid URI in request t3s 12.2.1
[Sun Mar 22 22:54:07.302745 2020] [cgi:error] [pid 4036:tid 17556] [client 172.22.2.1:45719] script not found or unable to stat: E:/nuevo/cgi-bin/Pdr3YvQskSsn.inc
[Sun Mar 22 22:54:08.644348 2020] [cgi:error] [pid 4036:tid 17556] [client 172.22.2.1:45719] script not found or unable to stat: E:/nuevo/cgi-bin/Pdr3YvQskSsn.shtml
[Sun Mar 22 22:54:09.689550 2020] [cgi:error] [pid 4036:tid 17556] [client 172.22.2.1:45719] script not found or unable to stat: E:/nuevo/cgi-bin/Pdr3YvQskSsn.asp
[Sun Mar 22 22:54:10.921952 2020] [cgi:error] [pid 4036:tid 17556] [client 172.22.2.1:45719] script not found or unable to stat: E:/nuevo/cgi-bin/Pdr3YvQskSsn.php
[Sun Mar 22 22:54:12.091954 2020] [cgi:error] [pid 4036:tid 17556] [client 172.22.2.1:45719] script not found or unable to stat: E:/nuevo/cgi-bin/Pdr3YvQskSsn.php3
[Sun Mar 22 22:54:12.715955 2020] [cgi:error] [pid 4036:tid 17556] [client 172.22.2.1:45719] script not found or unable to stat: E:/nuevo/cgi-bin/Pdr3YvQskSsn.cfm
[Sun Mar 22 22:55:08.345653 2020] [core:error] [pid 4036:tid 18532] [client 172.22.2.1:46020] AH00126: Invalid URI in request GET /../../../../../../../../../../../../windows/win.ini HTTP/1.1
[Sun Mar 22 22:55:08.704453 2020] [core:error] [pid 4036:tid 18532] [client 172.22.2.1:46025] AH00126: Invalid URI in request GET /../../../../../../../../../../../../winnt/win.ini HTTP/1.1
[Sun Mar 22 22:55:09.390854 2020] [core:error] [pid 4036:tid 18532] [client 172.22.2.1:46031] AH00126: Invalid URI in request GET ../../../../../../../../../../../../windows/win.ini HTTP/1.1
[Sun Mar 22 22:55:10.389256 2020] [core:error] [pid 4036:tid 18532] [client 172.22.2.1:46036] AH00126: Invalid URI in request GET ../../../../../../../../../../../../winnt/win.ini HTTP/1.1
[Sun Mar 22 22:55:11.481258 2020] [core:error] [pid 4036:tid 18532] [client 172.22.2.1:46041] AH00126: Invalid URI in request GET ..\\..\\..\\..\\..\\..\\..\\..\\..\\..\\windows\\win.ini HTTP/1.1
[Sun Mar 22 22:55:12.152059 2020] [core:error] [pid 4036:tid 18532] [client 172.22.2.1:46044] AH00126: Invalid URI in request GET ..\\..\\..\\..\\..\\..\\..\\..\\..\\..\\winnt\\win.ini HTTP/1.1
[Sun Mar 22 22:55:12.651260 2020] [core:error] [pid 4036:tid 18532] [client 172.22.2.1:46049] AH00126: Invalid URI in request GET /..\\..\\..\\..\\..\\..\\..\\..\\..\\..\\windows\\win.ini HTTP/1.1
[Sun Mar 22 22:55:12.994461 2020] [cgi:error] [pid 4036:tid 17556] [client 172.22.2.1:46051] script not found or unable to stat: E:/nuevo/htdocs/bic0lmdu.asp
[Sun Mar 22 22:55:13.368861 2020] [core:error] [pid 4036:tid 18532] [client 172.22.2.1:46052] AH00126: Invalid URI in request GET /..\\..\\..\\..\\..\\..\\..\\..\\..\\..\\winnt\\win.ini HTTP/1.1
[Sun Mar 22 22:55:15.365665 2020] [cgi:error] [pid 4036:tid 17556] [client 172.22.2.1:46051] script not found or unable to stat: E:/nuevo/htdocs/bic0lmdu.asp
[Sun Mar 22 22:55:16.192466 2020] [core:error] [pid 4036:tid 18532] (20024)The given path is misformatted or contained invalid characters: [client 172.22.2.1:46072] AH00127: Cannot map GET /.|./.|./.|./.|./.|./.|./.|./.|./.|./.|./.|./windows/win.ini HTTP/1.1 to file
[Sun Mar 22 22:55:17.362468 2020] [core:error] [pid 4036:tid 18532] (20024)The given path is misformatted or contained invalid characters: [client 172.22.2.1:46072] AH00127: Cannot map GET /.|./.|./.|./.|./.|./.|./.|./.|./.|./.|./.|./winnt/win.ini HTTP/1.1 to file
[Sun Mar 22 22:55:18.314070 2020] [core:error] [pid 4036:tid 18532] [client 172.22.2.1:46072] AH00126: Invalid URI in request GET /%2e%2e/%2e%2e/%2e%2e/%2e%2e/%2e%2e/%2e%2e/%2e%2e/%2e%2e/%2e%2e/%2e%2e/%2e%2e/windows/win.ini HTTP/1.1
[Sun Mar 22 22:55:18.532471 2020] [core:error] [pid 4036:tid 18532] [client 172.22.2.1:46085] AH00126: Invalid URI in request GET /%2e%2e/%2e%2e/%2e%2e/%2e%2e/%2e%2e/%2e%2e/%2e%2e/%2e%2e/%2e%2e/%2e%2e/%2e%2e/winnt/win.ini HTTP/1.1
[Sun Mar 22 22:55:19.031671 2020] [core:error] [pid 4036:tid 18532] [client 172.22.2.1:46086] AH00126: Invalid URI in request GET /%2e%2e\\%2e%2e\\%2e%2e\\%2e%2e\\%2e%2e\\%2e%2e\\%2e%2e\\%2e%2e\\%2e%2e\\%2e%2e\\windows\\win.ini HTTP/1.1
[Sun Mar 22 22:55:19.796073 2020] [cgi:error] [pid 4036:tid 17556] [client 172.22.2.1:46051] script not found or unable to stat: E:/nuevo/htdocs/bic0lmdu.pl
[Sun Mar 22 22:55:20.030073 2020] [core:error] [pid 4036:tid 18532] [client 172.22.2.1:46089] AH00126: Invalid URI in request GET /%2e%2e\\%2e%2e\\%2e%2e\\%2e%2e\\%2e%2e\\%2e%2e\\%2e%2e\\%2e%2e\\%2e%2e\\%2e%2e\\winnt\\win.ini HTTP/1.1
[Sun Mar 22 22:55:23.134479 2020] [core:error] [pid 4036:tid 16828] (20024)The given path is misformatted or contained invalid characters: [client 172.22.2.1:46099] AH00127: Cannot map GET /.../.../.../.../.../.../.../.../.../windows/win.ini HTTP/1.1 to file
[Sun Mar 22 22:55:24.320081 2020] [cgi:error] [pid 4036:tid 17556] [client 172.22.2.1:46051] script not found or unable to stat: E:/nuevo/htdocs/bic0lmdu.pl
[Sun Mar 22 22:55:26.441684 2020] [core:error] [pid 4036:tid 16828] (20024)The given path is misformatted or contained invalid characters: [client 172.22.2.1:46099] AH00127: Cannot map GET /.../.../.../.../.../.../.../.../.../winnt/win.ini HTTP/1.1 to file
[Sun Mar 22 22:55:27.315286 2020] [cgi:error] [pid 4036:tid 17556] [client 172.22.2.1:46051] script not found or unable to stat: E:/nuevo/htdocs/bic0lmdu.cgi
[Sun Mar 22 22:55:29.249689 2020] [core:error] [pid 4036:tid 16828] (20024)The given path is misformatted or contained invalid characters: [client 172.22.2.1:46099] AH00127: Cannot map GET /...\\...\\...\\...\\...\\...\\...\\...\\...\\windows\\win.ini HTTP/1.1 to file
[Sun Mar 22 22:55:29.655290 2020] [cgi:error] [pid 4036:tid 17556] [client 172.22.2.1:46051] script not found or unable to stat: E:/nuevo/htdocs/bic0lmdu.cgi
[Sun Mar 22 22:55:30.762892 2020] [core:error] [pid 4036:tid 16828] (20024)The given path is misformatted or contained invalid characters: [client 172.22.2.1:46099] AH00127: Cannot map GET /...\\...\\...\\...\\...\\...\\...\\...\\...\\winnt\\win.ini HTTP/1.1 to file
[Sun Mar 22 22:55:32.666095 2020] [core:error] [pid 4036:tid 16828] (20024)The given path is misformatted or contained invalid characters: [client 172.22.2.1:46099] AH00127: Cannot map GET /..../..../..../..../..../..../..../..../..../windows/win.ini HTTP/1.1 to file
[Sun Mar 22 22:55:35.255700 2020] [core:error] [pid 4036:tid 16828] (20024)The given path is misformatted or contained invalid characters: [client 172.22.2.1:46099] AH00127: Cannot map GET /..../..../..../..../..../..../..../..../..../winnt/win.ini HTTP/1.1 to file
[Sun Mar 22 22:55:37.892105 2020] [core:error] [pid 4036:tid 16828] (20024)The given path is misformatted or contained invalid characters: [client 172.22.2.1:46099] AH00127: Cannot map GET /....\\....\\....\\....\\....\\....\\....\\....\\....\\windows\\win.ini HTTP/1.1 to file
[Sun Mar 22 22:55:39.233707 2020] [core:error] [pid 4036:tid 16828] (20024)The given path is misformatted or contained invalid characters: [client 172.22.2.1:46099] AH00127: Cannot map GET /....\\....\\....\\....\\....\\....\\....\\....\\....\\winnt\\win.ini HTTP/1.1 to file
[Sun Mar 22 22:55:42.603313 2020] [core:error] [pid 4036:tid 16828] [client 172.22.2.1:46099] AH00126: Invalid URI in request GET /././././././../../../../../windows/win.ini HTTP/1.1
[Sun Mar 22 22:55:42.743713 2020] [authz_core:error] [pid 4036:tid 17300] [client 172.22.2.1:46171] AH01630: client denied by server configuration: E:/nuevo/htdocs/.htaccess.old
[Sun Mar 22 22:55:42.821713 2020] [core:error] [pid 4036:tid 16828] [client 172.22.2.1:46173] AH00126: Invalid URI in request GET /././././././../../../../../winnt/win.ini HTTP/1.1
[Sun Mar 22 22:55:43.492514 2020] [core:error] [pid 4036:tid 16828] [client 172.22.2.1:46178] AH00126: Invalid URI in request GET /nessus\\..\\..\\..\\..\\..\\..\\windows\\win.ini HTTP/1.1
[Sun Mar 22 22:55:43.742115 2020] [core:error] [pid 4036:tid 16828] [client 172.22.2.1:46179] AH00126: Invalid URI in request GET /nessus\\..\\..\\..\\..\\..\\..\\winnt\\win.ini HTTP/1.1
[Sun Mar 22 22:55:43.773315 2020] [authz_core:error] [pid 4036:tid 17300] [client 172.22.2.1:46171] AH01630: client denied by server configuration: E:/nuevo/htdocs/.htaccess.bak
[Sun Mar 22 22:55:44.163316 2020] [core:error] [pid 4036:tid 16828] (22)Invalid argument: [client 172.22.2.1:46181] AH00127: Cannot map GET /%80../%80../%80../%80../%80../%80../windows/win.ini HTTP/1.1 to file
[Sun Mar 22 22:55:44.646916 2020] [authz_core:error] [pid 4036:tid 17300] [client 172.22.2.1:46171] AH01630: client denied by server configuration: E:/nuevo/htdocs/.htaccess~
[Sun Mar 22 22:55:44.693716 2020] [core:error] [pid 4036:tid 16828] (22)Invalid argument: [client 172.22.2.1:46181] AH00127: Cannot map GET /%80../%80../%80../%80../%80../%80../winnt/win.ini HTTP/1.1 to file
[Sun Mar 22 22:55:45.551718 2020] [authz_core:error] [pid 4036:tid 17300] [client 172.22.2.1:46171] AH01630: client denied by server configuration: E:/nuevo/htdocs/.htaccess.copy
[Sun Mar 22 22:55:45.676518 2020] [core:error] [pid 4036:tid 16828] (22)Invalid argument: [client 172.22.2.1:46181] AH00127: Cannot map GET /%c0.%c0./%c0.%c0./%c0.%c0./%c0.%c0./%c0.%c0./windows/win.ini HTTP/1.1 to file
[Sun Mar 22 22:55:46.409719 2020] [authz_core:error] [pid 4036:tid 17300] [client 172.22.2.1:46171] AH01630: client denied by server configuration: E:/nuevo/htdocs/.htaccess.tmp
[Sun Mar 22 22:55:46.472120 2020] [core:error] [pid 4036:tid 16828] (22)Invalid argument: [client 172.22.2.1:46181] AH00127: Cannot map GET /%c0.%c0./%c0.%c0./%c0.%c0./%c0.%c0./%c0.%c0./winnt/win.ini HTTP/1.1 to file
[Sun Mar 22 22:55:47.673322 2020] [core:error] [pid 4036:tid 16828] (22)Invalid argument: [client 172.22.2.1:46181] AH00127: Cannot map GET /%c0%2e%c0%2e/%c0%2e%c0%2e/%c0%2e%c0%2e/%c0%2e%c0%2e/windows/win.ini HTTP/1.1 to file
[Sun Mar 22 22:55:47.720122 2020] [authz_core:error] [pid 4036:tid 17300] [client 172.22.2.1:46200] AH01630: client denied by server configuration: E:/nuevo/htdocs/.htaccess.1
[Sun Mar 22 22:55:48.968124 2020] [core:error] [pid 4036:tid 16828] (22)Invalid argument: [client 172.22.2.1:46181] AH00127: Cannot map GET /%c0%2e%c0%2e/%c0%2e%c0%2e/%c0%2e%c0%2e/%c0%2e%c0%2e/winnt/win.ini HTTP/1.1 to file
[Sun Mar 22 22:55:49.046124 2020] [authz_core:error] [pid 4036:tid 17300] [client 172.22.2.1:46200] AH01630: client denied by server configuration: E:/nuevo/htdocs/.htaccess.~1~
[Sun Mar 22 22:55:51.261328 2020] [authz_core:error] [pid 4036:tid 17300] [client 172.22.2.1:46215] AH01630: client denied by server configuration: E:/nuevo/htdocs/.htaccess.old
[Sun Mar 22 22:55:52.181730 2020] [authz_core:error] [pid 4036:tid 15872] [client 172.22.2.1:46221] AH01630: client denied by server configuration: E:/nuevo/htdocs/xampp/index.php
[Sun Mar 22 22:55:52.259730 2020] [core:error] [pid 4036:tid 16828] [client 172.22.2.1:46222] AH00126: Invalid URI in request GET /../../../../../../../../../../../../etc/passwd HTTP/1.1
[Sun Mar 22 22:55:52.571730 2020] [core:error] [pid 4036:tid 18660] [client 172.22.2.1:46223] AH00126: Invalid URI in request GET /./../../../../../../../../../../../etc/passwd HTTP/1.1
[Sun Mar 22 22:55:52.618530 2020] [authz_core:error] [pid 4036:tid 17300] [client 172.22.2.1:46215] AH01630: client denied by server configuration: E:/nuevo/htdocs/.htaccess.bak
[Sun Mar 22 22:55:52.743331 2020] [core:error] [pid 4036:tid 18660] [client 172.22.2.1:46224] AH00126: Invalid URI in request GET //../../../../../../../../../../../../etc/passwd HTTP/1.1
[Sun Mar 22 22:55:53.211331 2020] [core:error] [pid 4036:tid 18660] (20024)The given path is misformatted or contained invalid characters: [client 172.22.2.1:46226] AH00127: Cannot map GET /..../..../..../..../..../..../..../..../..../..../..../..../etc/passwd HTTP/1.1 to file
[Sun Mar 22 22:55:54.131733 2020] [authz_core:error] [pid 4036:tid 17300] [client 172.22.2.1:46215] AH01630: client denied by server configuration: E:/nuevo/htdocs/.htaccess~
[Sun Mar 22 22:55:54.162933 2020] [authz_core:error] [pid 4036:tid 15872] [client 172.22.2.1:46232] AH01630: client denied by server configuration: E:/nuevo/htdocs/xampp/index.php
[Sun Mar 22 22:55:54.381333 2020] [core:error] [pid 4036:tid 18660] [client 172.22.2.1:46226] AH00126: Invalid URI in request GET /%2e%2e/%2e%2e/%2e%2e/%2e%2e/%2e%2e/%2e%2e/%2e%2e/%2e%2e/%2e%2e/%2e%2e/%2e%2e/%2e%2e/etc/passwd HTTP/1.1
[Sun Mar 22 22:55:55.598136 2020] [authz_core:error] [pid 4036:tid 17300] [client 172.22.2.1:46215] AH01630: client denied by server configuration: E:/nuevo/htdocs/.htaccess.copy
[Sun Mar 22 22:55:55.925736 2020] [core:error] [pid 4036:tid 18660] [client 172.22.2.1:46240] AH00126: Invalid URI in request GET /././././././../../../../../etc/passwd HTTP/1.1
[Sun Mar 22 22:55:57.626139 2020] [authz_core:error] [pid 4036:tid 17300] [client 172.22.2.1:46215] AH01630: client denied by server configuration: E:/nuevo/htdocs/.htaccess.tmp
[Sun Mar 22 22:55:58.156540 2020] [core:error] [pid 4036:tid 18660] [client 172.22.2.1:46254] AH00126: Invalid URI in request GET /../../../../../../../../../../../../windows/win.ini HTTP/1.1
[Sun Mar 22 22:55:59.170542 2020] [core:error] [pid 4036:tid 18660] [client 172.22.2.1:46259] AH00126: Invalid URI in request GET /../../../../../../../../../../../../winnt/win.ini HTTP/1.1
[Sun Mar 22 22:55:59.794543 2020] [authz_core:error] [pid 4036:tid 17776] [client 172.22.2.1:46262] AH01630: client denied by server configuration: E:/nuevo/htdocs/.htaccess.1
[Sun Mar 22 22:56:00.278144 2020] [core:error] [pid 4036:tid 18660] [client 172.22.2.1:46264] AH00126: Invalid URI in request GET ../../../../../../../../../../../../windows/win.ini HTTP/1.1
[Sun Mar 22 22:56:01.229746 2020] [core:error] [pid 4036:tid 18660] [client 172.22.2.1:46269] AH00126: Invalid URI in request GET ../../../../../../../../../../../../winnt/win.ini HTTP/1.1
[Sun Mar 22 22:56:01.260946 2020] [authz_core:error] [pid 4036:tid 17776] [client 172.22.2.1:46262] AH01630: client denied by server configuration: E:/nuevo/htdocs/.htaccess.~1~
[Sun Mar 22 22:56:02.290547 2020] [core:error] [pid 4036:tid 18660] [client 172.22.2.1:46275] AH00126: Invalid URI in request GET ..\\..\\..\\..\\..\\..\\..\\..\\..\\..\\windows\\win.ini HTTP/1.1
[Sun Mar 22 22:56:03.273349 2020] [core:error] [pid 4036:tid 18660] [client 172.22.2.1:46280] AH00126: Invalid URI in request GET ..\\..\\..\\..\\..\\..\\..\\..\\..\\..\\winnt\\win.ini HTTP/1.1
[Sun Mar 22 22:56:03.834950 2020] [core:error] [pid 4036:tid 18660] [client 172.22.2.1:46285] AH00126: Invalid URI in request GET /..\\..\\..\\..\\..\\..\\..\\..\\..\\..\\windows\\win.ini HTTP/1.1
[Sun Mar 22 22:56:04.583751 2020] [core:error] [pid 4036:tid 18660] [client 172.22.2.1:46291] AH00126: Invalid URI in request GET /..\\..\\..\\..\\..\\..\\..\\..\\..\\..\\winnt\\win.ini HTTP/1.1
[Sun Mar 22 22:56:07.079756 2020] [cgi:error] [pid 4036:tid 17776] [client 172.22.2.1:46293] script not found or unable to stat: E:/nuevo/htdocs/niet1370529400.asp
[Sun Mar 22 22:56:07.781757 2020] [core:error] [pid 4036:tid 17300] (20024)The given path is misformatted or contained invalid characters: [client 172.22.2.1:46309] AH00127: Cannot map GET /.|./.|./.|./.|./.|./.|./.|./.|./.|./.|./.|./windows/win.ini HTTP/1.1 to file
[Sun Mar 22 22:56:08.858159 2020] [core:error] [pid 4036:tid 17300] (20024)The given path is misformatted or contained invalid characters: [client 172.22.2.1:46309] AH00127: Cannot map GET /.|./.|./.|./.|./.|./.|./.|./.|./.|./.|./.|./winnt/win.ini HTTP/1.1 to file
[Sun Mar 22 22:56:09.653760 2020] [core:error] [pid 4036:tid 17300] [client 172.22.2.1:46309] AH00126: Invalid URI in request GET /%2e%2e/%2e%2e/%2e%2e/%2e%2e/%2e%2e/%2e%2e/%2e%2e/%2e%2e/%2e%2e/%2e%2e/%2e%2e/windows/win.ini HTTP/1.1
[Sun Mar 22 22:56:10.137361 2020] [core:error] [pid 4036:tid 18660] [client 172.22.2.1:46320] AH00126: Invalid URI in request GET /%2e%2e/%2e%2e/%2e%2e/%2e%2e/%2e%2e/%2e%2e/%2e%2e/%2e%2e/%2e%2e/%2e%2e/%2e%2e/winnt/win.ini HTTP/1.1
[Sun Mar 22 22:56:10.667762 2020] [core:error] [pid 4036:tid 18660] [client 172.22.2.1:46323] AH00126: Invalid URI in request GET /%2e%2e\\%2e%2e\\%2e%2e\\%2e%2e\\%2e%2e\\%2e%2e\\%2e%2e\\%2e%2e\\%2e%2e\\%2e%2e\\windows\\win.ini HTTP/1.1
[Sun Mar 22 22:56:11.120163 2020] [core:error] [pid 4036:tid 18660] [client 172.22.2.1:46327] AH00126: Invalid URI in request GET /%2e%2e\\%2e%2e\\%2e%2e\\%2e%2e\\%2e%2e\\%2e%2e\\%2e%2e\\%2e%2e\\%2e%2e\\%2e%2e\\winnt\\win.ini HTTP/1.1
[Sun Mar 22 22:56:12.321365 2020] [core:error] [pid 4036:tid 18660] (20024)The given path is misformatted or contained invalid characters: [client 172.22.2.1:46333] AH00127: Cannot map GET /.../.../.../.../.../.../.../.../.../windows/win.ini HTTP/1.1 to file
[Sun Mar 22 22:56:13.194967 2020] [core:error] [pid 4036:tid 18660] (20024)The given path is misformatted or contained invalid characters: [client 172.22.2.1:46333] AH00127: Cannot map GET /.../.../.../.../.../.../.../.../.../winnt/win.ini HTTP/1.1 to file
[Sun Mar 22 22:56:14.286968 2020] [core:error] [pid 4036:tid 18660] (20024)The given path is misformatted or contained invalid characters: [client 172.22.2.1:46333] AH00127: Cannot map GET /...\\...\\...\\...\\...\\...\\...\\...\\...\\windows\\win.ini HTTP/1.1 to file
[Sun Mar 22 22:56:15.425770 2020] [core:error] [pid 4036:tid 18660] (20024)The given path is misformatted or contained invalid characters: [client 172.22.2.1:46333] AH00127: Cannot map GET /...\\...\\...\\...\\...\\...\\...\\...\\...\\winnt\\win.ini HTTP/1.1 to file
[Sun Mar 22 22:56:16.143372 2020] [core:error] [pid 4036:tid 18660] (20024)The given path is misformatted or contained invalid characters: [client 172.22.2.1:46333] AH00127: Cannot map GET /..../..../..../..../..../..../..../..../..../windows/win.ini HTTP/1.1 to file
[Sun Mar 22 22:56:16.985773 2020] [core:error] [pid 4036:tid 18660] (20024)The given path is misformatted or contained invalid characters: [client 172.22.2.1:46333] AH00127: Cannot map GET /..../..../..../..../..../..../..../..../..../winnt/win.ini HTTP/1.1 to file
[Sun Mar 22 22:56:17.313374 2020] [core:error] [pid 4036:tid 17556] (20024)The given path is misformatted or contained invalid characters: [client 172.22.2.1:46051] AH00127: Cannot map GET /<script>document.cookie=%22testdead=3279;%22</script> HTTP/1.1 to file
[Sun Mar 22 22:56:18.140175 2020] [core:error] [pid 4036:tid 18660] (20024)The given path is misformatted or contained invalid characters: [client 172.22.2.1:46333] AH00127: Cannot map GET /....\\....\\....\\....\\....\\....\\....\\....\\....\\windows\\win.ini HTTP/1.1 to file
[Sun Mar 22 22:56:18.452176 2020] [core:error] [pid 4036:tid 17556] [client 172.22.2.1:46051] AH00126: Invalid URI in request GET <script>document.cookie=%22testdead=3279;%22</script> HTTP/1.1
[Sun Mar 22 22:56:18.779776 2020] [core:error] [pid 4036:tid 17556] (20024)The given path is misformatted or contained invalid characters: [client 172.22.2.1:46352] AH00127: Cannot map GET /<meta%20http-equiv=Set-Cookie%20content=%22testdead=3279%22> HTTP/1.1 to file
[Sun Mar 22 22:56:18.951377 2020] [core:error] [pid 4036:tid 18660] (20024)The given path is misformatted or contained invalid characters: [client 172.22.2.1:46333] AH00127: Cannot map GET /....\\....\\....\\....\\....\\....\\....\\....\\....\\winnt\\win.ini HTTP/1.1 to file
[Sun Mar 22 22:56:19.060577 2020] [core:error] [pid 4036:tid 17556] [client 172.22.2.1:46352] AH00126: Invalid URI in request GET <meta%20http-equiv=Set-Cookie%20content=%22testdead=3279%22> HTTP/1.1
[Sun Mar 22 22:56:19.154177 2020] [core:error] [pid 4036:tid 18660] [client 172.22.2.1:46333] AH00126: Invalid URI in request GET /././././././../../../../../windows/win.ini HTTP/1.1
[Sun Mar 22 22:56:19.356977 2020] [core:error] [pid 4036:tid 17556] [client 172.22.2.1:46367] AH00126: Invalid URI in request GET /././././././../../../../../winnt/win.ini HTTP/1.1
[Sun Mar 22 22:56:19.372577 2020] [cgi:error] [pid 4036:tid 17776] [client 172.22.2.1:46365] script not found or unable to stat: E:/nuevo/htdocs/gy4hkf41.asp
[Sun Mar 22 22:56:19.481778 2020] [cgi:error] [pid 4036:tid 17776] [client 172.22.2.1:46365] script not found or unable to stat: E:/nuevo/htdocs/gy4hkf41.asp
[Sun Mar 22 22:56:19.528578 2020] [core:error] [pid 4036:tid 18660] [client 172.22.2.1:46375] AH00126: Invalid URI in request GET /nessus\\..\\..\\..\\..\\..\\..\\windows\\win.ini HTTP/1.1
[Sun Mar 22 22:56:19.559778 2020] [cgi:error] [pid 4036:tid 15520] [client 172.22.2.1:46366] script not found or unable to stat: E:/nuevo/htdocs/niet2114537778.asp
[Sun Mar 22 22:56:19.700178 2020] [core:error] [pid 4036:tid 18660] [client 172.22.2.1:46380] AH00126: Invalid URI in request GET /nessus\\..\\..\\..\\..\\..\\..\\winnt\\win.ini HTTP/1.1
[Sun Mar 22 22:56:19.887378 2020] [core:error] [pid 4036:tid 17556] (22)Invalid argument: [client 172.22.2.1:46383] AH00127: Cannot map GET /%80../%80../%80../%80../%80../%80../windows/win.ini HTTP/1.1 to file
[Sun Mar 22 22:56:20.448979 2020] [cgi:error] [pid 4036:tid 17776] [client 172.22.2.1:46365] script not found or unable to stat: E:/nuevo/htdocs/gy4hkf41.pl
[Sun Mar 22 22:56:20.526979 2020] [core:error] [pid 4036:tid 17556] (22)Invalid argument: [client 172.22.2.1:46383] AH00127: Cannot map GET /%80../%80../%80../%80../%80../%80../winnt/win.ini HTTP/1.1 to file
[Sun Mar 22 22:56:20.620580 2020] [cgi:error] [pid 4036:tid 17776] [client 172.22.2.1:46365] script not found or unable to stat: E:/nuevo/htdocs/gy4hkf41.pl
[Sun Mar 22 22:56:20.651780 2020] [core:error] [pid 4036:tid 17556] (22)Invalid argument: [client 172.22.2.1:46383] AH00127: Cannot map GET /%c0.%c0./%c0.%c0./%c0.%c0./%c0.%c0./%c0.%c0./windows/win.ini HTTP/1.1 to file
[Sun Mar 22 22:56:20.823380 2020] [cgi:error] [pid 4036:tid 17776] [client 172.22.2.1:46365] script not found or unable to stat: E:/nuevo/htdocs/gy4hkf41.cgi
[Sun Mar 22 22:56:20.901380 2020] [core:error] [pid 4036:tid 17556] (22)Invalid argument: [client 172.22.2.1:46383] AH00127: Cannot map GET /%c0.%c0./%c0.%c0./%c0.%c0./%c0.%c0./%c0.%c0./winnt/win.ini HTTP/1.1 to file
[Sun Mar 22 22:56:21.119780 2020] [cgi:error] [pid 4036:tid 17776] [client 172.22.2.1:46365] script not found or unable to stat: E:/nuevo/htdocs/gy4hkf41.cgi
[Sun Mar 22 22:56:21.306981 2020] [core:error] [pid 4036:tid 17556] (22)Invalid argument: [client 172.22.2.1:46383] AH00127: Cannot map GET /%c0%2e%c0%2e/%c0%2e%c0%2e/%c0%2e%c0%2e/%c0%2e%c0%2e/windows/win.ini HTTP/1.1 to file
[Sun Mar 22 22:56:21.681381 2020] [core:error] [pid 4036:tid 17556] (22)Invalid argument: [client 172.22.2.1:46383] AH00127: Cannot map GET /%c0%2e%c0%2e/%c0%2e%c0%2e/%c0%2e%c0%2e/%c0%2e%c0%2e/winnt/win.ini HTTP/1.1 to file
[Sun Mar 22 22:56:23.256984 2020] [core:error] [pid 4036:tid 18660] [client 172.22.2.1:46415] AH00126: Invalid URI in request GET /../../../../../../../../../../../../etc/passwd HTTP/1.1
[Sun Mar 22 22:56:23.537785 2020] [core:error] [pid 4036:tid 18660] [client 172.22.2.1:46418] AH00126: Invalid URI in request GET /./../../../../../../../../../../../etc/passwd HTTP/1.1
[Sun Mar 22 22:56:24.270986 2020] [core:error] [pid 4036:tid 18368] [client 172.22.2.1:46422] AH00126: Invalid URI in request GET //../../../../../../../../../../../../etc/passwd HTTP/1.1
[Sun Mar 22 22:56:24.770187 2020] [core:error] [pid 4036:tid 18368] (20024)The given path is misformatted or contained invalid characters: [client 172.22.2.1:46426] AH00127: Cannot map GET /..../..../..../..../..../..../..../..../..../..../..../..../etc/passwd HTTP/1.1 to file
[Sun Mar 22 22:56:25.768589 2020] [core:error] [pid 4036:tid 18368] [client 172.22.2.1:46426] AH00126: Invalid URI in request GET /%2e%2e/%2e%2e/%2e%2e/%2e%2e/%2e%2e/%2e%2e/%2e%2e/%2e%2e/%2e%2e/%2e%2e/%2e%2e/%2e%2e/etc/passwd HTTP/1.1
[Sun Mar 22 22:56:26.564190 2020] [core:error] [pid 4036:tid 18368] [client 172.22.2.1:46439] AH00038: Forbidden: E:/nuevo/cgi-bin/com5 doesn't point to a file or directory
[Sun Mar 22 22:56:27.016591 2020] [core:error] [pid 4036:tid 15520] [client 172.22.2.1:46441] AH00126: Invalid URI in request GET /././././././../../../../../etc/passwd HTTP/1.1
[Sun Mar 22 22:56:30.245796 2020] [core:error] [pid 4036:tid 18368] [client 172.22.2.1:46451] AH00038: Forbidden: E:/nuevo/cgi-bin/com5 doesn't point to a file or directory
[Sun Mar 22 22:56:31.540599 2020] [core:error] [pid 4036:tid 15644] [client 172.22.2.1:46461] AH00126: Invalid URI in request GET ..\\..\\..\\..\\..\\..\\windows\\win.ini HTTP/1.1
[Sun Mar 22 22:56:31.758999 2020] [core:error] [pid 4036:tid 15644] [client 172.22.2.1:46465] AH00126: Invalid URI in request GET ..\\..\\..\\..\\..\\..\\winnt\\win.ini HTTP/1.1
[Sun Mar 22 22:56:32.367400 2020] [core:error] [pid 4036:tid 15872] [client 172.22.2.1:46472] AH00126: Invalid URI in request GET ..\\..\\..\\..\\..\\..\\windows\\win.ini HTTP/1.1
[Sun Mar 22 22:56:33.911803 2020] [core:error] [pid 4036:tid 15872] [client 172.22.2.1:46478] AH00126: Invalid URI in request GET ..\\..\\..\\..\\..\\..\\winnt\\win.ini HTTP/1.1
[Sun Mar 22 22:56:40.916215 2020] [authz_core:error] [pid 4036:tid 19216] [client 172.22.2.1:46528] AH01630: client denied by server configuration: E:/nuevo/htdocs/server-info
[Sun Mar 22 22:56:50.323032 2020] [authz_core:error] [pid 4036:tid 19216] [client 172.22.2.1:46550] AH01630: client denied by server configuration: E:/nuevo/htdocs/server-info
[Sun Mar 22 22:56:51.992235 2020] [cgi:error] [pid 4036:tid 18916] [client 172.22.2.1:46556] script not found or unable to stat: E:/nuevo/cgi-bin/pub
[Sun Mar 22 22:56:53.583437 2020] [cgi:error] [pid 4036:tid 18916] [client 172.22.2.1:46563] script not found or unable to stat: E:/nuevo/cgi-bin/pub
[Sun Mar 22 22:57:59.930354 2020] [core:error] [pid 4036:tid 18144] [client 172.22.2.1:46842] AH00135: Invalid method in request NESSUS / HTTP/1.0
[Sun Mar 22 22:58:00.897556 2020] [core:error] [pid 4036:tid 18424] [client 172.22.2.1:46849] AH00135: Invalid method in request NESSUS / HTTP/1.0
[Sun Mar 22 22:58:03.986361 2020] [core:error] [pid 4036:tid 17776] (20024)The given path is misformatted or contained invalid characters: [client 172.22.2.1:46623] AH00127: Cannot map GET /<script>document.cookie=%22testzaum=3375;%22</script> HTTP/1.1 to file
[Sun Mar 22 22:58:06.373165 2020] [core:error] [pid 4036:tid 17776] [client 172.22.2.1:46623] AH00126: Invalid URI in request GET <script>document.cookie=%22testzaum=3375;%22</script> HTTP/1.1
[Sun Mar 22 22:58:08.057968 2020] [core:error] [pid 4036:tid 17776] (20024)The given path is misformatted or contained invalid characters: [client 172.22.2.1:46882] AH00127: Cannot map GET /<meta%20http-equiv=Set-Cookie%20content=%22testzaum=3375%22> HTTP/1.1 to file
[Sun Mar 22 22:58:10.319972 2020] [core:error] [pid 4036:tid 17776] [client 172.22.2.1:46882] AH00126: Invalid URI in request GET <meta%20http-equiv=Set-Cookie%20content=%22testzaum=3375%22> HTTP/1.1
[Sun Mar 22 22:58:43.860031 2020] [proxy:error] [pid 4036:tid 18176] (OS 10061)No connection could be made because the target machine actively refused it.  : AH00957: AJP: attempt to connect to 127.0.0.1:8009 (*) failed
[Sun Mar 22 22:58:43.860031 2020] [proxy_ajp:error] [pid 4036:tid 18176] [client 172.22.2.1:46995] AH00896: failed to make connection to backend: 127.0.0.1
[Sun Mar 22 22:58:45.466834 2020] [proxy:error] [pid 4036:tid 18176] (OS 10061)No connection could be made because the target machine actively refused it.  : AH00957: AJP: attempt to connect to 127.0.0.1:8009 (*) failed
[Sun Mar 22 22:58:45.466834 2020] [proxy_ajp:error] [pid 4036:tid 18176] [client 172.22.2.1:47001] AH00896: failed to make connection to backend: 127.0.0.1
[Sun Mar 22 22:58:49.491641 2020] [cgi:error] [pid 4036:tid 18424] [client 172.22.2.1:47036] script not found or unable to stat: E:/nuevo/htdocs/InitialPage.asp
[Sun Mar 22 22:58:50.256042 2020] [cgi:error] [pid 4036:tid 18424] [client 172.22.2.1:47040] script not found or unable to stat: E:/nuevo/htdocs/InitialPage.asp
[Sun Mar 22 22:58:52.206046 2020] [cgi:error] [pid 4036:tid 18176] [client 172.22.2.1:47058] script not found or unable to stat: E:/nuevo/cgi-bin/printenv
[Sun Mar 22 22:58:53.001647 2020] [cgi:error] [pid 4036:tid 18424] [client 172.22.2.1:47061] script not found or unable to stat: E:/nuevo/cgi-bin/printenv
[Sun Mar 22 22:58:59.226058 2020] [negotiation:error] [pid 4036:tid 18424] [client 172.22.2.1:47094] AH00690: no acceptable variant: E:/nuevo/apache/error/HTTP_NOT_FOUND.html.var
[Sun Mar 22 22:58:59.335258 2020] [negotiation:error] [pid 4036:tid 18424] [client 172.22.2.1:47094] AH00690: no acceptable variant: E:/nuevo/apache/error/HTTP_NOT_FOUND.html.var
[Sun Mar 22 22:58:59.444459 2020] [negotiation:error] [pid 4036:tid 18424] [client 172.22.2.1:47094] AH00690: no acceptable variant: E:/nuevo/apache/error/HTTP_NOT_FOUND.html.var
[Sun Mar 22 22:58:59.662859 2020] [negotiation:error] [pid 4036:tid 18424] [client 172.22.2.1:47094] AH00690: no acceptable variant: E:/nuevo/apache/error/HTTP_NOT_FOUND.html.var
[Sun Mar 22 22:58:59.834459 2020] [negotiation:error] [pid 4036:tid 18424] [client 172.22.2.1:47094] AH00690: no acceptable variant: E:/nuevo/apache/error/HTTP_NOT_FOUND.html.var
[Sun Mar 22 22:59:00.567660 2020] [negotiation:error] [pid 4036:tid 18424] [client 172.22.2.1:47102] AH00690: no acceptable variant: E:/nuevo/apache/error/HTTP_NOT_FOUND.html.var
[Sun Mar 22 22:59:00.739261 2020] [negotiation:error] [pid 4036:tid 18424] [client 172.22.2.1:47102] AH00690: no acceptable variant: E:/nuevo/apache/error/HTTP_NOT_FOUND.html.var
[Sun Mar 22 22:59:00.801661 2020] [cgi:error] [pid 4036:tid 16312] [client 172.22.2.1:47107] script not found or unable to stat: E:/nuevo/cgi-bin/index.cgi
[Sun Mar 22 22:59:00.864061 2020] [negotiation:error] [pid 4036:tid 18424] [client 172.22.2.1:47102] AH00690: no acceptable variant: E:/nuevo/apache/error/HTTP_NOT_FOUND.html.var
[Sun Mar 22 22:59:01.113661 2020] [negotiation:error] [pid 4036:tid 18424] [client 172.22.2.1:47102] AH00690: no acceptable variant: E:/nuevo/apache/error/HTTP_NOT_FOUND.html.var
[Sun Mar 22 22:59:01.456862 2020] [negotiation:error] [pid 4036:tid 18424] [client 172.22.2.1:47102] AH00690: no acceptable variant: E:/nuevo/apache/error/HTTP_NOT_FOUND.html.var
[Sun Mar 22 22:59:01.597262 2020] [cgi:error] [pid 4036:tid 16312] [client 172.22.2.1:47112] script not found or unable to stat: E:/nuevo/cgi-bin/index.cgi
[Sun Mar 22 22:59:14.545285 2020] [core:error] [pid 4036:tid 18112] [client 172.22.2.1:47206] AH00135: Invalid method in request SEARCH / HTTP/1.1
[Sun Mar 22 22:59:14.607685 2020] [negotiation:error] [pid 4036:tid 16312] [client 172.22.2.1:47207] AH00690: no acceptable variant: E:/nuevo/apache/error/HTTP_NOT_FOUND.html.var
[Sun Mar 22 22:59:15.184886 2020] [core:error] [pid 4036:tid 16312] [client 172.22.2.1:47212] AH00135: Invalid method in request SEARCH / HTTP/1.1
[Sun Mar 22 22:59:15.200486 2020] [negotiation:error] [pid 4036:tid 18112] [client 172.22.2.1:47213] AH00690: no acceptable variant: E:/nuevo/apache/error/HTTP_NOT_FOUND.html.var
[Sun Mar 22 22:59:20.254895 2020] [cgi:error] [pid 4036:tid 15832] [client 172.22.2.1:47262] script not found or unable to stat: E:/nuevo/htdocs/home.asp
[Sun Mar 22 22:59:20.613696 2020] [cgi:error] [pid 4036:tid 15680] [client 172.22.2.1:47264] script not found or unable to stat: E:/nuevo/htdocs/home.asp
[Sun Mar 22 22:59:25.792905 2020] [negotiation:error] [pid 4036:tid 15680] [client 172.22.2.1:47274] AH00690: no acceptable variant: E:/nuevo/apache/error/HTTP_NOT_FOUND.html.var
[Sun Mar 22 22:59:48.178944 2020] [negotiation:error] [pid 4036:tid 18144] [client 172.22.2.1:47329] AH00690: no acceptable variant: E:/nuevo/apache/error/HTTP_NOT_FOUND.html.var
[Sun Mar 22 22:59:56.696559 2020] [authz_core:error] [pid 4036:tid 15680] [client 172.22.2.1:47420] AH01630: client denied by server configuration: E:/nuevo/htdocs/server-info
[Sun Mar 22 23:00:02.655770 2020] [authz_core:error] [pid 4036:tid 19216] [client 172.22.2.1:47429] AH01630: client denied by server configuration: E:/nuevo/htdocs/server-status
[Sun Mar 22 23:00:02.796170 2020] [authz_core:error] [pid 4036:tid 15832] [client 172.22.2.1:47433] AH01630: client denied by server configuration: E:/nuevo/htdocs/.htaccess
[Sun Mar 22 23:00:02.811770 2020] [authz_core:error] [pid 4036:tid 15680] [client 172.22.2.1:47432] AH01630: client denied by server configuration: E:/nuevo/htdocs/server-info
[Sun Mar 22 23:00:03.357771 2020] [authz_core:error] [pid 4036:tid 15832] [client 172.22.2.1:47433] AH01630: client denied by server configuration: E:/nuevo/htdocs/.htpasswd
[Sun Mar 22 23:00:04.122172 2020] [authz_core:error] [pid 4036:tid 19216] [client 172.22.2.1:47439] AH01630: client denied by server configuration: E:/nuevo/htdocs/server-status
[Sun Mar 22 23:00:05.401374 2020] [authz_core:error] [pid 4036:tid 18368] [client 172.22.2.1:47449] AH01630: client denied by server configuration: E:/nuevo/htdocs/.htaccess
[Sun Mar 22 23:00:06.399776 2020] [authz_core:error] [pid 4036:tid 18368] [client 172.22.2.1:47449] AH01630: client denied by server configuration: E:/nuevo/htdocs/.htpasswd
[Sun Mar 22 23:00:18.099797 2020] [cgi:error] [pid 4036:tid 15948] [client 172.22.2.1:47586] script not found or unable to stat: E:/nuevo/cgi-bin/client_execute.cgi
[Sun Mar 22 23:00:19.332199 2020] [cgi:error] [pid 4036:tid 18916] [client 172.22.2.1:47603] script not found or unable to stat: E:/nuevo/cgi-bin/guestimage.html
[Sun Mar 22 23:00:19.940600 2020] [cgi:error] [pid 4036:tid 18916] [client 172.22.2.1:47612] script not found or unable to stat: E:/nuevo/cgi-bin/camctrl.cgi
