!C99Shell v. 1.0 pre-release build #13!

Software: Apache. PHP/5.5.15 

uname -a: Windows NT SVR-DMZ 6.1 build 7600 (Windows Server 2008 R2 Enterprise Edition) i586 

SYSTEM 

Safe-mode: OFF (not secure)

E:\nuevo\apache\logs\   drwxrwxrwx
Free 9.41 GB of 239.26 GB (3.93%)
Detected drives: [ a ] [ c ] [ d ] [ e ] [ f ]
Home    Back    Forward    UPDIR    Refresh    Search    Buffer    Encoder    Tools    Proc.    FTP brute    Sec.    SQL    PHP-code    Update    Feedback    Self remove    Logout    


Viewing file:     error.2020.06.28.log (55.44 KB)      -rw-rw-rw-
Select action/file-type:
(+) | (+) | (+) | Code (+) | Session (+) | (+) | SDB (+) | (+) | (+) | (+) | (+) | (+) |
[Sun Jun 28 00:37:18.768198 2020] [mpm_winnt:warn] [pid 13888:tid 20132] (OS 64)The specified network name is no longer available.  : AH00341: winnt_accept: Asynchronous AcceptEx failed.
[Sun Jun 28 00:43:40.703669 2020] [mpm_winnt:warn] [pid 13888:tid 20132] (OS 64)The specified network name is no longer available.  : AH00341: winnt_accept: Asynchronous AcceptEx failed.
[Sun Jun 28 00:52:17.594977 2020] [mpm_winnt:warn] [pid 13888:tid 20132] (OS 64)The specified network name is no longer available.  : AH00341: winnt_accept: Asynchronous AcceptEx failed.
[Sun Jun 28 01:05:34.241576 2020] [core:error] [pid 13888:tid 5460] (20024)The given path is misformatted or contained invalid characters: [client 144.76.156.211:55232] AH00127: Cannot map GET /galeria/carrusel/Carrusel/jquery-ui-%0A%0A1.8.13.custom.min.js HTTP/1.1 to file, referer: http://www.ambientebogota.gov.co/
[Sun Jun 28 01:11:53.556242 2020] [proxy:error] [pid 13888:tid 19784] (OS 10060)A connection attempt failed because the connected party did not properly respond after a period of time, or established connection failed because connected host has failed to respond.  : AH00957: HTTP: attempt to connect to 172.22.1.51:8399 (172.22.1.51) failed
[Sun Jun 28 01:11:53.556242 2020] [proxy:error] [pid 13888:tid 19784] AH00959: ap_proxy_connect_backend disabling worker for (172.22.1.51) for 60s
[Sun Jun 28 01:11:53.556242 2020] [proxy_http:error] [pid 13888:tid 19784] [client 152.61.192.232:60764] AH01114: HTTP: failed to make connection to backend: 172.22.1.51
[Sun Jun 28 01:11:53.868243 2020] [proxy:error] [pid 13888:tid 19784] AH00940: HTTP: disabled connection for (172.22.1.51)
[Sun Jun 28 01:11:54.149043 2020] [proxy:error] [pid 13888:tid 19784] AH00940: HTTP: disabled connection for (172.22.1.51)
[Sun Jun 28 01:44:10.144644 2020] [proxy:error] [pid 13888:tid 7324] (OS 10060)A connection attempt failed because the connected party did not properly respond after a period of time, or established connection failed because connected host has failed to respond.  : AH00957: HTTP: attempt to connect to 172.22.1.51:8399 (172.22.1.51) failed
[Sun Jun 28 01:44:10.144644 2020] [proxy:error] [pid 13888:tid 7324] AH00959: ap_proxy_connect_backend disabling worker for (172.22.1.51) for 60s
[Sun Jun 28 01:44:10.144644 2020] [proxy_http:error] [pid 13888:tid 7324] [client 152.61.128.50:58181] AH01114: HTTP: failed to make connection to backend: 172.22.1.51
[Sun Jun 28 01:44:10.347444 2020] [proxy:error] [pid 13888:tid 7324] AH00940: HTTP: disabled connection for (172.22.1.51)
[Sun Jun 28 01:44:10.565844 2020] [proxy:error] [pid 13888:tid 7324] AH00940: HTTP: disabled connection for (172.22.1.51)
[Sun Jun 28 01:55:38.012252 2020] [mpm_winnt:warn] [pid 13888:tid 20132] (OS 64)The specified network name is no longer available.  : AH00341: winnt_accept: Asynchronous AcceptEx failed.
[Sun Jun 28 02:08:38.263222 2020] [mpm_winnt:warn] [pid 13888:tid 20132] (OS 64)The specified network name is no longer available.  : AH00341: winnt_accept: Asynchronous AcceptEx failed.
[Sun Jun 28 02:34:06.754907 2020] [mpm_winnt:warn] [pid 13888:tid 20132] (OS 64)The specified network name is no longer available.  : AH00341: winnt_accept: Asynchronous AcceptEx failed.
[Sun Jun 28 04:21:11.128991 2020] [mpm_winnt:warn] [pid 13888:tid 20132] (OS 64)The specified network name is no longer available.  : AH00341: winnt_accept: Asynchronous AcceptEx failed.
[Sun Jun 28 04:50:54.633323 2020] [mpm_winnt:warn] [pid 13888:tid 20132] (OS 64)The specified network name is no longer available.  : AH00341: winnt_accept: Asynchronous AcceptEx failed.
[Sun Jun 28 05:55:09.823295 2020] [proxy:error] [pid 13888:tid 5892] (OS 10060)A connection attempt failed because the connected party did not properly respond after a period of time, or established connection failed because connected host has failed to respond.  : AH00957: HTTP: attempt to connect to 172.22.1.31:80 (172.22.1.31) failed
[Sun Jun 28 05:55:09.823295 2020] [proxy:error] [pid 13888:tid 5892] AH00959: ap_proxy_connect_backend disabling worker for (172.22.1.31) for 60s
[Sun Jun 28 05:55:09.823295 2020] [proxy_http:error] [pid 13888:tid 5892] [client 123.183.224.26:46834] AH01114: HTTP: failed to make connection to backend: 172.22.1.31
[Sun Jun 28 05:55:11.008897 2020] [proxy:error] [pid 13888:tid 5892] AH00940: HTTP: disabled connection for (172.22.1.31)
[Sun Jun 28 05:55:11.086897 2020] [proxy:error] [pid 13888:tid 19120] AH00940: HTTP: disabled connection for (172.22.1.31)
[Sun Jun 28 05:55:11.180497 2020] [proxy:error] [pid 13888:tid 6072] AH00940: HTTP: disabled connection for (172.22.1.31)
[Sun Jun 28 05:55:11.601698 2020] [proxy:error] [pid 13888:tid 6072] AH00940: HTTP: disabled connection for (172.22.1.31)
[Sun Jun 28 05:55:11.773298 2020] [proxy:error] [pid 13888:tid 19120] AH00940: HTTP: disabled connection for (172.22.1.31)
[Sun Jun 28 05:55:14.971304 2020] [proxy:error] [pid 13888:tid 10044] AH00940: HTTP: disabled connection for (172.22.1.31)
[Sun Jun 28 05:58:23.716035 2020] [core:error] [pid 13888:tid 10044] (20024)The given path is misformatted or contained invalid characters: [client 196.55.13.28:5521] AH00127: Cannot map GET /galeria/carrusel/Carrusel/jquery-ui-%0A%0A1.8.13.custom.min.js HTTP/1.1 to file, referer: http://www.ambientebogota.gov.co/
[Sun Jun 28 07:55:49.501611 2020] [mpm_winnt:warn] [pid 13888:tid 20132] (OS 64)The specified network name is no longer available.  : AH00341: winnt_accept: Asynchronous AcceptEx failed.
[Sun Jun 28 08:00:01.972454 2020] [mpm_winnt:warn] [pid 13888:tid 20132] (OS 64)The specified network name is no longer available.  : AH00341: winnt_accept: Asynchronous AcceptEx failed.
[Sun Jun 28 08:03:27.580815 2020] [mpm_winnt:warn] [pid 13888:tid 20132] (OS 64)The specified network name is no longer available.  : AH00341: winnt_accept: Asynchronous AcceptEx failed.
[Sun Jun 28 08:50:36.319184 2020] [mpm_winnt:warn] [pid 13888:tid 20132] (OS 64)The specified network name is no longer available.  : AH00341: winnt_accept: Asynchronous AcceptEx failed.
[Sun Jun 28 09:29:20.099265 2020] [mpm_winnt:warn] [pid 13888:tid 20132] (OS 64)The specified network name is no longer available.  : AH00341: winnt_accept: Asynchronous AcceptEx failed.
[Sun Jun 28 09:33:31.259706 2020] [mpm_winnt:warn] [pid 13888:tid 20132] (OS 64)The specified network name is no longer available.  : AH00341: winnt_accept: Asynchronous AcceptEx failed.
[Sun Jun 28 11:12:18.367317 2020] [mpm_winnt:warn] [pid 13888:tid 20132] (OS 64)The specified network name is no longer available.  : AH00341: winnt_accept: Asynchronous AcceptEx failed.
[Sun Jun 28 11:34:31.624659 2020] [mpm_winnt:warn] [pid 13888:tid 20132] (OS 64)The specified network name is no longer available.  : AH00341: winnt_accept: Asynchronous AcceptEx failed.
[Sun Jun 28 11:39:57.696432 2020] [mpm_winnt:warn] [pid 13888:tid 20132] (OS 64)The specified network name is no longer available.  : AH00341: winnt_accept: Asynchronous AcceptEx failed.
[Sun Jun 28 12:21:30.987411 2020] [mpm_winnt:warn] [pid 13888:tid 20132] (OS 64)The specified network name is no longer available.  : AH00341: winnt_accept: Asynchronous AcceptEx failed.
[Sun Jun 28 12:32:40.244186 2020] [mpm_winnt:warn] [pid 13888:tid 20132] (OS 64)The specified network name is no longer available.  : AH00341: winnt_accept: Asynchronous AcceptEx failed.
[Sun Jun 28 13:39:17.471407 2020] [mpm_winnt:warn] [pid 13888:tid 20132] (OS 64)The specified network name is no longer available.  : AH00341: winnt_accept: Asynchronous AcceptEx failed.
[Sun Jun 28 14:03:29.693558 2020] [mpm_winnt:warn] [pid 13888:tid 20132] (OS 64)The specified network name is no longer available.  : AH00341: winnt_accept: Asynchronous AcceptEx failed.
[Sun Jun 28 14:17:43.468457 2020] [mpm_winnt:warn] [pid 13888:tid 20132] (OS 64)The specified network name is no longer available.  : AH00341: winnt_accept: Asynchronous AcceptEx failed.
[Sun Jun 28 15:13:24.028125 2020] [mpm_winnt:warn] [pid 13888:tid 20132] (OS 64)The specified network name is no longer available.  : AH00341: winnt_accept: Asynchronous AcceptEx failed.
[Sun Jun 28 15:21:17.722957 2020] [mpm_winnt:warn] [pid 13888:tid 20132] (OS 64)The specified network name is no longer available.  : AH00341: winnt_accept: Asynchronous AcceptEx failed.
[Sun Jun 28 15:25:45.981028 2020] [mpm_winnt:warn] [pid 13888:tid 20132] (OS 64)The specified network name is no longer available.  : AH00341: winnt_accept: Asynchronous AcceptEx failed.
[Sun Jun 28 16:04:21.026094 2020] [mpm_winnt:warn] [pid 13888:tid 20132] (OS 64)The specified network name is no longer available.  : AH00341: winnt_accept: Asynchronous AcceptEx failed.
[Sun Jun 28 17:24:13.542712 2020] [mpm_winnt:warn] [pid 13888:tid 20132] (OS 64)The specified network name is no longer available.  : AH00341: winnt_accept: Asynchronous AcceptEx failed.
[Sun Jun 28 18:13:32.946910 2020] [mpm_winnt:warn] [pid 13888:tid 20132] (OS 64)The specified network name is no longer available.  : AH00341: winnt_accept: Asynchronous AcceptEx failed.
[Sun Jun 28 18:43:37.808680 2020] [authz_core:error] [pid 13888:tid 19120] [client 121.239.113.243:11925] AH01630: client denied by server configuration: E:/nuevo/phpMyAdmin/
[Sun Jun 28 18:58:59.692299 2020] [mpm_winnt:warn] [pid 13888:tid 20132] (OS 64)The specified network name is no longer available.  : AH00341: winnt_accept: Asynchronous AcceptEx failed.
[Sun Jun 28 19:24:25.952180 2020] [mpm_winnt:warn] [pid 13888:tid 20132] (OS 64)The specified network name is no longer available.  : AH00341: winnt_accept: Asynchronous AcceptEx failed.
[Sun Jun 28 19:54:38.036763 2020] [cgi:error] [pid 13888:tid 6176] [client 120.39.60.106:26512] script not found or unable to stat: E:/nuevo/htdocs/tags.asp
[Sun Jun 28 19:54:57.739597 2020] [cgi:error] [pid 13888:tid 5472] [client 120.39.60.106:25648] script not found or unable to stat: E:/nuevo/htdocs/jgsjk.asp
[Sun Jun 28 19:59:32.050479 2020] [core:error] [pid 13888:tid 5472] (OS 5)Access is denied.  : [client 186.29.17.151:52186] AH00132: file permissions deny server access: E:/nuevo/htdocs/galeria/nivo-slider/demo/inicio.html, referer: http://www.ambientebogota.gov.co/web/sda/inicio
[Sun Jun 28 20:08:15.821399 2020] [mpm_winnt:warn] [pid 13888:tid 20132] (OS 64)The specified network name is no longer available.  : AH00341: winnt_accept: Asynchronous AcceptEx failed.
[Sun Jun 28 21:16:09.816355 2020] [mpm_winnt:warn] [pid 13888:tid 20132] (OS 64)The specified network name is no longer available.  : AH00341: winnt_accept: Asynchronous AcceptEx failed.
[Sun Jun 28 21:35:19.632974 2020] [mpm_winnt:warn] [pid 13888:tid 20132] (OS 64)The specified network name is no longer available.  : AH00341: winnt_accept: Asynchronous AcceptEx failed.
[Sun Jun 28 21:42:45.731358 2020] [mpm_winnt:warn] [pid 13888:tid 20132] (OS 64)The specified network name is no longer available.  : AH00341: winnt_accept: Asynchronous AcceptEx failed.
[Sun Jun 28 21:48:02.396314 2020] [mpm_winnt:warn] [pid 13888:tid 20132] (OS 64)The specified network name is no longer available.  : AH00341: winnt_accept: Asynchronous AcceptEx failed.
[Sun Jun 28 21:52:11.060751 2020] [mpm_winnt:warn] [pid 13888:tid 20132] (OS 64)The specified network name is no longer available.  : AH00341: winnt_accept: Asynchronous AcceptEx failed.
[Sun Jun 28 22:07:12.149534 2020] [mpm_winnt:warn] [pid 13888:tid 20132] (OS 64)The specified network name is no longer available.  : AH00341: winnt_accept: Asynchronous AcceptEx failed.
[Sun Jun 28 22:35:21.508701 2020] [mpm_winnt:warn] [pid 13888:tid 20132] (OS 64)The specified network name is no longer available.  : AH00341: winnt_accept: Asynchronous AcceptEx failed.
[Sun Jun 28 22:35:47.186346 2020] [mpm_winnt:warn] [pid 13888:tid 20132] (OS 64)The specified network name is no longer available.  : AH00341: winnt_accept: Asynchronous AcceptEx failed.
[Sun Jun 28 22:35:48.683949 2020] [mpm_winnt:warn] [pid 13888:tid 20132] (OS 64)The specified network name is no longer available.  : AH00341: winnt_accept: Asynchronous AcceptEx failed.
[Sun Jun 28 22:35:50.181551 2020] [mpm_winnt:warn] [pid 13888:tid 20132] (OS 64)The specified network name is no longer available.  : AH00341: winnt_accept: Asynchronous AcceptEx failed.
[Sun Jun 28 22:36:05.890779 2020] [mpm_winnt:warn] [pid 13888:tid 20132] (OS 64)The specified network name is no longer available.  : AH00341: winnt_accept: Asynchronous AcceptEx failed.
[Sun Jun 28 22:36:40.164039 2020] [mpm_winnt:warn] [pid 13888:tid 20132] (OS 64)The specified network name is no longer available.  : AH00341: winnt_accept: Asynchronous AcceptEx failed.
[Sun Jun 28 22:36:52.300860 2020] [mpm_winnt:warn] [pid 13888:tid 20132] (OS 64)The specified network name is no longer available.  : AH00341: winnt_accept: Asynchronous AcceptEx failed.
[Sun Jun 28 22:36:52.316460 2020] [mpm_winnt:warn] [pid 13888:tid 20132] (OS 64)The specified network name is no longer available.  : AH00341: winnt_accept: Asynchronous AcceptEx failed.
[Sun Jun 28 22:38:11.829800 2020] [mpm_winnt:warn] [pid 13888:tid 20132] (OS 64)The specified network name is no longer available.  : AH00341: winnt_accept: Asynchronous AcceptEx failed.
[Sun Jun 28 22:38:12.843802 2020] [mpm_winnt:warn] [pid 13888:tid 20132] (OS 64)The specified network name is no longer available.  : AH00341: winnt_accept: Asynchronous AcceptEx failed.
[Sun Jun 28 22:40:45.287269 2020] [core:error] [pid 13888:tid 5892] (20025)The given path contained wildcard characters: [client 172.22.2.1:54683] AH00036: access to * failed (filesystem path 'E:/nuevo/htdocs/*')
[Sun Jun 28 22:40:46.660072 2020] [core:error] [pid 13888:tid 5892] [client 172.22.2.1:54715] AH00135: Invalid method in request USFYCV / HTTP/1.1
[Sun Jun 28 22:40:54.491286 2020] [core:error] [pid 13888:tid 19328] [client 172.22.2.1:54735] AH00126: Invalid URI in request some invalid request
[Sun Jun 28 22:40:56.987290 2020] [core:error] [pid 13888:tid 5324] [client 172.22.2.1:54744] AH00126: Invalid URI in request GNUTELLA CONNECT/0.6
[Sun Jun 28 22:40:57.112090 2020] [core:error] [pid 13888:tid 5324] [client 172.22.2.1:54748] AH00126: Invalid URI in request GNUTELLA CONNECT/0.4
[Sun Jun 28 22:41:03.055701 2020] [cgi:error] [pid 13888:tid 5892] [client 172.22.2.1:54757] script not found or unable to stat: E:/nuevo/htdocs/ZBGd4rjOIaZP.cgi
[Sun Jun 28 22:41:04.054102 2020] [cgi:error] [pid 13888:tid 5892] [client 172.22.2.1:54757] script not found or unable to stat: E:/nuevo/htdocs/ZBGd4rjOIaZP.pl
[Sun Jun 28 22:41:04.568903 2020] [cgi:error] [pid 13888:tid 5892] [client 172.22.2.1:54757] script not found or unable to stat: E:/nuevo/htdocs/ZBGd4rjOIaZP.asp
[Sun Jun 28 22:41:06.674907 2020] [cgi:error] [pid 13888:tid 5892] [client 172.22.2.1:54757] script not found or unable to stat: E:/nuevo/cgi-bin/ZBGd4rjOIaZP.html
[Sun Jun 28 22:41:06.674907 2020] [cgi:error] [pid 13888:tid 5892] [client 172.22.2.1:54757] script not found or unable to stat: E:/nuevo/cgi-bin/ZBGd4rjOIaZP.cgi
[Sun Jun 28 22:41:06.768507 2020] [cgi:error] [pid 13888:tid 5892] [client 172.22.2.1:54757] script not found or unable to stat: E:/nuevo/cgi-bin/ZBGd4rjOIaZP.sh
[Sun Jun 28 22:41:06.768507 2020] [cgi:error] [pid 13888:tid 5892] [client 172.22.2.1:54757] script not found or unable to stat: E:/nuevo/cgi-bin/ZBGd4rjOIaZP.pl
[Sun Jun 28 22:41:09.560912 2020] [cgi:error] [pid 13888:tid 5892] [client 172.22.2.1:54757] script not found or unable to stat: E:/nuevo/cgi-bin/ZBGd4rjOIaZP.inc
[Sun Jun 28 22:41:11.261315 2020] [cgi:error] [pid 13888:tid 5892] [client 172.22.2.1:54757] script not found or unable to stat: E:/nuevo/cgi-bin/ZBGd4rjOIaZP.shtml
[Sun Jun 28 22:41:14.053720 2020] [cgi:error] [pid 13888:tid 5892] [client 172.22.2.1:54757] script not found or unable to stat: E:/nuevo/cgi-bin/ZBGd4rjOIaZP.asp
[Sun Jun 28 22:41:17.844527 2020] [cgi:error] [pid 13888:tid 5892] [client 172.22.2.1:54757] script not found or unable to stat: E:/nuevo/cgi-bin/ZBGd4rjOIaZP.php
[Sun Jun 28 22:41:19.466930 2020] [cgi:error] [pid 13888:tid 5892] [client 172.22.2.1:54757] script not found or unable to stat: E:/nuevo/cgi-bin/ZBGd4rjOIaZP.php3
[Sun Jun 28 22:41:21.042532 2020] [cgi:error] [pid 13888:tid 5892] [client 172.22.2.1:54757] script not found or unable to stat: E:/nuevo/cgi-bin/ZBGd4rjOIaZP.cfm
[Sun Jun 28 22:41:48.982181 2020] [core:error] [pid 13888:tid 5644] [client 172.22.2.1:54907] AH00126: Invalid URI in request GET /../../../../../../../../../../../../windows/win.ini HTTP/1.1
[Sun Jun 28 22:41:49.216182 2020] [core:error] [pid 13888:tid 5644] [client 172.22.2.1:54910] AH00126: Invalid URI in request GET /../../../../../../../../../../../../winnt/win.ini HTTP/1.1
[Sun Jun 28 22:41:50.074183 2020] [core:error] [pid 13888:tid 5644] [client 172.22.2.1:54915] AH00126: Invalid URI in request GET ../../../../../../../../../../../../windows/win.ini HTTP/1.1
[Sun Jun 28 22:41:50.729384 2020] [cgi:error] [pid 13888:tid 19412] [client 172.22.2.1:54919] script not found or unable to stat: E:/nuevo/htdocs/whugexwf.asp
[Sun Jun 28 22:41:50.932185 2020] [core:error] [pid 13888:tid 5644] [client 172.22.2.1:54921] AH00126: Invalid URI in request GET ../../../../../../../../../../../../winnt/win.ini HTTP/1.1
[Sun Jun 28 22:41:52.523388 2020] [core:error] [pid 13888:tid 5644] [client 172.22.2.1:54924] AH00126: Invalid URI in request GET ..\\..\\..\\..\\..\\..\\..\\..\\..\\..\\windows\\win.ini HTTP/1.1
[Sun Jun 28 22:41:53.162989 2020] [core:error] [pid 13888:tid 5644] [client 172.22.2.1:54928] AH00126: Invalid URI in request GET ..\\..\\..\\..\\..\\..\\..\\..\\..\\..\\winnt\\win.ini HTTP/1.1
[Sun Jun 28 22:41:53.428189 2020] [core:error] [pid 13888:tid 5644] [client 172.22.2.1:54930] AH00126: Invalid URI in request GET /..\\..\\..\\..\\..\\..\\..\\..\\..\\..\\windows\\win.ini HTTP/1.1
[Sun Jun 28 22:41:53.786990 2020] [core:error] [pid 13888:tid 5324] [client 172.22.2.1:54932] AH00126: Invalid URI in request GET /..\\..\\..\\..\\..\\..\\..\\..\\..\\..\\winnt\\win.ini HTTP/1.1
[Sun Jun 28 22:41:53.958590 2020] [cgi:error] [pid 13888:tid 19412] [client 172.22.2.1:54919] script not found or unable to stat: E:/nuevo/htdocs/whugexwf.asp
[Sun Jun 28 22:41:56.766595 2020] [core:error] [pid 13888:tid 5644] (20024)The given path is misformatted or contained invalid characters: [client 172.22.2.1:54944] AH00127: Cannot map GET /.|./.|./.|./.|./.|./.|./.|./.|./.|./.|./.|./windows/win.ini HTTP/1.1 to file
[Sun Jun 28 22:41:58.763399 2020] [core:error] [pid 13888:tid 5644] (20024)The given path is misformatted or contained invalid characters: [client 172.22.2.1:54944] AH00127: Cannot map GET /.|./.|./.|./.|./.|./.|./.|./.|./.|./.|./.|./winnt/win.ini HTTP/1.1 to file
[Sun Jun 28 22:42:00.432601 2020] [cgi:error] [pid 13888:tid 19412] [client 172.22.2.1:54919] script not found or unable to stat: E:/nuevo/htdocs/whugexwf.pl
[Sun Jun 28 22:42:02.023804 2020] [core:error] [pid 13888:tid 5644] [client 172.22.2.1:54944] AH00126: Invalid URI in request GET /%2e%2e/%2e%2e/%2e%2e/%2e%2e/%2e%2e/%2e%2e/%2e%2e/%2e%2e/%2e%2e/%2e%2e/%2e%2e/windows/win.ini HTTP/1.1
[Sun Jun 28 22:42:02.304605 2020] [core:error] [pid 13888:tid 5644] [client 172.22.2.1:54966] AH00126: Invalid URI in request GET /%2e%2e/%2e%2e/%2e%2e/%2e%2e/%2e%2e/%2e%2e/%2e%2e/%2e%2e/%2e%2e/%2e%2e/%2e%2e/winnt/win.ini HTTP/1.1
[Sun Jun 28 22:42:02.538605 2020] [core:error] [pid 13888:tid 5644] [client 172.22.2.1:54969] AH00126: Invalid URI in request GET /%2e%2e\\%2e%2e\\%2e%2e\\%2e%2e\\%2e%2e\\%2e%2e\\%2e%2e\\%2e%2e\\%2e%2e\\%2e%2e\\windows\\win.ini HTTP/1.1
[Sun Jun 28 22:42:03.786607 2020] [cgi:error] [pid 13888:tid 19412] [client 172.22.2.1:54919] script not found or unable to stat: E:/nuevo/htdocs/whugexwf.pl
[Sun Jun 28 22:42:03.817807 2020] [core:error] [pid 13888:tid 5644] [client 172.22.2.1:54973] AH00126: Invalid URI in request GET /%2e%2e\\%2e%2e\\%2e%2e\\%2e%2e\\%2e%2e\\%2e%2e\\%2e%2e\\%2e%2e\\%2e%2e\\%2e%2e\\winnt\\win.ini HTTP/1.1
[Sun Jun 28 22:42:05.596211 2020] [core:error] [pid 13888:tid 5324] (20024)The given path is misformatted or contained invalid characters: [client 172.22.2.1:54983] AH00127: Cannot map GET /.../.../.../.../.../.../.../.../.../windows/win.ini HTTP/1.1 to file
[Sun Jun 28 22:42:06.220212 2020] [cgi:error] [pid 13888:tid 19412] [client 172.22.2.1:54919] script not found or unable to stat: E:/nuevo/htdocs/whugexwf.cgi
[Sun Jun 28 22:42:07.421414 2020] [core:error] [pid 13888:tid 5324] (20024)The given path is misformatted or contained invalid characters: [client 172.22.2.1:54983] AH00127: Cannot map GET /.../.../.../.../.../.../.../.../.../winnt/win.ini HTTP/1.1 to file
[Sun Jun 28 22:42:08.700616 2020] [cgi:error] [pid 13888:tid 19412] [client 172.22.2.1:54919] script not found or unable to stat: E:/nuevo/htdocs/whugexwf.cgi
[Sun Jun 28 22:42:10.806620 2020] [core:error] [pid 13888:tid 5324] (20024)The given path is misformatted or contained invalid characters: [client 172.22.2.1:54983] AH00127: Cannot map GET /...\\...\\...\\...\\...\\...\\...\\...\\...\\windows\\win.ini HTTP/1.1 to file
[Sun Jun 28 22:42:13.006224 2020] [authz_core:error] [pid 13888:tid 5644] [client 172.22.2.1:55011] AH01630: client denied by server configuration: E:/nuevo/htdocs/.htaccess.old
[Sun Jun 28 22:42:13.599025 2020] [core:error] [pid 13888:tid 5324] (20024)The given path is misformatted or contained invalid characters: [client 172.22.2.1:54983] AH00127: Cannot map GET /...\\...\\...\\...\\...\\...\\...\\...\\...\\winnt\\win.ini HTTP/1.1 to file
[Sun Jun 28 22:42:22.350640 2020] [authz_core:error] [pid 13888:tid 5644] [client 172.22.2.1:55011] AH01630: client denied by server configuration: E:/nuevo/htdocs/.htaccess.bak
[Sun Jun 28 22:42:22.912241 2020] [core:error] [pid 13888:tid 5324] (20024)The given path is misformatted or contained invalid characters: [client 172.22.2.1:54983] AH00127: Cannot map GET /..../..../..../..../..../..../..../..../..../windows/win.ini HTTP/1.1 to file
[Sun Jun 28 22:42:29.604653 2020] [authz_core:error] [pid 13888:tid 5644] [client 172.22.2.1:55011] AH01630: client denied by server configuration: E:/nuevo/htdocs/.htaccess~
[Sun Jun 28 22:42:30.727855 2020] [core:error] [pid 13888:tid 5324] (20024)The given path is misformatted or contained invalid characters: [client 172.22.2.1:54983] AH00127: Cannot map GET /..../..../..../..../..../..../..../..../..../winnt/win.ini HTTP/1.1 to file
[Sun Jun 28 22:42:39.682270 2020] [authz_core:error] [pid 13888:tid 5644] [client 172.22.2.1:55011] AH01630: client denied by server configuration: E:/nuevo/htdocs/.htaccess.copy
[Sun Jun 28 22:42:40.852272 2020] [core:error] [pid 13888:tid 5324] (20024)The given path is misformatted or contained invalid characters: [client 172.22.2.1:54983] AH00127: Cannot map GET /....\\....\\....\\....\\....\\....\\....\\....\\....\\windows\\win.ini HTTP/1.1 to file
[Sun Jun 28 22:42:44.955080 2020] [authz_core:error] [pid 13888:tid 5644] [client 172.22.2.1:55011] AH01630: client denied by server configuration: E:/nuevo/htdocs/.htaccess.tmp
[Sun Jun 28 22:42:44.970680 2020] [authz_core:error] [pid 13888:tid 6176] [client 172.22.2.1:55101] AH01630: client denied by server configuration: E:/nuevo/htdocs/xampp/index.php
[Sun Jun 28 22:42:45.641481 2020] [core:error] [pid 13888:tid 5324] (20024)The given path is misformatted or contained invalid characters: [client 172.22.2.1:54983] AH00127: Cannot map GET /....\\....\\....\\....\\....\\....\\....\\....\\....\\winnt\\win.ini HTTP/1.1 to file
[Sun Jun 28 22:42:50.477489 2020] [core:error] [pid 13888:tid 5324] [client 172.22.2.1:54983] AH00126: Invalid URI in request GET /././././././../../../../../windows/win.ini HTTP/1.1
[Sun Jun 28 22:42:50.758290 2020] [authz_core:error] [pid 13888:tid 5644] [client 172.22.2.1:55113] AH01630: client denied by server configuration: E:/nuevo/htdocs/.htaccess.1
[Sun Jun 28 22:42:51.553891 2020] [core:error] [pid 13888:tid 5324] [client 172.22.2.1:55117] AH00126: Invalid URI in request GET /././././././../../../../../winnt/win.ini HTTP/1.1
[Sun Jun 28 22:42:53.113894 2020] [core:error] [pid 13888:tid 5324] [client 172.22.2.1:55123] AH00126: Invalid URI in request GET /nessus\\..\\..\\..\\..\\..\\..\\windows\\win.ini HTTP/1.1
[Sun Jun 28 22:42:53.753495 2020] [core:error] [pid 13888:tid 5324] [client 172.22.2.1:55126] AH00126: Invalid URI in request GET /nessus\\..\\..\\..\\..\\..\\..\\winnt\\win.ini HTTP/1.1
[Sun Jun 28 22:42:53.925095 2020] [authz_core:error] [pid 13888:tid 5644] [client 172.22.2.1:55113] AH01630: client denied by server configuration: E:/nuevo/htdocs/.htaccess.~1~
[Sun Jun 28 22:42:54.299496 2020] [core:error] [pid 13888:tid 5324] (22)Invalid argument: [client 172.22.2.1:55129] AH00127: Cannot map GET /%80../%80../%80../%80../%80../%80../windows/win.ini HTTP/1.1 to file
[Sun Jun 28 22:42:59.307105 2020] [core:error] [pid 13888:tid 5324] (22)Invalid argument: [client 172.22.2.1:55129] AH00127: Cannot map GET /%80../%80../%80../%80../%80../%80../winnt/win.ini HTTP/1.1 to file
[Sun Jun 28 22:43:05.203915 2020] [core:error] [pid 13888:tid 5324] (22)Invalid argument: [client 172.22.2.1:55129] AH00127: Cannot map GET /%c0.%c0./%c0.%c0./%c0.%c0./%c0.%c0./%c0.%c0./windows/win.ini HTTP/1.1 to file
[Sun Jun 28 22:43:12.067927 2020] [core:error] [pid 13888:tid 5324] (22)Invalid argument: [client 172.22.2.1:55129] AH00127: Cannot map GET /%c0.%c0./%c0.%c0./%c0.%c0./%c0.%c0./%c0.%c0./winnt/win.ini HTTP/1.1 to file
[Sun Jun 28 22:43:15.983534 2020] [cgi:error] [pid 13888:tid 5644] [client 172.22.2.1:55156] script not found or unable to stat: E:/nuevo/htdocs/niet1063953801.asp
[Sun Jun 28 22:43:17.715137 2020] [core:error] [pid 13888:tid 5324] (22)Invalid argument: [client 172.22.2.1:55129] AH00127: Cannot map GET /%c0%2e%c0%2e/%c0%2e%c0%2e/%c0%2e%c0%2e/%c0%2e%c0%2e/windows/win.ini HTTP/1.1 to file
[Sun Jun 28 22:43:25.047150 2020] [core:error] [pid 13888:tid 5324] (22)Invalid argument: [client 172.22.2.1:55129] AH00127: Cannot map GET /%c0%2e%c0%2e/%c0%2e%c0%2e/%c0%2e%c0%2e/%c0%2e%c0%2e/winnt/win.ini HTTP/1.1 to file
[Sun Jun 28 22:43:41.286779 2020] [core:error] [pid 13888:tid 5324] [client 172.22.2.1:55231] AH00126: Invalid URI in request GET /../../../../../../../../../../../../etc/passwd HTTP/1.1
[Sun Jun 28 22:43:43.065182 2020] [core:error] [pid 13888:tid 5324] [client 172.22.2.1:55236] AH00126: Invalid URI in request GET /./../../../../../../../../../../../etc/passwd HTTP/1.1
[Sun Jun 28 22:43:45.249186 2020] [core:error] [pid 13888:tid 5324] [client 172.22.2.1:55244] AH00126: Invalid URI in request GET //../../../../../../../../../../../../etc/passwd HTTP/1.1
[Sun Jun 28 22:43:46.840388 2020] [core:error] [pid 13888:tid 5324] (20024)The given path is misformatted or contained invalid characters: [client 172.22.2.1:55247] AH00127: Cannot map GET /..../..../..../..../..../..../..../..../..../..../..../..../etc/passwd HTTP/1.1 to file
[Sun Jun 28 22:43:52.612398 2020] [core:error] [pid 13888:tid 5324] [client 172.22.2.1:55247] AH00126: Invalid URI in request GET /%2e%2e/%2e%2e/%2e%2e/%2e%2e/%2e%2e/%2e%2e/%2e%2e/%2e%2e/%2e%2e/%2e%2e/%2e%2e/%2e%2e/etc/passwd HTTP/1.1
[Sun Jun 28 22:43:57.245607 2020] [core:error] [pid 13888:tid 5324] [client 172.22.2.1:55272] AH00126: Invalid URI in request GET /././././././../../../../../etc/passwd HTTP/1.1
[Sun Jun 28 22:44:06.293623 2020] [core:error] [pid 13888:tid 5324] [client 172.22.2.1:55293] AH00126: Invalid URI in request GET ..\\..\\..\\..\\..\\..\\windows\\win.ini HTTP/1.1
[Sun Jun 28 22:44:08.306026 2020] [core:error] [pid 13888:tid 5324] [client 172.22.2.1:55299] AH00126: Invalid URI in request GET ..\\..\\..\\..\\..\\..\\winnt\\win.ini HTTP/1.1
[Sun Jun 28 22:44:50.722501 2020] [authz_core:error] [pid 13888:tid 19244] [client 172.22.2.1:55401] AH01630: client denied by server configuration: E:/nuevo/htdocs/server-info
[Sun Jun 28 22:45:03.077722 2020] [core:error] [pid 13888:tid 5644] [client 172.22.2.1:55425] AH00038: Forbidden: E:/nuevo/cgi-bin/com5 doesn't point to a file or directory
[Sun Jun 28 22:45:12.765339 2020] [cgi:error] [pid 13888:tid 19244] [client 172.22.2.1:55458] script not found or unable to stat: E:/nuevo/cgi-bin/pub
[Sun Jun 28 22:46:03.091028 2020] [core:error] [pid 13888:tid 5644] [client 172.22.2.1:55671] AH00135: Invalid method in request NESSUS / HTTP/1.0
[Sun Jun 28 22:46:03.387428 2020] [core:error] [pid 13888:tid 19412] (20024)The given path is misformatted or contained invalid characters: [client 172.22.2.1:54919] AH00127: Cannot map GET /<script>document.cookie=%22testqbsz=3039;%22</script> HTTP/1.1 to file
[Sun Jun 28 22:46:04.042629 2020] [core:error] [pid 13888:tid 19412] [client 172.22.2.1:54919] AH00126: Invalid URI in request GET <script>document.cookie=%22testqbsz=3039;%22</script> HTTP/1.1
[Sun Jun 28 22:46:05.087831 2020] [core:error] [pid 13888:tid 19412] (20024)The given path is misformatted or contained invalid characters: [client 172.22.2.1:55683] AH00127: Cannot map GET /<meta%20http-equiv=Set-Cookie%20content=%22testqbsz=3039%22> HTTP/1.1 to file
[Sun Jun 28 22:46:05.103431 2020] [core:error] [pid 13888:tid 19412] [client 172.22.2.1:55683] AH00126: Invalid URI in request GET <meta%20http-equiv=Set-Cookie%20content=%22testqbsz=3039%22> HTTP/1.1
[Sun Jun 28 22:46:25.648667 2020] [proxy:error] [pid 13888:tid 5628] (OS 10061)No connection could be made because the target machine actively refused it.  : AH00957: AJP: attempt to connect to 127.0.0.1:8009 (*) failed
[Sun Jun 28 22:46:25.648667 2020] [proxy_ajp:error] [pid 13888:tid 5628] [client 172.22.2.1:55760] AH00896: failed to make connection to backend: 127.0.0.1
[Sun Jun 28 22:46:28.004271 2020] [cgi:error] [pid 13888:tid 19412] [client 172.22.2.1:55781] script not found or unable to stat: E:/nuevo/htdocs/InitialPage.asp
[Sun Jun 28 22:46:28.721873 2020] [cgi:error] [pid 13888:tid 19176] [client 172.22.2.1:55792] script not found or unable to stat: E:/nuevo/cgi-bin/printenv
[Sun Jun 28 22:47:00.374328 2020] [negotiation:error] [pid 13888:tid 19412] [client 172.22.2.1:55864] AH00690: no acceptable variant: E:/nuevo/apache/error/HTTP_NOT_FOUND.html.var
[Sun Jun 28 22:47:05.132337 2020] [negotiation:error] [pid 13888:tid 19412] [client 172.22.2.1:55864] AH00690: no acceptable variant: E:/nuevo/apache/error/HTTP_NOT_FOUND.html.var
[Sun Jun 28 22:47:05.709538 2020] [negotiation:error] [pid 13888:tid 19412] [client 172.22.2.1:55864] AH00690: no acceptable variant: E:/nuevo/apache/error/HTTP_NOT_FOUND.html.var
[Sun Jun 28 22:47:05.787538 2020] [cgi:error] [pid 13888:tid 5628] [client 172.22.2.1:55884] script not found or unable to stat: E:/nuevo/cgi-bin/index.cgi
[Sun Jun 28 22:47:05.943538 2020] [negotiation:error] [pid 13888:tid 19412] [client 172.22.2.1:55864] AH00690: no acceptable variant: E:/nuevo/apache/error/HTTP_NOT_FOUND.html.var
[Sun Jun 28 22:47:06.115138 2020] [negotiation:error] [pid 13888:tid 19412] [client 172.22.2.1:55864] AH00690: no acceptable variant: E:/nuevo/apache/error/HTTP_NOT_FOUND.html.var
[Sun Jun 28 22:47:08.361542 2020] [negotiation:error] [pid 13888:tid 19244] [client 172.22.2.1:55928] AH00690: no acceptable variant: E:/nuevo/apache/error/HTTP_NOT_FOUND.html.var
[Sun Jun 28 22:47:08.361542 2020] [core:error] [pid 13888:tid 7684] [client 172.22.2.1:55927] AH00135: Invalid method in request SEARCH / HTTP/1.1
[Sun Jun 28 22:47:09.484744 2020] [cgi:error] [pid 13888:tid 19412] [client 172.22.2.1:55953] script not found or unable to stat: E:/nuevo/htdocs/home.asp
[Sun Jun 28 22:47:09.812345 2020] [negotiation:error] [pid 13888:tid 19412] [client 172.22.2.1:55962] AH00690: no acceptable variant: E:/nuevo/apache/error/HTTP_NOT_FOUND.html.var
[Sun Jun 28 22:47:38.188795 2020] [authz_core:error] [pid 13888:tid 5628] [client 172.22.2.1:56074] AH01630: client denied by server configuration: E:/nuevo/htdocs/server-info
[Sun Jun 28 22:47:45.957608 2020] [authz_core:error] [pid 13888:tid 19328] [client 172.22.2.1:56093] AH01630: client denied by server configuration: E:/nuevo/htdocs/server-status
[Sun Jun 28 22:47:46.410009 2020] [authz_core:error] [pid 13888:tid 7684] [client 172.22.2.1:56096] AH01630: client denied by server configuration: E:/nuevo/htdocs/.htaccess
[Sun Jun 28 22:47:51.682818 2020] [authz_core:error] [pid 13888:tid 7684] [client 172.22.2.1:56096] AH01630: client denied by server configuration: E:/nuevo/htdocs/.htpasswd
[Sun Jun 28 22:48:02.930438 2020] [cgi:error] [pid 13888:tid 5628] [client 172.22.2.1:56216] script not found or unable to stat: E:/nuevo/cgi-bin/client_execute.cgi
[Sun Jun 28 22:48:03.694840 2020] [cgi:error] [pid 13888:tid 5628] [client 172.22.2.1:56229] script not found or unable to stat: E:/nuevo/cgi-bin/guestimage.html
[Sun Jun 28 22:48:04.069240 2020] [cgi:error] [pid 13888:tid 5628] [client 172.22.2.1:56239] script not found or unable to stat: E:/nuevo/cgi-bin/camctrl.cgi
[Sun Jun 28 22:48:04.116040 2020] [cgi:error] [pid 13888:tid 5628] [client 172.22.2.1:56242] script not found or unable to stat: E:/nuevo/cgi-bin/ctrldirect.cgi
[Sun Jun 28 22:48:04.412441 2020] [cgi:error] [pid 13888:tid 5628] [client 172.22.2.1:56247] script not found or unable to stat: E:/nuevo/cgi-bin/pdesk.cgi
[Sun Jun 28 22:48:04.989642 2020] [cgi:error] [pid 13888:tid 5628] [client 172.22.2.1:56254] script not found or unable to stat: E:/nuevo/htdocs/main.cgi
[Sun Jun 28 22:48:05.426443 2020] [core:error] [pid 13888:tid 19328] (20024)The given path is misformatted or contained invalid characters: [client 172.22.2.1:56261] AH00127: Cannot map GET /<script>foo</script> HTTP/1.1 to file
[Sun Jun 28 22:48:07.376446 2020] [cgi:error] [pid 13888:tid 6176] [client 172.22.2.1:56293] script not found or unable to stat: E:/nuevo/cgi-bin/kvm.cgi
[Sun Jun 28 22:48:08.140847 2020] [cgi:error] [pid 13888:tid 6176] [client 172.22.2.1:56302] script not found or unable to stat: E:/nuevo/cgi-bin/login.cgi
[Sun Jun 28 22:48:11.619653 2020] [cgi:error] [pid 13888:tid 7684] [client 172.22.2.1:56330] script not found or unable to stat: E:/nuevo/htdocs/620UYham.asp
[Sun Jun 28 22:48:14.053258 2020] [core:error] [pid 13888:tid 7684] [client 172.22.2.1:56349] AH00126: Invalid URI in request GET /%2e%2e/%2e%2e/%2e%2e/%2e%2e/%2e%2e/%2e%2e/%2e%2e/etc/passwd HTTP/1.1
[Sun Jun 28 22:48:14.973659 2020] [authz_core:error] [pid 13888:tid 19328] [client 172.22.2.1:56348] AH01630: client denied by server configuration: E:/nuevo/htdocs/server-status
[Sun Jun 28 22:48:18.499266 2020] [authz_core:error] [pid 13888:tid 19176] [client 172.22.2.1:56379] AH01630: client denied by server configuration: E:/nuevo/webalizer/
[Sun Jun 28 22:48:46.563715 2020] [core:error] [pid 13888:tid 19328] [client 172.22.2.1:56509] AH00126: Invalid URI in request t3 12.2.1
[Sun Jun 28 22:50:10.445062 2020] [mpm_winnt:warn] [pid 13888:tid 20132] (OS 64)The specified network name is no longer available.  : AH00341: winnt_accept: Asynchronous AcceptEx failed.
[Sun Jun 28 22:50:16.513473 2020] [mpm_winnt:warn] [pid 13888:tid 20132] (OS 64)The specified network name is no longer available.  : AH00341: winnt_accept: Asynchronous AcceptEx failed.
[Sun Jun 28 22:50:17.012674 2020] [mpm_winnt:warn] [pid 13888:tid 20132] (OS 64)The specified network name is no longer available.  : AH00341: winnt_accept: Asynchronous AcceptEx failed.
[Sun Jun 28 22:50:52.580736 2020] [core:error] [pid 13888:tid 6456] [client 172.22.2.1:56959] AH00038: Forbidden: E:/nuevo/htdocs/nul doesn't point to a file or directory
[Sun Jun 28 22:50:56.808344 2020] [cgi:error] [pid 13888:tid 19328] [client 172.22.2.1:57006] script not found or unable to stat: E:/nuevo/cgi-bin/filescan
[Sun Jun 28 22:50:57.822345 2020] [cgi:error] [pid 13888:tid 6456] [client 172.22.2.1:57021] script not found or unable to stat: E:/nuevo/htdocs/FormHandler.cgi
[Sun Jun 28 22:50:58.118746 2020] [cgi:error] [pid 13888:tid 19328] [client 172.22.2.1:57026] script not found or unable to stat: E:/nuevo/cgi-bin/file_transfer.cgi
[Sun Jun 28 22:50:58.212346 2020] [cgi:error] [pid 13888:tid 19328] [client 172.22.2.1:57027] script not found or unable to stat: E:/nuevo/htdocs/admin.cgi
[Sun Jun 28 22:50:58.337146 2020] [cgi:error] [pid 13888:tid 19328] [client 172.22.2.1:57029] script not found or unable to stat: E:/nuevo/htdocs/administrator.cgi
[Sun Jun 28 22:50:58.368346 2020] [cgi:error] [pid 13888:tid 19328] [client 172.22.2.1:57031] script not found or unable to stat: E:/nuevo/htdocs/buglist.cgi
[Sun Jun 28 22:50:58.508747 2020] [cgi:error] [pid 13888:tid 19328] [client 172.22.2.1:57034] script not found or unable to stat: E:/nuevo/cgi-bin/admin
[Sun Jun 28 22:50:58.555547 2020] [cgi:error] [pid 13888:tid 19328] [client 172.22.2.1:57036] script not found or unable to stat: E:/nuevo/cgi-bin/admin.cgi
[Sun Jun 28 22:50:58.602347 2020] [cgi:error] [pid 13888:tid 19328] [client 172.22.2.1:57038] script not found or unable to stat: E:/nuevo/cgi-bin/admin.pl
[Sun Jun 28 22:50:58.633547 2020] [cgi:error] [pid 13888:tid 19328] [client 172.22.2.1:57040] script not found or unable to stat: E:/nuevo/cgi-bin/administrator
[Sun Jun 28 22:50:58.695947 2020] [cgi:error] [pid 13888:tid 19328] [client 172.22.2.1:57042] script not found or unable to stat: E:/nuevo/cgi-bin/administrator.cgi
[Sun Jun 28 22:50:58.789547 2020] [cgi:error] [pid 13888:tid 19328] [client 172.22.2.1:57044] script not found or unable to stat: E:/nuevo/cgi-bin/agorn.cgi
[Sun Jun 28 22:50:58.867547 2020] [cgi:error] [pid 13888:tid 19328] [client 172.22.2.1:57047] script not found or unable to stat: E:/nuevo/cgi-bin/bugreport.cgi
[Sun Jun 28 22:50:58.945547 2020] [cgi:error] [pid 13888:tid 19328] [client 172.22.2.1:57048] script not found or unable to stat: E:/nuevo/cgi-bin/cart.cgi
[Sun Jun 28 22:50:58.976747 2020] [cgi:error] [pid 13888:tid 19328] [client 172.22.2.1:57051] script not found or unable to stat: E:/nuevo/cgi-bin/clwarn.cgi
[Sun Jun 28 22:50:59.039147 2020] [cgi:error] [pid 13888:tid 19328] [client 172.22.2.1:57053] script not found or unable to stat: E:/nuevo/cgi-bin/count.cgi
[Sun Jun 28 22:50:59.070348 2020] [cgi:error] [pid 13888:tid 19328] [client 172.22.2.1:57054] script not found or unable to stat: E:/nuevo/cgi-bin/Count.cgi
[Sun Jun 28 22:50:59.085948 2020] [cgi:error] [pid 13888:tid 6456] [client 172.22.2.1:57055] script not found or unable to stat: E:/nuevo/htdocs/admin.cgi
[Sun Jun 28 22:50:59.117148 2020] [cgi:error] [pid 13888:tid 19328] [client 172.22.2.1:57056] script not found or unable to stat: E:/nuevo/cgi-bin/faqmanager.cgi
[Sun Jun 28 22:50:59.132748 2020] [cgi:error] [pid 13888:tid 6456] [client 172.22.2.1:57057] script not found or unable to stat: E:/nuevo/htdocs/administrator.cgi
[Sun Jun 28 22:50:59.163948 2020] [cgi:error] [pid 13888:tid 19328] [client 172.22.2.1:57058] script not found or unable to stat: E:/nuevo/cgi-bin/FormHandler.cgi
[Sun Jun 28 22:50:59.179548 2020] [cgi:error] [pid 13888:tid 6456] [client 172.22.2.1:57059] script not found or unable to stat: E:/nuevo/htdocs/buglist.cgi
[Sun Jun 28 22:50:59.241948 2020] [cgi:error] [pid 13888:tid 19328] [client 172.22.2.1:57060] script not found or unable to stat: E:/nuevo/cgi-bin/FormMail.cgi
[Sun Jun 28 22:50:59.413548 2020] [cgi:error] [pid 13888:tid 6456] [client 172.22.2.1:57063] script not found or unable to stat: E:/nuevo/cgi-bin/admin
[Sun Jun 28 22:50:59.413548 2020] [cgi:error] [pid 13888:tid 19328] [client 172.22.2.1:57062] script not found or unable to stat: E:/nuevo/cgi-bin/guestbook.cgi
[Sun Jun 28 22:50:59.460348 2020] [cgi:error] [pid 13888:tid 6456] [client 172.22.2.1:57064] script not found or unable to stat: E:/nuevo/cgi-bin/help.cgi
[Sun Jun 28 22:50:59.475948 2020] [cgi:error] [pid 13888:tid 19328] [client 172.22.2.1:57065] script not found or unable to stat: E:/nuevo/cgi-bin/admin.cgi
[Sun Jun 28 22:50:59.522748 2020] [cgi:error] [pid 13888:tid 6456] [client 172.22.2.1:57066] script not found or unable to stat: E:/nuevo/cgi-bin/hi
[Sun Jun 28 22:50:59.538348 2020] [cgi:error] [pid 13888:tid 19328] [client 172.22.2.1:57067] script not found or unable to stat: E:/nuevo/cgi-bin/admin.pl
[Sun Jun 28 22:50:59.803549 2020] [cgi:error] [pid 13888:tid 6456] [client 172.22.2.1:57068] script not found or unable to stat: E:/nuevo/cgi-bin/index.cgi
[Sun Jun 28 22:50:59.803549 2020] [cgi:error] [pid 13888:tid 19328] [client 172.22.2.1:57069] script not found or unable to stat: E:/nuevo/cgi-bin/administrator
[Sun Jun 28 22:50:59.881549 2020] [cgi:error] [pid 13888:tid 19244] [client 172.22.2.1:57070] script not found or unable to stat: E:/nuevo/cgi-bin/index.pl
[Sun Jun 28 22:50:59.897149 2020] [cgi:error] [pid 13888:tid 19328] [client 172.22.2.1:57072] script not found or unable to stat: E:/nuevo/cgi-bin/administrator.cgi
[Sun Jun 28 22:50:59.928349 2020] [cgi:error] [pid 13888:tid 19244] [client 172.22.2.1:57073] script not found or unable to stat: E:/nuevo/cgi-bin/index.sh
[Sun Jun 28 22:50:59.943949 2020] [cgi:error] [pid 13888:tid 19328] [client 172.22.2.1:57074] script not found or unable to stat: E:/nuevo/cgi-bin/agorn.cgi
[Sun Jun 28 22:50:59.975149 2020] [cgi:error] [pid 13888:tid 19244] [client 172.22.2.1:57075] script not found or unable to stat: E:/nuevo/cgi-bin/login
[Sun Jun 28 22:50:59.990749 2020] [cgi:error] [pid 13888:tid 19328] [client 172.22.2.1:57076] script not found or unable to stat: E:/nuevo/cgi-bin/bugreport.cgi
[Sun Jun 28 22:51:00.037549 2020] [cgi:error] [pid 13888:tid 19244] [client 172.22.2.1:57077] script not found or unable to stat: E:/nuevo/cgi-bin/login.cgi
[Sun Jun 28 22:51:00.037549 2020] [cgi:error] [pid 13888:tid 19328] [client 172.22.2.1:57078] script not found or unable to stat: E:/nuevo/cgi-bin/cart.cgi
[Sun Jun 28 22:51:00.084349 2020] [cgi:error] [pid 13888:tid 19244] [client 172.22.2.1:57079] script not found or unable to stat: E:/nuevo/cgi-bin/mailit.pl
[Sun Jun 28 22:51:00.084349 2020] [cgi:error] [pid 13888:tid 19328] [client 172.22.2.1:57080] script not found or unable to stat: E:/nuevo/cgi-bin/clwarn.cgi
[Sun Jun 28 22:51:00.131149 2020] [cgi:error] [pid 13888:tid 19244] [client 172.22.2.1:57081] script not found or unable to stat: E:/nuevo/cgi-bin/mt
[Sun Jun 28 22:51:00.131149 2020] [cgi:error] [pid 13888:tid 19328] [client 172.22.2.1:57082] script not found or unable to stat: E:/nuevo/cgi-bin/count.cgi
[Sun Jun 28 22:51:00.177949 2020] [cgi:error] [pid 13888:tid 19244] [client 172.22.2.1:57083] script not found or unable to stat: E:/nuevo/cgi-bin/mt
[Sun Jun 28 22:51:00.193550 2020] [cgi:error] [pid 13888:tid 19328] [client 172.22.2.1:57084] script not found or unable to stat: E:/nuevo/cgi-bin/Count.cgi
[Sun Jun 28 22:51:00.224750 2020] [cgi:error] [pid 13888:tid 19244] [client 172.22.2.1:57085] script not found or unable to stat: E:/nuevo/cgi-bin/mt-static
[Sun Jun 28 22:51:00.240350 2020] [cgi:error] [pid 13888:tid 19328] [client 172.22.2.1:57086] script not found or unable to stat: E:/nuevo/cgi-bin/faqmanager.cgi
[Sun Jun 28 22:51:00.271550 2020] [cgi:error] [pid 13888:tid 19244] [client 172.22.2.1:57087] script not found or unable to stat: E:/nuevo/cgi-bin/mt-static
[Sun Jun 28 22:51:00.287150 2020] [cgi:error] [pid 13888:tid 19328] [client 172.22.2.1:57088] script not found or unable to stat: E:/nuevo/cgi-bin/FormHandler.cgi
[Sun Jun 28 22:51:00.318350 2020] [cgi:error] [pid 13888:tid 19244] [client 172.22.2.1:57089] script not found or unable to stat: E:/nuevo/cgi-bin/ncbook
[Sun Jun 28 22:51:00.333950 2020] [cgi:error] [pid 13888:tid 19328] [client 172.22.2.1:57090] script not found or unable to stat: E:/nuevo/cgi-bin/FormMail.cgi
[Sun Jun 28 22:51:00.396350 2020] [cgi:error] [pid 13888:tid 19244] [client 172.22.2.1:57092] script not found or unable to stat: E:/nuevo/cgi-bin/printenv
[Sun Jun 28 22:51:00.396350 2020] [cgi:error] [pid 13888:tid 19328] [client 172.22.2.1:57093] script not found or unable to stat: E:/nuevo/cgi-bin/guestbook.cgi
[Sun Jun 28 22:51:00.458750 2020] [cgi:error] [pid 13888:tid 19244] [client 172.22.2.1:57094] script not found or unable to stat: E:/nuevo/cgi-bin/printenv.cgi
[Sun Jun 28 22:51:00.474350 2020] [cgi:error] [pid 13888:tid 19328] [client 172.22.2.1:57095] script not found or unable to stat: E:/nuevo/cgi-bin/help.cgi
[Sun Jun 28 22:51:00.536750 2020] [cgi:error] [pid 13888:tid 19244] [client 172.22.2.1:57096] script not found or unable to stat: E:/nuevo/cgi-bin/quickstore.cgi
[Sun Jun 28 22:51:00.536750 2020] [cgi:error] [pid 13888:tid 19328] [client 172.22.2.1:57097] script not found or unable to stat: E:/nuevo/cgi-bin/hi
[Sun Jun 28 22:51:00.567950 2020] [cgi:error] [pid 13888:tid 19244] [client 172.22.2.1:57098] script not found or unable to stat: E:/nuevo/cgi-bin/search
[Sun Jun 28 22:51:00.567950 2020] [cgi:error] [pid 13888:tid 19328] [client 172.22.2.1:57099] script not found or unable to stat: E:/nuevo/cgi-bin/index.cgi
[Sun Jun 28 22:51:00.599150 2020] [cgi:error] [pid 13888:tid 19244] [client 172.22.2.1:57100] script not found or unable to stat: E:/nuevo/cgi-bin/search.cgi
[Sun Jun 28 22:51:00.614750 2020] [cgi:error] [pid 13888:tid 19328] [client 172.22.2.1:57101] script not found or unable to stat: E:/nuevo/cgi-bin/index.pl
[Sun Jun 28 22:51:00.645950 2020] [cgi:error] [pid 13888:tid 19244] [client 172.22.2.1:57102] script not found or unable to stat: E:/nuevo/cgi-bin/search
[Sun Jun 28 22:51:00.645950 2020] [cgi:error] [pid 13888:tid 19328] [client 172.22.2.1:57103] script not found or unable to stat: E:/nuevo/cgi-bin/index.sh
[Sun Jun 28 22:51:00.677150 2020] [cgi:error] [pid 13888:tid 19244] [client 172.22.2.1:57104] script not found or unable to stat: E:/nuevo/cgi-bin/status
[Sun Jun 28 22:51:00.677150 2020] [cgi:error] [pid 13888:tid 19328] [client 172.22.2.1:57105] script not found or unable to stat: E:/nuevo/cgi-bin/login.cgi
[Sun Jun 28 22:51:00.708350 2020] [cgi:error] [pid 13888:tid 19244] [client 172.22.2.1:57106] script not found or unable to stat: E:/nuevo/cgi-bin/status.cgi
[Sun Jun 28 22:51:00.708350 2020] [cgi:error] [pid 13888:tid 19328] [client 172.22.2.1:57107] script not found or unable to stat: E:/nuevo/cgi-bin/mailit.pl
[Sun Jun 28 22:51:00.739550 2020] [cgi:error] [pid 13888:tid 19244] [client 172.22.2.1:57108] script not found or unable to stat: E:/nuevo/cgi-bin/test.cgi
[Sun Jun 28 22:51:00.739550 2020] [cgi:error] [pid 13888:tid 19328] [client 172.22.2.1:57109] script not found or unable to stat: E:/nuevo/cgi-bin/mt
[Sun Jun 28 22:51:00.770751 2020] [cgi:error] [pid 13888:tid 19244] [client 172.22.2.1:57110] script not found or unable to stat: E:/nuevo/cgi-bin/test.sh
[Sun Jun 28 22:51:00.786351 2020] [cgi:error] [pid 13888:tid 19328] [client 172.22.2.1:57111] script not found or unable to stat: E:/nuevo/cgi-bin/mt
[Sun Jun 28 22:51:00.801951 2020] [cgi:error] [pid 13888:tid 19244] [client 172.22.2.1:57112] script not found or unable to stat: E:/nuevo/cgi-bin/test-cgi
[Sun Jun 28 22:51:00.817551 2020] [cgi:error] [pid 13888:tid 19328] [client 172.22.2.1:57113] script not found or unable to stat: E:/nuevo/cgi-bin/mt-static
[Sun Jun 28 22:51:00.848751 2020] [cgi:error] [pid 13888:tid 19244] [client 172.22.2.1:57114] script not found or unable to stat: E:/nuevo/cgi-bin/upload.cgi
[Sun Jun 28 22:51:00.848751 2020] [cgi:error] [pid 13888:tid 19328] [client 172.22.2.1:57115] script not found or unable to stat: E:/nuevo/cgi-bin/mt-static
[Sun Jun 28 22:51:00.879951 2020] [cgi:error] [pid 13888:tid 19244] [client 172.22.2.1:57116] script not found or unable to stat: E:/nuevo/cgi-bin/urlcount.cgi
[Sun Jun 28 22:51:00.895551 2020] [cgi:error] [pid 13888:tid 19328] [client 172.22.2.1:57117] script not found or unable to stat: E:/nuevo/cgi-bin/ncbook
[Sun Jun 28 22:51:00.942351 2020] [cgi:error] [pid 13888:tid 19244] [client 172.22.2.1:57118] script not found or unable to stat: E:/nuevo/cgi-bin/viewcvs.cgi
[Sun Jun 28 22:51:00.957951 2020] [cgi:error] [pid 13888:tid 19328] [client 172.22.2.1:57120] script not found or unable to stat: E:/nuevo/cgi-bin/printenv
[Sun Jun 28 22:51:00.989151 2020] [cgi:error] [pid 13888:tid 19244] [client 172.22.2.1:57121] script not found or unable to stat: E:/nuevo/cgi-bin/wa
[Sun Jun 28 22:51:00.989151 2020] [cgi:error] [pid 13888:tid 19328] [client 172.22.2.1:57122] script not found or unable to stat: E:/nuevo/cgi-bin/printenv.cgi
[Sun Jun 28 22:51:01.020351 2020] [cgi:error] [pid 13888:tid 19244] [client 172.22.2.1:57123] script not found or unable to stat: E:/nuevo/cgi-bin/wa.cgi
[Sun Jun 28 22:51:01.020351 2020] [cgi:error] [pid 13888:tid 19328] [client 172.22.2.1:57124] script not found or unable to stat: E:/nuevo/cgi-bin/quickstore.cgi
[Sun Jun 28 22:51:01.051551 2020] [cgi:error] [pid 13888:tid 19244] [client 172.22.2.1:57126] script not found or unable to stat: E:/nuevo/cgi-bin/wa.exe
[Sun Jun 28 22:51:01.067151 2020] [cgi:error] [pid 13888:tid 19328] [client 172.22.2.1:57127] script not found or unable to stat: E:/nuevo/cgi-bin/search
[Sun Jun 28 22:51:01.082751 2020] [cgi:error] [pid 13888:tid 19244] [client 172.22.2.1:57128] script not found or unable to stat: E:/nuevo/cgi-bin/whois.cgi
[Sun Jun 28 22:51:01.098351 2020] [cgi:error] [pid 13888:tid 19328] [client 172.22.2.1:57129] script not found or unable to stat: E:/nuevo/cgi-bin/search.cgi
[Sun Jun 28 22:51:01.129551 2020] [cgi:error] [pid 13888:tid 19328] [client 172.22.2.1:57131] script not found or unable to stat: E:/nuevo/cgi-bin/search
