!C99Shell v. 1.0 pre-release build #13!

Software: Apache. PHP/5.5.15 

uname -a: Windows NT SVR-DMZ 6.1 build 7600 (Windows Server 2008 R2 Enterprise Edition) i586 

SYSTEM 

Safe-mode: OFF (not secure)

E:\nuevo\apache\logs\   drwxrwxrwx
Free 5.02 GB of 239.26 GB (2.1%)
Detected drives: [ a ] [ c ] [ d ] [ e ] [ f ]
Home    Back    Forward    UPDIR    Refresh    Search    Buffer    Encoder    Tools    Proc.    FTP brute    Sec.    SQL    PHP-code    Update    Feedback    Self remove    Logout    


Viewing file:     error.2020.07.24.log (86.79 KB)      -rw-rw-rw-
Select action/file-type:
(+) | (+) | (+) | Code (+) | Session (+) | (+) | SDB (+) | (+) | (+) | (+) | (+) | (+) |
[Fri Jul 24 00:00:02.516496 2020] [proxy:error] [pid 13888:tid 6208] AH00940: HTTP: disabled connection for (172.22.1.61)
[Fri Jul 24 00:19:57.401595 2020] [mpm_winnt:warn] [pid 13888:tid 20132] (OS 64)The specified network name is no longer available.  : AH00341: winnt_accept: Asynchronous AcceptEx failed.
[Fri Jul 24 00:28:09.208059 2020] [mpm_winnt:warn] [pid 13888:tid 20132] (OS 64)The specified network name is no longer available.  : AH00341: winnt_accept: Asynchronous AcceptEx failed.
[Fri Jul 24 00:33:13.002992 2020] [mpm_winnt:warn] [pid 13888:tid 20132] (OS 64)The specified network name is no longer available.  : AH00341: winnt_accept: Asynchronous AcceptEx failed.
[Fri Jul 24 01:12:04.474887 2020] [proxy:error] [pid 13888:tid 19620] (OS 10060)A connection attempt failed because the connected party did not properly respond after a period of time, or established connection failed because connected host has failed to respond.  : AH00957: HTTP: attempt to connect to 172.22.1.51:8399 (172.22.1.51) failed
[Fri Jul 24 01:12:04.474887 2020] [proxy:error] [pid 13888:tid 19620] AH00959: ap_proxy_connect_backend disabling worker for (172.22.1.51) for 60s
[Fri Jul 24 01:12:04.474887 2020] [proxy_http:error] [pid 13888:tid 19620] [client 152.61.192.232:40558] AH01114: HTTP: failed to make connection to backend: 172.22.1.51
[Fri Jul 24 01:12:04.755688 2020] [proxy:error] [pid 13888:tid 19620] AH00940: HTTP: disabled connection for (172.22.1.51)
[Fri Jul 24 01:12:05.005288 2020] [proxy:error] [pid 13888:tid 19620] AH00940: HTTP: disabled connection for (172.22.1.51)
[Fri Jul 24 01:28:28.821016 2020] [mpm_winnt:warn] [pid 13888:tid 20132] (OS 64)The specified network name is no longer available.  : AH00341: winnt_accept: Asynchronous AcceptEx failed.
[Fri Jul 24 01:39:44.988604 2020] [proxy:error] [pid 13888:tid 19344] (OS 10060)A connection attempt failed because the connected party did not properly respond after a period of time, or established connection failed because connected host has failed to respond.  : AH00957: HTTP: attempt to connect to 172.22.1.51:8399 (172.22.1.51) failed
[Fri Jul 24 01:39:44.988604 2020] [proxy:error] [pid 13888:tid 19344] AH00959: ap_proxy_connect_backend disabling worker for (172.22.1.51) for 60s
[Fri Jul 24 01:39:44.988604 2020] [proxy_http:error] [pid 13888:tid 19344] [client 152.61.128.50:58163] AH01114: HTTP: failed to make connection to backend: 172.22.1.51
[Fri Jul 24 01:39:45.269404 2020] [proxy:error] [pid 13888:tid 19344] AH00940: HTTP: disabled connection for (172.22.1.51)
[Fri Jul 24 01:39:45.550205 2020] [proxy:error] [pid 13888:tid 19344] AH00940: HTTP: disabled connection for (172.22.1.51)
[Fri Jul 24 01:42:19.460075 2020] [mpm_winnt:warn] [pid 13888:tid 20132] (OS 64)The specified network name is no longer available.  : AH00341: winnt_accept: Asynchronous AcceptEx failed.
[Fri Jul 24 01:57:39.814892 2020] [mpm_winnt:warn] [pid 13888:tid 20132] (OS 64)The specified network name is no longer available.  : AH00341: winnt_accept: Asynchronous AcceptEx failed.
[Fri Jul 24 02:17:50.970819 2020] [mpm_winnt:warn] [pid 13888:tid 20132] (OS 64)The specified network name is no longer available.  : AH00341: winnt_accept: Asynchronous AcceptEx failed.
[Fri Jul 24 03:21:04.773682 2020] [mpm_winnt:warn] [pid 13888:tid 20132] (OS 64)The specified network name is no longer available.  : AH00341: winnt_accept: Asynchronous AcceptEx failed.
[Fri Jul 24 04:01:58.736993 2020] [mpm_winnt:warn] [pid 13888:tid 20132] (OS 64)The specified network name is no longer available.  : AH00341: winnt_accept: Asynchronous AcceptEx failed.
[Fri Jul 24 04:14:13.997484 2020] [mpm_winnt:warn] [pid 13888:tid 20132] (OS 64)The specified network name is no longer available.  : AH00341: winnt_accept: Asynchronous AcceptEx failed.
[Fri Jul 24 04:15:10.079583 2020] [cgi:error] [pid 13888:tid 6216] [client 203.248.175.72:59862] script not found or unable to stat: E:/nuevo/cgi-bin/kerbynet
[Fri Jul 24 04:23:06.863220 2020] [mpm_winnt:warn] [pid 13888:tid 20132] (OS 64)The specified network name is no longer available.  : AH00341: winnt_accept: Asynchronous AcceptEx failed.
[Fri Jul 24 04:40:28.336649 2020] [mpm_winnt:warn] [pid 13888:tid 20132] (OS 64)The specified network name is no longer available.  : AH00341: winnt_accept: Asynchronous AcceptEx failed.
[Fri Jul 24 04:47:45.965218 2020] [mpm_winnt:warn] [pid 13888:tid 20132] (OS 64)The specified network name is no longer available.  : AH00341: winnt_accept: Asynchronous AcceptEx failed.
[Fri Jul 24 06:01:56.061234 2020] [mpm_winnt:warn] [pid 13888:tid 20132] (OS 64)The specified network name is no longer available.  : AH00341: winnt_accept: Asynchronous AcceptEx failed.
[Fri Jul 24 06:22:14.064573 2020] [mpm_winnt:warn] [pid 13888:tid 20132] (OS 64)The specified network name is no longer available.  : AH00341: winnt_accept: Asynchronous AcceptEx failed.
[Fri Jul 24 06:53:21.123653 2020] [mpm_winnt:warn] [pid 13888:tid 20132] (OS 64)The specified network name is no longer available.  : AH00341: winnt_accept: Asynchronous AcceptEx failed.
[Fri Jul 24 07:03:45.077949 2020] [mpm_winnt:warn] [pid 13888:tid 20132] (OS 64)The specified network name is no longer available.  : AH00341: winnt_accept: Asynchronous AcceptEx failed.
[Fri Jul 24 08:15:49.671745 2020] [mpm_winnt:warn] [pid 13888:tid 20132] (OS 64)The specified network name is no longer available.  : AH00341: winnt_accept: Asynchronous AcceptEx failed.
[Fri Jul 24 08:27:14.139547 2020] [proxy:error] [pid 13888:tid 5612] (OS 10061)No connection could be made because the target machine actively refused it.  : AH00957: HTTP: attempt to connect to 172.22.1.61:8080 (172.22.1.61) failed
[Fri Jul 24 08:27:14.139547 2020] [proxy:error] [pid 13888:tid 5612] AH00959: ap_proxy_connect_backend disabling worker for (172.22.1.61) for 60s
[Fri Jul 24 08:27:14.139547 2020] [proxy_http:error] [pid 13888:tid 5612] [client 181.52.22.3:51569] AH01114: HTTP: failed to make connection to backend: 172.22.1.61, referer: http://190.27.245.106/sipse/faces/faces/autenticacion.xhtml
[Fri Jul 24 08:27:15.153549 2020] [proxy:error] [pid 13888:tid 6152] AH00940: HTTP: disabled connection for (172.22.1.61)
[Fri Jul 24 08:27:20.020757 2020] [proxy:error] [pid 13888:tid 5532] AH00940: HTTP: disabled connection for (172.22.1.61)
[Fri Jul 24 08:27:27.758371 2020] [proxy:error] [pid 13888:tid 6224] AH00940: HTTP: disabled connection for (172.22.1.61)
[Fri Jul 24 08:28:01.392030 2020] [proxy:error] [pid 13888:tid 6592] AH00940: HTTP: disabled connection for (172.22.1.61)
[Fri Jul 24 08:28:09.254444 2020] [proxy:error] [pid 13888:tid 6592] AH00940: HTTP: disabled connection for (172.22.1.61)
[Fri Jul 24 08:34:23.374301 2020] [mpm_winnt:warn] [pid 13888:tid 20132] (OS 64)The specified network name is no longer available.  : AH00341: winnt_accept: Asynchronous AcceptEx failed.
[Fri Jul 24 09:08:32.281899 2020] [mpm_winnt:warn] [pid 13888:tid 20132] (OS 64)The specified network name is no longer available.  : AH00341: winnt_accept: Asynchronous AcceptEx failed.
[Fri Jul 24 09:15:22.562620 2020] [proxy_http:error] [pid 13888:tid 5804] (OS 10054)An existing connection was forcibly closed by the remote host.  : [client 181.61.75.10:60185] AH02609: read request body failed to 172.22.1.61:8080 (172.22.1.61) from 181.61.75.10 (), referer: http://190.27.245.106/sipse/faces/presentacion/financiero/solicitudProceso/consultarSolicitudProceso.xhtml
[Fri Jul 24 09:15:22.562620 2020] [proxy_http:error] [pid 13888:tid 5804] [client 181.61.75.10:60185] AH01097: pass request body failed to 172.22.1.61:8080 (172.22.1.61) from 181.61.75.10 (), referer: http://190.27.245.106/sipse/faces/presentacion/financiero/solicitudProceso/consultarSolicitudProceso.xhtml
[Fri Jul 24 09:18:50.542185 2020] [proxy_http:error] [pid 13888:tid 10400] (70008)Partial results are valid but processing is incomplete: [client 181.61.75.10:60224] AH02609: read request body failed to 172.22.1.61:8080 (172.22.1.61) from 181.61.75.10 (), referer: http://190.27.245.106/sipse/faces/presentacion/financiero/solicitudProceso/consultarSolicitudProceso.xhtml
[Fri Jul 24 09:18:50.542185 2020] [proxy_http:error] [pid 13888:tid 10400] [client 181.61.75.10:60224] AH01097: pass request body failed to 172.22.1.61:8080 (172.22.1.61) from 181.61.75.10 (), referer: http://190.27.245.106/sipse/faces/presentacion/financiero/solicitudProceso/consultarSolicitudProceso.xhtml
[Fri Jul 24 09:19:41.913076 2020] [proxy_http:error] [pid 13888:tid 19800] (OS 10054)An existing connection was forcibly closed by the remote host.  : [client 181.61.75.10:60237] AH01095: prefetch request body failed to 172.22.1.61:8080 (172.22.1.61) from 181.61.75.10 (), referer: http://190.27.245.106/sipse/faces/presentacion/financiero/solicitudProceso/consultarSolicitudProceso.xhtml
[Fri Jul 24 09:19:47.154685 2020] [proxy_http:error] [pid 13888:tid 18880] (OS 10054)An existing connection was forcibly closed by the remote host.  : [client 181.61.75.10:60225] AH02609: read request body failed to 172.22.1.61:8080 (172.22.1.61) from 181.61.75.10 (), referer: http://190.27.245.106/sipse/faces/presentacion/financiero/solicitudProceso/consultarSolicitudProceso.xhtml
[Fri Jul 24 09:19:47.154685 2020] [proxy_http:error] [pid 13888:tid 18880] [client 181.61.75.10:60225] AH01097: pass request body failed to 172.22.1.61:8080 (172.22.1.61) from 181.61.75.10 (), referer: http://190.27.245.106/sipse/faces/presentacion/financiero/solicitudProceso/consultarSolicitudProceso.xhtml
[Fri Jul 24 09:21:29.835065 2020] [proxy_http:error] [pid 13888:tid 8232] (OS 10054)An existing connection was forcibly closed by the remote host.  : [client 181.61.75.10:60253] AH02609: read request body failed to 172.22.1.61:8080 (172.22.1.61) from 181.61.75.10 (), referer: http://190.27.245.106/sipse/faces/presentacion/financiero/solicitudProceso/consultarSolicitudProceso.xhtml
[Fri Jul 24 09:21:29.835065 2020] [proxy_http:error] [pid 13888:tid 8232] [client 181.61.75.10:60253] AH01097: pass request body failed to 172.22.1.61:8080 (172.22.1.61) from 181.61.75.10 (), referer: http://190.27.245.106/sipse/faces/presentacion/financiero/solicitudProceso/consultarSolicitudProceso.xhtml
[Fri Jul 24 09:21:37.447879 2020] [proxy:error] [pid 13888:tid 5988] (OS 10053)An established connection was aborted by the software in your host machine.  : [client 181.61.75.10:60217] AH01084: pass request body failed to 172.22.1.61:8080 (172.22.1.61), referer: http://190.27.245.106/sipse/faces/presentacion/financiero/solicitudProceso/consultarSolicitudProceso.xhtml
[Fri Jul 24 09:21:37.447879 2020] [proxy_http:error] [pid 13888:tid 5988] [client 181.61.75.10:60217] AH01097: pass request body failed to 172.22.1.61:8080 (172.22.1.61) from 181.61.75.10 (), referer: http://190.27.245.106/sipse/faces/presentacion/financiero/solicitudProceso/consultarSolicitudProceso.xhtml
[Fri Jul 24 09:23:38.348091 2020] [proxy_http:error] [pid 13888:tid 8232] (OS 10054)An existing connection was forcibly closed by the remote host.  : [client 181.61.75.10:60261] AH01095: prefetch request body failed to 172.22.1.61:8080 (172.22.1.61) from 181.61.75.10 (), referer: http://190.27.245.106/sipse/faces/presentacion/financiero/solicitudProceso/consultarSolicitudProceso.xhtml
[Fri Jul 24 09:24:01.982132 2020] [proxy_http:error] [pid 13888:tid 18960] (20014)Internal error: [client 181.61.75.10:60245] AH01102: error reading status line from remote server 172.22.1.61:8080, referer: http://190.27.245.106/sipse/faces/faces/autenticacion.xhtml
[Fri Jul 24 09:45:13.431166 2020] [mpm_winnt:warn] [pid 13888:tid 20132] (OS 64)The specified network name is no longer available.  : AH00341: winnt_accept: Asynchronous AcceptEx failed.
[Fri Jul 24 09:54:15.235717 2020] [proxy_http:error] [pid 13888:tid 6208] (OS 10054)An existing connection was forcibly closed by the remote host.  : [client 181.61.68.11:54789] AH01095: prefetch request body failed to 172.22.1.61:8080 (172.22.1.61) from 181.61.68.11 (), referer: http://190.27.245.106/sipse/faces/presentacion/financiero/solicitudProceso/consultarHistorialSolProceso.xhtml
[Fri Jul 24 10:15:11.661924 2020] [mpm_winnt:warn] [pid 13888:tid 20132] (OS 64)The specified network name is no longer available.  : AH00341: winnt_accept: Asynchronous AcceptEx failed.
[Fri Jul 24 10:31:23.653831 2020] [mpm_winnt:warn] [pid 13888:tid 20132] (OS 64)The specified network name is no longer available.  : AH00341: winnt_accept: Asynchronous AcceptEx failed.
[Fri Jul 24 10:47:08.157490 2020] [mpm_winnt:warn] [pid 13888:tid 20132] (OS 64)The specified network name is no longer available.  : AH00341: winnt_accept: Asynchronous AcceptEx failed.
[Fri Jul 24 10:58:37.990702 2020] [mpm_winnt:warn] [pid 13888:tid 20132] (OS 64)The specified network name is no longer available.  : AH00341: winnt_accept: Asynchronous AcceptEx failed.
[Fri Jul 24 11:06:49.672365 2020] [proxy_http:error] [pid 13888:tid 6224] (OS 10060)A connection attempt failed because the connected party did not properly respond after a period of time, or established connection failed because connected host has failed to respond.  : [client 181.61.68.11:54705] AH01095: prefetch request body failed to 172.22.1.61:8080 (172.22.1.61) from 181.61.68.11 (), referer: http://190.27.245.106/sipse/faces/faces/autenticacion.xhtml
[Fri Jul 24 11:09:35.095056 2020] [mpm_winnt:warn] [pid 13888:tid 20132] (OS 64)The specified network name is no longer available.  : AH00341: winnt_accept: Asynchronous AcceptEx failed.
[Fri Jul 24 11:43:43.332854 2020] [proxy_http:error] [pid 13888:tid 5868] (OS 10054)An existing connection was forcibly closed by the remote host.  : [client 181.61.75.10:61333] AH01095: prefetch request body failed to 172.22.1.61:8080 (172.22.1.61) from 181.61.75.10 (), referer: http://190.27.245.106/sipse/faces/presentacion/financiero/solicitudProceso/consultarSolicitudProceso.xhtml
[Fri Jul 24 11:47:30.126052 2020] [proxy_http:error] [pid 13888:tid 19344] (20014)Internal error: [client 181.61.75.10:61369] AH01102: error reading status line from remote server 172.22.1.61:8080, referer: http://190.27.245.106/sipse/faces/autenticacion.xhtml
[Fri Jul 24 11:48:39.967375 2020] [proxy_http:error] [pid 13888:tid 9508] (70008)Partial results are valid but processing is incomplete: [client 181.61.75.10:61410] AH02609: read request body failed to 172.22.1.61:8080 (172.22.1.61) from 181.61.75.10 (), referer: http://190.27.245.106/sipse/faces/presentacion/financiero/solicitudProceso/consultarSolicitudProceso.xhtml
[Fri Jul 24 11:48:39.967375 2020] [proxy_http:error] [pid 13888:tid 9508] [client 181.61.75.10:61410] AH01097: pass request body failed to 172.22.1.61:8080 (172.22.1.61) from 181.61.75.10 (), referer: http://190.27.245.106/sipse/faces/presentacion/financiero/solicitudProceso/consultarSolicitudProceso.xhtml
[Fri Jul 24 11:48:51.464595 2020] [proxy_http:error] [pid 13888:tid 5868] (70008)Partial results are valid but processing is incomplete: [client 181.61.75.10:61416] AH02609: read request body failed to 172.22.1.61:8080 (172.22.1.61) from 181.61.75.10 (), referer: http://190.27.245.106/sipse/faces/presentacion/financiero/solicitudProceso/consultarSolicitudProceso.xhtml
[Fri Jul 24 11:48:51.464595 2020] [proxy_http:error] [pid 13888:tid 5868] [client 181.61.75.10:61416] AH01097: pass request body failed to 172.22.1.61:8080 (172.22.1.61) from 181.61.75.10 (), referer: http://190.27.245.106/sipse/faces/presentacion/financiero/solicitudProceso/consultarSolicitudProceso.xhtml
[Fri Jul 24 11:49:07.345423 2020] [proxy_http:error] [pid 13888:tid 6872] (70008)Partial results are valid but processing is incomplete: [client 181.61.75.10:61421] AH02609: read request body failed to 172.22.1.61:8080 (172.22.1.61) from 181.61.75.10 (), referer: http://190.27.245.106/sipse/faces/presentacion/financiero/solicitudProceso/consultarSolicitudProceso.xhtml
[Fri Jul 24 11:49:07.345423 2020] [proxy_http:error] [pid 13888:tid 6872] [client 181.61.75.10:61421] AH01097: pass request body failed to 172.22.1.61:8080 (172.22.1.61) from 181.61.75.10 (), referer: http://190.27.245.106/sipse/faces/presentacion/financiero/solicitudProceso/consultarSolicitudProceso.xhtml
[Fri Jul 24 11:49:19.279444 2020] [proxy_http:error] [pid 13888:tid 6512] (70008)Partial results are valid but processing is incomplete: [client 181.61.75.10:61409] AH02609: read request body failed to 172.22.1.61:8080 (172.22.1.61) from 181.61.75.10 (), referer: http://190.27.245.106/sipse/faces/presentacion/financiero/solicitudProceso/consultarSolicitudProceso.xhtml
[Fri Jul 24 11:49:19.279444 2020] [proxy_http:error] [pid 13888:tid 6512] [client 181.61.75.10:61409] AH01097: pass request body failed to 172.22.1.61:8080 (172.22.1.61) from 181.61.75.10 (), referer: http://190.27.245.106/sipse/faces/presentacion/financiero/solicitudProceso/consultarSolicitudProceso.xhtml
[Fri Jul 24 11:57:23.114293 2020] [proxy_http:error] [pid 13888:tid 18880] (70008)Partial results are valid but processing is incomplete: [client 181.61.75.10:61528] AH02609: read request body failed to 172.22.1.61:8080 (172.22.1.61) from 181.61.75.10 (), referer: http://190.27.245.106/sipse/faces/presentacion/financiero/solicitudProceso/consultarSolicitudProceso.xhtml
[Fri Jul 24 11:57:23.114293 2020] [proxy_http:error] [pid 13888:tid 18880] [client 181.61.75.10:61528] AH01097: pass request body failed to 172.22.1.61:8080 (172.22.1.61) from 181.61.75.10 (), referer: http://190.27.245.106/sipse/faces/presentacion/financiero/solicitudProceso/consultarSolicitudProceso.xhtml
[Fri Jul 24 11:57:29.479105 2020] [proxy_http:error] [pid 13888:tid 19784] (70008)Partial results are valid but processing is incomplete: [client 181.61.75.10:61530] AH02609: read request body failed to 172.22.1.61:8080 (172.22.1.61) from 181.61.75.10 (), referer: http://190.27.245.106/sipse/faces/presentacion/financiero/solicitudProceso/consultarSolicitudProceso.xhtml
[Fri Jul 24 11:57:29.479105 2020] [proxy_http:error] [pid 13888:tid 19784] [client 181.61.75.10:61530] AH01097: pass request body failed to 172.22.1.61:8080 (172.22.1.61) from 181.61.75.10 (), referer: http://190.27.245.106/sipse/faces/presentacion/financiero/solicitudProceso/consultarSolicitudProceso.xhtml
[Fri Jul 24 11:57:43.269529 2020] [proxy_http:error] [pid 13888:tid 5612] (OS 10054)An existing connection was forcibly closed by the remote host.  : [client 181.61.75.10:61529] AH01095: prefetch request body failed to 172.22.1.61:8080 (172.22.1.61) from 181.61.75.10 (), referer: http://190.27.245.106/sipse/faces/presentacion/financiero/solicitudProceso/consultarSolicitudProceso.xhtml
[Fri Jul 24 11:58:21.661196 2020] [proxy_http:error] [pid 13888:tid 6244] (70008)Partial results are valid but processing is incomplete: [client 181.61.75.10:61544] AH02609: read request body failed to 172.22.1.61:8080 (172.22.1.61) from 181.61.75.10 (), referer: http://190.27.245.106/sipse/faces/presentacion/financiero/solicitudProceso/consultarSolicitudProceso.xhtml
[Fri Jul 24 11:58:21.661196 2020] [proxy_http:error] [pid 13888:tid 6244] [client 181.61.75.10:61544] AH01097: pass request body failed to 172.22.1.61:8080 (172.22.1.61) from 181.61.75.10 (), referer: http://190.27.245.106/sipse/faces/presentacion/financiero/solicitudProceso/consultarSolicitudProceso.xhtml
[Fri Jul 24 11:58:47.838042 2020] [proxy_http:error] [pid 13888:tid 6104] (70008)Partial results are valid but processing is incomplete: [client 181.61.75.10:61550] AH02609: read request body failed to 172.22.1.61:8080 (172.22.1.61) from 181.61.75.10 (), referer: http://190.27.245.106/sipse/faces/presentacion/financiero/solicitudProceso/consultarSolicitudProceso.xhtml
[Fri Jul 24 11:58:47.838042 2020] [proxy_http:error] [pid 13888:tid 6104] [client 181.61.75.10:61550] AH01097: pass request body failed to 172.22.1.61:8080 (172.22.1.61) from 181.61.75.10 (), referer: http://190.27.245.106/sipse/faces/presentacion/financiero/solicitudProceso/consultarSolicitudProceso.xhtml
[Fri Jul 24 12:01:25.944320 2020] [proxy_http:error] [pid 13888:tid 5980] (OS 10054)An existing connection was forcibly closed by the remote host.  : [client 181.61.75.10:61545] AH01095: prefetch request body failed to 172.22.1.61:8080 (172.22.1.61) from 181.61.75.10 (), referer: http://190.27.245.106/sipse/faces/presentacion/financiero/solicitudProceso/consultarSolicitudProceso.xhtml
[Fri Jul 24 12:02:18.844013 2020] [proxy_http:error] [pid 13888:tid 5944] (OS 10054)An existing connection was forcibly closed by the remote host.  : [client 181.61.75.10:61589] AH01095: prefetch request body failed to 172.22.1.61:8080 (172.22.1.61) from 181.61.75.10 (), referer: http://190.27.245.106/sipse/faces/presentacion/financiero/estudioPrevio/personalSolicitado/expedirExperienciaIdoneidad.xhtml
[Fri Jul 24 12:02:49.076866 2020] [proxy_http:error] [pid 13888:tid 7128] (20014)Internal error: [client 181.61.75.10:61577] AH01102: error reading status line from remote server 172.22.1.61:8080, referer: http://190.27.245.106/sipse/faces/presentacion/financiero/estudioPrevio/personalSolicitado/asociarExperienciaContratista.xhtml
[Fri Jul 24 12:04:08.496605 2020] [proxy:error] [pid 13888:tid 6512] (OS 10053)An established connection was aborted by the software in your host machine.  : [client 181.61.75.10:61541] AH01084: pass request body failed to 172.22.1.61:8080 (172.22.1.61), referer: http://190.27.245.106/sipse/faces/presentacion/financiero/solicitudProceso/consultarSolicitudProceso.xhtml
[Fri Jul 24 12:04:08.496605 2020] [proxy_http:error] [pid 13888:tid 6512] [client 181.61.75.10:61541] AH01097: pass request body failed to 172.22.1.61:8080 (172.22.1.61) from 181.61.75.10 (), referer: http://190.27.245.106/sipse/faces/presentacion/financiero/solicitudProceso/consultarSolicitudProceso.xhtml
[Fri Jul 24 12:30:28.483981 2020] [proxy_http:error] [pid 13888:tid 18944] (70008)Partial results are valid but processing is incomplete: [client 181.61.68.11:55345] AH02609: read request body failed to 172.22.1.61:8080 (172.22.1.61) from 181.61.68.11 (), referer: http://190.27.245.106/sipse/faces/presentacion/financiero/solicitudProceso/consultarSolicitudProceso.xhtml
[Fri Jul 24 12:30:28.483981 2020] [proxy_http:error] [pid 13888:tid 18944] [client 181.61.68.11:55345] AH01097: pass request body failed to 172.22.1.61:8080 (172.22.1.61) from 181.61.68.11 (), referer: http://190.27.245.106/sipse/faces/presentacion/financiero/solicitudProceso/consultarSolicitudProceso.xhtml
[Fri Jul 24 12:30:58.014833 2020] [proxy_http:error] [pid 13888:tid 6936] (70008)Partial results are valid but processing is incomplete: [client 181.61.68.11:55337] AH02609: read request body failed to 172.22.1.61:8080 (172.22.1.61) from 181.61.68.11 (), referer: http://190.27.245.106/sipse/faces/presentacion/financiero/solicitudProceso/consultarSolicitudProceso.xhtml
[Fri Jul 24 12:30:58.014833 2020] [proxy_http:error] [pid 13888:tid 6936] [client 181.61.68.11:55337] AH01097: pass request body failed to 172.22.1.61:8080 (172.22.1.61) from 181.61.68.11 (), referer: http://190.27.245.106/sipse/faces/presentacion/financiero/solicitudProceso/consultarSolicitudProceso.xhtml
[Fri Jul 24 12:31:07.140849 2020] [proxy_http:error] [pid 13888:tid 6544] (20014)Internal error: [client 181.61.68.11:55341] AH01102: error reading status line from remote server 172.22.1.61:8080, referer: http://190.27.245.106/sipse/faces/presentacion/sistema/anexos/cargarAnexoSolicitudProceso.xhtml
[Fri Jul 24 12:33:41.175519 2020] [proxy_http:error] [pid 13888:tid 7516] (OS 10054)An existing connection was forcibly closed by the remote host.  : [client 181.61.68.11:55333] AH02609: read request body failed to 172.22.1.61:8080 (172.22.1.61) from 181.61.68.11 (), referer: http://190.27.245.106/sipse/faces/presentacion/financiero/solicitudProceso/consultarSolicitudProceso.xhtml
[Fri Jul 24 12:33:41.175519 2020] [proxy_http:error] [pid 13888:tid 7516] [client 181.61.68.11:55333] AH01097: pass request body failed to 172.22.1.61:8080 (172.22.1.61) from 181.61.68.11 (), referer: http://190.27.245.106/sipse/faces/presentacion/financiero/solicitudProceso/consultarSolicitudProceso.xhtml
[Fri Jul 24 12:53:05.545964 2020] [proxy_http:error] [pid 13888:tid 6184] (70008)Partial results are valid but processing is incomplete: [client 186.31.147.55:5192] AH02609: read request body failed to 172.22.1.61:8080 (172.22.1.61) from 186.31.147.55 (), referer: http://190.27.245.106/sipse/faces/presentacion/financiero/solicitudProceso/consultarSolicitudProceso.xhtml
[Fri Jul 24 12:53:05.545964 2020] [proxy_http:error] [pid 13888:tid 6184] [client 186.31.147.55:5192] AH01097: pass request body failed to 172.22.1.61:8080 (172.22.1.61) from 186.31.147.55 (), referer: http://190.27.245.106/sipse/faces/presentacion/financiero/solicitudProceso/consultarSolicitudProceso.xhtml
[Fri Jul 24 13:13:39.103531 2020] [proxy_http:error] [pid 13888:tid 7232] (OS 10054)An existing connection was forcibly closed by the remote host.  : [client 181.61.75.10:61989] AH01095: prefetch request body failed to 172.22.1.61:8080 (172.22.1.61) from 181.61.75.10 (), referer: http://190.27.245.106/sipse/faces/faces/autenticacion.xhtml
[Fri Jul 24 13:15:49.582160 2020] [proxy_http:error] [pid 13888:tid 5596] (OS 10054)An existing connection was forcibly closed by the remote host.  : [client 181.61.68.11:55841] AH01095: prefetch request body failed to 172.22.1.61:8080 (172.22.1.61) from 181.61.68.11 (), referer: http://190.27.245.106/sipse/faces/presentacion/sistema/anexos/cargarAnexoSolicitudProceso.xhtml
[Fri Jul 24 13:20:02.302604 2020] [proxy_http:error] [pid 13888:tid 5584] (70008)Partial results are valid but processing is incomplete: [client 186.31.147.55:5223] AH02609: read request body failed to 172.22.1.61:8080 (172.22.1.61) from 186.31.147.55 (), referer: http://190.27.245.106/sipse/faces/presentacion/financiero/solicitudProceso/consultarSolicitudProceso.xhtml
[Fri Jul 24 13:20:02.302604 2020] [proxy_http:error] [pid 13888:tid 5584] [client 186.31.147.55:5223] AH01097: pass request body failed to 172.22.1.61:8080 (172.22.1.61) from 186.31.147.55 (), referer: http://190.27.245.106/sipse/faces/presentacion/financiero/solicitudProceso/consultarSolicitudProceso.xhtml
[Fri Jul 24 13:20:03.129405 2020] [proxy_http:error] [pid 13888:tid 5868] (70008)Partial results are valid but processing is incomplete: [client 186.31.147.55:5214] AH02609: read request body failed to 172.22.1.61:8080 (172.22.1.61) from 186.31.147.55 (), referer: http://190.27.245.106/sipse/faces/presentacion/financiero/solicitudProceso/consultarSolicitudProceso.xhtml
[Fri Jul 24 13:20:03.129405 2020] [proxy_http:error] [pid 13888:tid 5868] [client 186.31.147.55:5214] AH01097: pass request body failed to 172.22.1.61:8080 (172.22.1.61) from 186.31.147.55 (), referer: http://190.27.245.106/sipse/faces/presentacion/financiero/solicitudProceso/consultarSolicitudProceso.xhtml
[Fri Jul 24 13:20:03.176205 2020] [proxy_http:error] [pid 13888:tid 5860] (70008)Partial results are valid but processing is incomplete: [client 186.31.147.55:5222] AH02609: read request body failed to 172.22.1.61:8080 (172.22.1.61) from 186.31.147.55 (), referer: http://190.27.245.106/sipse/faces/presentacion/financiero/solicitudProceso/consultarSolicitudProceso.xhtml
[Fri Jul 24 13:20:03.176205 2020] [proxy_http:error] [pid 13888:tid 5860] [client 186.31.147.55:5222] AH01097: pass request body failed to 172.22.1.61:8080 (172.22.1.61) from 186.31.147.55 (), referer: http://190.27.245.106/sipse/faces/presentacion/financiero/solicitudProceso/consultarSolicitudProceso.xhtml
[Fri Jul 24 13:28:45.511923 2020] [mpm_winnt:warn] [pid 13888:tid 20132] (OS 64)The specified network name is no longer available.  : AH00341: winnt_accept: Asynchronous AcceptEx failed.
[Fri Jul 24 13:46:09.340956 2020] [proxy_http:error] [pid 13888:tid 6208] (OS 10054)An existing connection was forcibly closed by the remote host.  : [client 181.61.75.10:62329] AH02609: read request body failed to 172.22.1.61:8080 (172.22.1.61) from 181.61.75.10 (), referer: http://190.27.245.106/sipse/faces/presentacion/financiero/solicitudProceso/consultarSolicitudProceso.xhtml
[Fri Jul 24 13:46:09.340956 2020] [proxy_http:error] [pid 13888:tid 6208] [client 181.61.75.10:62329] AH01097: pass request body failed to 172.22.1.61:8080 (172.22.1.61) from 181.61.75.10 (), referer: http://190.27.245.106/sipse/faces/presentacion/financiero/solicitudProceso/consultarSolicitudProceso.xhtml
[Fri Jul 24 13:53:46.156559 2020] [proxy_http:error] [pid 13888:tid 5860] (70008)Partial results are valid but processing is incomplete: [client 181.61.75.10:62392] AH02609: read request body failed to 172.22.1.61:8080 (172.22.1.61) from 181.61.75.10 (), referer: http://190.27.245.106/sipse/faces/presentacion/financiero/solicitudProceso/consultarSolicitudProceso.xhtml
[Fri Jul 24 13:53:46.156559 2020] [proxy_http:error] [pid 13888:tid 5860] [client 181.61.75.10:62392] AH01097: pass request body failed to 172.22.1.61:8080 (172.22.1.61) from 181.61.75.10 (), referer: http://190.27.245.106/sipse/faces/presentacion/financiero/solicitudProceso/consultarSolicitudProceso.xhtml
[Fri Jul 24 13:56:09.584211 2020] [proxy_http:error] [pid 13888:tid 6052] (70008)Partial results are valid but processing is incomplete: [client 181.61.75.10:62428] AH02609: read request body failed to 172.22.1.61:8080 (172.22.1.61) from 181.61.75.10 (), referer: http://190.27.245.106/sipse/faces/presentacion/financiero/solicitudProceso/consultarSolicitudProceso.xhtml
[Fri Jul 24 13:56:09.584211 2020] [proxy_http:error] [pid 13888:tid 6052] [client 181.61.75.10:62428] AH01097: pass request body failed to 172.22.1.61:8080 (172.22.1.61) from 181.61.75.10 (), referer: http://190.27.245.106/sipse/faces/presentacion/financiero/solicitudProceso/consultarSolicitudProceso.xhtml
[Fri Jul 24 13:57:59.923204 2020] [proxy_http:error] [pid 13888:tid 5692] (OS 10054)An existing connection was forcibly closed by the remote host.  : [client 181.61.75.10:62457] AH01095: prefetch request body failed to 172.22.1.61:8080 (172.22.1.61) from 181.61.75.10 (), referer: http://190.27.245.106/sipse/faces/presentacion/sistema/anexos/cargarAnexoSolicitudProceso.xhtml
[Fri Jul 24 13:58:20.218840 2020] [proxy_http:error] [pid 13888:tid 18960] (20014)Internal error: [client 181.61.68.11:56301] AH01102: error reading status line from remote server 172.22.1.61:8080, referer: http://190.27.245.106/sipse/faces/presentacion/financiero/solicitudProceso/crearModificarSolicitudProceso.xhtml
[Fri Jul 24 13:58:20.218840 2020] [proxy:error] [pid 13888:tid 18960] [client 181.61.68.11:56301] AH00898: Error reading from remote server returned by /sipse/faces/presentacion/financiero/solicitudProceso/crearModificarSolicitudProceso.xhtml, referer: http://190.27.245.106/sipse/faces/presentacion/financiero/solicitudProceso/crearModificarSolicitudProceso.xhtml
[Fri Jul 24 13:59:04.444918 2020] [proxy:error] [pid 13888:tid 8188] (OS 10053)An established connection was aborted by the software in your host machine.  : [client 181.61.75.10:62393] AH01084: pass request body failed to 172.22.1.61:8080 (172.22.1.61), referer: http://190.27.245.106/sipse/faces/presentacion/financiero/solicitudProceso/consultarSolicitudProceso.xhtml
[Fri Jul 24 13:59:04.444918 2020] [proxy_http:error] [pid 13888:tid 8188] [client 181.61.75.10:62393] AH01097: pass request body failed to 172.22.1.61:8080 (172.22.1.61) from 181.61.75.10 (), referer: http://190.27.245.106/sipse/faces/presentacion/financiero/solicitudProceso/consultarSolicitudProceso.xhtml
[Fri Jul 24 14:18:45.554192 2020] [mpm_winnt:warn] [pid 13888:tid 20132] (OS 64)The specified network name is no longer available.  : AH00341: winnt_accept: Asynchronous AcceptEx failed.
[Fri Jul 24 14:18:45.569792 2020] [mpm_winnt:warn] [pid 13888:tid 20132] (OS 64)The specified network name is no longer available.  : AH00341: winnt_accept: Asynchronous AcceptEx failed.
[Fri Jul 24 14:18:45.585392 2020] [mpm_winnt:warn] [pid 13888:tid 20132] (OS 64)The specified network name is no longer available.  : AH00341: winnt_accept: Asynchronous AcceptEx failed.
[Fri Jul 24 14:18:45.600992 2020] [mpm_winnt:warn] [pid 13888:tid 20132] (OS 64)The specified network name is no longer available.  : AH00341: winnt_accept: Asynchronous AcceptEx failed.
[Fri Jul 24 14:18:45.600992 2020] [mpm_winnt:warn] [pid 13888:tid 20132] (OS 64)The specified network name is no longer available.  : AH00341: winnt_accept: Asynchronous AcceptEx failed.
[Fri Jul 24 14:18:45.616592 2020] [mpm_winnt:warn] [pid 13888:tid 20132] (OS 64)The specified network name is no longer available.  : AH00341: winnt_accept: Asynchronous AcceptEx failed.
[Fri Jul 24 14:18:45.632192 2020] [mpm_winnt:warn] [pid 13888:tid 20132] (OS 64)The specified network name is no longer available.  : AH00341: winnt_accept: Asynchronous AcceptEx failed.
[Fri Jul 24 14:18:45.647792 2020] [mpm_winnt:warn] [pid 13888:tid 20132] (OS 64)The specified network name is no longer available.  : AH00341: winnt_accept: Asynchronous AcceptEx failed.
[Fri Jul 24 14:18:45.663392 2020] [mpm_winnt:warn] [pid 13888:tid 20132] (OS 64)The specified network name is no longer available.  : AH00341: winnt_accept: Asynchronous AcceptEx failed.
[Fri Jul 24 14:18:45.756993 2020] [mpm_winnt:warn] [pid 13888:tid 20132] (OS 64)The specified network name is no longer available.  : AH00341: winnt_accept: Asynchronous AcceptEx failed.
[Fri Jul 24 14:19:06.832630 2020] [mpm_winnt:warn] [pid 13888:tid 20132] (OS 64)The specified network name is no longer available.  : AH00341: winnt_accept: Asynchronous AcceptEx failed.
[Fri Jul 24 14:19:06.832630 2020] [mpm_winnt:warn] [pid 13888:tid 20132] (OS 64)The specified network name is no longer available.  : AH00341: winnt_accept: Asynchronous AcceptEx failed.
[Fri Jul 24 14:19:06.832630 2020] [mpm_winnt:warn] [pid 13888:tid 20132] (OS 64)The specified network name is no longer available.  : AH00341: winnt_accept: Asynchronous AcceptEx failed.
[Fri Jul 24 14:19:06.832630 2020] [mpm_winnt:warn] [pid 13888:tid 20132] (OS 64)The specified network name is no longer available.  : AH00341: winnt_accept: Asynchronous AcceptEx failed.
[Fri Jul 24 14:19:06.832630 2020] [mpm_winnt:warn] [pid 13888:tid 20132] (OS 64)The specified network name is no longer available.  : AH00341: winnt_accept: Asynchronous AcceptEx failed.
[Fri Jul 24 14:19:06.832630 2020] [mpm_winnt:warn] [pid 13888:tid 20132] (OS 64)The specified network name is no longer available.  : AH00341: winnt_accept: Asynchronous AcceptEx failed.
[Fri Jul 24 14:19:06.832630 2020] [mpm_winnt:warn] [pid 13888:tid 20132] (OS 64)The specified network name is no longer available.  : AH00341: winnt_accept: Asynchronous AcceptEx failed.
[Fri Jul 24 14:19:06.832630 2020] [mpm_winnt:warn] [pid 13888:tid 20132] (OS 64)The specified network name is no longer available.  : AH00341: winnt_accept: Asynchronous AcceptEx failed.
[Fri Jul 24 14:19:06.832630 2020] [mpm_winnt:warn] [pid 13888:tid 20132] (OS 64)The specified network name is no longer available.  : AH00341: winnt_accept: Asynchronous AcceptEx failed.
[Fri Jul 24 14:19:06.863830 2020] [mpm_winnt:warn] [pid 13888:tid 20132] (OS 64)The specified network name is no longer available.  : AH00341: winnt_accept: Asynchronous AcceptEx failed.
[Fri Jul 24 14:19:06.941830 2020] [mpm_winnt:warn] [pid 13888:tid 20132] (OS 64)The specified network name is no longer available.  : AH00341: winnt_accept: Asynchronous AcceptEx failed.
[Fri Jul 24 14:19:07.222630 2020] [mpm_winnt:warn] [pid 13888:tid 20132] (OS 64)The specified network name is no longer available.  : AH00341: winnt_accept: Asynchronous AcceptEx failed.
[Fri Jul 24 14:19:07.316230 2020] [mpm_winnt:warn] [pid 13888:tid 20132] (OS 64)The specified network name is no longer available.  : AH00341: winnt_accept: Asynchronous AcceptEx failed.
[Fri Jul 24 14:19:07.581431 2020] [mpm_winnt:warn] [pid 13888:tid 20132] (OS 64)The specified network name is no longer available.  : AH00341: winnt_accept: Asynchronous AcceptEx failed.
[Fri Jul 24 14:19:07.768631 2020] [mpm_winnt:warn] [pid 13888:tid 20132] (OS 64)The specified network name is no longer available.  : AH00341: winnt_accept: Asynchronous AcceptEx failed.
[Fri Jul 24 14:21:58.198931 2020] [mpm_winnt:warn] [pid 13888:tid 20132] (OS 64)The specified network name is no longer available.  : AH00341: winnt_accept: Asynchronous AcceptEx failed.
[Fri Jul 24 14:44:53.263346 2020] [core:error] [pid 13888:tid 5584] [client 186.84.181.135:57202] AH00126: Invalid URI in request \xcf\x9d\x05\xe8I\xbe\x18\xa0>VBwrj\xe5D\xa0\xd3\x18X^\xfa\xeaE/\xe5\x01\xab\x1e\xb0\x13\x1aJ\x7f\xf8\x85F\x1b\xdc`AAZ\xea \x14\x04EhG\xf6\x05\x10\x8c
[Fri Jul 24 14:45:20.719394 2020] [mpm_winnt:warn] [pid 13888:tid 20132] (OS 64)The specified network name is no longer available.  : AH00341: winnt_accept: Asynchronous AcceptEx failed.
[Fri Jul 24 14:55:49.417098 2020] [proxy_http:error] [pid 13888:tid 7276] (70008)Partial results are valid but processing is incomplete: [client 181.61.75.10:62961] AH02609: read request body failed to 172.22.1.61:8080 (172.22.1.61) from 181.61.75.10 (), referer: http://190.27.245.106/sipse/faces/presentacion/financiero/solicitudProceso/consultarSolicitudProceso.xhtml
[Fri Jul 24 14:55:49.417098 2020] [proxy_http:error] [pid 13888:tid 7276] [client 181.61.75.10:62961] AH01097: pass request body failed to 172.22.1.61:8080 (172.22.1.61) from 181.61.75.10 (), referer: http://190.27.245.106/sipse/faces/presentacion/financiero/solicitudProceso/consultarSolicitudProceso.xhtml
[Fri Jul 24 16:01:29.454619 2020] [proxy_http:error] [pid 13888:tid 8912] (OS 10054)An existing connection was forcibly closed by the remote host.  : [client 181.61.75.10:63525] AH01095: prefetch request body failed to 172.22.1.61:8080 (172.22.1.61) from 181.61.75.10 (), referer: http://190.27.245.106/sipse/faces/presentacion/financiero/estudioPrevio/personalSolicitado/expedirExperienciaIdoneidad.xhtml
[Fri Jul 24 16:02:15.443499 2020] [mpm_winnt:warn] [pid 13888:tid 20132] (OS 64)The specified network name is no longer available.  : AH00341: winnt_accept: Asynchronous AcceptEx failed.
[Fri Jul 24 16:21:48.425160 2020] [proxy_http:error] [pid 13888:tid 5724] (20014)Internal error: [client 181.61.68.11:56477] AH01102: error reading status line from remote server 172.22.1.61:8080, referer: http://190.27.245.106/sipse/faces/presentacion/financiero/solicitudProceso/crearModificarSolicitudProceso.xhtml
[Fri Jul 24 16:23:50.869775 2020] [proxy_http:error] [pid 13888:tid 8248] (70008)Partial results are valid but processing is incomplete: [client 181.61.75.10:63774] AH02609: read request body failed to 172.22.1.61:8080 (172.22.1.61) from 181.61.75.10 (), referer: http://190.27.245.106/sipse/faces/presentacion/financiero/solicitudProceso/consultarSolicitudProceso.xhtml
[Fri Jul 24 16:23:50.869775 2020] [proxy_http:error] [pid 13888:tid 8248] [client 181.61.75.10:63774] AH01097: pass request body failed to 172.22.1.61:8080 (172.22.1.61) from 181.61.75.10 (), referer: http://190.27.245.106/sipse/faces/presentacion/financiero/solicitudProceso/consultarSolicitudProceso.xhtml
[Fri Jul 24 16:25:10.320714 2020] [proxy_http:error] [pid 13888:tid 7892] (OS 10054)An existing connection was forcibly closed by the remote host.  : [client 181.61.75.10:63793] AH02609: read request body failed to 172.22.1.61:8080 (172.22.1.61) from 181.61.75.10 (), referer: http://190.27.245.106/sipse/faces/presentacion/financiero/solicitudProceso/consultarSolicitudProceso.xhtml
[Fri Jul 24 16:25:10.320714 2020] [proxy_http:error] [pid 13888:tid 7892] [client 181.61.75.10:63793] AH01097: pass request body failed to 172.22.1.61:8080 (172.22.1.61) from 181.61.75.10 (), referer: http://190.27.245.106/sipse/faces/presentacion/financiero/solicitudProceso/consultarSolicitudProceso.xhtml
[Fri Jul 24 16:25:45.529976 2020] [proxy_http:error] [pid 13888:tid 7516] (OS 10054)An existing connection was forcibly closed by the remote host.  : [client 181.61.75.10:63805] AH01095: prefetch request body failed to 172.22.1.61:8080 (172.22.1.61) from 181.61.75.10 (), referer: http://190.27.245.106/sipse/faces/presentacion/financiero/solicitudProceso/consultarSolicitudProceso.xhtml
[Fri Jul 24 16:26:14.109226 2020] [proxy_http:error] [pid 13888:tid 7148] (70008)Partial results are valid but processing is incomplete: [client 181.61.75.10:2530] AH02609: read request body failed to 172.22.1.61:8080 (172.22.1.61) from 181.61.75.10 (), referer: http://190.27.245.106/sipse/faces/presentacion/financiero/solicitudProceso/consultarSolicitudProceso.xhtml
[Fri Jul 24 16:26:14.109226 2020] [proxy_http:error] [pid 13888:tid 7148] [client 181.61.75.10:2530] AH01097: pass request body failed to 172.22.1.61:8080 (172.22.1.61) from 181.61.75.10 (), referer: http://190.27.245.106/sipse/faces/presentacion/financiero/solicitudProceso/consultarSolicitudProceso.xhtml
[Fri Jul 24 16:28:15.118639 2020] [proxy_http:error] [pid 13888:tid 5940] (OS 10054)An existing connection was forcibly closed by the remote host.  : [client 181.61.75.10:63841] AH01095: prefetch request body failed to 172.22.1.61:8080 (172.22.1.61) from 181.61.75.10 (), referer: http://190.27.245.106/sipse/faces/autenticacion.xhtml
[Fri Jul 24 16:29:53.929212 2020] [proxy_http:error] [pid 13888:tid 7148] (OS 10054)An existing connection was forcibly closed by the remote host.  : [client 181.61.75.10:63857] AH01095: prefetch request body failed to 172.22.1.61:8080 (172.22.1.61) from 181.61.75.10 (), referer: http://190.27.245.106/sipse/faces/presentacion/financiero/solicitudProceso/consultarSolicitudProceso.xhtml
[Fri Jul 24 16:31:08.466143 2020] [proxy_http:error] [pid 13888:tid 5916] (70008)Partial results are valid but processing is incomplete: [client 181.61.75.10:63873] AH02609: read request body failed to 172.22.1.61:8080 (172.22.1.61) from 181.61.75.10 (), referer: http://190.27.245.106/sipse/faces/presentacion/financiero/solicitudProceso/consultarSolicitudProceso.xhtml
[Fri Jul 24 16:31:08.466143 2020] [proxy_http:error] [pid 13888:tid 5916] [client 181.61.75.10:63873] AH01097: pass request body failed to 172.22.1.61:8080 (172.22.1.61) from 181.61.75.10 (), referer: http://190.27.245.106/sipse/faces/presentacion/financiero/solicitudProceso/consultarSolicitudProceso.xhtml
[Fri Jul 24 16:40:21.581715 2020] [proxy_http:error] [pid 13888:tid 7232] (20014)Internal error: [client 191.102.89.3:55632] AH01102: error reading status line from remote server 172.22.1.43:80, referer: http://190.27.245.106/sipsesda/faces/vista/sistema/cargarMenu.jspx
[Fri Jul 24 16:40:21.581715 2020] [proxy:error] [pid 13888:tid 7232] [client 191.102.89.3:55632] AH00898: Error reading from remote server returned by /sipsesda/faces/vista/financiero/solicitudProceso/listadoConsultaSolicitudProceso.jspx, referer: http://190.27.245.106/sipsesda/faces/vista/sistema/cargarMenu.jspx
[Fri Jul 24 16:50:31.542786 2020] [proxy_http:error] [pid 13888:tid 5388] (OS 10060)A connection attempt failed because the connected party did not properly respond after a period of time, or established connection failed because connected host has failed to respond.  : [client 186.85.246.202:51091] AH01095: prefetch request body failed to 172.22.1.61:8080 (172.22.1.61) from 186.85.246.202 (), referer: http://190.27.245.106/sipse/faces/presentacion/sistema/anexos/cargarAnexoSolicitudProceso.xhtml
[Fri Jul 24 16:51:10.823655 2020] [proxy_http:error] [pid 13888:tid 7892] (OS 10054)An existing connection was forcibly closed by the remote host.  : [client 181.61.68.11:56681] AH01095: prefetch request body failed to 172.22.1.61:8080 (172.22.1.61) from 181.61.68.11 (), referer: http://190.27.245.106/sipse/faces/presentacion/financiero/solicitudProceso/consultarHistorialSolProceso.xhtml
[Fri Jul 24 16:52:41.413014 2020] [proxy_http:error] [pid 13888:tid 6472] (70008)Partial results are valid but processing is incomplete: [client 181.61.75.10:64306] AH02609: read request body failed to 172.22.1.61:8080 (172.22.1.61) from 181.61.75.10 (), referer: http://190.27.245.106/sipse/faces/presentacion/financiero/solicitudProceso/consultarSolicitudProceso.xhtml
[Fri Jul 24 16:52:41.413014 2020] [proxy_http:error] [pid 13888:tid 6472] [client 181.61.75.10:64306] AH01097: pass request body failed to 172.22.1.61:8080 (172.22.1.61) from 181.61.75.10 (), referer: http://190.27.245.106/sipse/faces/presentacion/financiero/solicitudProceso/consultarSolicitudProceso.xhtml
[Fri Jul 24 16:53:50.146735 2020] [proxy_http:error] [pid 13888:tid 5372] (OS 10054)An existing connection was forcibly closed by the remote host.  : [client 181.61.75.10:64321] AH01095: prefetch request body failed to 172.22.1.61:8080 (172.22.1.61) from 181.61.75.10 (), referer: http://190.27.245.106/sipse/faces/presentacion/sistema/anexos/cargarAnexoSolicitudProceso.xhtml
[Fri Jul 24 16:55:05.089267 2020] [proxy:error] [pid 13888:tid 6872] (OS 10053)An established connection was aborted by the software in your host machine.  : [client 181.61.75.10:64305] AH01084: pass request body failed to 172.22.1.61:8080 (172.22.1.61), referer: http://190.27.245.106/sipse/faces/presentacion/financiero/solicitudProceso/consultarSolicitudProceso.xhtml
[Fri Jul 24 16:55:05.089267 2020] [proxy_http:error] [pid 13888:tid 6872] [client 181.61.75.10:64305] AH01097: pass request body failed to 172.22.1.61:8080 (172.22.1.61) from 181.61.75.10 (), referer: http://190.27.245.106/sipse/faces/presentacion/financiero/solicitudProceso/consultarSolicitudProceso.xhtml
[Fri Jul 24 16:59:33.612538 2020] [proxy:error] [pid 13888:tid 8232] (OS 10060)A connection attempt failed because the connected party did not properly respond after a period of time, or established connection failed because connected host has failed to respond.  : AH00957: HTTP: attempt to connect to 172.22.1.31:80 (172.22.1.31) failed
[Fri Jul 24 16:59:33.612538 2020] [proxy:error] [pid 13888:tid 8232] AH00959: ap_proxy_connect_backend disabling worker for (172.22.1.31) for 60s
[Fri Jul 24 16:59:33.612538 2020] [proxy_http:error] [pid 13888:tid 8232] [client 186.31.131.168:54293] AH01114: HTTP: failed to make connection to backend: 172.22.1.31
[Fri Jul 24 17:00:08.041799 2020] [proxy_http:error] [pid 13888:tid 19696] (70008)Partial results are valid but processing is incomplete: [client 181.61.68.11:56733] AH02609: read request body failed to 172.22.1.61:8080 (172.22.1.61) from 181.61.68.11 (), referer: http://190.27.245.106/sipse/faces/presentacion/financiero/solicitudProceso/consultarSolicitudProceso.xhtml
[Fri Jul 24 17:00:08.041799 2020] [proxy_http:error] [pid 13888:tid 19696] [client 181.61.68.11:56733] AH01097: pass request body failed to 172.22.1.61:8080 (172.22.1.61) from 181.61.68.11 (), referer: http://190.27.245.106/sipse/faces/presentacion/financiero/solicitudProceso/consultarSolicitudProceso.xhtml
[Fri Jul 24 17:02:52.684488 2020] [proxy_http:error] [pid 13888:tid 6384] (70008)Partial results are valid but processing is incomplete: [client 181.61.75.10:64435] AH02609: read request body failed to 172.22.1.61:8080 (172.22.1.61) from 181.61.75.10 (), referer: http://190.27.245.106/sipse/faces/presentacion/financiero/solicitudProceso/consultarSolicitudProceso.xhtml
[Fri Jul 24 17:02:52.684488 2020] [proxy_http:error] [pid 13888:tid 6384] [client 181.61.75.10:64435] AH01097: pass request body failed to 172.22.1.61:8080 (172.22.1.61) from 181.61.75.10 (), referer: http://190.27.245.106/sipse/faces/presentacion/financiero/solicitudProceso/consultarSolicitudProceso.xhtml
[Fri Jul 24 17:08:44.933107 2020] [mpm_winnt:warn] [pid 13888:tid 20132] (OS 64)The specified network name is no longer available.  : AH00341: winnt_accept: Asynchronous AcceptEx failed.
[Fri Jul 24 17:10:26.801286 2020] [proxy_http:error] [pid 13888:tid 7096] (OS 10054)An existing connection was forcibly closed by the remote host.  : [client 186.85.246.202:52103] AH01095: prefetch request body failed to 172.22.1.61:8080 (172.22.1.61) from 186.85.246.202 (), referer: http://190.27.245.106/sipse/faces/presentacion/sistema/anexos/cargarAnexoSolicitudProceso.xhtml
[Fri Jul 24 17:25:34.473280 2020] [proxy_http:error] [pid 13888:tid 6656] (70008)Partial results are valid but processing is incomplete: [client 181.61.75.10:64661] AH02609: read request body failed to 172.22.1.61:8080 (172.22.1.61) from 181.61.75.10 (), referer: http://190.27.245.106/sipse/faces/presentacion/financiero/solicitudProceso/consultarSolicitudProceso.xhtml
[Fri Jul 24 17:25:34.473280 2020] [proxy_http:error] [pid 13888:tid 6656] [client 181.61.75.10:64661] AH01097: pass request body failed to 172.22.1.61:8080 (172.22.1.61) from 181.61.75.10 (), referer: http://190.27.245.106/sipse/faces/presentacion/financiero/solicitudProceso/consultarSolicitudProceso.xhtml
[Fri Jul 24 17:25:53.458513 2020] [proxy_http:error] [pid 13888:tid 6812] (70008)Partial results are valid but processing is incomplete: [client 181.61.75.10:64660] AH02609: read request body failed to 172.22.1.61:8080 (172.22.1.61) from 181.61.75.10 (), referer: http://190.27.245.106/sipse/faces/presentacion/financiero/solicitudProceso/consultarSolicitudProceso.xhtml
