!C99Shell v. 1.0 pre-release build #13!

Software: Apache. PHP/5.5.15 

uname -a: Windows NT SVR-DMZ 6.1 build 7600 (Windows Server 2008 R2 Enterprise Edition) i586 

SYSTEM 

Safe-mode: OFF (not secure)

E:\nuevo\apache\logs\   drwxrwxrwx
Free 8.02 GB of 239.26 GB (3.35%)
Detected drives: [ a ] [ c ] [ d ] [ e ] [ f ]
Home    Back    Forward    UPDIR    Refresh    Search    Buffer    Encoder    Tools    Proc.    FTP brute    Sec.    SQL    PHP-code    Update    Feedback    Self remove    Logout    


Viewing file:     error.2020.08.01.log (45.53 KB)      -rw-rw-rw-
Select action/file-type:
(+) | (+) | (+) | Code (+) | Session (+) | (+) | SDB (+) | (+) | (+) | (+) | (+) | (+) |
[Sat Aug 01 00:57:24.545300 2020] [cgi:error] [pid 13888:tid 5388] [client 203.177.138.162:65267] script not found or unable to stat: E:/nuevo/cgi-bin/kerbynet
[Sat Aug 01 00:57:25.013301 2020] [cgi:error] [pid 13888:tid 5612] [client 203.177.138.162:60765] script not found or unable to stat: E:/nuevo/cgi-bin/kerbynet
[Sat Aug 01 01:11:36.337996 2020] [proxy:error] [pid 13888:tid 5532] (OS 10060)A connection attempt failed because the connected party did not properly respond after a period of time, or established connection failed because connected host has failed to respond.  : AH00957: HTTP: attempt to connect to 172.22.1.51:8399 (172.22.1.51) failed
[Sat Aug 01 01:11:36.337996 2020] [proxy:error] [pid 13888:tid 5532] AH00959: ap_proxy_connect_backend disabling worker for (172.22.1.51) for 60s
[Sat Aug 01 01:11:36.337996 2020] [proxy_http:error] [pid 13888:tid 5532] [client 152.61.192.232:49653] AH01114: HTTP: failed to make connection to backend: 172.22.1.51
[Sat Aug 01 01:11:36.603197 2020] [proxy:error] [pid 13888:tid 5532] AH00940: HTTP: disabled connection for (172.22.1.51)
[Sat Aug 01 01:11:36.883997 2020] [proxy:error] [pid 13888:tid 5532] AH00940: HTTP: disabled connection for (172.22.1.51)
[Sat Aug 01 01:13:47.846227 2020] [mpm_winnt:warn] [pid 13888:tid 20132] (OS 64)The specified network name is no longer available.  : AH00341: winnt_accept: Asynchronous AcceptEx failed.
[Sat Aug 01 01:30:30.537988 2020] [proxy:error] [pid 13888:tid 19016] (OS 10060)A connection attempt failed because the connected party did not properly respond after a period of time, or established connection failed because connected host has failed to respond.  : AH00957: HTTP: attempt to connect to 172.22.1.51:8399 (172.22.1.51) failed
[Sat Aug 01 01:30:30.537988 2020] [proxy:error] [pid 13888:tid 19016] AH00959: ap_proxy_connect_backend disabling worker for (172.22.1.51) for 60s
[Sat Aug 01 01:30:30.537988 2020] [proxy_http:error] [pid 13888:tid 19016] [client 152.61.128.50:38018] AH01114: HTTP: failed to make connection to backend: 172.22.1.51
[Sat Aug 01 01:30:30.771989 2020] [proxy:error] [pid 13888:tid 19016] AH00940: HTTP: disabled connection for (172.22.1.51)
[Sat Aug 01 01:30:30.990389 2020] [proxy:error] [pid 13888:tid 19016] AH00940: HTTP: disabled connection for (172.22.1.51)
[Sat Aug 01 02:05:48.851109 2020] [mpm_winnt:warn] [pid 13888:tid 20132] (OS 64)The specified network name is no longer available.  : AH00341: winnt_accept: Asynchronous AcceptEx failed.
[Sat Aug 01 02:31:42.879038 2020] [mpm_winnt:warn] [pid 13888:tid 20132] (OS 64)The specified network name is no longer available.  : AH00341: winnt_accept: Asynchronous AcceptEx failed.
[Sat Aug 01 02:42:17.941554 2020] [mpm_winnt:warn] [pid 13888:tid 20132] (OS 64)The specified network name is no longer available.  : AH00341: winnt_accept: Asynchronous AcceptEx failed.
[Sat Aug 01 04:41:50.976553 2020] [core:error] [pid 13888:tid 6400] (20024)The given path is misformatted or contained invalid characters: [client 1.237.177.12:28937] AH00127: Cannot map GET /galeria/carrusel/Carrusel/jquery-ui-%0A%0A1.8.13.custom.min.js HTTP/1.1 to file, referer: http://ambientebogota.gov.co
[Sat Aug 01 04:48:19.058434 2020] [mpm_winnt:warn] [pid 13888:tid 20132] (OS 64)The specified network name is no longer available.  : AH00341: winnt_accept: Asynchronous AcceptEx failed.
[Sat Aug 01 04:59:32.995218 2020] [mpm_winnt:warn] [pid 13888:tid 20132] (OS 64)The specified network name is no longer available.  : AH00341: winnt_accept: Asynchronous AcceptEx failed.
[Sat Aug 01 06:17:53.098273 2020] [authz_core:error] [pid 13888:tid 6848] [client 89.248.174.215:59364] AH01630: client denied by server configuration: E:/nuevo/htdocs/phpMyAdmin-3.0.0.0-all-languages
[Sat Aug 01 06:17:53.441474 2020] [authz_core:error] [pid 13888:tid 5584] [client 89.248.174.215:60548] AH01630: client denied by server configuration: E:/nuevo/htdocs/phpMyAdmin-2.10.0.0
[Sat Aug 01 06:17:53.784675 2020] [authz_core:error] [pid 13888:tid 7148] [client 89.248.174.215:34770] AH01630: client denied by server configuration: E:/nuevo/htdocs/phpMyAdmin-2.11.11
[Sat Aug 01 06:17:54.127875 2020] [authz_core:error] [pid 13888:tid 6812] [client 89.248.174.215:36130] AH01630: client denied by server configuration: E:/nuevo/htdocs/phpMyAdmin-2.11.11.3
[Sat Aug 01 06:17:54.471076 2020] [authz_core:error] [pid 13888:tid 18880] [client 89.248.174.215:37446] AH01630: client denied by server configuration: E:/nuevo/htdocs/phpMyAdmin-2
[Sat Aug 01 06:17:55.500678 2020] [authz_core:error] [pid 13888:tid 7636] [client 89.248.174.215:42706] AH01630: client denied by server configuration: E:/nuevo/htdocs/PHPMYADMIN
[Sat Aug 01 06:17:57.544281 2020] [authz_core:error] [pid 13888:tid 5884] [client 89.248.174.215:53476] AH01630: client denied by server configuration: E:/nuevo/htdocs/pHpMyAdMiN
[Sat Aug 01 06:17:57.887482 2020] [authz_core:error] [pid 13888:tid 5940] [client 89.248.174.215:55390] AH01630: client denied by server configuration: E:/nuevo/htdocs/phpMyAdmin
[Sat Aug 01 06:17:58.573883 2020] [authz_core:error] [pid 13888:tid 6848] [client 89.248.174.215:58848] AH01630: client denied by server configuration: E:/nuevo/phpMyAdmin/scripts
[Sat Aug 01 06:17:59.603485 2020] [authz_core:error] [pid 13888:tid 6812] [client 89.248.174.215:35642] AH01630: client denied by server configuration: E:/nuevo/phpMyAdmin/scripts
[Sat Aug 01 06:17:59.946685 2020] [authz_core:error] [pid 13888:tid 18880] [client 89.248.174.215:36992] AH01630: client denied by server configuration: E:/nuevo/htdocs/phpMyAdmin
[Sat Aug 01 06:18:01.335088 2020] [authz_core:error] [pid 13888:tid 6848] [client 89.248.174.215:43356] AH01630: client denied by server configuration: E:/nuevo/htdocs/phpmyadmin1
[Sat Aug 01 06:18:01.662689 2020] [authz_core:error] [pid 13888:tid 5584] [client 89.248.174.215:45744] AH01630: client denied by server configuration: E:/nuevo/htdocs/phpmyadmin2
[Sat Aug 01 06:27:27.943683 2020] [cgi:error] [pid 13888:tid 6592] [client 203.177.138.162:35437] script not found or unable to stat: E:/nuevo/cgi-bin/kerbynet
[Sat Aug 01 06:27:27.943683 2020] [cgi:error] [pid 13888:tid 19880] [client 203.177.138.162:42857] script not found or unable to stat: E:/nuevo/cgi-bin/kerbynet
[Sat Aug 01 08:55:19.213265 2020] [cgi:error] [pid 13888:tid 18880] [client 94.200.76.222:53115] script not found or unable to stat: E:/nuevo/cgi-bin/mainfunction.cgi
[Sat Aug 01 08:59:35.819116 2020] [mpm_winnt:warn] [pid 13888:tid 20132] (OS 64)The specified network name is no longer available.  : AH00341: winnt_accept: Asynchronous AcceptEx failed.
[Sat Aug 01 09:19:27.380408 2020] [mpm_winnt:warn] [pid 13888:tid 20132] (OS 64)The specified network name is no longer available.  : AH00341: winnt_accept: Asynchronous AcceptEx failed.
[Sat Aug 01 09:19:49.158047 2020] [mpm_winnt:warn] [pid 13888:tid 20132] (OS 64)The specified network name is no longer available.  : AH00341: winnt_accept: Asynchronous AcceptEx failed.
[Sat Aug 01 09:39:16.960498 2020] [mpm_winnt:warn] [pid 13888:tid 20132] (OS 64)The specified network name is no longer available.  : AH00341: winnt_accept: Asynchronous AcceptEx failed.
[Sat Aug 01 10:43:46.267494 2020] [proxy_http:error] [pid 13888:tid 7700] (20014)Internal error: [client 181.61.68.11:49333] AH01102: error reading status line from remote server 172.22.1.61:8080, referer: http://190.27.245.106/sipse/faces/presentacion/financiero/solicitudProceso/consultarHistorialSolProceso.xhtml
[Sat Aug 01 10:43:46.267494 2020] [proxy:error] [pid 13888:tid 7700] [client 181.61.68.11:49333] AH00898: Error reading from remote server returned by /sipse/faces/presentacion/financiero/solicitudProceso/consultarSolicitudProceso.xhtml, referer: http://190.27.245.106/sipse/faces/presentacion/financiero/solicitudProceso/consultarHistorialSolProceso.xhtml
[Sat Aug 01 10:46:11.035748 2020] [mpm_winnt:warn] [pid 13888:tid 20132] (OS 64)The specified network name is no longer available.  : AH00341: winnt_accept: Asynchronous AcceptEx failed.
[Sat Aug 01 11:02:03.964422 2020] [proxy:error] [pid 13888:tid 5748] (OS 10053)An established connection was aborted by the software in your host machine.  : [client 181.61.68.11:49405] AH01084: pass request body failed to 172.22.1.61:8080 (172.22.1.61), referer: http://190.27.245.106/sipse/faces/presentacion/financiero/solicitudProceso/consultarSolicitudProceso.xhtml
[Sat Aug 01 11:02:03.964422 2020] [proxy_http:error] [pid 13888:tid 5748] [client 181.61.68.11:49405] AH01097: pass request body failed to 172.22.1.61:8080 (172.22.1.61) from 181.61.68.11 (), referer: http://190.27.245.106/sipse/faces/presentacion/financiero/solicitudProceso/consultarSolicitudProceso.xhtml
[Sat Aug 01 11:02:09.798832 2020] [mpm_winnt:warn] [pid 13888:tid 20132] (OS 64)The specified network name is no longer available.  : AH00341: winnt_accept: Asynchronous AcceptEx failed.
[Sat Aug 01 11:05:15.095958 2020] [proxy_http:error] [pid 13888:tid 7260] (20014)Internal error: [client 181.61.68.11:49429] AH01102: error reading status line from remote server 172.22.1.61:8080, referer: http://190.27.245.106/sipse/faces/presentacion/sistema/anexos/cargarAnexoSolicitudProceso.xhtml
[Sat Aug 01 11:05:15.095958 2020] [proxy:error] [pid 13888:tid 7260] [client 181.61.68.11:49429] AH00898: Error reading from remote server returned by /sipse/faces/presentacion/financiero/solicitudProceso/consultarSolicitudProceso.xhtml, referer: http://190.27.245.106/sipse/faces/presentacion/sistema/anexos/cargarAnexoSolicitudProceso.xhtml
[Sat Aug 01 11:05:28.496381 2020] [mpm_winnt:warn] [pid 13888:tid 20132] (OS 64)The specified network name is no longer available.  : AH00341: winnt_accept: Asynchronous AcceptEx failed.
[Sat Aug 01 11:07:33.967402 2020] [mpm_winnt:warn] [pid 13888:tid 20132] (OS 64)The specified network name is no longer available.  : AH00341: winnt_accept: Asynchronous AcceptEx failed.
[Sat Aug 01 11:15:39.377854 2020] [mpm_winnt:warn] [pid 13888:tid 20132] (OS 64)The specified network name is no longer available.  : AH00341: winnt_accept: Asynchronous AcceptEx failed.
[Sat Aug 01 11:15:39.377854 2020] [mpm_winnt:warn] [pid 13888:tid 20132] (OS 64)The specified network name is no longer available.  : AH00341: winnt_accept: Asynchronous AcceptEx failed.
[Sat Aug 01 11:27:07.136262 2020] [mpm_winnt:warn] [pid 13888:tid 20132] (OS 64)The specified network name is no longer available.  : AH00341: winnt_accept: Asynchronous AcceptEx failed.
[Sat Aug 01 11:58:42.134991 2020] [mpm_winnt:warn] [pid 13888:tid 20132] (OS 64)The specified network name is no longer available.  : AH00341: winnt_accept: Asynchronous AcceptEx failed.
[Sat Aug 01 12:16:08.304028 2020] [proxy_http:error] [pid 13888:tid 7148] (OS 10054)An existing connection was forcibly closed by the remote host.  : [client 181.61.68.11:49629] AH02609: read request body failed to 172.22.1.61:8080 (172.22.1.61) from 181.61.68.11 (), referer: http://190.27.245.106/sipse/faces/presentacion/financiero/solicitudProceso/consultarSolicitudProceso.xhtml
[Sat Aug 01 12:16:08.304028 2020] [proxy_http:error] [pid 13888:tid 7148] [client 181.61.68.11:49629] AH01097: pass request body failed to 172.22.1.61:8080 (172.22.1.61) from 181.61.68.11 (), referer: http://190.27.245.106/sipse/faces/presentacion/financiero/solicitudProceso/consultarSolicitudProceso.xhtml
[Sat Aug 01 12:18:32.541881 2020] [proxy_http:error] [pid 13888:tid 5684] (OS 10060)A connection attempt failed because the connected party did not properly respond after a period of time, or established connection failed because connected host has failed to respond.  : [client 181.61.68.11:49329] AH01095: prefetch request body failed to 172.22.1.61:8080 (172.22.1.61) from 181.61.68.11 (), referer: http://190.27.245.106/sipse/faces/presentacion/financiero/solicitudProceso/consultarHistorialSolProceso.xhtml
[Sat Aug 01 12:25:56.518661 2020] [proxy_http:error] [pid 13888:tid 6592] (OS 10054)An existing connection was forcibly closed by the remote host.  : [client 181.61.68.11:49693] AH01095: prefetch request body failed to 172.22.1.61:8080 (172.22.1.61) from 181.61.68.11 (), referer: http://190.27.245.106/sipse/faces/presentacion/financiero/solicitudProceso/consultarSolicitudProceso.xhtml
[Sat Aug 01 12:29:28.523034 2020] [proxy_http:error] [pid 13888:tid 19192] (OS 10054)An existing connection was forcibly closed by the remote host.  : [client 181.61.68.11:49717] AH01095: prefetch request body failed to 172.22.1.61:8080 (172.22.1.61) from 181.61.68.11 (), referer: http://190.27.245.106/sipse/faces/presentacion/sistema/anexos/cargarAnexoSolicitudProceso.xhtml
[Sat Aug 01 12:31:52.370886 2020] [proxy_http:error] [pid 13888:tid 6920] (OS 10054)An existing connection was forcibly closed by the remote host.  : [client 181.61.68.11:49705] AH01095: prefetch request body failed to 172.22.1.61:8080 (172.22.1.61) from 181.61.68.11 (), referer: http://190.27.245.106/sipse/faces/presentacion/financiero/solicitudProceso/consultarSolicitudProceso.xhtml
[Sat Aug 01 12:38:58.985836 2020] [mpm_winnt:warn] [pid 13888:tid 20132] (OS 64)The specified network name is no longer available.  : AH00341: winnt_accept: Asynchronous AcceptEx failed.
[Sat Aug 01 12:52:58.407710 2020] [mpm_winnt:warn] [pid 13888:tid 20132] (OS 64)The specified network name is no longer available.  : AH00341: winnt_accept: Asynchronous AcceptEx failed.
[Sat Aug 01 12:53:07.752126 2020] [proxy_http:error] [pid 13888:tid 6784] (70008)Partial results are valid but processing is incomplete: [client 181.61.68.11:49825] AH02609: read request body failed to 172.22.1.61:8080 (172.22.1.61) from 181.61.68.11 (), referer: http://190.27.245.106/sipse/faces/presentacion/financiero/solicitudProceso/consultarSolicitudProceso.xhtml
[Sat Aug 01 12:53:07.752126 2020] [proxy_http:error] [pid 13888:tid 6784] [client 181.61.68.11:49825] AH01097: pass request body failed to 172.22.1.61:8080 (172.22.1.61) from 181.61.68.11 (), referer: http://190.27.245.106/sipse/faces/presentacion/financiero/solicitudProceso/consultarSolicitudProceso.xhtml
[Sat Aug 01 12:54:25.455863 2020] [proxy_http:error] [pid 13888:tid 5468] (70008)Partial results are valid but processing is incomplete: [client 181.61.68.11:49849] AH02609: read request body failed to 172.22.1.61:8080 (172.22.1.61) from 181.61.68.11 (), referer: http://190.27.245.106/sipse/faces/presentacion/financiero/solicitudProceso/consultarSolicitudProceso.xhtml
[Sat Aug 01 12:54:25.455863 2020] [proxy_http:error] [pid 13888:tid 5468] [client 181.61.68.11:49849] AH01097: pass request body failed to 172.22.1.61:8080 (172.22.1.61) from 181.61.68.11 (), referer: http://190.27.245.106/sipse/faces/presentacion/financiero/solicitudProceso/consultarSolicitudProceso.xhtml
[Sat Aug 01 12:58:48.690725 2020] [proxy_http:error] [pid 13888:tid 7556] (20014)Internal error: [client 181.61.68.11:49877] AH01102: error reading status line from remote server 172.22.1.61:8080, referer: http://190.27.245.106/sipse/faces/presentacion/financiero/solicitudProceso/consultarSolicitudProceso.xhtml
[Sat Aug 01 12:58:48.690725 2020] [proxy:error] [pid 13888:tid 7556] [client 181.61.68.11:49877] AH00898: Error reading from remote server returned by /sipse/faces/presentacion/financiero/solicitudProceso/consultarSolicitudProceso.xhtml, referer: http://190.27.245.106/sipse/faces/presentacion/financiero/solicitudProceso/consultarSolicitudProceso.xhtml
[Sat Aug 01 13:02:52.846754 2020] [proxy_http:error] [pid 13888:tid 6920] (OS 10054)An existing connection was forcibly closed by the remote host.  : [client 181.61.68.11:49881] AH01095: prefetch request body failed to 172.22.1.61:8080 (172.22.1.61) from 181.61.68.11 (), referer: http://190.27.245.106/sipse/faces/presentacion/financiero/solicitudProceso/consultarSolicitudProceso.xhtml
[Sat Aug 01 13:08:19.682928 2020] [proxy_http:error] [pid 13888:tid 6784] (OS 10054)An existing connection was forcibly closed by the remote host.  : [client 181.61.68.11:49909] AH01095: prefetch request body failed to 172.22.1.61:8080 (172.22.1.61) from 181.61.68.11 (), referer: http://190.27.245.106/sipse/faces/presentacion/sistema/anexos/cargarAnexoSolicitudProceso.xhtml
[Sat Aug 01 13:11:14.403235 2020] [proxy_http:error] [pid 13888:tid 5636] (OS 10054)An existing connection was forcibly closed by the remote host.  : [client 181.61.68.11:49869] AH02609: read request body failed to 172.22.1.61:8080 (172.22.1.61) from 181.61.68.11 (), referer: http://190.27.245.106/sipse/faces/presentacion/financiero/solicitudProceso/consultarSolicitudProceso.xhtml
[Sat Aug 01 13:11:14.403235 2020] [proxy_http:error] [pid 13888:tid 5636] [client 181.61.68.11:49869] AH01097: pass request body failed to 172.22.1.61:8080 (172.22.1.61) from 181.61.68.11 (), referer: http://190.27.245.106/sipse/faces/presentacion/financiero/solicitudProceso/consultarSolicitudProceso.xhtml
[Sat Aug 01 13:26:08.534406 2020] [proxy:error] [pid 13888:tid 5388] (OS 10053)An established connection was aborted by the software in your host machine.  : [client 181.61.68.11:49989] AH01084: pass request body failed to 172.22.1.61:8080 (172.22.1.61), referer: http://190.27.245.106/sipse/faces/presentacion/financiero/solicitudProceso/consultarSolicitudProceso.xhtml
[Sat Aug 01 13:26:08.534406 2020] [proxy_http:error] [pid 13888:tid 5388] [client 181.61.68.11:49989] AH01097: pass request body failed to 172.22.1.61:8080 (172.22.1.61) from 181.61.68.11 (), referer: http://190.27.245.106/sipse/faces/presentacion/financiero/solicitudProceso/consultarSolicitudProceso.xhtml
[Sat Aug 01 13:27:22.431735 2020] [proxy_http:error] [pid 13888:tid 8872] (70008)Partial results are valid but processing is incomplete: [client 181.61.68.11:49995] AH02609: read request body failed to 172.22.1.61:8080 (172.22.1.61) from 181.61.68.11 (), referer: http://190.27.245.106/sipse/faces/presentacion/financiero/solicitudProceso/consultarSolicitudProceso.xhtml
[Sat Aug 01 13:27:22.431735 2020] [proxy_http:error] [pid 13888:tid 8872] [client 181.61.68.11:49995] AH01097: pass request body failed to 172.22.1.61:8080 (172.22.1.61) from 181.61.68.11 (), referer: http://190.27.245.106/sipse/faces/presentacion/financiero/solicitudProceso/consultarSolicitudProceso.xhtml
[Sat Aug 01 13:35:40.962811 2020] [proxy_http:error] [pid 13888:tid 7232] (OS 10054)An existing connection was forcibly closed by the remote host.  : [client 181.61.68.11:50013] AH01095: prefetch request body failed to 172.22.1.61:8080 (172.22.1.61) from 181.61.68.11 (), referer: http://190.27.245.106/sipse/faces/presentacion/financiero/solicitudProceso/consultarSolicitudProceso.xhtml
[Sat Aug 01 13:36:41.334917 2020] [proxy:error] [pid 13888:tid 9516] (OS 10053)An established connection was aborted by the software in your host machine.  : [client 181.61.68.11:50001] AH01084: pass request body failed to 172.22.1.61:8080 (172.22.1.61), referer: http://190.27.245.106/sipse/faces/presentacion/financiero/solicitudProceso/consultarSolicitudProceso.xhtml
[Sat Aug 01 13:36:41.334917 2020] [proxy_http:error] [pid 13888:tid 9516] [client 181.61.68.11:50001] AH01097: pass request body failed to 172.22.1.61:8080 (172.22.1.61) from 181.61.68.11 (), referer: http://190.27.245.106/sipse/faces/presentacion/financiero/solicitudProceso/consultarSolicitudProceso.xhtml
[Sat Aug 01 13:37:04.532158 2020] [proxy:error] [pid 13888:tid 5944] (OS 10053)An established connection was aborted by the software in your host machine.  : [client 181.61.68.11:50029] AH01084: pass request body failed to 172.22.1.61:8080 (172.22.1.61), referer: http://190.27.245.106/sipse/faces/presentacion/financiero/solicitudProceso/consultarSolicitudProceso.xhtml
[Sat Aug 01 13:37:04.532158 2020] [proxy_http:error] [pid 13888:tid 5944] [client 181.61.68.11:50029] AH01097: pass request body failed to 172.22.1.61:8080 (172.22.1.61) from 181.61.68.11 (), referer: http://190.27.245.106/sipse/faces/presentacion/financiero/solicitudProceso/consultarSolicitudProceso.xhtml
[Sat Aug 01 14:00:10.781793 2020] [proxy_http:error] [pid 13888:tid 6580] (OS 10060)A connection attempt failed because the connected party did not properly respond after a period of time, or established connection failed because connected host has failed to respond.  : [client 181.61.68.11:49685] AH01095: prefetch request body failed to 172.22.1.61:8080 (172.22.1.61) from 181.61.68.11 (), referer: http://190.27.245.106/sipse/faces/presentacion/sistema/anexos/cargarAnexoSolicitudProceso.xhtml
[Sat Aug 01 14:59:02.129795 2020] [proxy_http:error] [pid 13888:tid 19752] (OS 10060)A connection attempt failed because the connected party did not properly respond after a period of time, or established connection failed because connected host has failed to respond.  : [client 181.61.68.11:49985] AH01095: prefetch request body failed to 172.22.1.61:8080 (172.22.1.61) from 181.61.68.11 (), referer: http://190.27.245.106/sipse/faces/presentacion/contratacion/contrato/adicionarSupervisor.xhtml
[Sat Aug 01 15:01:15.385229 2020] [proxy_http:error] [pid 13888:tid 6768] (OS 10054)An existing connection was forcibly closed by the remote host.  : [client 181.61.68.11:50105] AH01095: prefetch request body failed to 172.22.1.61:8080 (172.22.1.61) from 181.61.68.11 (), referer: http://190.27.245.106/sipse/faces/faces/autenticacion.xhtml
[Sat Aug 01 15:11:56.296755 2020] [proxy_http:error] [pid 13888:tid 6112] (OS 10054)An existing connection was forcibly closed by the remote host.  : [client 181.61.68.11:50169] AH01095: prefetch request body failed to 172.22.1.61:8080 (172.22.1.61) from 181.61.68.11 (), referer: http://190.27.245.106/sipse/faces/faces/autenticacion.xhtml
[Sat Aug 01 15:12:31.131616 2020] [proxy_http:error] [pid 13888:tid 5780] (OS 10060)A connection attempt failed because the connected party did not properly respond after a period of time, or established connection failed because connected host has failed to respond.  : [client 181.61.68.11:50025] AH01095: prefetch request body failed to 172.22.1.61:8080 (172.22.1.61) from 181.61.68.11 (), referer: http://190.27.245.106/sipse/faces/presentacion/sistema/anexos/cargarAnexoSolicitudProceso.xhtml
[Sat Aug 01 15:14:04.232580 2020] [proxy_http:error] [pid 13888:tid 6640] (OS 10054)An existing connection was forcibly closed by the remote host.  : [client 181.61.68.11:50177] AH01095: prefetch request body failed to 172.22.1.61:8080 (172.22.1.61) from 181.61.68.11 (), referer: http://190.27.245.106/sipse/faces/faces/autenticacion.xhtml
[Sat Aug 01 15:14:46.758254 2020] [proxy_http:error] [pid 13888:tid 5276] (OS 10054)An existing connection was forcibly closed by the remote host.  : [client 181.61.68.11:50181] AH01095: prefetch request body failed to 172.22.1.61:8080 (172.22.1.61) from 181.61.68.11 (), referer: http://190.27.245.106/sipse/faces/faces/autenticacion.xhtml
[Sat Aug 01 15:37:57.564097 2020] [proxy_http:error] [pid 13888:tid 5616] (OS 10054)An existing connection was forcibly closed by the remote host.  : [client 181.61.68.11:50325] AH01095: prefetch request body failed to 172.22.1.61:8080 (172.22.1.61) from 181.61.68.11 (), referer: http://190.27.245.106/sipse/faces/presentacion/financiero/solicitudProceso/consultarHistorialSolProceso.xhtml
[Sat Aug 01 16:04:24.882485 2020] [mpm_winnt:warn] [pid 13888:tid 20132] (OS 64)The specified network name is no longer available.  : AH00341: winnt_accept: Asynchronous AcceptEx failed.
[Sat Aug 01 16:07:04.564366 2020] [proxy_http:error] [pid 13888:tid 6656] (OS 10054)An existing connection was forcibly closed by the remote host.  : [client 181.61.68.11:50465] AH01095: prefetch request body failed to 172.22.1.61:8080 (172.22.1.61) from 181.61.68.11 (), referer: http://190.27.245.106/sipse/faces/presentacion/financiero/solicitudProceso/consultarSolicitudProceso.xhtml
[Sat Aug 01 16:09:50.751457 2020] [proxy_http:error] [pid 13888:tid 7516] (20014)Internal error: [client 181.61.68.11:50497] AH01102: error reading status line from remote server 172.22.1.61:8080, referer: http://190.27.245.106/sipse/faces/presentacion/sistema/anexos/cargarAnexoSolicitudProceso.xhtml
[Sat Aug 01 16:19:02.073026 2020] [mpm_winnt:warn] [pid 13888:tid 20132] (OS 64)The specified network name is no longer available.  : AH00341: winnt_accept: Asynchronous AcceptEx failed.
[Sat Aug 01 16:22:02.658943 2020] [proxy_http:error] [pid 13888:tid 5612] (20014)Internal error: [client 181.61.68.11:50549] AH01102: error reading status line from remote server 172.22.1.61:8080, referer: http://190.27.245.106/sipse/faces/presentacion/financiero/estudioPrevio/personalSolicitado/expedirExperienciaIdoneidad.xhtml
[Sat Aug 01 16:22:02.658943 2020] [proxy:error] [pid 13888:tid 5612] [client 181.61.68.11:50549] AH00898: Error reading from remote server returned by /sipse/faces/presentacion/contratacion/procesoContractual/registrarInvitacionContratista.xhtml, referer: http://190.27.245.106/sipse/faces/presentacion/financiero/estudioPrevio/personalSolicitado/expedirExperienciaIdoneidad.xhtml
[Sat Aug 01 16:30:49.565469 2020] [mpm_winnt:warn] [pid 13888:tid 20132] (OS 64)The specified network name is no longer available.  : AH00341: winnt_accept: Asynchronous AcceptEx failed.
[Sat Aug 01 16:45:31.169817 2020] [proxy_http:error] [pid 13888:tid 7532] (70008)Partial results are valid but processing is incomplete: [client 181.61.68.11:50689] AH02609: read request body failed to 172.22.1.61:8080 (172.22.1.61) from 181.61.68.11 (), referer: http://190.27.245.106/sipse/faces/presentacion/financiero/solicitudProceso/consultarSolicitudProceso.xhtml
[Sat Aug 01 16:45:31.169817 2020] [proxy_http:error] [pid 13888:tid 7532] [client 181.61.68.11:50689] AH01097: pass request body failed to 172.22.1.61:8080 (172.22.1.61) from 181.61.68.11 (), referer: http://190.27.245.106/sipse/faces/presentacion/financiero/solicitudProceso/consultarSolicitudProceso.xhtml
[Sat Aug 01 16:58:45.632412 2020] [proxy_http:error] [pid 13888:tid 6112] (OS 10054)An existing connection was forcibly closed by the remote host.  : [client 181.61.68.11:50753] AH01095: prefetch request body failed to 172.22.1.61:8080 (172.22.1.61) from 181.61.68.11 (), referer: http://190.27.245.106/sipse/faces/presentacion/sistema/anexos/cargarAnexoSolicitudProceso.xhtml
[Sat Aug 01 17:22:23.410703 2020] [mpm_winnt:warn] [pid 13888:tid 20132] (OS 64)The specified network name is no longer available.  : AH00341: winnt_accept: Asynchronous AcceptEx failed.
[Sat Aug 01 17:39:30.469707 2020] [proxy_http:error] [pid 13888:tid 6112] (OS 10054)An existing connection was forcibly closed by the remote host.  : [client 181.61.68.11:50813] AH01095: prefetch request body failed to 172.22.1.61:8080 (172.22.1.61) from 181.61.68.11 (), referer: http://190.27.245.106/sipse/faces/presentacion/financiero/estudioPrevio/personalSolicitado/expedirExperienciaIdoneidad.xhtml
[Sat Aug 01 17:42:59.868874 2020] [proxy_http:error] [pid 13888:tid 5980] (OS 10060)A connection attempt failed because the connected party did not properly respond after a period of time, or established connection failed because connected host has failed to respond.  : [client 181.61.68.11:50461] AH01095: prefetch request body failed to 172.22.1.61:8080 (172.22.1.61) from 181.61.68.11 (), referer: http://190.27.245.106/sipse/faces/presentacion/financiero/solicitudProceso/consultarHistorialSolProceso.xhtml
[Sat Aug 01 18:18:49.818851 2020] [mpm_winnt:warn] [pid 13888:tid 20132] (OS 64)The specified network name is no longer available.  : AH00341: winnt_accept: Asynchronous AcceptEx failed.
[Sat Aug 01 18:21:30.811133 2020] [proxy:error] [pid 13888:tid 19344] (OS 10053)An established connection was aborted by the software in your host machine.  : [client 181.61.68.11:50953] AH01084: pass request body failed to 172.22.1.61:8080 (172.22.1.61), referer: http://190.27.245.106/sipse/faces/presentacion/financiero/solicitudProceso/consultarSolicitudProceso.xhtml
[Sat Aug 01 18:21:30.811133 2020] [proxy_http:error] [pid 13888:tid 19344] [client 181.61.68.11:50953] AH01097: pass request body failed to 172.22.1.61:8080 (172.22.1.61) from 181.61.68.11 (), referer: http://190.27.245.106/sipse/faces/presentacion/financiero/solicitudProceso/consultarSolicitudProceso.xhtml
[Sat Aug 01 18:25:23.267142 2020] [core:error] [pid 13888:tid 10400] (20024)The given path is misformatted or contained invalid characters: [client 3.237.86.97:42096] AH00127: Cannot map GET /www.ambientebogota.gov.co:81/ HTTP/1.1 to file
[Sat Aug 01 18:27:17.568542 2020] [proxy:error] [pid 13888:tid 6256] (OS 10053)An established connection was aborted by the software in your host machine.  : [client 181.61.68.11:50949] AH01084: pass request body failed to 172.22.1.61:8080 (172.22.1.61), referer: http://190.27.245.106/sipse/faces/presentacion/financiero/solicitudProceso/consultarSolicitudProceso.xhtml
[Sat Aug 01 18:27:17.568542 2020] [proxy_http:error] [pid 13888:tid 6256] [client 181.61.68.11:50949] AH01097: pass request body failed to 172.22.1.61:8080 (172.22.1.61) from 181.61.68.11 (), referer: http://190.27.245.106/sipse/faces/presentacion/financiero/solicitudProceso/consultarSolicitudProceso.xhtml
[Sat Aug 01 18:33:23.061584 2020] [proxy_http:error] [pid 13888:tid 6104] (70008)Partial results are valid but processing is incomplete: [client 181.61.68.11:51038] AH02609: read request body failed to 172.22.1.61:8080 (172.22.1.61) from 181.61.68.11 (), referer: http://190.27.245.106/sipse/faces/presentacion/financiero/solicitudProceso/consultarSolicitudProceso.xhtml
[Sat Aug 01 18:33:23.061584 2020] [proxy_http:error] [pid 13888:tid 6104] [client 181.61.68.11:51038] AH01097: pass request body failed to 172.22.1.61:8080 (172.22.1.61) from 181.61.68.11 (), referer: http://190.27.245.106/sipse/faces/presentacion/financiero/solicitudProceso/consultarSolicitudProceso.xhtml
[Sat Aug 01 18:33:36.711608 2020] [proxy_http:error] [pid 13888:tid 5604] (70008)Partial results are valid but processing is incomplete: [client 181.61.68.11:51037] AH02609: read request body failed to 172.22.1.61:8080 (172.22.1.61) from 181.61.68.11 (), referer: http://190.27.245.106/sipse/faces/presentacion/financiero/solicitudProceso/consultarSolicitudProceso.xhtml
[Sat Aug 01 18:33:36.711608 2020] [proxy_http:error] [pid 13888:tid 5604] [client 181.61.68.11:51037] AH01097: pass request body failed to 172.22.1.61:8080 (172.22.1.61) from 181.61.68.11 (), referer: http://190.27.245.106/sipse/faces/presentacion/financiero/solicitudProceso/consultarSolicitudProceso.xhtml
[Sat Aug 01 18:35:21.824593 2020] [proxy_http:error] [pid 13888:tid 6456] (70008)Partial results are valid but processing is incomplete: [client 186.84.232.207:56827] AH02609: read request body failed to 172.22.1.61:8080 (172.22.1.61) from 186.84.232.207 (), referer: http://190.27.245.106/sipse/faces/presentacion/financiero/solicitudProceso/consultarSolicitudProceso.xhtml
[Sat Aug 01 18:35:21.824593 2020] [proxy_http:error] [pid 13888:tid 6456] [client 186.84.232.207:56827] AH01097: pass request body failed to 172.22.1.61:8080 (172.22.1.61) from 186.84.232.207 (), referer: http://190.27.245.106/sipse/faces/presentacion/financiero/solicitudProceso/consultarSolicitudProceso.xhtml
[Sat Aug 01 18:37:57.746867 2020] [mpm_winnt:warn] [pid 13888:tid 20132] (OS 64)The specified network name is no longer available.  : AH00341: winnt_accept: Asynchronous AcceptEx failed.
[Sat Aug 01 18:41:51.560077 2020] [proxy_http:error] [pid 13888:tid 6592] (70008)Partial results are valid but processing is incomplete: [client 181.61.68.11:51082] AH02609: read request body failed to 172.22.1.61:8080 (172.22.1.61) from 181.61.68.11 (), referer: http://190.27.245.106/sipse/faces/presentacion/financiero/solicitudProceso/consultarSolicitudProceso.xhtml
[Sat Aug 01 18:41:51.560077 2020] [proxy_http:error] [pid 13888:tid 6592] [client 181.61.68.11:51082] AH01097: pass request body failed to 172.22.1.61:8080 (172.22.1.61) from 181.61.68.11 (), referer: http://190.27.245.106/sipse/faces/presentacion/financiero/solicitudProceso/consultarSolicitudProceso.xhtml
[Sat Aug 01 18:43:38.342265 2020] [proxy_http:error] [pid 13888:tid 7684] (OS 10054)An existing connection was forcibly closed by the remote host.  : [client 181.61.68.11:51067] AH02609: read request body failed to 172.22.1.61:8080 (172.22.1.61) from 181.61.68.11 (), referer: http://190.27.245.106/sipse/faces/presentacion/financiero/solicitudProceso/consultarSolicitudProceso.xhtml
[Sat Aug 01 18:43:38.342265 2020] [proxy_http:error] [pid 13888:tid 7684] [client 181.61.68.11:51067] AH01097: pass request body failed to 172.22.1.61:8080 (172.22.1.61) from 181.61.68.11 (), referer: http://190.27.245.106/sipse/faces/presentacion/financiero/solicitudProceso/consultarSolicitudProceso.xhtml
[Sat Aug 01 18:44:03.692310 2020] [proxy_http:error] [pid 13888:tid 6256] (OS 10054)An existing connection was forcibly closed by the remote host.  : [client 181.61.68.11:51073] AH02609: read request body failed to 172.22.1.61:8080 (172.22.1.61) from 181.61.68.11 (), referer: http://190.27.245.106/sipse/faces/presentacion/financiero/solicitudProceso/consultarSolicitudProceso.xhtml
[Sat Aug 01 18:44:03.692310 2020] [proxy_http:error] [pid 13888:tid 6256] [client 181.61.68.11:51073] AH01097: pass request body failed to 172.22.1.61:8080 (172.22.1.61) from 181.61.68.11 (), referer: http://190.27.245.106/sipse/faces/presentacion/financiero/solicitudProceso/consultarSolicitudProceso.xhtml
[Sat Aug 01 18:45:12.597631 2020] [proxy_http:error] [pid 13888:tid 5636] (OS 10054)An existing connection was forcibly closed by the remote host.  : [client 181.61.68.11:51077] AH02609: read request body failed to 172.22.1.61:8080 (172.22.1.61) from 181.61.68.11 (), referer: http://190.27.245.106/sipse/faces/presentacion/financiero/solicitudProceso/consultarSolicitudProceso.xhtml
[Sat Aug 01 18:45:12.597631 2020] [proxy_http:error] [pid 13888:tid 5636] [client 181.61.68.11:51077] AH01097: pass request body failed to 172.22.1.61:8080 (172.22.1.61) from 181.61.68.11 (), referer: http://190.27.245.106/sipse/faces/presentacion/financiero/solicitudProceso/consultarSolicitudProceso.xhtml
[Sat Aug 01 18:46:52.734206 2020] [proxy_http:error] [pid 13888:tid 6104] (OS 10054)An existing connection was forcibly closed by the remote host.  : [client 181.61.68.11:51083] AH02609: read request body failed to 172.22.1.61:8080 (172.22.1.61) from 181.61.68.11 (), referer: http://190.27.245.106/sipse/faces/presentacion/financiero/solicitudProceso/consultarSolicitudProceso.xhtml
[Sat Aug 01 18:46:52.734206 2020] [proxy_http:error] [pid 13888:tid 6104] [client 181.61.68.11:51083] AH01097: pass request body failed to 172.22.1.61:8080 (172.22.1.61) from 181.61.68.11 (), referer: http://190.27.245.106/sipse/faces/presentacion/financiero/solicitudProceso/consultarSolicitudProceso.xhtml
[Sat Aug 01 18:47:31.843475 2020] [proxy:error] [pid 13888:tid 5636] (OS 10053)An established connection was aborted by the software in your host machine.  : [client 181.61.68.11:51100] AH01084: pass request body failed to 172.22.1.61:8080 (172.22.1.61), referer: http://190.27.245.106/sipse/faces/presentacion/financiero/solicitudProceso/consultarSolicitudProceso.xhtml
[Sat Aug 01 18:47:31.843475 2020] [proxy_http:error] [pid 13888:tid 5636] [client 181.61.68.11:51100] AH01097: pass request body failed to 172.22.1.61:8080 (172.22.1.61) from 181.61.68.11 (), referer: http://190.27.245.106/sipse/faces/presentacion/financiero/solicitudProceso/consultarSolicitudProceso.xhtml
[Sat Aug 01 18:48:06.678336 2020] [proxy:error] [pid 13888:tid 5492] (OS 10053)An established connection was aborted by the software in your host machine.  : [client 181.61.68.11:51074] AH01084: pass request body failed to 172.22.1.61:8080 (172.22.1.61), referer: http://190.27.245.106/sipse/faces/presentacion/financiero/solicitudProceso/consultarSolicitudProceso.xhtml
[Sat Aug 01 18:48:06.678336 2020] [proxy_http:error] [pid 13888:tid 5492] [client 181.61.68.11:51074] AH01097: pass request body failed to 172.22.1.61:8080 (172.22.1.61) from 181.61.68.11 (), referer: http://190.27.245.106/sipse/faces/presentacion/financiero/solicitudProceso/consultarSolicitudProceso.xhtml
[Sat Aug 01 18:50:43.037411 2020] [mpm_winnt:warn] [pid 13888:tid 20132] (OS 64)The specified network name is no longer available.  : AH00341: winnt_accept: Asynchronous AcceptEx failed.
[Sat Aug 01 18:50:55.439433 2020] [proxy:error] [pid 13888:tid 5684] (OS 10053)An established connection was aborted by the software in your host machine.  : [client 181.61.68.11:51098] AH01084: pass request body failed to 172.22.1.61:8080 (172.22.1.61), referer: http://190.27.245.106/sipse/faces/presentacion/financiero/solicitudProceso/consultarSolicitudProceso.xhtml
[Sat Aug 01 18:50:55.439433 2020] [proxy_http:error] [pid 13888:tid 5684] [client 181.61.68.11:51098] AH01097: pass request body failed to 172.22.1.61:8080 (172.22.1.61) from 181.61.68.11 (), referer: http://190.27.245.106/sipse/faces/presentacion/financiero/solicitudProceso/consultarSolicitudProceso.xhtml
[Sat Aug 01 18:52:18.821579 2020] [proxy:error] [pid 13888:tid 5748] (OS 10053)An established connection was aborted by the software in your host machine.  : [client 181.61.68.11:51103] AH01084: pass request body failed to 172.22.1.61:8080 (172.22.1.61), referer: http://190.27.245.106/sipse/faces/presentacion/financiero/solicitudProceso/consultarSolicitudProceso.xhtml
[Sat Aug 01 18:52:18.821579 2020] [proxy_http:error] [pid 13888:tid 5748] [client 181.61.68.11:51103] AH01097: pass request body failed to 172.22.1.61:8080 (172.22.1.61) from 181.61.68.11 (), referer: http://190.27.245.106/sipse/faces/presentacion/financiero/solicitudProceso/consultarSolicitudProceso.xhtml
[Sat Aug 01 18:52:26.340792 2020] [proxy:error] [pid 13888:tid 5412] (OS 10053)An established connection was aborted by the software in your host machine.  : [client 181.61.68.11:51084] AH01084: pass request body failed to 172.22.1.61:8080 (172.22.1.61), referer: http://190.27.245.106/sipse/faces/presentacion/financiero/solicitudProceso/consultarSolicitudProceso.xhtml
[Sat Aug 01 18:52:26.340792 2020] [proxy_http:error] [pid 13888:tid 5412] [client 181.61.68.11:51084] AH01097: pass request body failed to 172.22.1.61:8080 (172.22.1.61) from 181.61.68.11 (), referer: http://190.27.245.106/sipse/faces/presentacion/financiero/solicitudProceso/consultarSolicitudProceso.xhtml
[Sat Aug 01 18:56:32.899225 2020] [proxy_http:error] [pid 13888:tid 19264] (OS 10054)An existing connection was forcibly closed by the remote host.  : [client 181.61.68.11:51126] AH02609: read request body failed to 172.22.1.61:8080 (172.22.1.61) from 181.61.68.11 (), referer: http://190.27.245.106/sipse/faces/presentacion/financiero/solicitudProceso/consultarSolicitudProceso.xhtml
[Sat Aug 01 18:56:32.899225 2020] [proxy_http:error] [pid 13888:tid 19264] [client 181.61.68.11:51126] AH01097: pass request body failed to 172.22.1.61:8080 (172.22.1.61) from 181.61.68.11 (), referer: http://190.27.245.106/sipse/faces/presentacion/financiero/solicitudProceso/consultarSolicitudProceso.xhtml
[Sat Aug 01 18:59:09.805301 2020] [proxy:error] [pid 13888:tid 6444] (OS 10053)An established connection was aborted by the software in your host machine.  : [client 181.61.68.11:51135] AH01084: pass request body failed to 172.22.1.61:8080 (172.22.1.61), referer: http://190.27.245.106/sipse/faces/presentacion/financiero/solicitudProceso/consultarSolicitudProceso.xhtml
[Sat Aug 01 18:59:09.805301 2020] [proxy_http:error] [pid 13888:tid 6444] [client 181.61.68.11:51135] AH01097: pass request body failed to 172.22.1.61:8080 (172.22.1.61) from 181.61.68.11 (), referer: http://190.27.245.106/sipse/faces/presentacion/financiero/solicitudProceso/consultarSolicitudProceso.xhtml
[Sat Aug 01 19:10:42.711718 2020] [proxy_http:error] [pid 13888:tid 11608] (OS 10060)A connection attempt failed because the connected party did not properly respond after a period of time, or established connection failed because connected host has failed to respond.  : [client 181.61.68.11:50801] AH01095: prefetch request body failed to 172.22.1.61:8080 (172.22.1.61) from 181.61.68.11 (), referer: http://190.27.245.106/sipse/faces/presentacion/sistema/anexos/cargarAnexoSolicitudProceso.xhtml
[Sat Aug 01 19:52:59.962575 2020] [mpm_winnt:warn] [pid 13888:tid 20132] (OS 64)The specified network name is no longer available.  : AH00341: winnt_accept: Asynchronous AcceptEx failed.
[Sat Aug 01 20:04:45.069213 2020] [mpm_winnt:warn] [pid 13888:tid 20132] (OS 64)The specified network name is no longer available.  : AH00341: winnt_accept: Asynchronous AcceptEx failed.
[Sat Aug 01 20:06:00.682546 2020] [proxy_http:error] [pid 13888:tid 5884] (OS 10060)A connection attempt failed because the connected party did not properly respond after a period of time, or established connection failed because connected host has failed to respond.  : [client 181.61.68.11:50997] AH01095: prefetch request body failed to 172.22.1.61:8080 (172.22.1.61) from 181.61.68.11 (), referer: http://190.27.245.106/sipse/faces/faces/autenticacion.xhtml
[Sat Aug 01 20:14:43.486264 2020] [proxy_http:error] [pid 13888:tid 5944] (OS 10060)A connection attempt failed because the connected party did not properly respond after a period of time, or established connection failed because connected host has failed to respond.  : [client 181.61.68.11:51050] AH02609: read request body failed to 172.22.1.61:8080 (172.22.1.61) from 181.61.68.11 (), referer: http://190.27.245.106/sipse/faces/presentacion/financiero/solicitudProceso/consultarSolicitudProceso.xhtml
[Sat Aug 01 20:14:43.486264 2020] [proxy_http:error] [pid 13888:tid 5944] [client 181.61.68.11:51050] AH01097: pass request body failed to 172.22.1.61:8080 (172.22.1.61) from 181.61.68.11 (), referer: http://190.27.245.106/sipse/faces/presentacion/financiero/solicitudProceso/consultarSolicitudProceso.xhtml
[Sat Aug 01 20:15:36.339157 2020] [proxy_http:error] [pid 13888:tid 19344] (OS 10060)A connection attempt failed because the connected party did not properly respond after a period of time, or established connection failed because connected host has failed to respond.  : [client 181.61.68.11:51054] AH01095: prefetch request body failed to 172.22.1.61:8080 (172.22.1.61) from 181.61.68.11 (), referer: http://190.27.245.106/sipse/faces/faces/autenticacion.xhtml
[Sat Aug 01 20:43:59.643749 2020] [proxy:error] [pid 13888:tid 7040] (OS 10053)An established connection was aborted by the software in your host machine.  : [client 181.61.68.11:51250] AH01084: pass request body failed to 172.22.1.61:8080 (172.22.1.61), referer: http://190.27.245.106/sipse/faces/presentacion/financiero/solicitudProceso/consultarSolicitudProceso.xhtml
[Sat Aug 01 20:43:59.643749 2020] [proxy_http:error] [pid 13888:tid 7040] [client 181.61.68.11:51250] AH01097: pass request body failed to 172.22.1.61:8080 (172.22.1.61) from 181.61.68.11 (), referer: http://190.27.245.106/sipse/faces/presentacion/financiero/solicitudProceso/consultarSolicitudProceso.xhtml
[Sat Aug 01 21:37:02.627539 2020] [mpm_winnt:warn] [pid 13888:tid 20132] (OS 64)The specified network name is no longer available.  : AH00341: winnt_accept: Asynchronous AcceptEx failed.
[Sat Aug 01 21:55:54.441727 2020] [mpm_winnt:warn] [pid 13888:tid 20132] (OS 64)The specified network name is no longer available.  : AH00341: winnt_accept: Asynchronous AcceptEx failed.
[Sat Aug 01 22:24:24.391931 2020] [proxy_http:error] [pid 13888:tid 7260] (OS 10060)A connection attempt failed because the connected party did not properly respond after a period of time, or established connection failed because connected host has failed to respond.  : [client 181.61.68.11:51271] AH02609: read request body failed to 172.22.1.61:8080 (172.22.1.61) from 181.61.68.11 (), referer: http://190.27.245.106/sipse/faces/presentacion/financiero/solicitudProceso/consultarSolicitudProceso.xhtml
[Sat Aug 01 22:24:24.391931 2020] [proxy_http:error] [pid 13888:tid 7260] [client 181.61.68.11:51271] AH01097: pass request body failed to 172.22.1.61:8080 (172.22.1.61) from 181.61.68.11 (), referer: http://190.27.245.106/sipse/faces/presentacion/financiero/solicitudProceso/consultarSolicitudProceso.xhtml
[Sat Aug 01 22:25:24.327236 2020] [proxy_http:error] [pid 13888:tid 6256] (OS 10060)A connection attempt failed because the connected party did not properly respond after a period of time, or established connection failed because connected host has failed to respond.  : [client 181.61.68.11:51287] AH01095: prefetch request body failed to 172.22.1.61:8080 (172.22.1.61) from 181.61.68.11 (), referer: http://190.27.245.106/sipse/faces/presentacion/financiero/solicitudProceso/consultarSolicitudProceso.xhtml
[Sat Aug 01 22:26:25.900544 2020] [proxy_http:error] [pid 13888:tid 5604] (OS 10060)A connection attempt failed because the connected party did not properly respond after a period of time, or established connection failed because connected host has failed to respond.  : [client 181.61.68.11:51297] AH01095: prefetch request body failed to 172.22.1.61:8080 (172.22.1.61) from 181.61.68.11 (), referer: http://190.27.245.106/sipse/faces/presentacion/financiero/solicitudProceso/consultarSolicitudProceso.xhtml
[Sat Aug 01 22:28:23.821151 2020] [proxy_http:error] [pid 13888:tid 5564] (OS 10060)A connection attempt failed because the connected party did not properly respond after a period of time, or established connection failed because connected host has failed to respond.  : [client 181.61.68.11:51261] AH02609: read request body failed to 172.22.1.61:8080 (172.22.1.61) from 181.61.68.11 (), referer: http://190.27.245.106/sipse/faces/presentacion/financiero/solicitudProceso/consultarSolicitudProceso.xhtml
[Sat Aug 01 22:28:23.821151 2020] [proxy_http:error] [pid 13888:tid 5564] [client 181.61.68.11:51261] AH01097: pass request body failed to 172.22.1.61:8080 (172.22.1.61) from 181.61.68.11 (), referer: http://190.27.245.106/sipse/faces/presentacion/financiero/solicitudProceso/consultarSolicitudProceso.xhtml
[Sat Aug 01 22:35:26.878294 2020] [mpm_winnt:warn] [pid 13888:tid 20132] (OS 64)The specified network name is no longer available.  : AH00341: winnt_accept: Asynchronous AcceptEx failed.
[Sat Aug 01 23:23:32.775163 2020] [mpm_winnt:warn] [pid 13888:tid 20132] (OS 64)The specified network name is no longer available.  : AH00341: winnt_accept: Asynchronous AcceptEx failed.

:: Command execute ::

Enter:
 
Select:
 

:: Search ::
regexp 

:: Upload ::
 
[ ok ]

:: Make Dir ::
 
[ ok ]
:: Make File ::
 
[ ok ]

:: Go Dir ::
 
:: Go File ::
 

--[ c99shell v. 1.0 pre-release build #13 powered by Captain Crunch Security Team | http://ccteam.ru | Generation time: 0.0156 ]--