[Fri Aug 14 22:58:33.680946 2020] [cgi:error] [pid 9624:tid 19516] [client 172.22.2.1:25782] script not found or unable to stat: E:/nuevo/cgi-bin/pub
[Fri Aug 14 22:59:47.141475 2020] [core:error] [pid 9624:tid 19024] [client 172.22.2.1:25903] AH00135: Invalid method in request NESSUS / HTTP/1.0
[Fri Aug 14 22:59:59.169096 2020] [core:error] [pid 9624:tid 19544] [client 172.22.2.1:25884] AH00038: Forbidden: E:/nuevo/cgi-bin/com5 doesn't point to a file or directory
[Fri Aug 14 22:59:59.169096 2020] [core:error] [pid 9624:tid 18644] [client 172.22.2.1:25894] AH00038: Forbidden: E:/nuevo/cgi-bin/com5 doesn't point to a file or directory
[Fri Aug 14 23:01:20.507639 2020] [proxy:error] [pid 9624:tid 19440] (OS 10061)No connection could be made because the target machine actively refused it.  : AH00957: AJP: attempt to connect to 127.0.0.1:8009 (*) failed
[Fri Aug 14 23:01:20.507639 2020] [proxy_ajp:error] [pid 9624:tid 19440] [client 172.22.2.1:26050] AH00896: failed to make connection to backend: 127.0.0.1
[Fri Aug 14 23:01:39.508472 2020] [cgi:error] [pid 9624:tid 18800] [client 172.22.2.1:26086] script not found or unable to stat: E:/nuevo/htdocs/InitialPage.asp
[Fri Aug 14 23:01:48.291287 2020] [cgi:error] [pid 9624:tid 19132] [client 172.22.2.1:26103] script not found or unable to stat: E:/nuevo/cgi-bin/printenv
[Fri Aug 14 23:02:11.894129 2020] [negotiation:error] [pid 9624:tid 18832] [client 172.22.2.1:26140] AH00690: no acceptable variant: E:/nuevo/apache/error/HTTP_NOT_FOUND.html.var
[Fri Aug 14 23:02:14.093733 2020] [negotiation:error] [pid 9624:tid 18832] [client 172.22.2.1:26140] AH00690: no acceptable variant: E:/nuevo/apache/error/HTTP_NOT_FOUND.html.var
[Fri Aug 14 23:02:14.998534 2020] [cgi:error] [pid 9624:tid 19024] [client 172.22.2.1:26144] script not found or unable to stat: E:/nuevo/cgi-bin/index.cgi
[Fri Aug 14 23:02:16.433737 2020] [negotiation:error] [pid 9624:tid 18832] [client 172.22.2.1:26140] AH00690: no acceptable variant: E:/nuevo/apache/error/HTTP_NOT_FOUND.html.var
[Fri Aug 14 23:02:19.460142 2020] [negotiation:error] [pid 9624:tid 18832] [client 172.22.2.1:26140] AH00690: no acceptable variant: E:/nuevo/apache/error/HTTP_NOT_FOUND.html.var
[Fri Aug 14 23:02:20.302544 2020] [negotiation:error] [pid 9624:tid 18832] [client 172.22.2.1:26140] AH00690: no acceptable variant: E:/nuevo/apache/error/HTTP_NOT_FOUND.html.var
[Fri Aug 14 23:02:53.218602 2020] [negotiation:error] [pid 9624:tid 18504] [client 172.22.2.1:26218] AH00690: no acceptable variant: E:/nuevo/apache/error/HTTP_NOT_FOUND.html.var
[Fri Aug 14 23:02:53.249802 2020] [core:error] [pid 9624:tid 18832] [client 172.22.2.1:26217] AH00135: Invalid method in request SEARCH / HTTP/1.1
[Fri Aug 14 23:03:13.264637 2020] [cgi:error] [pid 9624:tid 18416] [client 172.22.2.1:26268] script not found or unable to stat: E:/nuevo/htdocs/home.asp
[Fri Aug 14 23:03:17.773045 2020] [negotiation:error] [pid 9624:tid 19304] [client 172.22.2.1:26278] AH00690: no acceptable variant: E:/nuevo/apache/error/HTTP_NOT_FOUND.html.var
[Fri Aug 14 23:04:05.711929 2020] [authz_core:error] [pid 9624:tid 19168] [client 172.22.2.1:26379] AH01630: client denied by server configuration: E:/nuevo/htdocs/server-info
[Fri Aug 14 23:04:23.792361 2020] [authz_core:error] [pid 9624:tid 18960] [client 172.22.2.1:26394] AH01630: client denied by server configuration: E:/nuevo/htdocs/server-status
[Fri Aug 14 23:04:26.756366 2020] [authz_core:error] [pid 9624:tid 19168] [client 172.22.2.1:26397] AH01630: client denied by server configuration: E:/nuevo/htdocs/.htaccess
[Fri Aug 14 23:04:39.657588 2020] [authz_core:error] [pid 9624:tid 19168] [client 172.22.2.1:26397] AH01630: client denied by server configuration: E:/nuevo/htdocs/.htpasswd
[Fri Aug 14 23:06:12.181351 2020] [cgi:error] [pid 9624:tid 18564] [client 172.22.2.1:26549] script not found or unable to stat: E:/nuevo/cgi-bin/client_execute.cgi
[Fri Aug 14 23:06:36.330193 2020] [cgi:error] [pid 9624:tid 19440] [client 172.22.2.1:26595] script not found or unable to stat: E:/nuevo/cgi-bin/guestimage.html
[Fri Aug 14 23:06:46.002210 2020] [cgi:error] [pid 9624:tid 18564] [client 172.22.2.1:26610] script not found or unable to stat: E:/nuevo/cgi-bin/pdesk.cgi
[Fri Aug 14 23:06:51.774221 2020] [cgi:error] [pid 9624:tid 19440] [client 172.22.2.1:26620] script not found or unable to stat: E:/nuevo/cgi-bin/camctrl.cgi
[Fri Aug 14 23:06:54.473025 2020] [cgi:error] [pid 9624:tid 19440] [client 172.22.2.1:26624] script not found or unable to stat: E:/nuevo/cgi-bin/ctrldirect.cgi
[Fri Aug 14 23:06:59.262234 2020] [core:error] [pid 9624:tid 18564] (20024)The given path is misformatted or contained invalid characters: [client 172.22.2.1:26637] AH00127: Cannot map GET /<script>foo</script> HTTP/1.1 to file
[Fri Aug 14 23:07:10.322653 2020] [cgi:error] [pid 9624:tid 19656] [client 172.22.2.1:26653] script not found or unable to stat: E:/nuevo/htdocs/main.cgi
[Fri Aug 14 23:08:00.305141 2020] [cgi:error] [pid 9624:tid 19072] [client 172.22.2.1:26712] script not found or unable to stat: E:/nuevo/cgi-bin/kvm.cgi
[Fri Aug 14 23:09:19.537680 2020] [cgi:error] [pid 9624:tid 19024] [client 172.22.2.1:26806] script not found or unable to stat: E:/nuevo/htdocs/UuE7qeZ0.asp
[Fri Aug 14 23:09:58.787349 2020] [core:error] [pid 9624:tid 18416] [client 172.22.2.1:26861] AH00126: Invalid URI in request GET /%2e%2e/%2e%2e/%2e%2e/%2e%2e/%2e%2e/%2e%2e/%2e%2e/etc/passwd HTTP/1.1
[Fri Aug 14 23:10:26.804998 2020] [authz_core:error] [pid 9624:tid 18872] [client 172.22.2.1:26885] AH01630: client denied by server configuration: E:/nuevo/htdocs/server-status
[Fri Aug 14 23:12:23.742804 2020] [authz_core:error] [pid 9624:tid 19888] [client 172.22.2.1:27024] AH01630: client denied by server configuration: E:/nuevo/webalizer/
[Fri Aug 14 23:16:07.025996 2020] [core:error] [pid 9624:tid 19360] [client 172.22.2.1:27251] AH00038: Forbidden: E:/nuevo/htdocs/nul doesn't point to a file or directory
[Fri Aug 14 23:17:30.283342 2020] [cgi:error] [pid 9624:tid 19128] [client 172.22.2.1:27324] script not found or unable to stat: E:/nuevo/cgi-bin/filescan
[Fri Aug 14 23:17:56.912589 2020] [cgi:error] [pid 9624:tid 19168] [client 172.22.2.1:27345] script not found or unable to stat: E:/nuevo/htdocs/FormHandler.cgi
[Fri Aug 14 23:18:07.193007 2020] [cgi:error] [pid 9624:tid 19168] [client 172.22.2.1:27355] script not found or unable to stat: E:/nuevo/cgi-bin/file_transfer.cgi
[Fri Aug 14 23:18:13.386218 2020] [cgi:error] [pid 9624:tid 19720] [client 172.22.2.1:27361] script not found or unable to stat: E:/nuevo/htdocs/admin.cgi
[Fri Aug 14 23:18:16.615423 2020] [cgi:error] [pid 9624:tid 19720] [client 172.22.2.1:27366] script not found or unable to stat: E:/nuevo/htdocs/administrator.cgi
[Fri Aug 14 23:18:21.030231 2020] [cgi:error] [pid 9624:tid 19720] [client 172.22.2.1:27371] script not found or unable to stat: E:/nuevo/htdocs/buglist.cgi
[Fri Aug 14 23:18:28.424644 2020] [cgi:error] [pid 9624:tid 19816] [client 172.22.2.1:27376] script not found or unable to stat: E:/nuevo/htdocs/admin.cgi
[Fri Aug 14 23:18:32.418251 2020] [cgi:error] [pid 9624:tid 19128] [client 172.22.2.1:27380] script not found or unable to stat: E:/nuevo/cgi-bin/admin
[Fri Aug 14 23:18:36.661459 2020] [cgi:error] [pid 9624:tid 19816] [client 172.22.2.1:27386] script not found or unable to stat: E:/nuevo/htdocs/administrator.cgi
[Fri Aug 14 23:18:39.812664 2020] [cgi:error] [pid 9624:tid 19128] [client 172.22.2.1:27388] script not found or unable to stat: E:/nuevo/cgi-bin/admin.cgi
[Fri Aug 14 23:18:42.792269 2020] [cgi:error] [pid 9624:tid 19816] [client 172.22.2.1:27392] script not found or unable to stat: E:/nuevo/htdocs/buglist.cgi
[Fri Aug 14 23:18:43.868671 2020] [cgi:error] [pid 9624:tid 19128] [client 172.22.2.1:27394] script not found or unable to stat: E:/nuevo/cgi-bin/admin.pl
[Fri Aug 14 23:18:48.891880 2020] [cgi:error] [pid 9624:tid 19128] [client 172.22.2.1:27399] script not found or unable to stat: E:/nuevo/cgi-bin/administrator
[Fri Aug 14 23:18:52.994687 2020] [cgi:error] [pid 9624:tid 19816] [client 172.22.2.1:27402] script not found or unable to stat: E:/nuevo/cgi-bin/admin
[Fri Aug 14 23:18:54.305090 2020] [cgi:error] [pid 9624:tid 19128] [client 172.22.2.1:27403] script not found or unable to stat: E:/nuevo/cgi-bin/administrator.cgi
[Fri Aug 14 23:18:57.378295 2020] [cgi:error] [pid 9624:tid 19816] [client 172.22.2.1:27408] script not found or unable to stat: E:/nuevo/cgi-bin/admin.cgi
[Fri Aug 14 23:19:00.498300 2020] [cgi:error] [pid 9624:tid 19128] [client 172.22.2.1:27409] script not found or unable to stat: E:/nuevo/cgi-bin/agorn.cgi
[Fri Aug 14 23:19:01.964703 2020] [core:error] [pid 9624:tid 19720] (20024)The given path is misformatted or contained invalid characters: [client 172.22.2.1:27410] AH00127: Cannot map GET //${%23w%3d%23context.get('com.opensymphony.xwork2.dispatcher.HttpServletResponse').getWriter(),%23w.print('Nessus%20Response:%20'),%23w.println('struts_2_3_14_3_command_execution-432178885'),%23w.flush(),%23w.close()}.action HTTP/1.1 to file
[Fri Aug 14 23:19:04.304707 2020] [cgi:error] [pid 9624:tid 19816] [client 172.22.2.1:27412] script not found or unable to stat: E:/nuevo/cgi-bin/admin.pl
[Fri Aug 14 23:19:06.582311 2020] [cgi:error] [pid 9624:tid 19128] [client 172.22.2.1:27413] script not found or unable to stat: E:/nuevo/cgi-bin/bugreport.cgi
[Fri Aug 14 23:19:08.579115 2020] [cgi:error] [pid 9624:tid 19816] [client 172.22.2.1:27415] script not found or unable to stat: E:/nuevo/cgi-bin/administrator
[Fri Aug 14 23:19:10.061117 2020] [cgi:error] [pid 9624:tid 19128] [client 172.22.2.1:27416] script not found or unable to stat: E:/nuevo/cgi-bin/cart.cgi
[Fri Aug 14 23:19:13.227923 2020] [cgi:error] [pid 9624:tid 19816] [client 172.22.2.1:27418] script not found or unable to stat: E:/nuevo/cgi-bin/administrator.cgi
[Fri Aug 14 23:19:14.865926 2020] [cgi:error] [pid 9624:tid 19128] [client 172.22.2.1:27419] script not found or unable to stat: E:/nuevo/cgi-bin/clwarn.cgi
[Fri Aug 14 23:19:18.438332 2020] [cgi:error] [pid 9624:tid 19816] [client 172.22.2.1:27421] script not found or unable to stat: E:/nuevo/cgi-bin/agorn.cgi
[Fri Aug 14 23:19:20.825136 2020] [cgi:error] [pid 9624:tid 19128] [client 172.22.2.1:27425] script not found or unable to stat: E:/nuevo/cgi-bin/count.cgi
[Fri Aug 14 23:19:24.709543 2020] [cgi:error] [pid 9624:tid 19816] [client 172.22.2.1:27431] script not found or unable to stat: E:/nuevo/cgi-bin/bugreport.cgi
[Fri Aug 14 23:19:27.330348 2020] [cgi:error] [pid 9624:tid 19128] [client 172.22.2.1:27435] script not found or unable to stat: E:/nuevo/cgi-bin/Count.cgi
[Fri Aug 14 23:19:29.873152 2020] [cgi:error] [pid 9624:tid 19816] [client 172.22.2.1:27441] script not found or unable to stat: E:/nuevo/cgi-bin/cart.cgi
[Fri Aug 14 23:19:31.667155 2020] [cgi:error] [pid 9624:tid 19128] [client 172.22.2.1:27444] script not found or unable to stat: E:/nuevo/cgi-bin/faqmanager.cgi
[Fri Aug 14 23:19:33.991559 2020] [core:error] [pid 9624:tid 19132] [client 172.22.2.1:27447] AH00126: Invalid URI in request GET /././.. HTTP/1.1
[Fri Aug 14 23:19:34.131960 2020] [cgi:error] [pid 9624:tid 19816] [client 172.22.2.1:27448] script not found or unable to stat: E:/nuevo/cgi-bin/clwarn.cgi
[Fri Aug 14 23:19:35.801162 2020] [cgi:error] [pid 9624:tid 19128] [client 172.22.2.1:27450] script not found or unable to stat: E:/nuevo/cgi-bin/FormHandler.cgi
[Fri Aug 14 23:19:38.655967 2020] [core:error] [pid 9624:tid 19132] [client 172.22.2.1:27457] AH00126: Invalid URI in request GET ././././././././././././././././././././././././././././././././././././././././././././././././././././././././././././././././././././././././././././././././././././././././././././././././../../../../../../../../ HTTP/1.1
[Fri Aug 14 23:19:38.796368 2020] [cgi:error] [pid 9624:tid 19816] [client 172.22.2.1:27459] script not found or unable to stat: E:/nuevo/cgi-bin/count.cgi
[Fri Aug 14 23:19:40.247170 2020] [cgi:error] [pid 9624:tid 19128] [client 172.22.2.1:27463] script not found or unable to stat: E:/nuevo/cgi-bin/FormMail.cgi
[Fri Aug 14 23:19:42.618374 2020] [cgi:error] [pid 9624:tid 19816] [client 172.22.2.1:27466] script not found or unable to stat: E:/nuevo/cgi-bin/Count.cgi
[Fri Aug 14 23:19:43.757176 2020] [cgi:error] [pid 9624:tid 19128] [client 172.22.2.1:27471] script not found or unable to stat: E:/nuevo/cgi-bin/guestbook.cgi
[Fri Aug 14 23:19:46.611981 2020] [cgi:error] [pid 9624:tid 19816] [client 172.22.2.1:27472] script not found or unable to stat: E:/nuevo/cgi-bin/faqmanager.cgi
[Fri Aug 14 23:19:47.423183 2020] [cgi:error] [pid 9624:tid 19128] [client 172.22.2.1:27474] script not found or unable to stat: E:/nuevo/cgi-bin/help.cgi
[Fri Aug 14 23:19:49.388786 2020] [cgi:error] [pid 9624:tid 19816] [client 172.22.2.1:27477] script not found or unable to stat: E:/nuevo/cgi-bin/FormHandler.cgi
[Fri Aug 14 23:19:52.165591 2020] [cgi:error] [pid 9624:tid 19132] [client 172.22.2.1:27479] script not found or unable to stat: E:/nuevo/cgi-bin/hi
[Fri Aug 14 23:19:53.819194 2020] [cgi:error] [pid 9624:tid 19816] [client 172.22.2.1:27483] script not found or unable to stat: E:/nuevo/cgi-bin/FormMail.cgi
[Fri Aug 14 23:19:55.254397 2020] [cgi:error] [pid 9624:tid 19132] [client 172.22.2.1:27484] script not found or unable to stat: E:/nuevo/cgi-bin/index.cgi
[Fri Aug 14 23:19:59.185604 2020] [cgi:error] [pid 9624:tid 19816] [client 172.22.2.1:27487] script not found or unable to stat: E:/nuevo/cgi-bin/guestbook.cgi
[Fri Aug 14 23:20:01.447608 2020] [cgi:error] [pid 9624:tid 19132] [client 172.22.2.1:27491] script not found or unable to stat: E:/nuevo/cgi-bin/index.pl
[Fri Aug 14 23:20:03.678411 2020] [cgi:error] [pid 9624:tid 19816] [client 172.22.2.1:27499] script not found or unable to stat: E:/nuevo/cgi-bin/help.cgi
[Fri Aug 14 23:20:04.598813 2020] [cgi:error] [pid 9624:tid 19132] [client 172.22.2.1:27504] script not found or unable to stat: E:/nuevo/cgi-bin/index.sh
[Fri Aug 14 23:20:08.686020 2020] [cgi:error] [pid 9624:tid 19360] [client 172.22.2.1:27507] script not found or unable to stat: E:/nuevo/cgi-bin/hi
[Fri Aug 14 23:20:10.542423 2020] [cgi:error] [pid 9624:tid 19132] [client 172.22.2.1:27512] script not found or unable to stat: E:/nuevo/cgi-bin/login
[Fri Aug 14 23:20:14.161630 2020] [cgi:error] [pid 9624:tid 19360] [client 172.22.2.1:27513] script not found or unable to stat: E:/nuevo/cgi-bin/index.cgi
[Fri Aug 14 23:20:15.175632 2020] [cgi:error] [pid 9624:tid 19132] [client 172.22.2.1:27516] script not found or unable to stat: E:/nuevo/cgi-bin/login.cgi
[Fri Aug 14 23:20:17.250435 2020] [cgi:error] [pid 9624:tid 19360] [client 172.22.2.1:27519] script not found or unable to stat: E:/nuevo/cgi-bin/index.pl
[Fri Aug 14 23:20:20.011640 2020] [cgi:error] [pid 9624:tid 19132] [client 172.22.2.1:27523] script not found or unable to stat: E:/nuevo/cgi-bin/mailit.pl
[Fri Aug 14 23:20:22.804045 2020] [cgi:error] [pid 9624:tid 19360] [client 172.22.2.1:27527] script not found or unable to stat: E:/nuevo/cgi-bin/index.sh
[Fri Aug 14 23:20:25.144049 2020] [cgi:error] [pid 9624:tid 19132] [client 172.22.2.1:27529] script not found or unable to stat: E:/nuevo/cgi-bin/mt
[Fri Aug 14 23:20:28.310855 2020] [cgi:error] [pid 9624:tid 19360] [client 172.22.2.1:27534] script not found or unable to stat: E:/nuevo/cgi-bin/login.cgi
[Fri Aug 14 23:20:30.806859 2020] [cgi:error] [pid 9624:tid 19132] [client 172.22.2.1:27536] script not found or unable to stat: E:/nuevo/cgi-bin/mt
[Fri Aug 14 23:20:36.095268 2020] [cgi:error] [pid 9624:tid 19360] [client 172.22.2.1:27542] script not found or unable to stat: E:/nuevo/cgi-bin/mailit.pl
[Fri Aug 14 23:20:37.780071 2020] [cgi:error] [pid 9624:tid 19132] [client 172.22.2.1:27545] script not found or unable to stat: E:/nuevo/cgi-bin/mt-static
[Fri Aug 14 23:20:43.037281 2020] [cgi:error] [pid 9624:tid 19360] [client 172.22.2.1:27549] script not found or unable to stat: E:/nuevo/cgi-bin/mt
[Fri Aug 14 23:20:46.094886 2020] [cgi:error] [pid 9624:tid 19132] [client 172.22.2.1:27552] script not found or unable to stat: E:/nuevo/cgi-bin/mt-static
[Fri Aug 14 23:20:48.856091 2020] [cgi:error] [pid 9624:tid 19360] [client 172.22.2.1:27556] script not found or unable to stat: E:/nuevo/cgi-bin/mt
[Fri Aug 14 23:20:50.400493 2020] [cgi:error] [pid 9624:tid 19132] [client 172.22.2.1:27560] script not found or unable to stat: E:/nuevo/cgi-bin/ncbook
[Fri Aug 14 23:20:53.598499 2020] [cgi:error] [pid 9624:tid 19360] [client 172.22.2.1:27563] script not found or unable to stat: E:/nuevo/cgi-bin/mt-static
[Fri Aug 14 23:20:57.451706 2020] [cgi:error] [pid 9624:tid 19132] [client 172.22.2.1:27570] script not found or unable to stat: E:/nuevo/cgi-bin/printenv
[Fri Aug 14 23:21:00.961712 2020] [cgi:error] [pid 9624:tid 19360] [client 172.22.2.1:27574] script not found or unable to stat: E:/nuevo/cgi-bin/mt-static
[Fri Aug 14 23:21:02.084914 2020] [cgi:error] [pid 9624:tid 19132] [client 172.22.2.1:27576] script not found or unable to stat: E:/nuevo/cgi-bin/printenv.cgi
[Fri Aug 14 23:21:02.568515 2020] [core:error] [pid 9624:tid 18888] [client 172.22.2.1:27577] AH00126: Invalid URI in request GET /..\\pixfir~1\\how_to_login.html HTTP/1.1
[Fri Aug 14 23:21:06.187721 2020] [cgi:error] [pid 9624:tid 19360] [client 172.22.2.1:27581] script not found or unable to stat: E:/nuevo/cgi-bin/ncbook
[Fri Aug 14 23:21:10.680529 2020] [cgi:error] [pid 9624:tid 19132] [client 172.22.2.1:27586] script not found or unable to stat: E:/nuevo/cgi-bin/quickstore.cgi
[Fri Aug 14 23:21:15.344937 2020] [cgi:error] [pid 9624:tid 19360] [client 172.22.2.1:27602] script not found or unable to stat: E:/nuevo/cgi-bin/printenv
[Fri Aug 14 23:21:18.418143 2020] [cgi:error] [pid 9624:tid 19132] [client 172.22.2.1:27605] script not found or unable to stat: E:/nuevo/cgi-bin/search
[Fri Aug 14 23:21:23.051351 2020] [cgi:error] [pid 9624:tid 18416] [client 172.22.2.1:27616] script not found or unable to stat: E:/nuevo/cgi-bin/printenv.cgi
[Fri Aug 14 23:21:26.764157 2020] [cgi:error] [pid 9624:tid 19132] [client 172.22.2.1:27621] script not found or unable to stat: E:/nuevo/cgi-bin/search.cgi
[Fri Aug 14 23:21:32.489367 2020] [cgi:error] [pid 9624:tid 18416] [client 172.22.2.1:27630] script not found or unable to stat: E:/nuevo/cgi-bin/quickstore.cgi
[Fri Aug 14 23:21:34.798171 2020] [cgi:error] [pid 9624:tid 19132] [client 172.22.2.1:27631] script not found or unable to stat: E:/nuevo/cgi-bin/search
[Fri Aug 14 23:21:40.694982 2020] [cgi:error] [pid 9624:tid 18416] [client 172.22.2.1:27640] script not found or unable to stat: E:/nuevo/cgi-bin/search
[Fri Aug 14 23:21:45.406190 2020] [cgi:error] [pid 9624:tid 19132] [client 172.22.2.1:27654] script not found or unable to stat: E:/nuevo/cgi-bin/status
[Fri Aug 14 23:21:50.335799 2020] [cgi:error] [pid 9624:tid 18416] [client 172.22.2.1:27668] script not found or unable to stat: E:/nuevo/cgi-bin/search.cgi
[Fri Aug 14 23:21:51.693001 2020] [cgi:error] [pid 9624:tid 19132] [client 172.22.2.1:27673] script not found or unable to stat: E:/nuevo/cgi-bin/status.cgi
[Fri Aug 14 23:21:56.154609 2020] [cgi:error] [pid 9624:tid 18416] [client 172.22.2.1:27686] script not found or unable to stat: E:/nuevo/cgi-bin/search
[Fri Aug 14 23:21:58.073412 2020] [cgi:error] [pid 9624:tid 19132] [client 172.22.2.1:27693] script not found or unable to stat: E:/nuevo/cgi-bin/test.cgi
[Fri Aug 14 23:22:04.469424 2020] [cgi:error] [pid 9624:tid 18416] [client 172.22.2.1:27703] script not found or unable to stat: E:/nuevo/cgi-bin/status
[Fri Aug 14 23:22:07.901430 2020] [cgi:error] [pid 9624:tid 19132] [client 172.22.2.1:27705] script not found or unable to stat: E:/nuevo/cgi-bin/test.sh
[Fri Aug 14 23:22:09.071432 2020] [cgi:error] [pid 9624:tid 19168] [client 172.22.2.1:27706] script not found or unable to stat: E:/nuevo/cgi-bin/faqmanager.cgi
[Fri Aug 14 23:22:11.910637 2020] [cgi:error] [pid 9624:tid 18416] [client 172.22.2.1:27709] script not found or unable to stat: E:/nuevo/cgi-bin/status.cgi
[Fri Aug 14 23:22:15.748243 2020] [cgi:error] [pid 9624:tid 19132] [client 172.22.2.1:27714] script not found or unable to stat: E:/nuevo/cgi-bin/test-cgi
[Fri Aug 14 23:22:19.367450 2020] [cgi:error] [pid 9624:tid 18416] [client 172.22.2.1:27718] script not found or unable to stat: E:/nuevo/cgi-bin/test.cgi
[Fri Aug 14 23:22:23.095856 2020] [cgi:error] [pid 9624:tid 19132] [client 172.22.2.1:27722] script not found or unable to stat: E:/nuevo/cgi-bin/upload.cgi
[Fri Aug 14 23:22:26.091062 2020] [cgi:error] [pid 9624:tid 18416] [client 172.22.2.1:27729] script not found or unable to stat: E:/nuevo/cgi-bin/test.sh
[Fri Aug 14 23:22:29.211067 2020] [cgi:error] [pid 9624:tid 19132] [client 172.22.2.1:27734] script not found or unable to stat: E:/nuevo/cgi-bin/urlcount.cgi
[Fri Aug 14 23:22:32.112672 2020] [cgi:error] [pid 9624:tid 18416] [client 172.22.2.1:27737] script not found or unable to stat: E:/nuevo/cgi-bin/test-cgi
[Fri Aug 14 23:22:34.140676 2020] [cgi:error] [pid 9624:tid 19132] [client 172.22.2.1:27742] script not found or unable to stat: E:/nuevo/cgi-bin/viewcvs.cgi
[Fri Aug 14 23:22:39.070284 2020] [cgi:error] [pid 9624:tid 18416] [client 172.22.2.1:27749] script not found or unable to stat: E:/nuevo/cgi-bin/upload.cgi
[Fri Aug 14 23:22:43.001491 2020] [cgi:error] [pid 9624:tid 19132] [client 172.22.2.1:27754] script not found or unable to stat: E:/nuevo/cgi-bin/wa
[Fri Aug 14 23:22:46.293097 2020] [cgi:error] [pid 9624:tid 18416] [client 172.22.2.1:27762] script not found or unable to stat: E:/nuevo/cgi-bin/urlcount.cgi
[Fri Aug 14 23:22:50.161904 2020] [cgi:error] [pid 9624:tid 19132] [client 172.22.2.1:27765] script not found or unable to stat: E:/nuevo/cgi-bin/wa.cgi
[Fri Aug 14 23:22:53.968311 2020] [cgi:error] [pid 9624:tid 18416] [client 172.22.2.1:27771] script not found or unable to stat: E:/nuevo/cgi-bin/viewcvs.cgi
[Fri Aug 14 23:22:57.259916 2020] [cgi:error] [pid 9624:tid 19132] [client 172.22.2.1:27775] script not found or unable to stat: E:/nuevo/cgi-bin/wa.exe
[Fri Aug 14 23:23:04.841530 2020] [cgi:error] [pid 9624:tid 18416] [client 172.22.2.1:27786] script not found or unable to stat: E:/nuevo/cgi-bin/wa
[Fri Aug 14 23:23:06.822733 2020] [cgi:error] [pid 9624:tid 19132] [client 172.22.2.1:27790] script not found or unable to stat: E:/nuevo/cgi-bin/whois.cgi
[Fri Aug 14 23:23:10.769540 2020] [cgi:error] [pid 9624:tid 18416] [client 172.22.2.1:27797] script not found or unable to stat: E:/nuevo/cgi-bin/wa.cgi
[Fri Aug 14 23:23:18.881554 2020] [cgi:error] [pid 9624:tid 18416] [client 172.22.2.1:27803] script not found or unable to stat: E:/nuevo/cgi-bin/wa.exe
[Fri Aug 14 23:23:26.993569 2020] [cgi:error] [pid 9624:tid 18416] [client 172.22.2.1:27811] script not found or unable to stat: E:/nuevo/cgi-bin/whois.cgi
[Fri Aug 14 23:23:43.435997 2020] [cgi:error] [pid 9624:tid 19132] [client 172.22.2.1:27827] script not found or unable to stat: E:/nuevo/htdocs/index.cgi
[Fri Aug 14 23:23:52.172013 2020] [cgi:error] [pid 9624:tid 19132] [client 172.22.2.1:27836] script not found or unable to stat: E:/nuevo/htdocs/index.pl
[Fri Aug 14 23:24:02.748831 2020] [cgi:error] [pid 9624:tid 18416] [client 172.22.2.1:27856] script not found or unable to stat: E:/nuevo/htdocs/index.cgi
[Fri Aug 14 23:24:04.433634 2020] [cgi:error] [pid 9624:tid 19132] [client 172.22.2.1:27860] script not found or unable to stat: E:/nuevo/htdocs/nph-mr.cgi
[Fri Aug 14 23:24:09.363243 2020] [cgi:error] [pid 9624:tid 18416] [client 172.22.2.1:27866] script not found or unable to stat: E:/nuevo/htdocs/index.pl
[Fri Aug 14 23:24:12.764049 2020] [cgi:error] [pid 9624:tid 19132] [client 172.22.2.1:27874] script not found or unable to stat: E:/nuevo/htdocs/query.cgi
[Fri Aug 14 23:24:20.735663 2020] [cgi:error] [pid 9624:tid 19132] [client 172.22.2.1:27886] script not found or unable to stat: E:/nuevo/htdocs/session_login.cgi
[Fri Aug 14 23:24:23.980469 2020] [cgi:error] [pid 9624:tid 18416] [client 172.22.2.1:27895] script not found or unable to stat: E:/nuevo/htdocs/nph-mr.cgi
[Fri Aug 14 23:24:26.663673 2020] [cgi:error] [pid 9624:tid 19132] [client 172.22.2.1:27899] script not found or unable to stat: E:/nuevo/htdocs/show_bug.cgi
[Fri Aug 14 23:24:30.220480 2020] [cgi:error] [pid 9624:tid 18416] [client 172.22.2.1:27909] script not found or unable to stat: E:/nuevo/htdocs/query.cgi
[Fri Aug 14 23:24:34.853688 2020] [cgi:error] [pid 9624:tid 18416] [client 172.22.2.1:27917] script not found or unable to stat: E:/nuevo/htdocs/session_login.cgi
[Fri Aug 14 23:24:37.162492 2020] [cgi:error] [pid 9624:tid 19132] [client 172.22.2.1:27919] script not found or unable to stat: E:/nuevo/htdocs/test.cgi
[Fri Aug 14 23:24:40.641298 2020] [cgi:error] [pid 9624:tid 18416] [client 172.22.2.1:27926] script not found or unable to stat: E:/nuevo/htdocs/show_bug.cgi
[Fri Aug 14 23:24:49.127713 2020] [cgi:error] [pid 9624:tid 19132] [client 172.22.2.1:27936] script not found or unable to stat: E:/nuevo/htdocs/whois.cgi
[Fri Aug 14 23:24:52.497319 2020] [cgi:error] [pid 9624:tid 18416] [client 172.22.2.1:27940] script not found or unable to stat: E:/nuevo/htdocs/test.cgi
[Fri Aug 14 23:24:59.314531 2020] [cgi:error] [pid 9624:tid 19132] [client 172.22.2.1:27950] script not found or unable to stat: E:/nuevo/htdocs/wwwadmin.cgi
[Fri Aug 14 23:25:01.139734 2020] [cgi:error] [pid 9624:tid 18416] [client 172.22.2.1:27952] script not found or unable to stat: E:/nuevo/htdocs/whois.cgi
[Fri Aug 14 23:25:03.885339 2020] [cgi:error] [pid 9624:tid 19132] [client 172.22.2.1:27957] script not found or unable to stat: E:/nuevo/htdocs/wwwboard.cgi
[Fri Aug 14 23:25:09.532549 2020] [authz_core:error] [pid 9624:tid 19132] [client 172.22.2.1:27964] AH01630: client denied by server configuration: E:/nuevo/htdocs/xampp/cgi.cgi
[Fri Aug 14 23:25:12.761754 2020] [cgi:error] [pid 9624:tid 18416] [client 172.22.2.1:27968] script not found or unable to stat: E:/nuevo/htdocs/wwwadmin.cgi
[Fri Aug 14 23:25:18.627365 2020] [cgi:error] [pid 9624:tid 18416] [client 172.22.2.1:27975] script not found or unable to stat: E:/nuevo/htdocs/wwwboard.cgi
[Fri Aug 14 23:25:23.151373 2020] [authz_core:error] [pid 9624:tid 18416] [client 172.22.2.1:27979] AH01630: client denied by server configuration: E:/nuevo/htdocs/xampp/cgi.cgi
[Fri Aug 14 23:31:49.704451 2020] [proxy_http:error] [pid 9624:tid 19244] (OS 10060)A connection attempt failed because the connected party did not properly respond after a period of time, or established connection failed because connected host has failed to respond.  : [client 181.234.238.6:59564] AH01095: prefetch request body failed to 172.22.1.61:8080 (172.22.1.61) from 181.234.238.6 (), referer: http://190.27.245.106/sipse/faces/faces/autenticacion.xhtml

:: Command execute ::

Enter:
 
Select:
 

:: Search ::
regexp 

:: Upload ::
 
[ ok ]

:: Make Dir ::
 
[ ok ]
:: Make File ::
 
[ ok ]

:: Go Dir ::
 
:: Go File ::
 

--[ c99shell v. 1.0 pre-release build #13 powered by Captain Crunch Security Team | http://ccteam.ru | Generation time: 0.0312 ]--