!C99Shell v. 1.0 pre-release build #13!

Software: Apache. PHP/5.5.15 

uname -a: Windows NT SVR-DMZ 6.1 build 7600 (Windows Server 2008 R2 Enterprise Edition) i586 

SYSTEM 

Safe-mode: OFF (not secure)

E:\nuevo\apache\logs\   drwxrwxrwx
Free 9.41 GB of 239.26 GB (3.93%)
Detected drives: [ a ] [ c ] [ d ] [ e ] [ f ]
Home    Back    Forward    UPDIR    Refresh    Search    Buffer    Encoder    Tools    Proc.    FTP brute    Sec.    SQL    PHP-code    Update    Feedback    Self remove    Logout    


Viewing file:     error.2020.08.19.log (32.84 KB)      -rw-rw-rw-
Select action/file-type:
(+) | (+) | (+) | Code (+) | Session (+) | (+) | SDB (+) | (+) | (+) | (+) | (+) | (+) |
[Wed Aug 19 00:26:27.234223 2020] [mpm_winnt:warn] [pid 9624:tid 20464] (OS 64)The specified network name is no longer available.  : AH00341: winnt_accept: Asynchronous AcceptEx failed.
[Wed Aug 19 00:29:25.246136 2020] [mpm_winnt:warn] [pid 9624:tid 20464] (OS 64)The specified network name is no longer available.  : AH00341: winnt_accept: Asynchronous AcceptEx failed.
[Wed Aug 19 00:35:42.517199 2020] [negotiation:error] [pid 9624:tid 18364] [client 185.160.63.39:52676] AH00690: no acceptable variant: E:/nuevo/apache/error/HTTP_NOT_FOUND.html.var
[Wed Aug 19 01:17:13.811374 2020] [proxy:error] [pid 9624:tid 17464] (OS 10060)A connection attempt failed because the connected party did not properly respond after a period of time, or established connection failed because connected host has failed to respond.  : AH00957: HTTP: attempt to connect to 172.22.1.51:8399 (172.22.1.51) failed
[Wed Aug 19 01:17:13.811374 2020] [proxy:error] [pid 9624:tid 17464] AH00959: ap_proxy_connect_backend disabling worker for (172.22.1.51) for 60s
[Wed Aug 19 01:17:13.811374 2020] [proxy_http:error] [pid 9624:tid 17464] [client 152.61.192.232:50328] AH01114: HTTP: failed to make connection to backend: 172.22.1.51
[Wed Aug 19 01:17:14.092175 2020] [proxy:error] [pid 9624:tid 17464] AH00940: HTTP: disabled connection for (172.22.1.51)
[Wed Aug 19 01:17:14.341775 2020] [proxy:error] [pid 9624:tid 17464] AH00940: HTTP: disabled connection for (172.22.1.51)
[Wed Aug 19 01:39:10.548287 2020] [proxy:error] [pid 9624:tid 18348] (OS 10060)A connection attempt failed because the connected party did not properly respond after a period of time, or established connection failed because connected host has failed to respond.  : AH00957: HTTP: attempt to connect to 172.22.1.51:8399 (172.22.1.51) failed
[Wed Aug 19 01:39:10.548287 2020] [proxy:error] [pid 9624:tid 18348] AH00959: ap_proxy_connect_backend disabling worker for (172.22.1.51) for 60s
[Wed Aug 19 01:39:10.548287 2020] [proxy_http:error] [pid 9624:tid 18348] [client 152.61.128.50:42369] AH01114: HTTP: failed to make connection to backend: 172.22.1.51
[Wed Aug 19 01:39:10.782288 2020] [proxy:error] [pid 9624:tid 18348] AH00940: HTTP: disabled connection for (172.22.1.51)
[Wed Aug 19 01:39:11.000688 2020] [proxy:error] [pid 9624:tid 18348] AH00940: HTTP: disabled connection for (172.22.1.51)
[Wed Aug 19 03:38:40.946881 2020] [mpm_winnt:warn] [pid 9624:tid 20464] (OS 64)The specified network name is no longer available.  : AH00341: winnt_accept: Asynchronous AcceptEx failed.
[Wed Aug 19 04:11:40.403158 2020] [mpm_winnt:warn] [pid 9624:tid 20464] (OS 64)The specified network name is no longer available.  : AH00341: winnt_accept: Asynchronous AcceptEx failed.
[Wed Aug 19 04:12:21.181630 2020] [mpm_winnt:warn] [pid 9624:tid 20464] (OS 64)The specified network name is no longer available.  : AH00341: winnt_accept: Asynchronous AcceptEx failed.
[Wed Aug 19 04:36:08.569537 2020] [mpm_winnt:warn] [pid 9624:tid 20464] (OS 64)The specified network name is no longer available.  : AH00341: winnt_accept: Asynchronous AcceptEx failed.
[Wed Aug 19 05:05:44.851057 2020] [mpm_winnt:warn] [pid 9624:tid 20464] (OS 64)The specified network name is no longer available.  : AH00341: winnt_accept: Asynchronous AcceptEx failed.
[Wed Aug 19 05:34:30.121487 2020] [mpm_winnt:warn] [pid 9624:tid 20464] (OS 64)The specified network name is no longer available.  : AH00341: winnt_accept: Asynchronous AcceptEx failed.
[Wed Aug 19 06:09:24.269165 2020] [core:error] [pid 9624:tid 16212] [client 172.105.76.71:55554] AH00135: Invalid method in request HELP
[Wed Aug 19 06:09:24.643566 2020] [core:error] [pid 9624:tid 16212] [client 172.105.76.71:55854] AH00135: Invalid method in request \x1b\x84\xd5\xb0]\xf4\xc4\x93\xc50\xc2X\x8c\xda\xb1\xd7\xac\xafn\x1d\xe1\x1e\x1a3*\x85\xb7\x1d'\xb1\xc9k\xbf\xf0\xbc
[Wed Aug 19 06:09:28.730773 2020] [core:error] [pid 9624:tid 16212] [client 172.105.76.71:58720] AH00126: Invalid URI in request \xbd\xff\x9e\xffE\xff\x9e\xff\xbd\xff\x9e\xff\xa4\xff\x86\xff\xc4\xff\xbe\xff\xc7\xff\xdb\xff\xee\xffx\\d9\xff\xed\xff\xa4\xff\x9d\xff\xcf\xff\xd8\xff\xe5\xff\x04\xff\x12\xff0\xff\xb1\xff\xbd\xff\xe7\xff\xe2\xff\xdd\xff\xdc\xff\xde\xff\xc8\xff\xcc\xff\xbe\xff\xf8\xff&\xff\x01\xff\x0f\xff\xf5\xff\x06\xff\xff\xff\xf7\xff!\xff\xde\xff\x02\xff&\xff\x0c\xff\x01\xff\xf5\xff
[Wed Aug 19 06:36:26.049014 2020] [mpm_winnt:warn] [pid 9624:tid 20464] (OS 64)The specified network name is no longer available.  : AH00341: winnt_accept: Asynchronous AcceptEx failed.
[Wed Aug 19 06:55:42.182644 2020] [mpm_winnt:warn] [pid 9624:tid 20464] (OS 64)The specified network name is no longer available.  : AH00341: winnt_accept: Asynchronous AcceptEx failed.
[Wed Aug 19 07:08:21.514978 2020] [proxy_http:error] [pid 9624:tid 18836] (70008)Partial results are valid but processing is incomplete: [client 181.61.75.10:55849] AH02609: read request body failed to 172.22.1.61:8080 (172.22.1.61) from 181.61.75.10 (), referer: http://190.27.245.106/sipse/faces/presentacion/financiero/solicitudProceso/consultarSolicitudProceso.xhtml
[Wed Aug 19 07:08:21.514978 2020] [proxy_http:error] [pid 9624:tid 18836] [client 181.61.75.10:55849] AH01097: pass request body failed to 172.22.1.61:8080 (172.22.1.61) from 181.61.75.10 (), referer: http://190.27.245.106/sipse/faces/presentacion/financiero/solicitudProceso/consultarSolicitudProceso.xhtml
[Wed Aug 19 07:09:07.706659 2020] [mpm_winnt:warn] [pid 9624:tid 20464] (OS 64)The specified network name is no longer available.  : AH00341: winnt_accept: Asynchronous AcceptEx failed.
[Wed Aug 19 07:10:54.317247 2020] [proxy_http:error] [pid 9624:tid 18720] (70008)Partial results are valid but processing is incomplete: [client 181.61.75.10:55853] AH02609: read request body failed to 172.22.1.61:8080 (172.22.1.61) from 181.61.75.10 (), referer: http://190.27.245.106/sipse/faces/presentacion/financiero/solicitudProceso/consultarSolicitudProceso.xhtml
[Wed Aug 19 07:10:54.317247 2020] [proxy_http:error] [pid 9624:tid 18720] [client 181.61.75.10:55853] AH01097: pass request body failed to 172.22.1.61:8080 (172.22.1.61) from 181.61.75.10 (), referer: http://190.27.245.106/sipse/faces/presentacion/financiero/solicitudProceso/consultarSolicitudProceso.xhtml
[Wed Aug 19 07:16:15.350210 2020] [proxy_http:error] [pid 9624:tid 19556] (OS 10054)An existing connection was forcibly closed by the remote host.  : [client 181.61.75.10:55905] AH01095: prefetch request body failed to 172.22.1.61:8080 (172.22.1.61) from 181.61.75.10 (), referer: http://190.27.245.106/sipse/faces/faces/autenticacion.xhtml
[Wed Aug 19 08:05:31.119602 2020] [core:error] [pid 9624:tid 16588] [client 190.156.106.111:52638] AH00135: Invalid method in request \x14M\xc1N\xde`
[Wed Aug 19 08:09:02.063173 2020] [core:error] [pid 9624:tid 18836] (20024)The given path is misformatted or contained invalid characters: [client 216.18.204.132:32572] AH00127: Cannot map GET /www.ambientebogota.gov.co:81/ HTTP/1.1 to file
[Wed Aug 19 08:52:14.070125 2020] [mpm_winnt:warn] [pid 9624:tid 20464] (OS 64)The specified network name is no longer available.  : AH00341: winnt_accept: Asynchronous AcceptEx failed.
[Wed Aug 19 08:55:23.095657 2020] [proxy_http:error] [pid 9624:tid 16008] (70008)Partial results are valid but processing is incomplete: [client 181.61.75.10:56795] AH02609: read request body failed to 172.22.1.61:8080 (172.22.1.61) from 181.61.75.10 (), referer: http://190.27.245.106/sipse/faces/presentacion/financiero/solicitudProceso/consultarSolicitudProceso.xhtml
[Wed Aug 19 08:55:23.095657 2020] [proxy_http:error] [pid 9624:tid 16008] [client 181.61.75.10:56795] AH01097: pass request body failed to 172.22.1.61:8080 (172.22.1.61) from 181.61.75.10 (), referer: http://190.27.245.106/sipse/faces/presentacion/financiero/solicitudProceso/consultarSolicitudProceso.xhtml
[Wed Aug 19 08:55:23.282857 2020] [proxy_http:error] [pid 9624:tid 19916] (70008)Partial results are valid but processing is incomplete: [client 181.61.75.10:56794] AH02609: read request body failed to 172.22.1.61:8080 (172.22.1.61) from 181.61.75.10 (), referer: http://190.27.245.106/sipse/faces/presentacion/financiero/solicitudProceso/consultarSolicitudProceso.xhtml
[Wed Aug 19 08:55:23.282857 2020] [proxy_http:error] [pid 9624:tid 19916] [client 181.61.75.10:56794] AH01097: pass request body failed to 172.22.1.61:8080 (172.22.1.61) from 181.61.75.10 (), referer: http://190.27.245.106/sipse/faces/presentacion/financiero/solicitudProceso/consultarSolicitudProceso.xhtml
[Wed Aug 19 09:04:32.638822 2020] [proxy_http:error] [pid 9624:tid 16824] (OS 10054)An existing connection was forcibly closed by the remote host.  : [client 181.61.75.10:56793] AH01095: prefetch request body failed to 172.22.1.61:8080 (172.22.1.61) from 181.61.75.10 (), referer: http://190.27.245.106/sipse/faces/presentacion/financiero/solicitudProceso/consultarSolicitudProceso.xhtml
[Wed Aug 19 09:26:48.281968 2020] [mpm_winnt:warn] [pid 9624:tid 20464] (OS 64)The specified network name is no longer available.  : AH00341: winnt_accept: Asynchronous AcceptEx failed.
[Wed Aug 19 09:33:23.695863 2020] [mpm_winnt:warn] [pid 9624:tid 20464] (OS 64)The specified network name is no longer available.  : AH00341: winnt_accept: Asynchronous AcceptEx failed.
[Wed Aug 19 09:36:21.177375 2020] [proxy_http:error] [pid 9624:tid 16300] (20014)Internal error: [client 186.154.190.37:60671] AH01102: error reading status line from remote server 172.22.1.43:80, referer: http://190.27.245.106/sipsesda/faces/vista/administracion/funcionario/listadoFuncionario.jspx
[Wed Aug 19 09:40:30.450212 2020] [mpm_winnt:warn] [pid 9624:tid 20464] (OS 64)The specified network name is no longer available.  : AH00341: winnt_accept: Asynchronous AcceptEx failed.
[Wed Aug 19 09:57:44.967030 2020] [mpm_winnt:warn] [pid 9624:tid 20464] (OS 64)The specified network name is no longer available.  : AH00341: winnt_accept: Asynchronous AcceptEx failed.
[Wed Aug 19 10:38:46.744953 2020] [mpm_winnt:warn] [pid 9624:tid 20464] (OS 64)The specified network name is no longer available.  : AH00341: winnt_accept: Asynchronous AcceptEx failed.
[Wed Aug 19 10:40:05.618692 2020] [mpm_winnt:warn] [pid 9624:tid 20464] (OS 64)The specified network name is no longer available.  : AH00341: winnt_accept: Asynchronous AcceptEx failed.
[Wed Aug 19 10:53:38.521520 2020] [core:error] [pid 9624:tid 19908] [client 190.156.106.111:53870] AH00135: Invalid method in request \xba0';3)\xe6\xeaiOW\xc7\x1fmwn3QS\xc4\xa2\xc4$\xe5Lv\x1d
[Wed Aug 19 11:17:53.723276 2020] [proxy:error] [pid 9624:tid 19864] (OS 10060)A connection attempt failed because the connected party did not properly respond after a period of time, or established connection failed because connected host has failed to respond.  : AH00957: HTTP: attempt to connect to 172.22.1.31:80 (172.22.1.31) failed
[Wed Aug 19 11:17:53.723276 2020] [proxy:error] [pid 9624:tid 19864] AH00959: ap_proxy_connect_backend disabling worker for (172.22.1.31) for 60s
[Wed Aug 19 11:17:53.723276 2020] [proxy_http:error] [pid 9624:tid 19864] [client 104.47.10.254:26427] AH01114: HTTP: failed to make connection to backend: 172.22.1.31
[Wed Aug 19 11:17:55.142878 2020] [proxy:error] [pid 9624:tid 19016] (OS 10060)A connection attempt failed because the connected party did not properly respond after a period of time, or established connection failed because connected host has failed to respond.  : AH00957: HTTP: attempt to connect to 172.22.1.31:80 (172.22.1.31) failed
[Wed Aug 19 11:17:55.142878 2020] [proxy_http:error] [pid 9624:tid 19016] [client 181.49.194.16:44617] AH01114: HTTP: failed to make connection to backend: 172.22.1.31
[Wed Aug 19 11:18:16.390116 2020] [proxy:error] [pid 9624:tid 18488] (OS 10060)A connection attempt failed because the connected party did not properly respond after a period of time, or established connection failed because connected host has failed to respond.  : AH00957: HTTP: attempt to connect to 172.22.1.31:80 (172.22.1.31) failed
[Wed Aug 19 11:18:16.390116 2020] [proxy:error] [pid 9624:tid 18488] AH00959: ap_proxy_connect_backend disabling worker for (172.22.1.31) for 60s
[Wed Aug 19 11:18:16.390116 2020] [proxy_http:error] [pid 9624:tid 18488] [client 181.49.194.16:44675] AH01114: HTTP: failed to make connection to backend: 172.22.1.31
[Wed Aug 19 11:21:23.184844 2020] [proxy:error] [pid 9624:tid 18632] (OS 10060)A connection attempt failed because the connected party did not properly respond after a period of time, or established connection failed because connected host has failed to respond.  : AH00957: HTTP: attempt to connect to 172.22.1.31:80 (172.22.1.31) failed
[Wed Aug 19 11:21:23.184844 2020] [proxy:error] [pid 9624:tid 18632] AH00959: ap_proxy_connect_backend disabling worker for (172.22.1.31) for 60s
[Wed Aug 19 11:21:23.184844 2020] [proxy_http:error] [pid 9624:tid 18632] [client 181.49.194.16:45193] AH01114: HTTP: failed to make connection to backend: 172.22.1.31
[Wed Aug 19 11:21:23.746445 2020] [proxy:error] [pid 9624:tid 19884] AH00940: HTTP: disabled connection for (172.22.1.31)
[Wed Aug 19 11:21:29.768055 2020] [proxy:error] [pid 9624:tid 16968] AH00940: HTTP: disabled connection for (172.22.1.31)
[Wed Aug 19 11:21:29.846055 2020] [proxy:error] [pid 9624:tid 16968] AH00940: HTTP: disabled connection for (172.22.1.31)
[Wed Aug 19 11:21:37.724069 2020] [proxy:error] [pid 9624:tid 17432] (OS 10060)A connection attempt failed because the connected party did not properly respond after a period of time, or established connection failed because connected host has failed to respond.  : AH00957: HTTP: attempt to connect to 172.22.1.31:80 (172.22.1.31) failed
[Wed Aug 19 11:21:37.724069 2020] [proxy_http:error] [pid 9624:tid 17432] [client 181.49.194.16:14148] AH01114: HTTP: failed to make connection to backend: 172.22.1.31
[Wed Aug 19 11:21:41.842476 2020] [proxy:error] [pid 9624:tid 18472] (OS 10060)A connection attempt failed because the connected party did not properly respond after a period of time, or established connection failed because connected host has failed to respond.  : AH00957: HTTP: attempt to connect to 172.22.1.31:80 (172.22.1.31) failed
[Wed Aug 19 11:21:41.842476 2020] [proxy_http:error] [pid 9624:tid 18472] [client 181.49.194.16:14134] AH01114: HTTP: failed to make connection to backend: 172.22.1.31
[Wed Aug 19 11:44:16.643456 2020] [proxy_http:error] [pid 9624:tid 18556] (20014)Internal error: [client 181.61.68.11:49629] AH01102: error reading status line from remote server 172.22.1.61:8080, referer: http://190.27.245.106/sipse/faces/presentacion/financiero/estudioPrevio/personalSolicitado/asociarExperienciaContratista.xhtml
[Wed Aug 19 11:44:16.643456 2020] [proxy:error] [pid 9624:tid 18556] [client 181.61.68.11:49629] AH00898: Error reading from remote server returned by /sipse/faces/presentacion/financiero/estudioPrevio/personalSolicitado/expedirExperienciaIdoneidad.xhtml, referer: http://190.27.245.106/sipse/faces/presentacion/financiero/estudioPrevio/personalSolicitado/asociarExperienciaContratista.xhtml
[Wed Aug 19 12:02:07.616537 2020] [proxy_http:error] [pid 9624:tid 19560] (70008)Partial results are valid but processing is incomplete: [client 181.61.75.10:58378] AH02609: read request body failed to 172.22.1.61:8080 (172.22.1.61) from 181.61.75.10 (), referer: http://190.27.245.106/sipse/faces/presentacion/financiero/solicitudProceso/consultarSolicitudProceso.xhtml
[Wed Aug 19 12:02:07.616537 2020] [proxy_http:error] [pid 9624:tid 19560] [client 181.61.75.10:58378] AH01097: pass request body failed to 172.22.1.61:8080 (172.22.1.61) from 181.61.75.10 (), referer: http://190.27.245.106/sipse/faces/presentacion/financiero/solicitudProceso/consultarSolicitudProceso.xhtml
[Wed Aug 19 12:02:18.567756 2020] [proxy_http:error] [pid 9624:tid 18736] (70008)Partial results are valid but processing is incomplete: [client 181.61.75.10:58392] AH02609: read request body failed to 172.22.1.61:8080 (172.22.1.61) from 181.61.75.10 (), referer: http://190.27.245.106/sipse/faces/presentacion/financiero/solicitudProceso/consultarSolicitudProceso.xhtml
[Wed Aug 19 12:02:18.567756 2020] [proxy_http:error] [pid 9624:tid 18736] [client 181.61.75.10:58392] AH01097: pass request body failed to 172.22.1.61:8080 (172.22.1.61) from 181.61.75.10 (), referer: http://190.27.245.106/sipse/faces/presentacion/financiero/solicitudProceso/consultarSolicitudProceso.xhtml
[Wed Aug 19 12:10:08.471782 2020] [mpm_winnt:warn] [pid 9624:tid 20464] (OS 64)The specified network name is no longer available.  : AH00341: winnt_accept: Asynchronous AcceptEx failed.
[Wed Aug 19 12:33:13.785415 2020] [mpm_winnt:warn] [pid 9624:tid 20464] (OS 64)The specified network name is no longer available.  : AH00341: winnt_accept: Asynchronous AcceptEx failed.
[Wed Aug 19 12:53:31.696154 2020] [mpm_winnt:warn] [pid 9624:tid 20464] (OS 64)The specified network name is no longer available.  : AH00341: winnt_accept: Asynchronous AcceptEx failed.
[Wed Aug 19 13:03:17.539583 2020] [mpm_winnt:warn] [pid 9624:tid 20464] (OS 64)The specified network name is no longer available.  : AH00341: winnt_accept: Asynchronous AcceptEx failed.
[Wed Aug 19 13:25:10.172689 2020] [proxy_http:error] [pid 9624:tid 18960] (70008)Partial results are valid but processing is incomplete: [client 181.52.58.143:49805] AH02609: read request body failed to 172.22.1.61:8080 (172.22.1.61) from 181.52.58.143 (), referer: http://190.27.245.106/sipse/faces/presentacion/financiero/solicitudProceso/consultarSolicitudProceso.xhtml
[Wed Aug 19 13:25:10.172689 2020] [proxy_http:error] [pid 9624:tid 18960] [client 181.52.58.143:49805] AH01097: pass request body failed to 172.22.1.61:8080 (172.22.1.61) from 181.52.58.143 (), referer: http://190.27.245.106/sipse/faces/presentacion/financiero/solicitudProceso/consultarSolicitudProceso.xhtml
[Wed Aug 19 13:44:26.541320 2020] [mpm_winnt:warn] [pid 9624:tid 20464] (OS 64)The specified network name is no longer available.  : AH00341: winnt_accept: Asynchronous AcceptEx failed.
[Wed Aug 19 13:51:10.722430 2020] [mpm_winnt:warn] [pid 9624:tid 20464] (OS 64)The specified network name is no longer available.  : AH00341: winnt_accept: Asynchronous AcceptEx failed.
[Wed Aug 19 13:57:32.080699 2020] [core:error] [pid 9624:tid 16428] [client 190.156.106.111:56365] AH00135: Invalid method in request \xa7\xbdB\xcd\xe3\x0f\xa9\xd6\x98Z\x16\xb6U\xa5A<
[Wed Aug 19 14:42:50.558074 2020] [proxy_http:error] [pid 9624:tid 16860] (70008)Partial results are valid but processing is incomplete: [client 181.52.58.143:56749] AH02609: read request body failed to 172.22.1.61:8080 (172.22.1.61) from 181.52.58.143 (), referer: http://190.27.245.106/sipse/faces/presentacion/financiero/solicitudProceso/consultarSolicitudProceso.xhtml
[Wed Aug 19 14:42:50.558074 2020] [proxy_http:error] [pid 9624:tid 16860] [client 181.52.58.143:56749] AH01097: pass request body failed to 172.22.1.61:8080 (172.22.1.61) from 181.52.58.143 (), referer: http://190.27.245.106/sipse/faces/presentacion/financiero/solicitudProceso/consultarSolicitudProceso.xhtml
[Wed Aug 19 14:51:34.094994 2020] [proxy:error] [pid 9624:tid 19716] (OS 10060)A connection attempt failed because the connected party did not properly respond after a period of time, or established connection failed because connected host has failed to respond.  : AH00957: HTTP: attempt to connect to 172.22.1.51:8399 (172.22.1.51) failed
[Wed Aug 19 14:51:34.094994 2020] [proxy:error] [pid 9624:tid 19716] AH00959: ap_proxy_connect_backend disabling worker for (172.22.1.51) for 60s
[Wed Aug 19 14:51:34.094994 2020] [proxy_http:error] [pid 9624:tid 19716] [client 217.155.36.12:49295] AH01114: HTTP: failed to make connection to backend: 172.22.1.51
[Wed Aug 19 14:51:34.469394 2020] [proxy:error] [pid 9624:tid 19716] AH00940: HTTP: disabled connection for (172.22.1.51)
[Wed Aug 19 15:00:32.623540 2020] [authz_core:error] [pid 9624:tid 19024] [client 103.241.227.150:45297] AH01630: client denied by server configuration: E:/nuevo/htdocs/phpMyAdmin
[Wed Aug 19 15:00:34.963544 2020] [authz_core:error] [pid 9624:tid 16648] [client 103.241.227.150:45608] AH01630: client denied by server configuration: E:/nuevo/phpMyAdmin/index.php
[Wed Aug 19 15:16:39.201237 2020] [mpm_winnt:warn] [pid 9624:tid 20464] (OS 64)The specified network name is no longer available.  : AH00341: winnt_accept: Asynchronous AcceptEx failed.
[Wed Aug 19 15:28:23.262674 2020] [proxy_http:error] [pid 9624:tid 17112] (70008)Partial results are valid but processing is incomplete: [client 186.80.23.193:55103] AH02609: read request body failed to 172.22.1.61:8080 (172.22.1.61) from 186.80.23.193 (), referer: http://190.27.245.106/sipse/faces/presentacion/financiero/solicitudProceso/consultarSolicitudProceso.xhtml
[Wed Aug 19 15:28:23.262674 2020] [proxy_http:error] [pid 9624:tid 17112] [client 186.80.23.193:55103] AH01097: pass request body failed to 172.22.1.61:8080 (172.22.1.61) from 186.80.23.193 (), referer: http://190.27.245.106/sipse/faces/presentacion/financiero/solicitudProceso/consultarSolicitudProceso.xhtml
[Wed Aug 19 15:41:05.370813 2020] [mpm_winnt:warn] [pid 9624:tid 20464] (OS 64)The specified network name is no longer available.  : AH00341: winnt_accept: Asynchronous AcceptEx failed.
[Wed Aug 19 15:46:21.318167 2020] [core:error] [pid 9624:tid 16588] (20024)The given path is misformatted or contained invalid characters: [client 95.216.157.203:3271] AH00127: Cannot map GET /www.ambientebogota.gov.co:81/ HTTP/1.1 to file
[Wed Aug 19 16:38:48.312695 2020] [mpm_winnt:warn] [pid 9624:tid 20464] (OS 64)The specified network name is no longer available.  : AH00341: winnt_accept: Asynchronous AcceptEx failed.
[Wed Aug 19 17:23:12.923175 2020] [proxy_http:error] [pid 9624:tid 18984] (70008)Partial results are valid but processing is incomplete: [client 181.52.22.3:50965] AH02609: read request body failed to 172.22.1.61:8080 (172.22.1.61) from 181.52.22.3 (), referer: http://190.27.245.106/sipse/faces/presentacion/financiero/solicitudProceso/consultarSolicitudProceso.xhtml
[Wed Aug 19 17:23:12.923175 2020] [proxy_http:error] [pid 9624:tid 18984] [client 181.52.22.3:50965] AH01097: pass request body failed to 172.22.1.61:8080 (172.22.1.61) from 181.52.22.3 (), referer: http://190.27.245.106/sipse/faces/presentacion/financiero/solicitudProceso/consultarSolicitudProceso.xhtml
[Wed Aug 19 17:28:57.995781 2020] [mpm_winnt:warn] [pid 9624:tid 20464] (OS 64)The specified network name is no longer available.  : AH00341: winnt_accept: Asynchronous AcceptEx failed.
[Wed Aug 19 17:52:20.719045 2020] [proxy_http:error] [pid 9624:tid 18952] (OS 10060)A connection attempt failed because the connected party did not properly respond after a period of time, or established connection failed because connected host has failed to respond.  : [client 181.61.68.11:50565] AH01095: prefetch request body failed to 172.22.1.61:8080 (172.22.1.61) from 181.61.68.11 (), referer: http://190.27.245.106/sipse/faces/presentacion/sistema/anexos/cargarAnexoSolicitudProceso.xhtml
[Wed Aug 19 17:52:31.483064 2020] [proxy_http:error] [pid 9624:tid 16172] (OS 10060)A connection attempt failed because the connected party did not properly respond after a period of time, or established connection failed because connected host has failed to respond.  : [client 181.61.68.11:50573] AH01095: prefetch request body failed to 172.22.1.61:8080 (172.22.1.61) from 181.61.68.11 (), referer: http://190.27.245.106/sipse/faces/presentacion/sistema/anexos/cargarAnexoSolicitudProceso.xhtml
[Wed Aug 19 18:10:10.569924 2020] [proxy_http:error] [pid 9624:tid 16008] (70008)Partial results are valid but processing is incomplete: [client 181.61.68.11:51109] AH02609: read request body failed to 172.22.1.61:8080 (172.22.1.61) from 181.61.68.11 (), referer: http://190.27.245.106/sipse/faces/presentacion/financiero/solicitudProceso/consultarSolicitudProceso.xhtml
[Wed Aug 19 18:10:10.569924 2020] [proxy_http:error] [pid 9624:tid 16008] [client 181.61.68.11:51109] AH01097: pass request body failed to 172.22.1.61:8080 (172.22.1.61) from 181.61.68.11 (), referer: http://190.27.245.106/sipse/faces/presentacion/financiero/solicitudProceso/consultarSolicitudProceso.xhtml
[Wed Aug 19 18:21:37.579531 2020] [core:error] [pid 9624:tid 18556] (20024)The given path is misformatted or contained invalid characters: [client 1.237.177.12:37478] AH00127: Cannot map GET /galeria/carrusel/Carrusel/jquery-ui-%0A%0A1.8.13.custom.min.js HTTP/1.1 to file, referer: http://ambientebogota.gov.co
[Wed Aug 19 18:35:33.382199 2020] [mpm_winnt:warn] [pid 9624:tid 20464] (OS 64)The specified network name is no longer available.  : AH00341: winnt_accept: Asynchronous AcceptEx failed.
[Wed Aug 19 19:06:42.204081 2020] [mpm_winnt:warn] [pid 9624:tid 20464] (OS 64)The specified network name is no longer available.  : AH00341: winnt_accept: Asynchronous AcceptEx failed.
[Wed Aug 19 19:14:31.796106 2020] [proxy_http:error] [pid 9624:tid 18960] (OS 10054)An existing connection was forcibly closed by the remote host.  : [client 186.82.151.107:55853] AH01095: prefetch request body failed to 172.22.1.61:8080 (172.22.1.61) from 186.82.151.107 (), referer: http://190.27.245.106/sipse/faces/presentacion/financiero/solicitudProceso/consultarSolicitudProceso.xhtml
[Wed Aug 19 19:31:52.271134 2020] [proxy_http:error] [pid 9624:tid 19876] (70008)Partial results are valid but processing is incomplete: [client 181.61.68.11:51461] AH02609: read request body failed to 172.22.1.61:8080 (172.22.1.61) from 181.61.68.11 (), referer: http://190.27.245.106/sipse/faces/presentacion/financiero/solicitudProceso/consultarSolicitudProceso.xhtml
[Wed Aug 19 19:31:52.271134 2020] [proxy_http:error] [pid 9624:tid 19876] [client 181.61.68.11:51461] AH01097: pass request body failed to 172.22.1.61:8080 (172.22.1.61) from 181.61.68.11 (), referer: http://190.27.245.106/sipse/faces/presentacion/financiero/solicitudProceso/consultarSolicitudProceso.xhtml
[Wed Aug 19 19:33:54.949749 2020] [mpm_winnt:warn] [pid 9624:tid 20464] (OS 64)The specified network name is no longer available.  : AH00341: winnt_accept: Asynchronous AcceptEx failed.
[Wed Aug 19 19:39:47.759969 2020] [proxy_http:error] [pid 9624:tid 18384] (OS 10054)An existing connection was forcibly closed by the remote host.  : [client 186.82.151.107:56016] AH01095: prefetch request body failed to 172.22.1.61:8080 (172.22.1.61) from 186.82.151.107 (), referer: http://190.27.245.106/sipse/faces/faces/autenticacion.xhtml
[Wed Aug 19 20:02:27.942958 2020] [core:error] [pid 9624:tid 16500] (20024)The given path is misformatted or contained invalid characters: [client 216.18.204.132:31562] AH00127: Cannot map GET /www.ambientebogota.gov.co:81/ HTTP/1.1 to file, referer: http://www.dama.gov.co/
[Wed Aug 19 20:03:36.037077 2020] [proxy_http:error] [pid 9624:tid 19856] (OS 10060)A connection attempt failed because the connected party did not properly respond after a period of time, or established connection failed because connected host has failed to respond.  : [client 186.82.151.107:55435] AH01095: prefetch request body failed to 172.22.1.61:8080 (172.22.1.61) from 186.82.151.107 (), referer: http://190.27.245.106/sipse/faces/faces/autenticacion.xhtml
[Wed Aug 19 20:11:08.999473 2020] [mpm_winnt:warn] [pid 9624:tid 20464] (OS 64)The specified network name is no longer available.  : AH00341: winnt_accept: Asynchronous AcceptEx failed.
[Wed Aug 19 20:17:29.078541 2020] [proxy_http:error] [pid 9624:tid 16536] (OS 10060)A connection attempt failed because the connected party did not properly respond after a period of time, or established connection failed because connected host has failed to respond.  : [client 186.82.151.107:55562] AH01095: prefetch request body failed to 172.22.1.61:8080 (172.22.1.61) from 186.82.151.107 (), referer: http://190.27.245.106/sipse/faces/faces/autenticacion.xhtml
[Wed Aug 19 20:25:34.005392 2020] [proxy_http:error] [pid 9624:tid 16528] (OS 10060)A connection attempt failed because the connected party did not properly respond after a period of time, or established connection failed because connected host has failed to respond.  : [client 186.82.151.107:55629] AH01095: prefetch request body failed to 172.22.1.61:8080 (172.22.1.61) from 186.82.151.107 (), referer: http://190.27.245.106/sipse/faces/faces/autenticacion.xhtml
[Wed Aug 19 20:37:55.069094 2020] [proxy_http:error] [pid 9624:tid 19192] (OS 10060)A connection attempt failed because the connected party did not properly respond after a period of time, or established connection failed because connected host has failed to respond.  : [client 186.82.151.107:55758] AH01095: prefetch request body failed to 172.22.1.61:8080 (172.22.1.61) from 186.82.151.107 (), referer: http://190.27.245.106/sipse/faces/faces/autenticacion.xhtml
[Wed Aug 19 20:52:44.661656 2020] [proxy_http:error] [pid 9624:tid 18856] (OS 10060)A connection attempt failed because the connected party did not properly respond after a period of time, or established connection failed because connected host has failed to respond.  : [client 186.82.151.107:55846] AH01095: prefetch request body failed to 172.22.1.61:8080 (172.22.1.61) from 186.82.151.107 (), referer: http://190.27.245.106/sipse/faces/presentacion/financiero/solicitudProceso/consultarSolicitudProceso.xhtml
[Wed Aug 19 21:00:15.486848 2020] [mpm_winnt:warn] [pid 9624:tid 20464] (OS 64)The specified network name is no longer available.  : AH00341: winnt_accept: Asynchronous AcceptEx failed.
[Wed Aug 19 21:08:23.564906 2020] [mpm_winnt:warn] [pid 9624:tid 20464] (OS 64)The specified network name is no longer available.  : AH00341: winnt_accept: Asynchronous AcceptEx failed.
[Wed Aug 19 21:08:23.564906 2020] [mpm_winnt:warn] [pid 9624:tid 20464] (OS 64)The specified network name is no longer available.  : AH00341: winnt_accept: Asynchronous AcceptEx failed.
[Wed Aug 19 21:10:12.921098 2020] [proxy_http:error] [pid 9624:tid 18636] (OS 10060)A connection attempt failed because the connected party did not properly respond after a period of time, or established connection failed because connected host has failed to respond.  : [client 186.82.151.107:55942] AH01095: prefetch request body failed to 172.22.1.61:8080 (172.22.1.61) from 186.82.151.107 (), referer: http://190.27.245.106/sipse/faces/presentacion/financiero/solicitudProceso/consultarSolicitudProceso.xhtml
[Wed Aug 19 21:13:09.326207 2020] [proxy_http:error] [pid 9624:tid 16300] (OS 10060)A connection attempt failed because the connected party did not properly respond after a period of time, or established connection failed because connected host has failed to respond.  : [client 186.82.151.107:55977] AH01095: prefetch request body failed to 172.22.1.61:8080 (172.22.1.61) from 186.82.151.107 (), referer: http://190.27.245.106/sipse/faces/faces/autenticacion.xhtml
[Wed Aug 19 21:20:54.675025 2020] [proxy_http:error] [pid 9624:tid 18384] (OS 10060)A connection attempt failed because the connected party did not properly respond after a period of time, or established connection failed because connected host has failed to respond.  : [client 186.82.151.107:56032] AH01095: prefetch request body failed to 172.22.1.61:8080 (172.22.1.61) from 186.82.151.107 (), referer: http://190.27.245.106/sipse/faces/faces/autenticacion.xhtml
[Wed Aug 19 21:25:07.535869 2020] [proxy_http:error] [pid 9624:tid 18632] (OS 10060)A connection attempt failed because the connected party did not properly respond after a period of time, or established connection failed because connected host has failed to respond.  : [client 186.82.151.107:56071] AH01095: prefetch request body failed to 172.22.1.61:8080 (172.22.1.61) from 186.82.151.107 (), referer: http://190.27.245.106/sipse/faces/faces/autenticacion.xhtml
[Wed Aug 19 21:25:55.256353 2020] [mpm_winnt:warn] [pid 9624:tid 20464] (OS 64)The specified network name is no longer available.  : AH00341: winnt_accept: Asynchronous AcceptEx failed.
[Wed Aug 19 21:49:42.706660 2020] [mpm_winnt:warn] [pid 9624:tid 20464] (OS 64)The specified network name is no longer available.  : AH00341: winnt_accept: Asynchronous AcceptEx failed.
[Wed Aug 19 22:04:31.143820 2020] [mpm_winnt:warn] [pid 9624:tid 20464] (OS 64)The specified network name is no longer available.  : AH00341: winnt_accept: Asynchronous AcceptEx failed.
[Wed Aug 19 22:18:08.741256 2020] [mpm_winnt:warn] [pid 9624:tid 20464] (OS 64)The specified network name is no longer available.  : AH00341: winnt_accept: Asynchronous AcceptEx failed.
[Wed Aug 19 22:43:58.604979 2020] [proxy_http:error] [pid 9624:tid 17540] (70008)Partial results are valid but processing is incomplete: [client 186.84.39.216:56973] AH02609: read request body failed to 172.22.1.61:8080 (172.22.1.61) from 186.84.39.216 (), referer: http://190.27.245.106/sipse/faces/presentacion/financiero/solicitudProceso/consultarSolicitudProceso.xhtml
[Wed Aug 19 22:43:58.604979 2020] [proxy_http:error] [pid 9624:tid 17540] [client 186.84.39.216:56973] AH01097: pass request body failed to 172.22.1.61:8080 (172.22.1.61) from 186.84.39.216 (), referer: http://190.27.245.106/sipse/faces/presentacion/financiero/solicitudProceso/consultarSolicitudProceso.xhtml
[Wed Aug 19 22:56:50.899935 2020] [mpm_winnt:warn] [pid 9624:tid 20464] (OS 64)The specified network name is no longer available.  : AH00341: winnt_accept: Asynchronous AcceptEx failed.

:: Command execute ::

Enter:
 
Select:
 

:: Search ::
regexp 

:: Upload ::
 
[ ok ]

:: Make Dir ::
 
[ ok ]
:: Make File ::
 
[ ok ]

:: Go Dir ::
 
:: Go File ::
 

--[ c99shell v. 1.0 pre-release build #13 powered by Captain Crunch Security Team | http://ccteam.ru | Generation time: 0.1404 ]--