!C99Shell v. 1.0 pre-release build #13!

Software: Apache. PHP/5.5.15 

uname -a: Windows NT SVR-DMZ 6.1 build 7600 (Windows Server 2008 R2 Enterprise Edition) i586 

SYSTEM 

Safe-mode: OFF (not secure)

E:\nuevo\apache\logs\   drwxrwxrwx
Free 9.41 GB of 239.26 GB (3.93%)
Detected drives: [ a ] [ c ] [ d ] [ e ] [ f ]
Home    Back    Forward    UPDIR    Refresh    Search    Buffer    Encoder    Tools    Proc.    FTP brute    Sec.    SQL    PHP-code    Update    Feedback    Self remove    Logout    


Viewing file:     error.2020.08.20.log (46.04 KB)      -rw-rw-rw-
Select action/file-type:
(+) | (+) | (+) | Code (+) | Session (+) | (+) | SDB (+) | (+) | (+) | (+) | (+) | (+) |
[Thu Aug 20 00:32:30.776017 2020] [mpm_winnt:warn] [pid 9624:tid 20464] (OS 64)The specified network name is no longer available.  : AH00341: winnt_accept: Asynchronous AcceptEx failed.
[Thu Aug 20 00:44:57.705329 2020] [mpm_winnt:warn] [pid 9624:tid 20464] (OS 64)The specified network name is no longer available.  : AH00341: winnt_accept: Asynchronous AcceptEx failed.
[Thu Aug 20 01:02:20.894761 2020] [mpm_winnt:warn] [pid 9624:tid 20464] (OS 64)The specified network name is no longer available.  : AH00341: winnt_accept: Asynchronous AcceptEx failed.
[Thu Aug 20 01:11:30.296526 2020] [mpm_winnt:warn] [pid 9624:tid 20464] (OS 64)The specified network name is no longer available.  : AH00341: winnt_accept: Asynchronous AcceptEx failed.
[Thu Aug 20 01:20:21.602259 2020] [proxy:error] [pid 9624:tid 19796] (OS 10060)A connection attempt failed because the connected party did not properly respond after a period of time, or established connection failed because connected host has failed to respond.  : AH00957: HTTP: attempt to connect to 172.22.1.51:8399 (172.22.1.51) failed
[Thu Aug 20 01:20:21.602259 2020] [proxy:error] [pid 9624:tid 19796] AH00959: ap_proxy_connect_backend disabling worker for (172.22.1.51) for 60s
[Thu Aug 20 01:20:21.602259 2020] [proxy_http:error] [pid 9624:tid 19796] [client 152.61.192.232:54714] AH01114: HTTP: failed to make connection to backend: 172.22.1.51
[Thu Aug 20 01:20:21.836260 2020] [proxy:error] [pid 9624:tid 19796] AH00940: HTTP: disabled connection for (172.22.1.51)
[Thu Aug 20 01:20:22.054660 2020] [proxy:error] [pid 9624:tid 19796] AH00940: HTTP: disabled connection for (172.22.1.51)
[Thu Aug 20 01:27:38.045226 2020] [mpm_winnt:warn] [pid 9624:tid 20464] (OS 64)The specified network name is no longer available.  : AH00341: winnt_accept: Asynchronous AcceptEx failed.
[Thu Aug 20 01:31:37.365246 2020] [proxy:error] [pid 9624:tid 18396] (OS 10060)A connection attempt failed because the connected party did not properly respond after a period of time, or established connection failed because connected host has failed to respond.  : AH00957: HTTP: attempt to connect to 172.22.1.51:8399 (172.22.1.51) failed
[Thu Aug 20 01:31:37.365246 2020] [proxy:error] [pid 9624:tid 18396] AH00959: ap_proxy_connect_backend disabling worker for (172.22.1.51) for 60s
[Thu Aug 20 01:31:37.365246 2020] [proxy_http:error] [pid 9624:tid 18396] [client 152.61.128.50:59680] AH01114: HTTP: failed to make connection to backend: 172.22.1.51
[Thu Aug 20 01:31:37.599247 2020] [proxy:error] [pid 9624:tid 18396] AH00940: HTTP: disabled connection for (172.22.1.51)
[Thu Aug 20 01:31:37.817647 2020] [proxy:error] [pid 9624:tid 18396] AH00940: HTTP: disabled connection for (172.22.1.51)
[Thu Aug 20 02:04:53.357552 2020] [mpm_winnt:warn] [pid 9624:tid 20464] (OS 64)The specified network name is no longer available.  : AH00341: winnt_accept: Asynchronous AcceptEx failed.
[Thu Aug 20 02:32:55.868307 2020] [mpm_winnt:warn] [pid 9624:tid 20464] (OS 64)The specified network name is no longer available.  : AH00341: winnt_accept: Asynchronous AcceptEx failed.
[Thu Aug 20 02:54:58.781831 2020] [mpm_winnt:warn] [pid 9624:tid 20464] (OS 64)The specified network name is no longer available.  : AH00341: winnt_accept: Asynchronous AcceptEx failed.
[Thu Aug 20 03:35:25.647893 2020] [mpm_winnt:warn] [pid 9624:tid 20464] (OS 64)The specified network name is no longer available.  : AH00341: winnt_accept: Asynchronous AcceptEx failed.
[Thu Aug 20 04:17:18.173706 2020] [mpm_winnt:warn] [pid 9624:tid 20464] (OS 64)The specified network name is no longer available.  : AH00341: winnt_accept: Asynchronous AcceptEx failed.
[Thu Aug 20 06:28:09.482297 2020] [mpm_winnt:warn] [pid 9624:tid 20464] (OS 64)The specified network name is no longer available.  : AH00341: winnt_accept: Asynchronous AcceptEx failed.
[Thu Aug 20 07:17:23.473285 2020] [authz_core:error] [pid 9624:tid 19072] [client 1.234.238.163:48374] AH01630: client denied by server configuration: E:/nuevo/phpMyAdmin/index.php
[Thu Aug 20 07:17:24.097286 2020] [authz_core:error] [pid 9624:tid 19072] [client 1.234.238.163:48444] AH01630: client denied by server configuration: E:/nuevo/htdocs/phpMyadmin
[Thu Aug 20 07:17:24.627687 2020] [authz_core:error] [pid 9624:tid 19072] [client 1.234.238.163:48490] AH01630: client denied by server configuration: E:/nuevo/htdocs/phpMyAdmin
[Thu Aug 20 07:17:25.236088 2020] [authz_core:error] [pid 9624:tid 19072] [client 1.234.238.163:48622] AH01630: client denied by server configuration: E:/nuevo/htdocs/phpmyAdmin
[Thu Aug 20 07:17:26.952091 2020] [authz_core:error] [pid 9624:tid 18936] [client 1.234.238.163:48872] AH01630: client denied by server configuration: E:/nuevo/htdocs/phpmyadmin1
[Thu Aug 20 07:17:27.498092 2020] [authz_core:error] [pid 9624:tid 18936] [client 1.234.238.163:49072] AH01630: client denied by server configuration: E:/nuevo/htdocs/phpmyadmin2
[Thu Aug 20 07:17:28.075293 2020] [authz_core:error] [pid 9624:tid 18936] [client 1.234.238.163:49138] AH01630: client denied by server configuration: E:/nuevo/htdocs/phpmyadmin3
[Thu Aug 20 07:17:28.605694 2020] [authz_core:error] [pid 9624:tid 18936] [client 1.234.238.163:49188] AH01630: client denied by server configuration: E:/nuevo/htdocs/phpmyadmin4
[Thu Aug 20 07:17:29.136095 2020] [authz_core:error] [pid 9624:tid 18936] [client 1.234.238.163:49302] AH01630: client denied by server configuration: E:/nuevo/htdocs/phpmyadmin5
[Thu Aug 20 07:17:29.682096 2020] [authz_core:error] [pid 9624:tid 18936] [client 1.234.238.163:49440] AH01630: client denied by server configuration: E:/nuevo/htdocs/phpMyAdmin1
[Thu Aug 20 07:17:30.212497 2020] [authz_core:error] [pid 9624:tid 18936] [client 1.234.238.163:49496] AH01630: client denied by server configuration: E:/nuevo/htdocs/phpMyAdmin2
[Thu Aug 20 07:17:30.758498 2020] [authz_core:error] [pid 9624:tid 18936] [client 1.234.238.163:49548] AH01630: client denied by server configuration: E:/nuevo/htdocs/phpMyAdmin3
[Thu Aug 20 07:17:31.320099 2020] [authz_core:error] [pid 9624:tid 18936] [client 1.234.238.163:49696] AH01630: client denied by server configuration: E:/nuevo/htdocs/phpMyAdmin4
[Thu Aug 20 07:17:31.866100 2020] [authz_core:error] [pid 9624:tid 18936] [client 1.234.238.163:49800] AH01630: client denied by server configuration: E:/nuevo/htdocs/phpMyAdmin5
[Thu Aug 20 07:18:11.412169 2020] [authz_core:error] [pid 9624:tid 16900] [client 1.234.238.163:56626] AH01630: client denied by server configuration: E:/nuevo/htdocs/phpMyAdmin2
[Thu Aug 20 07:18:11.942570 2020] [authz_core:error] [pid 9624:tid 16900] [client 1.234.238.163:56746] AH01630: client denied by server configuration: E:/nuevo/htdocs/phpMyAdmin3
[Thu Aug 20 07:18:12.519771 2020] [authz_core:error] [pid 9624:tid 16900] [client 1.234.238.163:56818] AH01630: client denied by server configuration: E:/nuevo/htdocs/phpMyAdmin4
[Thu Aug 20 07:18:13.081372 2020] [authz_core:error] [pid 9624:tid 16900] [client 1.234.238.163:56872] AH01630: client denied by server configuration: E:/nuevo/htdocs/phpMyAdmin-3
[Thu Aug 20 07:18:26.637796 2020] [authz_core:error] [pid 9624:tid 19560] [client 1.234.238.163:59158] AH01630: client denied by server configuration: E:/nuevo/htdocs/phpmyadmin2011
[Thu Aug 20 07:18:27.324197 2020] [authz_core:error] [pid 9624:tid 19560] [client 1.234.238.163:59270] AH01630: client denied by server configuration: E:/nuevo/htdocs/phpmyadmin2012
[Thu Aug 20 07:18:27.994998 2020] [authz_core:error] [pid 9624:tid 19560] [client 1.234.238.163:59412] AH01630: client denied by server configuration: E:/nuevo/htdocs/phpmyadmin2013
[Thu Aug 20 07:18:28.665800 2020] [authz_core:error] [pid 9624:tid 19560] [client 1.234.238.163:59494] AH01630: client denied by server configuration: E:/nuevo/htdocs/phpmyadmin2014
[Thu Aug 20 07:18:29.289801 2020] [authz_core:error] [pid 9624:tid 19560] [client 1.234.238.163:59590] AH01630: client denied by server configuration: E:/nuevo/htdocs/phpmyadmin2015
[Thu Aug 20 07:18:29.945002 2020] [authz_core:error] [pid 9624:tid 19560] [client 1.234.238.163:59730] AH01630: client denied by server configuration: E:/nuevo/htdocs/phpmyadmin2016
[Thu Aug 20 07:18:30.569003 2020] [authz_core:error] [pid 9624:tid 19560] [client 1.234.238.163:59814] AH01630: client denied by server configuration: E:/nuevo/htdocs/phpmyadmin2017
[Thu Aug 20 07:18:31.099404 2020] [authz_core:error] [pid 9624:tid 19560] [client 1.234.238.163:59870] AH01630: client denied by server configuration: E:/nuevo/htdocs/phpmyadmin2018
[Thu Aug 20 07:18:31.629805 2020] [authz_core:error] [pid 9624:tid 19184] [client 1.234.238.163:60024] AH01630: client denied by server configuration: E:/nuevo/htdocs/phpmyadmin2019
[Thu Aug 20 07:18:32.207006 2020] [authz_core:error] [pid 9624:tid 19184] [client 1.234.238.163:60100] AH01630: client denied by server configuration: E:/nuevo/htdocs/phpmyadmin2020
[Thu Aug 20 07:42:03.260684 2020] [core:error] [pid 9624:tid 19376] (OS 5)Access is denied.  : [client 181.251.220.127:46690] AH00132: file permissions deny server access: E:/nuevo/htdocs/galeria/nivo-slider/demo/inicio.html, referer: http://www.ambientebogota.gov.co/
[Thu Aug 20 08:31:14.786868 2020] [proxy_http:error] [pid 9624:tid 16068] (OS 10054)An existing connection was forcibly closed by the remote host.  : [client 186.82.151.107:56978] AH01095: prefetch request body failed to 172.22.1.61:8080 (172.22.1.61) from 186.82.151.107 (), referer: http://190.27.245.106/sipse/faces/faces/autenticacion.xhtml
[Thu Aug 20 08:33:44.609532 2020] [proxy_http:error] [pid 9624:tid 16068] (OS 10054)An existing connection was forcibly closed by the remote host.  : [client 186.82.151.107:56985] AH01095: prefetch request body failed to 172.22.1.61:8080 (172.22.1.61) from 186.82.151.107 (), referer: http://190.27.245.106/sipse/faces/faces/autenticacion.xhtml
[Thu Aug 20 08:35:39.020132 2020] [core:error] [pid 9624:tid 16280] (OS 5)Access is denied.  : [client 181.251.220.127:47724] AH00132: file permissions deny server access: E:/nuevo/htdocs/galeria/nivo-slider/demo/inicio.html, referer: http://www.ambientebogota.gov.co/
[Thu Aug 20 08:38:52.741273 2020] [proxy_http:error] [pid 9624:tid 16172] (OS 10054)An existing connection was forcibly closed by the remote host.  : [client 186.82.151.107:57033] AH01095: prefetch request body failed to 172.22.1.61:8080 (172.22.1.61) from 186.82.151.107 (), referer: http://190.27.245.106/sipse/faces/faces/autenticacion.xhtml
[Thu Aug 20 08:41:37.243562 2020] [proxy_http:error] [pid 9624:tid 19604] (OS 10054)An existing connection was forcibly closed by the remote host.  : [client 186.82.151.107:57045] AH01095: prefetch request body failed to 172.22.1.61:8080 (172.22.1.61) from 186.82.151.107 (), referer: http://190.27.245.106/sipse/faces/faces/autenticacion.xhtml
[Thu Aug 20 08:43:44.915186 2020] [mpm_winnt:warn] [pid 9624:tid 20464] (OS 64)The specified network name is no longer available.  : AH00341: winnt_accept: Asynchronous AcceptEx failed.
[Thu Aug 20 09:07:18.059268 2020] [mpm_winnt:warn] [pid 9624:tid 20464] (OS 64)The specified network name is no longer available.  : AH00341: winnt_accept: Asynchronous AcceptEx failed.
[Thu Aug 20 10:00:22.244261 2020] [mpm_winnt:warn] [pid 9624:tid 20464] (OS 64)The specified network name is no longer available.  : AH00341: winnt_accept: Asynchronous AcceptEx failed.
[Thu Aug 20 10:13:12.729614 2020] [core:error] [pid 9624:tid 16456] (20024)The given path is misformatted or contained invalid characters: [client 216.18.204.132:62414] AH00127: Cannot map GET /www.ambientebogota.gov.co:81/ HTTP/1.1 to file, referer: http://www.dama.gov.co/
[Thu Aug 20 10:16:03.425114 2020] [proxy_http:error] [pid 9624:tid 19884] (OS 10060)A connection attempt failed because the connected party did not properly respond after a period of time, or established connection failed because connected host has failed to respond.  : [client 186.82.151.107:57008] AH01095: prefetch request body failed to 172.22.1.61:8080 (172.22.1.61) from 186.82.151.107 (), referer: http://190.27.245.106/sipse/faces/faces/autenticacion.xhtml
[Thu Aug 20 10:16:34.063568 2020] [proxy_http:error] [pid 9624:tid 18332] (OS 10060)A connection attempt failed because the connected party did not properly respond after a period of time, or established connection failed because connected host has failed to respond.  : [client 186.82.151.107:57012] AH01095: prefetch request body failed to 172.22.1.61:8080 (172.22.1.61) from 186.82.151.107 (), referer: http://190.27.245.106/sipse/faces/faces/autenticacion.xhtml
[Thu Aug 20 10:18:12.515341 2020] [proxy_http:error] [pid 9624:tid 18936] (OS 10060)A connection attempt failed because the connected party did not properly respond after a period of time, or established connection failed because connected host has failed to respond.  : [client 186.82.151.107:57023] AH01095: prefetch request body failed to 172.22.1.61:8080 (172.22.1.61) from 186.82.151.107 (), referer: http://190.27.245.106/sipse/faces/faces/autenticacion.xhtml
[Thu Aug 20 10:19:43.525900 2020] [proxy_http:error] [pid 9624:tid 16280] (OS 10060)A connection attempt failed because the connected party did not properly respond after a period of time, or established connection failed because connected host has failed to respond.  : [client 186.82.151.107:57036] AH01095: prefetch request body failed to 172.22.1.61:8080 (172.22.1.61) from 186.82.151.107 (), referer: http://190.27.245.106/sipse/faces/faces/autenticacion.xhtml
[Thu Aug 20 11:02:07.392169 2020] [mpm_winnt:warn] [pid 9624:tid 20464] (OS 64)The specified network name is no longer available.  : AH00341: winnt_accept: Asynchronous AcceptEx failed.
[Thu Aug 20 11:34:51.717419 2020] [proxy_http:error] [pid 9624:tid 19624] (70008)Partial results are valid but processing is incomplete: [client 186.30.30.67:57509] AH02609: read request body failed to 172.22.1.61:8080 (172.22.1.61) from 186.30.30.67 (), referer: http://190.27.245.106/sipse/faces/presentacion/financiero/solicitudProceso/consultarSolicitudProceso.xhtml
[Thu Aug 20 11:34:51.717419 2020] [proxy_http:error] [pid 9624:tid 19624] [client 186.30.30.67:57509] AH01097: pass request body failed to 172.22.1.61:8080 (172.22.1.61) from 186.30.30.67 (), referer: http://190.27.245.106/sipse/faces/presentacion/financiero/solicitudProceso/consultarSolicitudProceso.xhtml
[Thu Aug 20 11:37:39.823314 2020] [proxy_http:error] [pid 9624:tid 16980] (70008)Partial results are valid but processing is incomplete: [client 186.30.30.67:57708] AH02609: read request body failed to 172.22.1.61:8080 (172.22.1.61) from 186.30.30.67 (), referer: http://190.27.245.106/sipse/faces/presentacion/financiero/solicitudProceso/consultarSolicitudProceso.xhtml
[Thu Aug 20 11:37:39.823314 2020] [proxy_http:error] [pid 9624:tid 16980] [client 186.30.30.67:57708] AH01097: pass request body failed to 172.22.1.61:8080 (172.22.1.61) from 186.30.30.67 (), referer: http://190.27.245.106/sipse/faces/presentacion/financiero/solicitudProceso/consultarSolicitudProceso.xhtml
[Thu Aug 20 11:50:27.890663 2020] [mpm_winnt:warn] [pid 9624:tid 20464] (OS 64)The specified network name is no longer available.  : AH00341: winnt_accept: Asynchronous AcceptEx failed.
[Thu Aug 20 11:56:13.353270 2020] [authz_core:error] [pid 9624:tid 19764] [client 180.190.182.151:21771] AH01630: client denied by server configuration: E:/nuevo/htdocs/phpMyAdmin
[Thu Aug 20 11:56:15.381273 2020] [authz_core:error] [pid 9624:tid 16528] [client 180.190.182.151:21593] AH01630: client denied by server configuration: E:/nuevo/phpMyAdmin/index.php
[Thu Aug 20 12:00:53.607762 2020] [proxy_http:error] [pid 9624:tid 18528] (70008)Partial results are valid but processing is incomplete: [client 181.61.68.11:49881] AH02609: read request body failed to 172.22.1.61:8080 (172.22.1.61) from 181.61.68.11 (), referer: http://190.27.245.106/sipse/faces/presentacion/financiero/solicitudProceso/consultarSolicitudProceso.xhtml
[Thu Aug 20 12:00:53.607762 2020] [proxy_http:error] [pid 9624:tid 18528] [client 181.61.68.11:49881] AH01097: pass request body failed to 172.22.1.61:8080 (172.22.1.61) from 181.61.68.11 (), referer: http://190.27.245.106/sipse/faces/presentacion/financiero/solicitudProceso/consultarSolicitudProceso.xhtml
[Thu Aug 20 12:04:11.057309 2020] [mpm_winnt:warn] [pid 9624:tid 20464] (OS 64)The specified network name is no longer available.  : AH00341: winnt_accept: Asynchronous AcceptEx failed.
[Thu Aug 20 12:22:14.402212 2020] [mpm_winnt:warn] [pid 9624:tid 20464] (OS 64)The specified network name is no longer available.  : AH00341: winnt_accept: Asynchronous AcceptEx failed.
[Thu Aug 20 12:23:37.238357 2020] [mpm_winnt:warn] [pid 9624:tid 20464] (OS 64)The specified network name is no longer available.  : AH00341: winnt_accept: Asynchronous AcceptEx failed.
[Thu Aug 20 12:47:51.831712 2020] [core:error] [pid 9624:tid 18464] [client 192.237.172.85:60754] AH00126: Invalid URI in request GET HTTP/1.1 HTTP/1.1
[Thu Aug 20 12:48:25.402971 2020] [mpm_winnt:warn] [pid 9624:tid 20464] (OS 64)The specified network name is no longer available.  : AH00341: winnt_accept: Asynchronous AcceptEx failed.
[Thu Aug 20 13:03:13.231730 2020] [mpm_winnt:warn] [pid 9624:tid 20464] (OS 64)The specified network name is no longer available.  : AH00341: winnt_accept: Asynchronous AcceptEx failed.
[Thu Aug 20 13:13:49.120047 2020] [mpm_winnt:warn] [pid 9624:tid 20464] (OS 64)The specified network name is no longer available.  : AH00341: winnt_accept: Asynchronous AcceptEx failed.
[Thu Aug 20 13:19:02.650398 2020] [mpm_winnt:warn] [pid 9624:tid 20464] (OS 64)The specified network name is no longer available.  : AH00341: winnt_accept: Asynchronous AcceptEx failed.
[Thu Aug 20 13:33:56.126367 2020] [mpm_winnt:warn] [pid 9624:tid 20464] (OS 64)The specified network name is no longer available.  : AH00341: winnt_accept: Asynchronous AcceptEx failed.
[Thu Aug 20 13:38:53.743690 2020] [proxy_http:error] [pid 9624:tid 18652] (70008)Partial results are valid but processing is incomplete: [client 181.61.75.10:64277] AH02609: read request body failed to 172.22.1.61:8080 (172.22.1.61) from 181.61.75.10 (), referer: http://190.27.245.106/sipse/faces/presentacion/financiero/solicitudProceso/consultarSolicitudProceso.xhtml
[Thu Aug 20 13:38:53.743690 2020] [proxy_http:error] [pid 9624:tid 18652] [client 181.61.75.10:64277] AH01097: pass request body failed to 172.22.1.61:8080 (172.22.1.61) from 181.61.75.10 (), referer: http://190.27.245.106/sipse/faces/presentacion/financiero/solicitudProceso/consultarSolicitudProceso.xhtml
[Thu Aug 20 13:42:13.127640 2020] [mpm_winnt:warn] [pid 9624:tid 20464] (OS 64)The specified network name is no longer available.  : AH00341: winnt_accept: Asynchronous AcceptEx failed.
[Thu Aug 20 13:46:12.229260 2020] [mpm_winnt:warn] [pid 9624:tid 20464] (OS 64)The specified network name is no longer available.  : AH00341: winnt_accept: Asynchronous AcceptEx failed.
[Thu Aug 20 14:15:26.250541 2020] [mpm_winnt:warn] [pid 9624:tid 20464] (OS 64)The specified network name is no longer available.  : AH00341: winnt_accept: Asynchronous AcceptEx failed.
[Thu Aug 20 14:27:08.017774 2020] [mpm_winnt:warn] [pid 9624:tid 20464] (OS 64)The specified network name is no longer available.  : AH00341: winnt_accept: Asynchronous AcceptEx failed.
[Thu Aug 20 14:42:21.992179 2020] [mpm_winnt:warn] [pid 9624:tid 20464] (OS 64)The specified network name is no longer available.  : AH00341: winnt_accept: Asynchronous AcceptEx failed.
[Thu Aug 20 15:38:54.874338 2020] [mpm_winnt:warn] [pid 9624:tid 20464] (OS 64)The specified network name is no longer available.  : AH00341: winnt_accept: Asynchronous AcceptEx failed.
[Thu Aug 20 15:58:07.248362 2020] [core:error] [pid 9624:tid 19884] [client 190.156.106.111:50939] AH00126: Invalid URI in request _\xf4\xeeo\xc7G\x17\xf6\xc9\xffu|tp\x17\xb2t\xb7\v\x88\x8c\x80?\xcd"*\x14\x13\xa7a\x94\xcf\xf3gz\x96\xaf\x88\xb083\x96\xa4\xa9)\xe2\x9cY\x92B(w@Q\xb1\xb6\x84\xa9Y\xb9\xdc\xcc\xe5\xec;*\\%\xe2\xe9\xe7\x8b+\x15\xa7\x01\x94\xc8>2\xc3ExWP\xc1%*f\xd3\x13\x95\xa4A\xa2~\xb2;z\xce\xb9_\x8a7+;c\xc5b\xfe,\x9d\x95_\xa9\xd03\xfd\x144fY\x9c\x9a\xc0\xc4\x01\xff`\x02\xa7n\x95\x13\x01
[Thu Aug 20 16:02:12.637793 2020] [proxy_http:error] [pid 9624:tid 18504] (OS 10054)An existing connection was forcibly closed by the remote host.  : [client 181.61.75.10:65353] AH02609: read request body failed to 172.22.1.61:8080 (172.22.1.61) from 181.61.75.10 (), referer: http://190.27.245.106/sipse/faces/presentacion/financiero/solicitudProceso/consultarSolicitudProceso.xhtml
[Thu Aug 20 16:02:12.637793 2020] [proxy_http:error] [pid 9624:tid 18504] [client 181.61.75.10:65353] AH01097: pass request body failed to 172.22.1.61:8080 (172.22.1.61) from 181.61.75.10 (), referer: http://190.27.245.106/sipse/faces/presentacion/financiero/solicitudProceso/consultarSolicitudProceso.xhtml
[Thu Aug 20 16:16:36.910511 2020] [mpm_winnt:warn] [pid 9624:tid 20464] (OS 64)The specified network name is no longer available.  : AH00341: winnt_accept: Asynchronous AcceptEx failed.
[Thu Aug 20 16:23:30.124037 2020] [mpm_winnt:warn] [pid 9624:tid 20464] (OS 64)The specified network name is no longer available.  : AH00341: winnt_accept: Asynchronous AcceptEx failed.
[Thu Aug 20 16:30:29.702374 2020] [mpm_winnt:warn] [pid 9624:tid 20464] (OS 64)The specified network name is no longer available.  : AH00341: winnt_accept: Asynchronous AcceptEx failed.
[Thu Aug 20 16:44:43.445074 2020] [core:error] [pid 9624:tid 19888] (OS 5)Access is denied.  : [client 200.118.62.189:6400] AH00132: file permissions deny server access: E:/nuevo/htdocs/galeria/nivo-slider/demo/inicio.html, referer: http://www.ambientebogota.gov.co/
[Thu Aug 20 17:06:33.395975 2020] [mpm_winnt:warn] [pid 9624:tid 20464] (OS 64)The specified network name is no longer available.  : AH00341: winnt_accept: Asynchronous AcceptEx failed.
[Thu Aug 20 17:13:44.814732 2020] [mpm_winnt:warn] [pid 9624:tid 20464] (OS 64)The specified network name is no longer available.  : AH00341: winnt_accept: Asynchronous AcceptEx failed.
[Thu Aug 20 17:15:22.486504 2020] [core:error] [pid 9624:tid 18952] [client 190.156.106.111:51655] AH00135: Invalid method in request p\xa1,J_V\xb0\xb3\x9e\xb4P\xcc\\\x14\xabj\xbe\xef\xe8\xd9\xeb\x0f
[Thu Aug 20 17:25:54.396814 2020] [mpm_winnt:warn] [pid 9624:tid 20464] (OS 64)The specified network name is no longer available.  : AH00341: winnt_accept: Asynchronous AcceptEx failed.
[Thu Aug 20 17:46:59.637036 2020] [proxy_http:error] [pid 9624:tid 19716] (20014)Internal error: [client 181.61.75.10:49817] AH01102: error reading status line from remote server 172.22.1.61:8080, referer: http://190.27.245.106/sipse/faces/presentacion/financiero/solicitudProceso/consultarHistorialSolProceso.xhtml
[Thu Aug 20 17:58:05.868406 2020] [mpm_winnt:warn] [pid 9624:tid 20464] (OS 64)The specified network name is no longer available.  : AH00341: winnt_accept: Asynchronous AcceptEx failed.
[Thu Aug 20 18:04:13.685852 2020] [core:error] [pid 9624:tid 19796] [client 190.156.106.111:52270] AH00126: Invalid URI in request \xb7\xf8iv\xb1\x9e\xff_\xf4\xeeo\xc7G\x17\xf6\xc9\xffu|tp\x17\xb2t\xb7\v\x88\x8c\x80?\xcd"*\x14\x13\xa7a\x94\xcf\xf3gz\x96\xaf\x88\xb083\x96\xa4\xa9)\xe2\x9cY\x92B(w@Q\xb1\xb6\x84\xa9Y\xb9\xdc\xcc\xe5\xec;*\\%\xe2\xe9\xe7\x8b+\x15\xa7\x01\x94\xc8>2\xc3ExWP\xc1%*f\xd3\x13\x95\xa4A\xa2~\xb2;z\xce\xb9_\x8a7+;c\xc5b\xfe,\x9d\x95_\xa9\xd03\xfd\x144fY\x9c\x9a\xc0\xc4\x01\xff`\x02\xa7n\x95\x13\x01
[Thu Aug 20 18:05:21.842372 2020] [core:error] [pid 9624:tid 18984] [client 190.156.106.111:52273] AH00126: Invalid URI in request \xb7\xf8iv\xb1\x9e\xff_\xf4\xeeo\xc7G\x17\xf6\xc9\xffu|tp\x17\xb2t\xb7\v\x88\x8c\x80?\xcd"*\x14\x13\xa7a\x94\xcf\xf3gz\x96\xaf\x88\xb083\x96\xa4\xa9)\xe2\x9cY\x92B(w@Q\xb1\xb6\x84\xa9Y\xb9\xdc\xcc\xe5\xec;*\\%\xe2\xe9\xe7\x8b+\x15\xa7\x01\x94\xc8>2\xc3ExWP\xc1%*f\xd3\x13\x95\xa4A\xa2~\xb2;z\xce\xb9_\x8a7+;c\xc5b\xfe,\x9d\x95_\xa9\xd03\xfd\x144fY\x9c\x9a\xc0\xc4\x01\xff`\x02\xa7n\x95\x13\x01
[Thu Aug 20 18:06:22.120878 2020] [proxy_http:error] [pid 9624:tid 18456] (70008)Partial results are valid but processing is incomplete: [client 181.59.49.65:55549] AH02609: read request body failed to 172.22.1.61:8080 (172.22.1.61) from 181.59.49.65 (), referer: http://190.27.245.106/sipse/faces/presentacion/sistema/anexos/cargarAnexoSolicitudProceso.xhtml
[Thu Aug 20 18:06:22.120878 2020] [proxy_http:error] [pid 9624:tid 18456] [client 181.59.49.65:55549] AH01097: pass request body failed to 172.22.1.61:8080 (172.22.1.61) from 181.59.49.65 (), referer: http://190.27.245.106/sipse/faces/presentacion/sistema/anexos/cargarAnexoSolicitudProceso.xhtml
[Thu Aug 20 18:06:28.314089 2020] [proxy_http:error] [pid 9624:tid 16304] (70008)Partial results are valid but processing is incomplete: [client 181.59.49.65:55553] AH02609: read request body failed to 172.22.1.61:8080 (172.22.1.61) from 181.59.49.65 (), referer: http://190.27.245.106/sipse/faces/presentacion/sistema/anexos/cargarAnexoSolicitudProceso.xhtml
[Thu Aug 20 18:06:28.314089 2020] [proxy_http:error] [pid 9624:tid 16304] [client 181.59.49.65:55553] AH01097: pass request body failed to 172.22.1.61:8080 (172.22.1.61) from 181.59.49.65 (), referer: http://190.27.245.106/sipse/faces/presentacion/sistema/anexos/cargarAnexoSolicitudProceso.xhtml
[Thu Aug 20 18:06:46.815721 2020] [proxy_http:error] [pid 9624:tid 16304] (70008)Partial results are valid but processing is incomplete: [client 181.59.49.65:55561] AH02609: read request body failed to 172.22.1.61:8080 (172.22.1.61) from 181.59.49.65 (), referer: http://190.27.245.106/sipse/faces/presentacion/sistema/anexos/cargarAnexoSolicitudProceso.xhtml
[Thu Aug 20 18:06:46.815721 2020] [proxy_http:error] [pid 9624:tid 16304] [client 181.59.49.65:55561] AH01097: pass request body failed to 172.22.1.61:8080 (172.22.1.61) from 181.59.49.65 (), referer: http://190.27.245.106/sipse/faces/presentacion/sistema/anexos/cargarAnexoSolicitudProceso.xhtml
[Thu Aug 20 18:06:49.389726 2020] [proxy_http:error] [pid 9624:tid 18856] (70008)Partial results are valid but processing is incomplete: [client 181.59.49.65:55555] AH02609: read request body failed to 172.22.1.61:8080 (172.22.1.61) from 181.59.49.65 (), referer: http://190.27.245.106/sipse/faces/presentacion/sistema/anexos/cargarAnexoSolicitudProceso.xhtml
[Thu Aug 20 18:06:49.389726 2020] [proxy_http:error] [pid 9624:tid 18856] [client 181.59.49.65:55555] AH01097: pass request body failed to 172.22.1.61:8080 (172.22.1.61) from 181.59.49.65 (), referer: http://190.27.245.106/sipse/faces/presentacion/sistema/anexos/cargarAnexoSolicitudProceso.xhtml
[Thu Aug 20 18:06:52.369331 2020] [proxy_http:error] [pid 9624:tid 18920] (70008)Partial results are valid but processing is incomplete: [client 181.59.49.65:55560] AH02609: read request body failed to 172.22.1.61:8080 (172.22.1.61) from 181.59.49.65 (), referer: http://190.27.245.106/sipse/faces/presentacion/sistema/anexos/cargarAnexoSolicitudProceso.xhtml
[Thu Aug 20 18:06:52.369331 2020] [proxy_http:error] [pid 9624:tid 18920] [client 181.59.49.65:55560] AH01097: pass request body failed to 172.22.1.61:8080 (172.22.1.61) from 181.59.49.65 (), referer: http://190.27.245.106/sipse/faces/presentacion/sistema/anexos/cargarAnexoSolicitudProceso.xhtml
[Thu Aug 20 18:06:52.977732 2020] [proxy_http:error] [pid 9624:tid 18544] (70008)Partial results are valid but processing is incomplete: [client 181.59.49.65:55562] AH02609: read request body failed to 172.22.1.61:8080 (172.22.1.61) from 181.59.49.65 (), referer: http://190.27.245.106/sipse/faces/presentacion/sistema/anexos/cargarAnexoSolicitudProceso.xhtml
[Thu Aug 20 18:06:52.977732 2020] [proxy_http:error] [pid 9624:tid 18544] [client 181.59.49.65:55562] AH01097: pass request body failed to 172.22.1.61:8080 (172.22.1.61) from 181.59.49.65 (), referer: http://190.27.245.106/sipse/faces/presentacion/sistema/anexos/cargarAnexoSolicitudProceso.xhtml
[Thu Aug 20 18:17:35.948461 2020] [mpm_winnt:warn] [pid 9624:tid 20464] (OS 64)The specified network name is no longer available.  : AH00341: winnt_accept: Asynchronous AcceptEx failed.
[Thu Aug 20 18:46:38.207322 2020] [proxy_http:error] [pid 9624:tid 19864] (70008)Partial results are valid but processing is incomplete: [client 181.61.68.11:51851] AH02609: read request body failed to 172.22.1.61:8080 (172.22.1.61) from 181.61.68.11 (), referer: http://190.27.245.106/sipse/faces/presentacion/financiero/solicitudProceso/consultarSolicitudProceso.xhtml
[Thu Aug 20 18:46:38.207322 2020] [proxy_http:error] [pid 9624:tid 19864] [client 181.61.68.11:51851] AH01097: pass request body failed to 172.22.1.61:8080 (172.22.1.61) from 181.61.68.11 (), referer: http://190.27.245.106/sipse/faces/presentacion/financiero/solicitudProceso/consultarSolicitudProceso.xhtml
[Thu Aug 20 18:54:38.391765 2020] [proxy_http:error] [pid 9624:tid 18356] (20014)Internal error: [client 181.61.68.11:51945] AH01102: error reading status line from remote server 172.22.1.61:8080, referer: http://190.27.245.106/sipse/faces/faces/autenticacion.xhtml
[Thu Aug 20 18:54:38.391765 2020] [proxy:error] [pid 9624:tid 18356] [client 181.61.68.11:51945] AH00898: Error reading from remote server returned by /sipse/faces/presentacion/financiero/solicitudProceso/consultarSolicitudProceso.xhtml, referer: http://190.27.245.106/sipse/faces/faces/autenticacion.xhtml
[Thu Aug 20 18:59:55.914723 2020] [mpm_winnt:warn] [pid 9624:tid 20464] (OS 64)The specified network name is no longer available.  : AH00341: winnt_accept: Asynchronous AcceptEx failed.
[Thu Aug 20 19:20:09.004053 2020] [mpm_winnt:warn] [pid 9624:tid 20464] (OS 64)The specified network name is no longer available.  : AH00341: winnt_accept: Asynchronous AcceptEx failed.
[Thu Aug 20 19:38:51.254424 2020] [mpm_winnt:warn] [pid 9624:tid 20464] (OS 64)The specified network name is no longer available.  : AH00341: winnt_accept: Asynchronous AcceptEx failed.
[Thu Aug 20 20:04:20.650911 2020] [proxy_http:error] [pid 9624:tid 18784] (OS 10060)A connection attempt failed because the connected party did not properly respond after a period of time, or established connection failed because connected host has failed to respond.  : [client 186.82.151.107:60258] AH01095: prefetch request body failed to 172.22.1.61:8080 (172.22.1.61) from 186.82.151.107 (), referer: http://190.27.245.106/sipse/faces/presentacion/financiero/solicitudProceso/consultarHistorialSolProceso.xhtml
[Thu Aug 20 20:28:19.706638 2020] [proxy_http:error] [pid 9624:tid 19252] (OS 10060)A connection attempt failed because the connected party did not properly respond after a period of time, or established connection failed because connected host has failed to respond.  : [client 181.61.68.11:51881] AH01095: prefetch request body failed to 172.22.1.61:8080 (172.22.1.61) from 181.61.68.11 (), referer: http://190.27.245.106/sipse/faces/presentacion/sistema/anexos/cargarAnexoSolicitudProceso.xhtml
[Thu Aug 20 20:34:14.903662 2020] [mpm_winnt:warn] [pid 9624:tid 20464] (OS 64)The specified network name is no longer available.  : AH00341: winnt_accept: Asynchronous AcceptEx failed.
[Thu Aug 20 20:48:41.127384 2020] [proxy_http:error] [pid 9624:tid 16728] (70008)Partial results are valid but processing is incomplete: [client 181.61.68.11:52795] AH02609: read request body failed to 172.22.1.61:8080 (172.22.1.61) from 181.61.68.11 (), referer: http://190.27.245.106/sipse/faces/presentacion/financiero/solicitudProceso/consultarSolicitudProceso.xhtml
[Thu Aug 20 20:48:41.127384 2020] [proxy_http:error] [pid 9624:tid 16728] [client 181.61.68.11:52795] AH01097: pass request body failed to 172.22.1.61:8080 (172.22.1.61) from 181.61.68.11 (), referer: http://190.27.245.106/sipse/faces/presentacion/financiero/solicitudProceso/consultarSolicitudProceso.xhtml
[Thu Aug 20 20:52:04.801341 2020] [proxy_http:error] [pid 9624:tid 18920] (70008)Partial results are valid but processing is incomplete: [client 181.61.68.11:52832] AH02609: read request body failed to 172.22.1.61:8080 (172.22.1.61) from 181.61.68.11 (), referer: http://190.27.245.106/sipse/faces/presentacion/financiero/solicitudProceso/consultarSolicitudProceso.xhtml
[Thu Aug 20 20:52:04.801341 2020] [proxy_http:error] [pid 9624:tid 18920] [client 181.61.68.11:52832] AH01097: pass request body failed to 172.22.1.61:8080 (172.22.1.61) from 181.61.68.11 (), referer: http://190.27.245.106/sipse/faces/presentacion/financiero/solicitudProceso/consultarSolicitudProceso.xhtml
[Thu Aug 20 20:52:10.604552 2020] [proxy_http:error] [pid 9624:tid 19668] (20014)Internal error: [client 181.61.68.11:52820] AH01102: error reading status line from remote server 172.22.1.61:8080, referer: http://190.27.245.106/sipse/faces/presentacion/sistema/anexos/cargarAnexoSolicitudProceso.xhtml
[Thu Aug 20 20:52:10.604552 2020] [proxy:error] [pid 9624:tid 19668] [client 181.61.68.11:52820] AH00898: Error reading from remote server returned by /sipse/faces/presentacion/financiero/solicitudProceso/consultarSolicitudProceso.xhtml, referer: http://190.27.245.106/sipse/faces/presentacion/sistema/anexos/cargarAnexoSolicitudProceso.xhtml
[Thu Aug 20 20:52:14.020958 2020] [proxy_http:error] [pid 9624:tid 19764] (OS 10054)An existing connection was forcibly closed by the remote host.  : [client 181.61.68.11:52763] AH02609: read request body failed to 172.22.1.61:8080 (172.22.1.61) from 181.61.68.11 (), referer: http://190.27.245.106/sipse/faces/presentacion/financiero/solicitudProceso/consultarSolicitudProceso.xhtml
[Thu Aug 20 20:52:14.020958 2020] [proxy_http:error] [pid 9624:tid 19764] [client 181.61.68.11:52763] AH01097: pass request body failed to 172.22.1.61:8080 (172.22.1.61) from 181.61.68.11 (), referer: http://190.27.245.106/sipse/faces/presentacion/financiero/solicitudProceso/consultarSolicitudProceso.xhtml
[Thu Aug 20 20:52:40.681404 2020] [proxy_http:error] [pid 9624:tid 18784] (70008)Partial results are valid but processing is incomplete: [client 181.61.68.11:52826] AH02609: read request body failed to 172.22.1.61:8080 (172.22.1.61) from 181.61.68.11 (), referer: http://190.27.245.106/sipse/faces/presentacion/financiero/solicitudProceso/consultarSolicitudProceso.xhtml
[Thu Aug 20 20:52:40.681404 2020] [proxy_http:error] [pid 9624:tid 18784] [client 181.61.68.11:52826] AH01097: pass request body failed to 172.22.1.61:8080 (172.22.1.61) from 181.61.68.11 (), referer: http://190.27.245.106/sipse/faces/presentacion/financiero/solicitudProceso/consultarSolicitudProceso.xhtml
[Thu Aug 20 20:53:30.601492 2020] [proxy_http:error] [pid 9624:tid 18456] (70008)Partial results are valid but processing is incomplete: [client 181.61.68.11:52833] AH02609: read request body failed to 172.22.1.61:8080 (172.22.1.61) from 181.61.68.11 (), referer: http://190.27.245.106/sipse/faces/presentacion/financiero/solicitudProceso/consultarSolicitudProceso.xhtml
[Thu Aug 20 20:53:30.601492 2020] [proxy_http:error] [pid 9624:tid 18456] [client 181.61.68.11:52833] AH01097: pass request body failed to 172.22.1.61:8080 (172.22.1.61) from 181.61.68.11 (), referer: http://190.27.245.106/sipse/faces/presentacion/financiero/solicitudProceso/consultarSolicitudProceso.xhtml
[Thu Aug 20 20:54:51.534434 2020] [proxy:error] [pid 9624:tid 18544] (OS 10053)An established connection was aborted by the software in your host machine.  : [client 181.61.68.11:52830] AH01084: pass request body failed to 172.22.1.61:8080 (172.22.1.61), referer: http://190.27.245.106/sipse/faces/presentacion/financiero/solicitudProceso/consultarSolicitudProceso.xhtml
[Thu Aug 20 20:54:51.534434 2020] [proxy_http:error] [pid 9624:tid 18544] [client 181.61.68.11:52830] AH01097: pass request body failed to 172.22.1.61:8080 (172.22.1.61) from 181.61.68.11 (), referer: http://190.27.245.106/sipse/faces/presentacion/financiero/solicitudProceso/consultarSolicitudProceso.xhtml
[Thu Aug 20 20:56:55.242652 2020] [proxy:error] [pid 9624:tid 19764] (OS 10053)An established connection was aborted by the software in your host machine.  : [client 181.61.68.11:52857] AH01084: pass request body failed to 172.22.1.61:8080 (172.22.1.61), referer: http://190.27.245.106/sipse/faces/presentacion/financiero/solicitudProceso/consultarSolicitudProceso.xhtml
[Thu Aug 20 20:56:55.242652 2020] [proxy_http:error] [pid 9624:tid 19764] [client 181.61.68.11:52857] AH01097: pass request body failed to 172.22.1.61:8080 (172.22.1.61) from 181.61.68.11 (), referer: http://190.27.245.106/sipse/faces/presentacion/financiero/solicitudProceso/consultarSolicitudProceso.xhtml
[Thu Aug 20 20:58:02.088769 2020] [proxy_http:error] [pid 9624:tid 17260] (OS 10054)An existing connection was forcibly closed by the remote host.  : [client 181.61.68.11:52845] AH01095: prefetch request body failed to 172.22.1.61:8080 (172.22.1.61) from 181.61.68.11 (), referer: http://190.27.245.106/sipse/faces/presentacion/financiero/solicitudProceso/consultarSolicitudProceso.xhtml
[Thu Aug 20 21:03:23.589734 2020] [mpm_winnt:warn] [pid 9624:tid 20464] (OS 64)The specified network name is no longer available.  : AH00341: winnt_accept: Asynchronous AcceptEx failed.
[Thu Aug 20 21:38:28.580431 2020] [mpm_winnt:warn] [pid 9624:tid 20464] (OS 64)The specified network name is no longer available.  : AH00341: winnt_accept: Asynchronous AcceptEx failed.
[Thu Aug 20 22:23:56.042421 2020] [mpm_winnt:warn] [pid 9624:tid 20464] (OS 64)The specified network name is no longer available.  : AH00341: winnt_accept: Asynchronous AcceptEx failed.
[Thu Aug 20 22:38:48.848590 2020] [proxy_http:error] [pid 9624:tid 18544] (70008)Partial results are valid but processing is incomplete: [client 181.61.68.11:49482] AH02609: read request body failed to 172.22.1.61:8080 (172.22.1.61) from 181.61.68.11 (), referer: http://190.27.245.106/sipse/faces/presentacion/financiero/solicitudProceso/consultarSolicitudProceso.xhtml
[Thu Aug 20 22:38:48.848590 2020] [proxy_http:error] [pid 9624:tid 18544] [client 181.61.68.11:49482] AH01097: pass request body failed to 172.22.1.61:8080 (172.22.1.61) from 181.61.68.11 (), referer: http://190.27.245.106/sipse/faces/presentacion/financiero/solicitudProceso/consultarSolicitudProceso.xhtml
[Thu Aug 20 22:39:29.767462 2020] [mpm_winnt:warn] [pid 9624:tid 20464] (OS 64)The specified network name is no longer available.  : AH00341: winnt_accept: Asynchronous AcceptEx failed.
[Thu Aug 20 22:41:26.892467 2020] [mpm_winnt:warn] [pid 9624:tid 20464] (OS 64)The specified network name is no longer available.  : AH00341: winnt_accept: Asynchronous AcceptEx failed.
[Thu Aug 20 22:42:13.333749 2020] [proxy_http:error] [pid 9624:tid 18404] (70008)Partial results are valid but processing is incomplete: [client 181.61.68.11:49483] AH02609: read request body failed to 172.22.1.61:8080 (172.22.1.61) from 181.61.68.11 (), referer: http://190.27.245.106/sipse/faces/presentacion/financiero/solicitudProceso/consultarSolicitudProceso.xhtml
[Thu Aug 20 22:42:13.333749 2020] [proxy_http:error] [pid 9624:tid 18404] [client 181.61.68.11:49483] AH01097: pass request body failed to 172.22.1.61:8080 (172.22.1.61) from 181.61.68.11 (), referer: http://190.27.245.106/sipse/faces/presentacion/financiero/solicitudProceso/consultarSolicitudProceso.xhtml
[Thu Aug 20 22:43:55.030327 2020] [proxy_http:error] [pid 9624:tid 18632] (70008)Partial results are valid but processing is incomplete: [client 181.61.68.11:49484] AH02609: read request body failed to 172.22.1.61:8080 (172.22.1.61) from 181.61.68.11 (), referer: http://190.27.245.106/sipse/faces/presentacion/financiero/solicitudProceso/consultarSolicitudProceso.xhtml
[Thu Aug 20 22:43:55.030327 2020] [proxy_http:error] [pid 9624:tid 18632] [client 181.61.68.11:49484] AH01097: pass request body failed to 172.22.1.61:8080 (172.22.1.61) from 181.61.68.11 (), referer: http://190.27.245.106/sipse/faces/presentacion/financiero/solicitudProceso/consultarSolicitudProceso.xhtml
[Thu Aug 20 22:44:44.154814 2020] [authz_core:error] [pid 9624:tid 18760] [client 176.106.162.154:59638] AH01630: client denied by server configuration: E:/nuevo/phpMyAdmin/index.php
[Thu Aug 20 22:44:44.591615 2020] [authz_core:error] [pid 9624:tid 16704] [client 176.106.162.154:59688] AH01630: client denied by server configuration: E:/nuevo/htdocs/phpMyadmin
[Thu Aug 20 22:44:44.997215 2020] [authz_core:error] [pid 9624:tid 16704] [client 176.106.162.154:59742] AH01630: client denied by server configuration: E:/nuevo/htdocs/phpMyAdmin
[Thu Aug 20 22:44:45.434016 2020] [authz_core:error] [pid 9624:tid 16312] [client 176.106.162.154:59784] AH01630: client denied by server configuration: E:/nuevo/htdocs/phpmyAdmin
[Thu Aug 20 22:44:46.713218 2020] [authz_core:error] [pid 9624:tid 16312] [client 176.106.162.154:60050] AH01630: client denied by server configuration: E:/nuevo/htdocs/phpmyadmin1
[Thu Aug 20 22:44:47.118819 2020] [authz_core:error] [pid 9624:tid 16312] [client 176.106.162.154:60100] AH01630: client denied by server configuration: E:/nuevo/htdocs/phpmyadmin2
[Thu Aug 20 22:44:47.571220 2020] [authz_core:error] [pid 9624:tid 16312] [client 176.106.162.154:60138] AH01630: client denied by server configuration: E:/nuevo/htdocs/phpmyadmin3
[Thu Aug 20 22:44:48.008021 2020] [authz_core:error] [pid 9624:tid 16312] [client 176.106.162.154:60292] AH01630: client denied by server configuration: E:/nuevo/htdocs/phpmyadmin4
[Thu Aug 20 22:44:48.429221 2020] [authz_core:error] [pid 9624:tid 16312] [client 176.106.162.154:60374] AH01630: client denied by server configuration: E:/nuevo/htdocs/phpmyadmin5
[Thu Aug 20 22:44:48.866022 2020] [authz_core:error] [pid 9624:tid 16312] [client 176.106.162.154:60422] AH01630: client denied by server configuration: E:/nuevo/htdocs/phpMyAdmin1
[Thu Aug 20 22:44:49.302823 2020] [authz_core:error] [pid 9624:tid 16312] [client 176.106.162.154:60466] AH01630: client denied by server configuration: E:/nuevo/htdocs/phpMyAdmin2
[Thu Aug 20 22:44:49.755224 2020] [authz_core:error] [pid 9624:tid 16312] [client 176.106.162.154:60542] AH01630: client denied by server configuration: E:/nuevo/htdocs/phpMyAdmin3
[Thu Aug 20 22:44:50.176424 2020] [authz_core:error] [pid 9624:tid 16312] [client 176.106.162.154:60688] AH01630: client denied by server configuration: E:/nuevo/htdocs/phpMyAdmin4
[Thu Aug 20 22:44:50.628825 2020] [authz_core:error] [pid 9624:tid 16312] [client 176.106.162.154:60742] AH01630: client denied by server configuration: E:/nuevo/htdocs/phpMyAdmin5
[Thu Aug 20 22:45:20.081677 2020] [authz_core:error] [pid 9624:tid 17532] [client 176.106.162.154:37960] AH01630: client denied by server configuration: E:/nuevo/htdocs/phpMyAdmin2
[Thu Aug 20 22:45:20.518478 2020] [authz_core:error] [pid 9624:tid 17532] [client 176.106.162.154:38032] AH01630: client denied by server configuration: E:/nuevo/htdocs/phpMyAdmin3
[Thu Aug 20 22:45:20.970878 2020] [authz_core:error] [pid 9624:tid 17532] [client 176.106.162.154:38090] AH01630: client denied by server configuration: E:/nuevo/htdocs/phpMyAdmin4
[Thu Aug 20 22:45:21.407679 2020] [authz_core:error] [pid 9624:tid 17532] [client 176.106.162.154:38146] AH01630: client denied by server configuration: E:/nuevo/htdocs/phpMyAdmin-3
[Thu Aug 20 22:45:30.954896 2020] [authz_core:error] [pid 9624:tid 18632] [client 176.106.162.154:39808] AH01630: client denied by server configuration: E:/nuevo/htdocs/phpmyadmin2011
[Thu Aug 20 22:45:31.391697 2020] [authz_core:error] [pid 9624:tid 18632] [client 176.106.162.154:39856] AH01630: client denied by server configuration: E:/nuevo/htdocs/phpmyadmin2012
[Thu Aug 20 22:45:31.812897 2020] [authz_core:error] [pid 9624:tid 18632] [client 176.106.162.154:39934] AH01630: client denied by server configuration: E:/nuevo/htdocs/phpmyadmin2013
[Thu Aug 20 22:45:32.265298 2020] [authz_core:error] [pid 9624:tid 18632] [client 176.106.162.154:40060] AH01630: client denied by server configuration: E:/nuevo/htdocs/phpmyadmin2014
[Thu Aug 20 22:45:32.702099 2020] [authz_core:error] [pid 9624:tid 18632] [client 176.106.162.154:40112] AH01630: client denied by server configuration: E:/nuevo/htdocs/phpmyadmin2015
[Thu Aug 20 22:45:33.123300 2020] [authz_core:error] [pid 9624:tid 18632] [client 176.106.162.154:40164] AH01630: client denied by server configuration: E:/nuevo/htdocs/phpmyadmin2016
[Thu Aug 20 22:45:33.560101 2020] [authz_core:error] [pid 9624:tid 18632] [client 176.106.162.154:40206] AH01630: client denied by server configuration: E:/nuevo/htdocs/phpmyadmin2017
[Thu Aug 20 22:45:33.996901 2020] [authz_core:error] [pid 9624:tid 18632] [client 176.106.162.154:40308] AH01630: client denied by server configuration: E:/nuevo/htdocs/phpmyadmin2018
[Thu Aug 20 22:45:34.418102 2020] [authz_core:error] [pid 9624:tid 18632] [client 176.106.162.154:40410] AH01630: client denied by server configuration: E:/nuevo/htdocs/phpmyadmin2019
[Thu Aug 20 22:45:34.839303 2020] [authz_core:error] [pid 9624:tid 18632] [client 176.106.162.154:40462] AH01630: client denied by server configuration: E:/nuevo/htdocs/phpmyadmin2020
[Thu Aug 20 22:47:15.038279 2020] [proxy_http:error] [pid 9624:tid 18544] (70008)Partial results are valid but processing is incomplete: [client 181.61.68.11:49491] AH02609: read request body failed to 172.22.1.61:8080 (172.22.1.61) from 181.61.68.11 (), referer: http://190.27.245.106/sipse/faces/presentacion/financiero/solicitudProceso/consultarSolicitudProceso.xhtml
[Thu Aug 20 22:47:15.038279 2020] [proxy_http:error] [pid 9624:tid 18544] [client 181.61.68.11:49491] AH01097: pass request body failed to 172.22.1.61:8080 (172.22.1.61) from 181.61.68.11 (), referer: http://190.27.245.106/sipse/faces/presentacion/financiero/solicitudProceso/consultarSolicitudProceso.xhtml
[Thu Aug 20 22:52:37.787246 2020] [proxy_http:error] [pid 9624:tid 19376] (70008)Partial results are valid but processing is incomplete: [client 181.61.68.11:49501] AH02609: read request body failed to 172.22.1.61:8080 (172.22.1.61) from 181.61.68.11 (), referer: http://190.27.245.106/sipse/faces/presentacion/financiero/solicitudProceso/consultarSolicitudProceso.xhtml
[Thu Aug 20 22:52:37.787246 2020] [proxy_http:error] [pid 9624:tid 19376] [client 181.61.68.11:49501] AH01097: pass request body failed to 172.22.1.61:8080 (172.22.1.61) from 181.61.68.11 (), referer: http://190.27.245.106/sipse/faces/presentacion/financiero/solicitudProceso/consultarSolicitudProceso.xhtml
[Thu Aug 20 22:55:11.806316 2020] [mpm_winnt:warn] [pid 9624:tid 20464] (OS 64)The specified network name is no longer available.  : AH00341: winnt_accept: Asynchronous AcceptEx failed.
[Thu Aug 20 23:22:30.652595 2020] [mpm_winnt:warn] [pid 9624:tid 20464] (OS 64)The specified network name is no longer available.  : AH00341: winnt_accept: Asynchronous AcceptEx failed.
[Thu Aug 20 23:30:41.148656 2020] [mpm_winnt:warn] [pid 9624:tid 20464] (OS 64)The specified network name is no longer available.  : AH00341: winnt_accept: Asynchronous AcceptEx failed.

:: Command execute ::

Enter:
 
Select:
 

:: Search ::
regexp 

:: Upload ::
 
[ ok ]

:: Make Dir ::
 
[ ok ]
:: Make File ::
 
[ ok ]

:: Go Dir ::
 
:: Go File ::
 

--[ c99shell v. 1.0 pre-release build #13 powered by Captain Crunch Security Team | http://ccteam.ru | Generation time: 0.0468 ]--