!C99Shell v. 1.0 pre-release build #13!

Software: Apache. PHP/5.5.15 

uname -a: Windows NT SVR-DMZ 6.1 build 7600 (Windows Server 2008 R2 Enterprise Edition) i586 

SYSTEM 

Safe-mode: OFF (not secure)

E:\nuevo\apache\logs\   drwxrwxrwx
Free 9.41 GB of 239.26 GB (3.93%)
Detected drives: [ a ] [ c ] [ d ] [ e ] [ f ]
Home    Back    Forward    UPDIR    Refresh    Search    Buffer    Encoder    Tools    Proc.    FTP brute    Sec.    SQL    PHP-code    Update    Feedback    Self remove    Logout    


Viewing file:     error.2020.08.25.log (61.14 KB)      -rw-rw-rw-
Select action/file-type:
(+) | (+) | (+) | Code (+) | Session (+) | (+) | SDB (+) | (+) | (+) | (+) | (+) | (+) |
[Tue Aug 25 01:07:10.000844 2020] [mpm_winnt:warn] [pid 9624:tid 20464] (OS 64)The specified network name is no longer available.  : AH00341: winnt_accept: Asynchronous AcceptEx failed.
[Tue Aug 25 01:18:19.257620 2020] [proxy:error] [pid 9624:tid 16044] (OS 10060)A connection attempt failed because the connected party did not properly respond after a period of time, or established connection failed because connected host has failed to respond.  : AH00957: HTTP: attempt to connect to 172.22.1.51:8399 (172.22.1.51) failed
[Tue Aug 25 01:18:19.257620 2020] [proxy:error] [pid 9624:tid 16044] AH00959: ap_proxy_connect_backend disabling worker for (172.22.1.51) for 60s
[Tue Aug 25 01:18:19.257620 2020] [proxy_http:error] [pid 9624:tid 16044] [client 152.61.192.232:60347] AH01114: HTTP: failed to make connection to backend: 172.22.1.51
[Tue Aug 25 01:18:19.554020 2020] [proxy:error] [pid 9624:tid 16044] AH00940: HTTP: disabled connection for (172.22.1.51)
[Tue Aug 25 01:18:19.788020 2020] [proxy:error] [pid 9624:tid 16044] AH00940: HTTP: disabled connection for (172.22.1.51)
[Tue Aug 25 01:27:38.097401 2020] [mpm_winnt:warn] [pid 9624:tid 20464] (OS 64)The specified network name is no longer available.  : AH00341: winnt_accept: Asynchronous AcceptEx failed.
[Tue Aug 25 01:32:56.041560 2020] [proxy:error] [pid 9624:tid 19352] (OS 10060)A connection attempt failed because the connected party did not properly respond after a period of time, or established connection failed because connected host has failed to respond.  : AH00957: HTTP: attempt to connect to 172.22.1.51:8399 (172.22.1.51) failed
[Tue Aug 25 01:32:56.041560 2020] [proxy:error] [pid 9624:tid 19352] AH00959: ap_proxy_connect_backend disabling worker for (172.22.1.51) for 60s
[Tue Aug 25 01:32:56.041560 2020] [proxy_http:error] [pid 9624:tid 19352] [client 152.61.128.50:35515] AH01114: HTTP: failed to make connection to backend: 172.22.1.51
[Tue Aug 25 01:32:56.275560 2020] [proxy:error] [pid 9624:tid 19352] AH00940: HTTP: disabled connection for (172.22.1.51)
[Tue Aug 25 01:32:56.883961 2020] [proxy:error] [pid 9624:tid 19352] AH00940: HTTP: disabled connection for (172.22.1.51)
[Tue Aug 25 01:33:30.533220 2020] [mpm_winnt:warn] [pid 9624:tid 20464] (OS 64)The specified network name is no longer available.  : AH00341: winnt_accept: Asynchronous AcceptEx failed.
[Tue Aug 25 02:08:59.064359 2020] [mpm_winnt:warn] [pid 9624:tid 20464] (OS 64)The specified network name is no longer available.  : AH00341: winnt_accept: Asynchronous AcceptEx failed.
[Tue Aug 25 02:41:59.441037 2020] [mpm_winnt:warn] [pid 9624:tid 20464] (OS 64)The specified network name is no longer available.  : AH00341: winnt_accept: Asynchronous AcceptEx failed.
[Tue Aug 25 02:49:30.562629 2020] [mpm_winnt:warn] [pid 9624:tid 20464] (OS 64)The specified network name is no longer available.  : AH00341: winnt_accept: Asynchronous AcceptEx failed.
[Tue Aug 25 03:35:07.697637 2020] [cgi:error] [pid 9624:tid 18276] [client 222.244.181.195:3724] script not found or unable to stat: E:/nuevo/htdocs/setup.cgi
[Tue Aug 25 03:35:15.872051 2020] [mpm_winnt:warn] [pid 9624:tid 20464] (OS 64)The specified network name is no longer available.  : AH00341: winnt_accept: Asynchronous AcceptEx failed.
[Tue Aug 25 04:01:21.304601 2020] [mpm_winnt:warn] [pid 9624:tid 20464] (OS 64)The specified network name is no longer available.  : AH00341: winnt_accept: Asynchronous AcceptEx failed.
[Tue Aug 25 04:13:06.566240 2020] [mpm_winnt:warn] [pid 9624:tid 20464] (OS 64)The specified network name is no longer available.  : AH00341: winnt_accept: Asynchronous AcceptEx failed.
[Tue Aug 25 04:31:12.328147 2020] [mpm_winnt:warn] [pid 9624:tid 20464] (OS 64)The specified network name is no longer available.  : AH00341: winnt_accept: Asynchronous AcceptEx failed.
[Tue Aug 25 05:46:53.778923 2020] [mpm_winnt:warn] [pid 9624:tid 20464] (OS 64)The specified network name is no longer available.  : AH00341: winnt_accept: Asynchronous AcceptEx failed.
[Tue Aug 25 06:16:07.050403 2020] [mpm_winnt:warn] [pid 9624:tid 20464] (OS 64)The specified network name is no longer available.  : AH00341: winnt_accept: Asynchronous AcceptEx failed.
[Tue Aug 25 06:47:42.205132 2020] [mpm_winnt:warn] [pid 9624:tid 20464] (OS 64)The specified network name is no longer available.  : AH00341: winnt_accept: Asynchronous AcceptEx failed.
[Tue Aug 25 07:10:15.242308 2020] [mpm_winnt:warn] [pid 9624:tid 20464] (OS 64)The specified network name is no longer available.  : AH00341: winnt_accept: Asynchronous AcceptEx failed.
[Tue Aug 25 07:41:24.235791 2020] [mpm_winnt:warn] [pid 9624:tid 20464] (OS 64)The specified network name is no longer available.  : AH00341: winnt_accept: Asynchronous AcceptEx failed.
[Tue Aug 25 07:47:09.105597 2020] [core:error] [pid 9624:tid 19888] [client 190.156.106.111:65030] AH00126: Invalid URI in request \xae\xe7\x92g5+}\xf7\xd6\x19\xab\xd6\xf8\b\xc6\xcd\xe2\x16X\xfaf\xe4,\xf7{\xd2\xd6\xd47Wy\xa0\x19?\x1c\x1f\x19\x9e4/w\xb9o\xed\xe1\xb1\xbbJ\x1d%[\xce\xf5\xca\x9c\x16\x11\xf7\xe3\xc9\xe1 \x81J\xc8
[Tue Aug 25 09:14:12.791372 2020] [mpm_winnt:warn] [pid 9624:tid 20464] (OS 64)The specified network name is no longer available.  : AH00341: winnt_accept: Asynchronous AcceptEx failed.
[Tue Aug 25 09:46:37.678988 2020] [authz_core:error] [pid 9624:tid 18872] [client 39.101.67.145:61403] AH01630: client denied by server configuration: E:/nuevo/phpMyAdmin/
[Tue Aug 25 09:46:56.274220 2020] [mpm_winnt:warn] [pid 9624:tid 20464] (OS 64)The specified network name is no longer available.  : AH00341: winnt_accept: Asynchronous AcceptEx failed.
[Tue Aug 25 09:46:56.274220 2020] [mpm_winnt:warn] [pid 9624:tid 20464] (OS 64)The specified network name is no longer available.  : AH00341: winnt_accept: Asynchronous AcceptEx failed.
[Tue Aug 25 09:46:56.305420 2020] [mpm_winnt:warn] [pid 9624:tid 20464] (OS 64)The specified network name is no longer available.  : AH00341: winnt_accept: Asynchronous AcceptEx failed.
[Tue Aug 25 09:46:56.305420 2020] [mpm_winnt:warn] [pid 9624:tid 20464] (OS 64)The specified network name is no longer available.  : AH00341: winnt_accept: Asynchronous AcceptEx failed.
[Tue Aug 25 10:02:55.067504 2020] [mpm_winnt:warn] [pid 9624:tid 20464] (OS 64)The specified network name is no longer available.  : AH00341: winnt_accept: Asynchronous AcceptEx failed.
[Tue Aug 25 10:29:08.097267 2020] [core:error] [pid 9624:tid 16500] [client 190.156.106.111:49765] AH00126: Invalid URI in request \xf5\xea{i\xb9\x87\xceh\x04\xb1\x99\xd5<\xc3\x16\xe1\xb8/@q\xd7\x19\xefU"Ar\xec\xd2I\xc8\xed^T\xf7\xfa\xf5\xdd\xdd\xdd\xd1\xb9\xd4Z\xca+\xcbM>\xfe{\b\x99\xa7D\x8e\r\xd2\x95
[Tue Aug 25 10:42:57.301124 2020] [core:error] [pid 9624:tid 16976] [client 190.156.106.111:49929] AH00135: Invalid method in request R\x8aT\x98\xb54@\xa1Re@\xcb\xa2\x0f
[Tue Aug 25 12:03:09.412376 2020] [mpm_winnt:warn] [pid 9624:tid 20464] (OS 64)The specified network name is no longer available.  : AH00341: winnt_accept: Asynchronous AcceptEx failed.
[Tue Aug 25 12:03:09.412376 2020] [mpm_winnt:warn] [pid 9624:tid 20464] (OS 64)The specified network name is no longer available.  : AH00341: winnt_accept: Asynchronous AcceptEx failed.
[Tue Aug 25 12:03:09.412376 2020] [mpm_winnt:warn] [pid 9624:tid 20464] (OS 64)The specified network name is no longer available.  : AH00341: winnt_accept: Asynchronous AcceptEx failed.
[Tue Aug 25 12:03:09.412376 2020] [mpm_winnt:warn] [pid 9624:tid 20464] (OS 64)The specified network name is no longer available.  : AH00341: winnt_accept: Asynchronous AcceptEx failed.
[Tue Aug 25 12:03:09.412376 2020] [mpm_winnt:warn] [pid 9624:tid 20464] (OS 64)The specified network name is no longer available.  : AH00341: winnt_accept: Asynchronous AcceptEx failed.
[Tue Aug 25 12:03:09.412376 2020] [mpm_winnt:warn] [pid 9624:tid 20464] (OS 64)The specified network name is no longer available.  : AH00341: winnt_accept: Asynchronous AcceptEx failed.
[Tue Aug 25 12:03:09.412376 2020] [mpm_winnt:warn] [pid 9624:tid 20464] (OS 64)The specified network name is no longer available.  : AH00341: winnt_accept: Asynchronous AcceptEx failed.
[Tue Aug 25 12:08:04.393294 2020] [core:error] [pid 9624:tid 17224] [client 186.29.35.200:57862] AH00126: Invalid URI in request -\xf7\x8b\xa0\x1d[\xdd\xdf4\x9a6V\xdbD\xa6.\x12\xae4\xf3[\x16[u`&\xc8Sj\xbf\x99\x9e\x99\xbf@|:\x06\xa4E\xf7\xce\x8f\x02w\xbcTa\xf7\xb0\xde\xa2\xbd\x95u\xb9\xc26&m\xd1\xc3z\xfe\xc1\xab\xd5\x93\xba\xa4V\xa8\xeb.\xe1\xc5R\x90\xb2\x9d(\x9b~\xe3\xf4\x98w\xcd\xec;\xe7\xac\xf6\xecp\x17)\x96\x83\xba\x81@ C\x89\x96\xba\xd2\xdb\xc3\xb2\x8a\x99\xff\xa8f\xda\x98\xc9\xe5\x1b\x9e.\xfa\xd7
[Tue Aug 25 12:23:41.845741 2020] [mpm_winnt:warn] [pid 9624:tid 20464] (OS 64)The specified network name is no longer available.  : AH00341: winnt_accept: Asynchronous AcceptEx failed.
[Tue Aug 25 12:29:46.745981 2020] [mpm_winnt:warn] [pid 9624:tid 20464] (OS 64)The specified network name is no longer available.  : AH00341: winnt_accept: Asynchronous AcceptEx failed.
[Tue Aug 25 12:39:39.952623 2020] [mpm_winnt:warn] [pid 9624:tid 20464] (OS 64)The specified network name is no longer available.  : AH00341: winnt_accept: Asynchronous AcceptEx failed.
[Tue Aug 25 12:50:52.267004 2020] [mpm_winnt:warn] [pid 9624:tid 20464] (OS 64)The specified network name is no longer available.  : AH00341: winnt_accept: Asynchronous AcceptEx failed.
[Tue Aug 25 13:02:56.187276 2020] [mpm_winnt:warn] [pid 9624:tid 20464] (OS 64)The specified network name is no longer available.  : AH00341: winnt_accept: Asynchronous AcceptEx failed.
[Tue Aug 25 13:23:31.803046 2020] [core:error] [pid 9624:tid 17532] [client 191.95.163.240:18492] AH00126: Invalid URI in request \xbc\xd5\x06\xdd\xaf\x9c\xc5\xefEB\xd3\x1d\xbcV\xe3\x13\xff\xb7\xab\xf5\xda\x9d\xf3y\x98\x1e\x11\xcc\xd0u\xf1L\x90z\x18\xb5X\x06\x8c\xb2F\v\xcf\x1a\x1a\xbd\xc6d\xefm\x105c
[Tue Aug 25 13:53:58.192854 2020] [mpm_winnt:warn] [pid 9624:tid 20464] (OS 64)The specified network name is no longer available.  : AH00341: winnt_accept: Asynchronous AcceptEx failed.
[Tue Aug 25 14:08:51.809223 2020] [mpm_winnt:warn] [pid 9624:tid 20464] (OS 64)The specified network name is no longer available.  : AH00341: winnt_accept: Asynchronous AcceptEx failed.
[Tue Aug 25 15:11:23.772814 2020] [mpm_winnt:warn] [pid 9624:tid 20464] (OS 64)The specified network name is no longer available.  : AH00341: winnt_accept: Asynchronous AcceptEx failed.
[Tue Aug 25 15:12:34.409738 2020] [mpm_winnt:warn] [pid 9624:tid 20464] (OS 64)The specified network name is no longer available.  : AH00341: winnt_accept: Asynchronous AcceptEx failed.
[Tue Aug 25 15:23:05.867647 2020] [mpm_winnt:warn] [pid 9624:tid 20464] (OS 64)The specified network name is no longer available.  : AH00341: winnt_accept: Asynchronous AcceptEx failed.
[Tue Aug 25 15:41:46.495615 2020] [mpm_winnt:warn] [pid 9624:tid 20464] (OS 64)The specified network name is no longer available.  : AH00341: winnt_accept: Asynchronous AcceptEx failed.
[Tue Aug 25 16:02:28.945197 2020] [mpm_winnt:warn] [pid 9624:tid 20464] (OS 64)The specified network name is no longer available.  : AH00341: winnt_accept: Asynchronous AcceptEx failed.
[Tue Aug 25 16:04:58.206259 2020] [mpm_winnt:warn] [pid 9624:tid 20464] (OS 64)The specified network name is no longer available.  : AH00341: winnt_accept: Asynchronous AcceptEx failed.
[Tue Aug 25 16:26:05.739686 2020] [mpm_winnt:warn] [pid 9624:tid 20464] (OS 64)The specified network name is no longer available.  : AH00341: winnt_accept: Asynchronous AcceptEx failed.
[Tue Aug 25 16:37:42.469110 2020] [mpm_winnt:warn] [pid 9624:tid 20464] (OS 64)The specified network name is no longer available.  : AH00341: winnt_accept: Asynchronous AcceptEx failed.
[Tue Aug 25 16:54:22.165665 2020] [proxy_http:error] [pid 9624:tid 18768] (70008)Partial results are valid but processing is incomplete: [client 200.69.71.170:65280] AH02609: read request body failed to 172.22.1.61:8080 (172.22.1.61) from 200.69.71.170 (), referer: http://190.27.245.106/sipse/faces/presentacion/financiero/solicitudProceso/consultarSolicitudProceso.xhtml
[Tue Aug 25 16:54:22.165665 2020] [proxy_http:error] [pid 9624:tid 18768] [client 200.69.71.170:65280] AH01097: pass request body failed to 172.22.1.61:8080 (172.22.1.61) from 200.69.71.170 (), referer: http://190.27.245.106/sipse/faces/presentacion/financiero/solicitudProceso/consultarSolicitudProceso.xhtml
[Tue Aug 25 16:54:52.882119 2020] [proxy_http:error] [pid 9624:tid 18760] (70008)Partial results are valid but processing is incomplete: [client 200.69.71.170:65296] AH02609: read request body failed to 172.22.1.61:8080 (172.22.1.61) from 200.69.71.170 (), referer: http://190.27.245.106/sipse/faces/presentacion/financiero/solicitudProceso/consultarSolicitudProceso.xhtml
[Tue Aug 25 16:54:52.882119 2020] [proxy_http:error] [pid 9624:tid 18760] [client 200.69.71.170:65296] AH01097: pass request body failed to 172.22.1.61:8080 (172.22.1.61) from 200.69.71.170 (), referer: http://190.27.245.106/sipse/faces/presentacion/financiero/solicitudProceso/consultarSolicitudProceso.xhtml
[Tue Aug 25 17:10:09.898530 2020] [mpm_winnt:warn] [pid 9624:tid 20464] (OS 64)The specified network name is no longer available.  : AH00341: winnt_accept: Asynchronous AcceptEx failed.
[Tue Aug 25 17:11:39.427087 2020] [mpm_winnt:warn] [pid 9624:tid 20464] (OS 64)The specified network name is no longer available.  : AH00341: winnt_accept: Asynchronous AcceptEx failed.
[Tue Aug 25 17:22:17.889409 2020] [mpm_winnt:warn] [pid 9624:tid 20464] (OS 64)The specified network name is no longer available.  : AH00341: winnt_accept: Asynchronous AcceptEx failed.
[Tue Aug 25 18:06:44.855493 2020] [cgi:error] [pid 9624:tid 18872] [client 58.164.204.22:58260] script not found or unable to stat: E:/nuevo/cgi-bin/mainfunction.cgi
[Tue Aug 25 18:24:22.599751 2020] [mpm_winnt:warn] [pid 9624:tid 20464] (OS 64)The specified network name is no longer available.  : AH00341: winnt_accept: Asynchronous AcceptEx failed.
[Tue Aug 25 19:53:08.014305 2020] [mpm_winnt:warn] [pid 9624:tid 20464] (OS 64)The specified network name is no longer available.  : AH00341: winnt_accept: Asynchronous AcceptEx failed.
[Tue Aug 25 20:09:51.267667 2020] [proxy_http:error] [pid 9624:tid 16844] (OS 10060)A connection attempt failed because the connected party did not properly respond after a period of time, or established connection failed because connected host has failed to respond.  : [client 181.61.68.11:50581] AH01095: prefetch request body failed to 172.22.1.61:8080 (172.22.1.61) from 181.61.68.11 (), referer: http://190.27.245.106/sipse/faces/faces/autenticacion.xhtml
[Tue Aug 25 20:57:22.158074 2020] [mpm_winnt:warn] [pid 9624:tid 20464] (OS 64)The specified network name is no longer available.  : AH00341: winnt_accept: Asynchronous AcceptEx failed.
[Tue Aug 25 20:59:11.592266 2020] [mpm_winnt:warn] [pid 9624:tid 20464] (OS 64)The specified network name is no longer available.  : AH00341: winnt_accept: Asynchronous AcceptEx failed.
[Tue Aug 25 21:46:59.127903 2020] [mpm_winnt:warn] [pid 9624:tid 20464] (OS 64)The specified network name is no longer available.  : AH00341: winnt_accept: Asynchronous AcceptEx failed.
[Tue Aug 25 22:01:08.003394 2020] [mpm_winnt:warn] [pid 9624:tid 20464] (OS 64)The specified network name is no longer available.  : AH00341: winnt_accept: Asynchronous AcceptEx failed.
[Tue Aug 25 22:01:09.329396 2020] [mpm_winnt:warn] [pid 9624:tid 20464] (OS 64)The specified network name is no longer available.  : AH00341: winnt_accept: Asynchronous AcceptEx failed.
[Tue Aug 25 22:02:15.473512 2020] [core:error] [pid 9624:tid 16312] (OS 5)Access is denied.  : [client 179.18.24.42:3146] AH00132: file permissions deny server access: E:/nuevo/htdocs/galeria/nivo-slider/demo/inicio.html, referer: http://ambientebogota.gov.co/
[Tue Aug 25 22:05:02.066205 2020] [mpm_winnt:warn] [pid 9624:tid 20464] (OS 64)The specified network name is no longer available.  : AH00341: winnt_accept: Asynchronous AcceptEx failed.
[Tue Aug 25 22:15:59.639560 2020] [mpm_winnt:warn] [pid 9624:tid 20464] (OS 64)The specified network name is no longer available.  : AH00341: winnt_accept: Asynchronous AcceptEx failed.
[Tue Aug 25 22:30:28.997887 2020] [mpm_winnt:warn] [pid 9624:tid 20464] (OS 64)The specified network name is no longer available.  : AH00341: winnt_accept: Asynchronous AcceptEx failed.
[Tue Aug 25 22:36:40.169339 2020] [mpm_winnt:warn] [pid 9624:tid 20464] (OS 64)The specified network name is no longer available.  : AH00341: winnt_accept: Asynchronous AcceptEx failed.
[Tue Aug 25 22:36:53.195362 2020] [mpm_winnt:warn] [pid 9624:tid 20464] (OS 64)The specified network name is no longer available.  : AH00341: winnt_accept: Asynchronous AcceptEx failed.
[Tue Aug 25 22:37:05.300983 2020] [mpm_winnt:warn] [pid 9624:tid 20464] (OS 64)The specified network name is no longer available.  : AH00341: winnt_accept: Asynchronous AcceptEx failed.
[Tue Aug 25 22:37:05.800184 2020] [mpm_winnt:warn] [pid 9624:tid 20464] (OS 64)The specified network name is no longer available.  : AH00341: winnt_accept: Asynchronous AcceptEx failed.
[Tue Aug 25 22:37:06.798586 2020] [mpm_winnt:warn] [pid 9624:tid 20464] (OS 64)The specified network name is no longer available.  : AH00341: winnt_accept: Asynchronous AcceptEx failed.
[Tue Aug 25 22:37:07.297786 2020] [mpm_winnt:warn] [pid 9624:tid 20464] (OS 64)The specified network name is no longer available.  : AH00341: winnt_accept: Asynchronous AcceptEx failed.
[Tue Aug 25 22:37:07.796987 2020] [mpm_winnt:warn] [pid 9624:tid 20464] (OS 64)The specified network name is no longer available.  : AH00341: winnt_accept: Asynchronous AcceptEx failed.
[Tue Aug 25 22:37:08.810989 2020] [mpm_winnt:warn] [pid 9624:tid 20464] (OS 64)The specified network name is no longer available.  : AH00341: winnt_accept: Asynchronous AcceptEx failed.
[Tue Aug 25 22:37:23.053814 2020] [mpm_winnt:warn] [pid 9624:tid 20464] (OS 64)The specified network name is no longer available.  : AH00341: winnt_accept: Asynchronous AcceptEx failed.
[Tue Aug 25 22:37:23.053814 2020] [mpm_winnt:warn] [pid 9624:tid 20464] (OS 64)The specified network name is no longer available.  : AH00341: winnt_accept: Asynchronous AcceptEx failed.
[Tue Aug 25 22:37:44.347852 2020] [mpm_winnt:warn] [pid 9624:tid 20464] (OS 64)The specified network name is no longer available.  : AH00341: winnt_accept: Asynchronous AcceptEx failed.
[Tue Aug 25 22:37:44.347852 2020] [mpm_winnt:warn] [pid 9624:tid 20464] (OS 64)The specified network name is no longer available.  : AH00341: winnt_accept: Asynchronous AcceptEx failed.
[Tue Aug 25 22:38:04.627887 2020] [mpm_winnt:warn] [pid 9624:tid 20464] (OS 64)The specified network name is no longer available.  : AH00341: winnt_accept: Asynchronous AcceptEx failed.
[Tue Aug 25 22:38:21.741117 2020] [mpm_winnt:warn] [pid 9624:tid 20464] (OS 64)The specified network name is no longer available.  : AH00341: winnt_accept: Asynchronous AcceptEx failed.
[Tue Aug 25 22:38:22.536719 2020] [mpm_winnt:warn] [pid 9624:tid 20464] (OS 64)The specified network name is no longer available.  : AH00341: winnt_accept: Asynchronous AcceptEx failed.
[Tue Aug 25 22:39:45.825265 2020] [mpm_winnt:warn] [pid 9624:tid 20464] (OS 64)The specified network name is no longer available.  : AH00341: winnt_accept: Asynchronous AcceptEx failed.
[Tue Aug 25 22:39:46.839267 2020] [mpm_winnt:warn] [pid 9624:tid 20464] (OS 64)The specified network name is no longer available.  : AH00341: winnt_accept: Asynchronous AcceptEx failed.
[Tue Aug 25 22:42:08.924316 2020] [core:error] [pid 9624:tid 17708] (20025)The given path contained wildcard characters: [client 172.22.2.1:17210] AH00036: access to * failed (filesystem path 'E:/nuevo/htdocs/*')
[Tue Aug 25 22:42:12.715123 2020] [core:error] [pid 9624:tid 16300] [client 172.22.2.1:17277] AH00135: Invalid method in request HTSWNW / HTTP/1.1
[Tue Aug 25 22:42:19.750735 2020] [core:error] [pid 9624:tid 16980] [client 172.22.2.1:17349] AH00126: Invalid URI in request some invalid request
[Tue Aug 25 22:42:30.811155 2020] [core:error] [pid 9624:tid 17728] [client 172.22.2.1:17412] AH00126: Invalid URI in request GNUTELLA CONNECT/0.6
[Tue Aug 25 22:42:30.826755 2020] [core:error] [pid 9624:tid 17728] [client 172.22.2.1:17413] AH00126: Invalid URI in request GNUTELLA CONNECT/0.4
[Tue Aug 25 22:42:54.476396 2020] [cgi:error] [pid 9624:tid 17708] [client 172.22.2.1:17696] script not found or unable to stat: E:/nuevo/htdocs/hQUoXZRRLu5i.cgi
[Tue Aug 25 22:42:55.037997 2020] [cgi:error] [pid 9624:tid 17708] [client 172.22.2.1:17696] script not found or unable to stat: E:/nuevo/htdocs/hQUoXZRRLu5i.pl
[Tue Aug 25 22:42:55.833599 2020] [cgi:error] [pid 9624:tid 17708] [client 172.22.2.1:17696] script not found or unable to stat: E:/nuevo/htdocs/hQUoXZRRLu5i.asp
[Tue Aug 25 22:42:57.097201 2020] [cgi:error] [pid 9624:tid 17708] [client 172.22.2.1:17696] script not found or unable to stat: E:/nuevo/cgi-bin/hQUoXZRRLu5i.html
[Tue Aug 25 22:42:57.300001 2020] [cgi:error] [pid 9624:tid 17708] [client 172.22.2.1:17696] script not found or unable to stat: E:/nuevo/cgi-bin/hQUoXZRRLu5i.cgi
[Tue Aug 25 22:42:57.424801 2020] [cgi:error] [pid 9624:tid 17708] [client 172.22.2.1:17696] script not found or unable to stat: E:/nuevo/cgi-bin/hQUoXZRRLu5i.sh
[Tue Aug 25 22:42:57.580802 2020] [cgi:error] [pid 9624:tid 17708] [client 172.22.2.1:17696] script not found or unable to stat: E:/nuevo/cgi-bin/hQUoXZRRLu5i.pl
[Tue Aug 25 22:42:57.705602 2020] [cgi:error] [pid 9624:tid 17708] [client 172.22.2.1:17696] script not found or unable to stat: E:/nuevo/cgi-bin/hQUoXZRRLu5i.inc
[Tue Aug 25 22:42:57.846002 2020] [cgi:error] [pid 9624:tid 17708] [client 172.22.2.1:17696] script not found or unable to stat: E:/nuevo/cgi-bin/hQUoXZRRLu5i.shtml
[Tue Aug 25 22:42:57.986402 2020] [cgi:error] [pid 9624:tid 17708] [client 172.22.2.1:17696] script not found or unable to stat: E:/nuevo/cgi-bin/hQUoXZRRLu5i.asp
[Tue Aug 25 22:42:58.282803 2020] [cgi:error] [pid 9624:tid 17708] [client 172.22.2.1:17696] script not found or unable to stat: E:/nuevo/cgi-bin/hQUoXZRRLu5i.php
[Tue Aug 25 22:42:58.423203 2020] [cgi:error] [pid 9624:tid 17708] [client 172.22.2.1:17696] script not found or unable to stat: E:/nuevo/cgi-bin/hQUoXZRRLu5i.php3
[Tue Aug 25 22:42:58.579203 2020] [cgi:error] [pid 9624:tid 17708] [client 172.22.2.1:17696] script not found or unable to stat: E:/nuevo/cgi-bin/hQUoXZRRLu5i.cfm
[Tue Aug 25 22:43:37.766472 2020] [core:error] [pid 9624:tid 16188] [client 172.22.2.1:17779] AH00126: Invalid URI in request t3 12.2.1
[Tue Aug 25 22:44:39.729781 2020] [core:error] [pid 9624:tid 17708] [client 172.22.2.1:17952] AH00126: Invalid URI in request GET /../../../../../../../../../../../../windows/win.ini HTTP/1.1
[Tue Aug 25 22:44:40.150982 2020] [core:error] [pid 9624:tid 17708] [client 172.22.2.1:17954] AH00126: Invalid URI in request GET /../../../../../../../../../../../../winnt/win.ini HTTP/1.1
[Tue Aug 25 22:44:41.196184 2020] [core:error] [pid 9624:tid 17708] [client 172.22.2.1:17961] AH00126: Invalid URI in request GET ../../../../../../../../../../../../windows/win.ini HTTP/1.1
[Tue Aug 25 22:44:41.289784 2020] [cgi:error] [pid 9624:tid 17728] [client 172.22.2.1:17962] script not found or unable to stat: E:/nuevo/htdocs/vmstcs7x.asp
[Tue Aug 25 22:44:42.132185 2020] [core:error] [pid 9624:tid 17708] [client 172.22.2.1:17963] AH00126: Invalid URI in request GET ../../../../../../../../../../../../winnt/win.ini HTTP/1.1
[Tue Aug 25 22:44:43.161787 2020] [core:error] [pid 9624:tid 17708] [client 172.22.2.1:17970] AH00126: Invalid URI in request GET ..\\..\\..\\..\\..\\..\\..\\..\\..\\..\\windows\\win.ini HTTP/1.1
[Tue Aug 25 22:44:44.035389 2020] [core:error] [pid 9624:tid 17708] [client 172.22.2.1:17974] AH00126: Invalid URI in request GET ..\\..\\..\\..\\..\\..\\..\\..\\..\\..\\winnt\\win.ini HTTP/1.1
[Tue Aug 25 22:44:44.503390 2020] [core:error] [pid 9624:tid 17708] [client 172.22.2.1:17977] AH00126: Invalid URI in request GET /..\\..\\..\\..\\..\\..\\..\\..\\..\\..\\windows\\win.ini HTTP/1.1
[Tue Aug 25 22:44:46.390993 2020] [cgi:error] [pid 9624:tid 17728] [client 172.22.2.1:17962] script not found or unable to stat: E:/nuevo/htdocs/vmstcs7x.asp
[Tue Aug 25 22:44:46.390993 2020] [core:error] [pid 9624:tid 17708] [client 172.22.2.1:17983] AH00126: Invalid URI in request GET /..\\..\\..\\..\\..\\..\\..\\..\\..\\..\\winnt\\win.ini HTTP/1.1
[Tue Aug 25 22:44:49.588998 2020] [core:error] [pid 9624:tid 16068] (20024)The given path is misformatted or contained invalid characters: [client 172.22.2.1:17993] AH00127: Cannot map GET /.|./.|./.|./.|./.|./.|./.|./.|./.|./.|./.|./windows/win.ini HTTP/1.1 to file
[Tue Aug 25 22:44:51.289401 2020] [core:error] [pid 9624:tid 16068] (20024)The given path is misformatted or contained invalid characters: [client 172.22.2.1:17993] AH00127: Cannot map GET /.|./.|./.|./.|./.|./.|./.|./.|./.|./.|./.|./winnt/win.ini HTTP/1.1 to file
[Tue Aug 25 22:44:52.241003 2020] [cgi:error] [pid 9624:tid 17728] [client 172.22.2.1:17962] script not found or unable to stat: E:/nuevo/htdocs/vmstcs7x.pl
[Tue Aug 25 22:44:53.754206 2020] [core:error] [pid 9624:tid 16068] [client 172.22.2.1:17993] AH00126: Invalid URI in request GET /%2e%2e/%2e%2e/%2e%2e/%2e%2e/%2e%2e/%2e%2e/%2e%2e/%2e%2e/%2e%2e/%2e%2e/%2e%2e/windows/win.ini HTTP/1.1
[Tue Aug 25 22:44:54.191007 2020] [core:error] [pid 9624:tid 16188] [client 172.22.2.1:18017] AH00126: Invalid URI in request GET /%2e%2e/%2e%2e/%2e%2e/%2e%2e/%2e%2e/%2e%2e/%2e%2e/%2e%2e/%2e%2e/%2e%2e/%2e%2e/winnt/win.ini HTTP/1.1
[Tue Aug 25 22:44:54.799408 2020] [core:error] [pid 9624:tid 16188] [client 172.22.2.1:18019] AH00126: Invalid URI in request GET /%2e%2e\\%2e%2e\\%2e%2e\\%2e%2e\\%2e%2e\\%2e%2e\\%2e%2e\\%2e%2e\\%2e%2e\\%2e%2e\\windows\\win.ini HTTP/1.1
[Tue Aug 25 22:44:55.485809 2020] [cgi:error] [pid 9624:tid 17728] [client 172.22.2.1:17962] script not found or unable to stat: E:/nuevo/htdocs/vmstcs7x.pl
[Tue Aug 25 22:44:55.517009 2020] [core:error] [pid 9624:tid 16188] [client 172.22.2.1:18021] AH00126: Invalid URI in request GET /%2e%2e\\%2e%2e\\%2e%2e\\%2e%2e\\%2e%2e\\%2e%2e\\%2e%2e\\%2e%2e\\%2e%2e\\%2e%2e\\winnt\\win.ini HTTP/1.1
[Tue Aug 25 22:44:58.839815 2020] [core:error] [pid 9624:tid 16188] (20024)The given path is misformatted or contained invalid characters: [client 172.22.2.1:18033] AH00127: Cannot map GET /.../.../.../.../.../.../.../.../.../windows/win.ini HTTP/1.1 to file
[Tue Aug 25 22:45:00.197017 2020] [cgi:error] [pid 9624:tid 17728] [client 172.22.2.1:17962] script not found or unable to stat: E:/nuevo/htdocs/vmstcs7x.cgi
[Tue Aug 25 22:45:02.552621 2020] [core:error] [pid 9624:tid 16188] (20024)The given path is misformatted or contained invalid characters: [client 172.22.2.1:18033] AH00127: Cannot map GET /.../.../.../.../.../.../.../.../.../winnt/win.ini HTTP/1.1 to file
[Tue Aug 25 22:45:04.299824 2020] [cgi:error] [pid 9624:tid 17728] [client 172.22.2.1:17962] script not found or unable to stat: E:/nuevo/htdocs/vmstcs7x.cgi
[Tue Aug 25 22:45:06.780229 2020] [core:error] [pid 9624:tid 16188] (20024)The given path is misformatted or contained invalid characters: [client 172.22.2.1:18033] AH00127: Cannot map GET /...\\...\\...\\...\\...\\...\\...\\...\\...\\windows\\win.ini HTTP/1.1 to file
[Tue Aug 25 22:45:09.572634 2020] [authz_core:error] [pid 9624:tid 16068] [client 172.22.2.1:18069] AH01630: client denied by server configuration: E:/nuevo/htdocs/.htaccess.old
[Tue Aug 25 22:45:10.851836 2020] [core:error] [pid 9624:tid 16188] (20024)The given path is misformatted or contained invalid characters: [client 172.22.2.1:18033] AH00127: Cannot map GET /...\\...\\...\\...\\...\\...\\...\\...\\...\\winnt\\win.ini HTTP/1.1 to file
[Tue Aug 25 22:45:13.519440 2020] [authz_core:error] [pid 9624:tid 16068] [client 172.22.2.1:18069] AH01630: client denied by server configuration: E:/nuevo/htdocs/.htaccess.bak
[Tue Aug 25 22:45:15.157443 2020] [core:error] [pid 9624:tid 16188] (20024)The given path is misformatted or contained invalid characters: [client 172.22.2.1:18033] AH00127: Cannot map GET /..../..../..../..../..../..../..../..../..../windows/win.ini HTTP/1.1 to file
[Tue Aug 25 22:45:17.466247 2020] [authz_core:error] [pid 9624:tid 16068] [client 172.22.2.1:18069] AH01630: client denied by server configuration: E:/nuevo/htdocs/.htaccess~
[Tue Aug 25 22:45:18.932650 2020] [core:error] [pid 9624:tid 16188] (20024)The given path is misformatted or contained invalid characters: [client 172.22.2.1:18033] AH00127: Cannot map GET /..../..../..../..../..../..../..../..../..../winnt/win.ini HTTP/1.1 to file
[Tue Aug 25 22:45:23.175857 2020] [authz_core:error] [pid 9624:tid 16068] [client 172.22.2.1:18069] AH01630: client denied by server configuration: E:/nuevo/htdocs/.htaccess.copy
[Tue Aug 25 22:45:25.219461 2020] [core:error] [pid 9624:tid 16188] (20024)The given path is misformatted or contained invalid characters: [client 172.22.2.1:18033] AH00127: Cannot map GET /....\\....\\....\\....\\....\\....\\....\\....\\....\\windows\\win.ini HTTP/1.1 to file
[Tue Aug 25 22:45:28.682667 2020] [authz_core:error] [pid 9624:tid 16068] [client 172.22.2.1:18069] AH01630: client denied by server configuration: E:/nuevo/htdocs/.htaccess.tmp
[Tue Aug 25 22:45:28.807467 2020] [authz_core:error] [pid 9624:tid 19784] [client 172.22.2.1:18116] AH01630: client denied by server configuration: E:/nuevo/htdocs/xampp/index.php
[Tue Aug 25 22:45:29.525069 2020] [core:error] [pid 9624:tid 16188] (20024)The given path is misformatted or contained invalid characters: [client 172.22.2.1:18033] AH00127: Cannot map GET /....\\....\\....\\....\\....\\....\\....\\....\\....\\winnt\\win.ini HTTP/1.1 to file
[Tue Aug 25 22:45:34.049077 2020] [authz_core:error] [pid 9624:tid 16068] [client 172.22.2.1:18128] AH01630: client denied by server configuration: E:/nuevo/htdocs/.htaccess.1
[Tue Aug 25 22:45:35.203479 2020] [core:error] [pid 9624:tid 16188] [client 172.22.2.1:18033] AH00126: Invalid URI in request GET /././././././../../../../../windows/win.ini HTTP/1.1
[Tue Aug 25 22:45:36.014680 2020] [core:error] [pid 9624:tid 16188] [client 172.22.2.1:18132] AH00126: Invalid URI in request GET /././././././../../../../../winnt/win.ini HTTP/1.1
[Tue Aug 25 22:45:39.259486 2020] [core:error] [pid 9624:tid 16188] [client 172.22.2.1:18141] AH00126: Invalid URI in request GET /nessus\\..\\..\\..\\..\\..\\..\\windows\\win.ini HTTP/1.1
[Tue Aug 25 22:45:39.399886 2020] [authz_core:error] [pid 9624:tid 16068] [client 172.22.2.1:18128] AH01630: client denied by server configuration: E:/nuevo/htdocs/.htaccess.~1~
[Tue Aug 25 22:45:40.117487 2020] [core:error] [pid 9624:tid 16188] [client 172.22.2.1:18144] AH00126: Invalid URI in request GET /nessus\\..\\..\\..\\..\\..\\..\\winnt\\win.ini HTTP/1.1
[Tue Aug 25 22:45:41.178289 2020] [core:error] [pid 9624:tid 16188] (22)Invalid argument: [client 172.22.2.1:18147] AH00127: Cannot map GET /%80../%80../%80../%80../%80../%80../windows/win.ini HTTP/1.1 to file
[Tue Aug 25 22:45:44.953496 2020] [core:error] [pid 9624:tid 16188] (22)Invalid argument: [client 172.22.2.1:18147] AH00127: Cannot map GET /%80../%80../%80../%80../%80../%80../winnt/win.ini HTTP/1.1 to file
[Tue Aug 25 22:45:50.475905 2020] [core:error] [pid 9624:tid 16188] (22)Invalid argument: [client 172.22.2.1:18147] AH00127: Cannot map GET /%c0.%c0./%c0.%c0./%c0.%c0./%c0.%c0./%c0.%c0./windows/win.ini HTTP/1.1 to file
[Tue Aug 25 22:45:58.619120 2020] [core:error] [pid 9624:tid 16188] (22)Invalid argument: [client 172.22.2.1:18147] AH00127: Cannot map GET /%c0.%c0./%c0.%c0./%c0.%c0./%c0.%c0./%c0.%c0./winnt/win.ini HTTP/1.1 to file
[Tue Aug 25 22:46:02.472326 2020] [cgi:error] [pid 9624:tid 16068] [client 172.22.2.1:18166] script not found or unable to stat: E:/nuevo/htdocs/niet809733447.asp
[Tue Aug 25 22:46:08.025936 2020] [core:error] [pid 9624:tid 16188] (22)Invalid argument: [client 172.22.2.1:18147] AH00127: Cannot map GET /%c0%2e%c0%2e/%c0%2e%c0%2e/%c0%2e%c0%2e/%c0%2e%c0%2e/windows/win.ini HTTP/1.1 to file
[Tue Aug 25 22:46:13.532746 2020] [core:error] [pid 9624:tid 16188] (22)Invalid argument: [client 172.22.2.1:18147] AH00127: Cannot map GET /%c0%2e%c0%2e/%c0%2e%c0%2e/%c0%2e%c0%2e/%c0%2e%c0%2e/winnt/win.ini HTTP/1.1 to file
[Tue Aug 25 22:46:16.824352 2020] [core:error] [pid 9624:tid 16188] [client 172.22.2.1:18232] AH00126: Invalid URI in request GET /../../../../../../../../../../../../etc/passwd HTTP/1.1
[Tue Aug 25 22:46:16.933552 2020] [core:error] [pid 9624:tid 16188] [client 172.22.2.1:18234] AH00126: Invalid URI in request GET /./../../../../../../../../../../../etc/passwd HTTP/1.1
[Tue Aug 25 22:46:17.261152 2020] [core:error] [pid 9624:tid 16188] [client 172.22.2.1:18235] AH00126: Invalid URI in request GET //../../../../../../../../../../../../etc/passwd HTTP/1.1
[Tue Aug 25 22:46:17.619953 2020] [core:error] [pid 9624:tid 16188] (20024)The given path is misformatted or contained invalid characters: [client 172.22.2.1:18237] AH00127: Cannot map GET /..../..../..../..../..../..../..../..../..../..../..../..../etc/passwd HTTP/1.1 to file
[Tue Aug 25 22:46:18.743155 2020] [core:error] [pid 9624:tid 16188] [client 172.22.2.1:18237] AH00126: Invalid URI in request GET /%2e%2e/%2e%2e/%2e%2e/%2e%2e/%2e%2e/%2e%2e/%2e%2e/%2e%2e/%2e%2e/%2e%2e/%2e%2e/%2e%2e/etc/passwd HTTP/1.1
[Tue Aug 25 22:46:20.053557 2020] [core:error] [pid 9624:tid 16180] [client 172.22.2.1:18256] AH00126: Invalid URI in request GET /././././././../../../../../etc/passwd HTTP/1.1
[Tue Aug 25 22:46:20.849159 2020] [core:error] [pid 9624:tid 16188] [client 172.22.2.1:18269] AH00126: Invalid URI in request GET ..\\..\\..\\..\\..\\..\\windows\\win.ini HTTP/1.1
[Tue Aug 25 22:46:20.911559 2020] [core:error] [pid 9624:tid 16180] [client 172.22.2.1:18272] AH00126: Invalid URI in request GET ..\\..\\..\\..\\..\\..\\winnt\\win.ini HTTP/1.1
[Tue Aug 25 22:46:30.193575 2020] [core:error] [pid 9624:tid 16180] [client 172.22.2.1:18335] AH00038: Forbidden: E:/nuevo/cgi-bin/com5 doesn't point to a file or directory
[Tue Aug 25 22:46:32.112379 2020] [authz_core:error] [pid 9624:tid 17260] [client 172.22.2.1:18343] AH01630: client denied by server configuration: E:/nuevo/htdocs/server-info
[Tue Aug 25 22:46:35.731585 2020] [cgi:error] [pid 9624:tid 16180] [client 172.22.2.1:18362] script not found or unable to stat: E:/nuevo/cgi-bin/pub
[Tue Aug 25 22:46:43.172798 2020] [core:error] [pid 9624:tid 17728] (20024)The given path is misformatted or contained invalid characters: [client 172.22.2.1:17962] AH00127: Cannot map GET /<script>document.cookie=%22testgswo=5420;%22</script> HTTP/1.1 to file
[Tue Aug 25 22:46:44.888801 2020] [core:error] [pid 9624:tid 17728] [client 172.22.2.1:17962] AH00126: Invalid URI in request GET <script>document.cookie=%22testgswo=5420;%22</script> HTTP/1.1
[Tue Aug 25 22:46:45.871603 2020] [core:error] [pid 9624:tid 19916] (20024)The given path is misformatted or contained invalid characters: [client 172.22.2.1:18406] AH00127: Cannot map GET /<meta%20http-equiv=Set-Cookie%20content=%22testgswo=5420%22> HTTP/1.1 to file
[Tue Aug 25 22:46:48.554807 2020] [core:error] [pid 9624:tid 19916] [client 172.22.2.1:18406] AH00126: Invalid URI in request GET <meta%20http-equiv=Set-Cookie%20content=%22testgswo=5420%22> HTTP/1.1
[Tue Aug 25 22:46:58.024024 2020] [core:error] [pid 9624:tid 17260] [client 172.22.2.1:18473] AH00135: Invalid method in request NESSUS / HTTP/1.0
[Tue Aug 25 22:47:48.880113 2020] [proxy:error] [pid 9624:tid 19296] (OS 10061)No connection could be made because the target machine actively refused it.  : AH00957: AJP: attempt to connect to 127.0.0.1:8009 (*) failed
[Tue Aug 25 22:47:48.880113 2020] [proxy_ajp:error] [pid 9624:tid 19296] [client 172.22.2.1:18594] AH00896: failed to make connection to backend: 127.0.0.1
[Tue Aug 25 22:47:58.006129 2020] [cgi:error] [pid 9624:tid 19296] [client 172.22.2.1:18624] script not found or unable to stat: E:/nuevo/htdocs/InitialPage.asp
[Tue Aug 25 22:47:59.722132 2020] [cgi:error] [pid 9624:tid 16728] [client 172.22.2.1:18634] script not found or unable to stat: E:/nuevo/cgi-bin/printenv
[Tue Aug 25 22:48:04.823341 2020] [negotiation:error] [pid 9624:tid 19296] [client 172.22.2.1:18657] AH00690: no acceptable variant: E:/nuevo/apache/error/HTTP_NOT_FOUND.html.var
[Tue Aug 25 22:48:05.228942 2020] [negotiation:error] [pid 9624:tid 19296] [client 172.22.2.1:18657] AH00690: no acceptable variant: E:/nuevo/apache/error/HTTP_NOT_FOUND.html.var
[Tue Aug 25 22:48:05.275742 2020] [negotiation:error] [pid 9624:tid 19296] [client 172.22.2.1:18657] AH00690: no acceptable variant: E:/nuevo/apache/error/HTTP_NOT_FOUND.html.var
[Tue Aug 25 22:48:05.618943 2020] [negotiation:error] [pid 9624:tid 19296] [client 172.22.2.1:18657] AH00690: no acceptable variant: E:/nuevo/apache/error/HTTP_NOT_FOUND.html.var
[Tue Aug 25 22:48:05.634543 2020] [negotiation:error] [pid 9624:tid 19296] [client 172.22.2.1:18657] AH00690: no acceptable variant: E:/nuevo/apache/error/HTTP_NOT_FOUND.html.var
[Tue Aug 25 22:48:05.962143 2020] [cgi:error] [pid 9624:tid 16068] [client 172.22.2.1:18662] script not found or unable to stat: E:/nuevo/cgi-bin/index.cgi
[Tue Aug 25 22:48:09.955750 2020] [core:error] [pid 9624:tid 19296] [client 172.22.2.1:18705] AH00135: Invalid method in request SEARCH / HTTP/1.1
[Tue Aug 25 22:48:10.111751 2020] [negotiation:error] [pid 9624:tid 16188] [client 172.22.2.1:18712] AH00690: no acceptable variant: E:/nuevo/apache/error/HTTP_NOT_FOUND.html.var
[Tue Aug 25 22:48:11.905754 2020] [cgi:error] [pid 9624:tid 19296] [client 172.22.2.1:18739] script not found or unable to stat: E:/nuevo/htdocs/home.asp
[Tue Aug 25 22:48:12.997756 2020] [negotiation:error] [pid 9624:tid 19296] [client 172.22.2.1:18748] AH00690: no acceptable variant: E:/nuevo/apache/error/HTTP_NOT_FOUND.html.var
[Tue Aug 25 22:48:20.267368 2020] [authz_core:error] [pid 9624:tid 19916] [client 172.22.2.1:18811] AH01630: client denied by server configuration: E:/nuevo/htdocs/server-info
[Tue Aug 25 22:48:26.398179 2020] [authz_core:error] [pid 9624:tid 19296] [client 172.22.2.1:18820] AH01630: client denied by server configuration: E:/nuevo/htdocs/server-status
[Tue Aug 25 22:48:26.772580 2020] [authz_core:error] [pid 9624:tid 19916] [client 172.22.2.1:18823] AH01630: client denied by server configuration: E:/nuevo/htdocs/.htaccess
[Tue Aug 25 22:48:33.043791 2020] [authz_core:error] [pid 9624:tid 19916] [client 172.22.2.1:18823] AH01630: client denied by server configuration: E:/nuevo/htdocs/.htpasswd
[Tue Aug 25 22:49:03.073844 2020] [cgi:error] [pid 9624:tid 16728] [client 172.22.2.1:18940] script not found or unable to stat: E:/nuevo/cgi-bin/client_execute.cgi
[Tue Aug 25 22:49:07.519851 2020] [cgi:error] [pid 9624:tid 16728] [client 172.22.2.1:18965] script not found or unable to stat: E:/nuevo/cgi-bin/guestimage.html
[Tue Aug 25 22:49:08.346653 2020] [cgi:error] [pid 9624:tid 16304] [client 172.22.2.1:18973] script not found or unable to stat: E:/nuevo/cgi-bin/pdesk.cgi
[Tue Aug 25 22:49:10.546257 2020] [cgi:error] [pid 9624:tid 16728] [client 172.22.2.1:18979] script not found or unable to stat: E:/nuevo/cgi-bin/camctrl.cgi
[Tue Aug 25 22:49:14.446264 2020] [cgi:error] [pid 9624:tid 16728] [client 172.22.2.1:18986] script not found or unable to stat: E:/nuevo/cgi-bin/ctrldirect.cgi
[Tue Aug 25 22:49:15.990666 2020] [core:error] [pid 9624:tid 16188] (20024)The given path is misformatted or contained invalid characters: [client 172.22.2.1:18995] AH00127: Cannot map GET /<script>foo</script> HTTP/1.1 to file
[Tue Aug 25 22:49:19.204272 2020] [cgi:error] [pid 9624:tid 16728] [client 172.22.2.1:19002] script not found or unable to stat: E:/nuevo/htdocs/main.cgi
[Tue Aug 25 22:49:27.316286 2020] [cgi:error] [pid 9624:tid 16728] [client 172.22.2.1:19035] script not found or unable to stat: E:/nuevo/cgi-bin/kvm.cgi
[Tue Aug 25 22:49:33.774698 2020] [cgi:error] [pid 9624:tid 17260] [client 172.22.2.1:19065] script not found or unable to stat: E:/nuevo/htdocs/CMZNH1rr.asp
[Tue Aug 25 22:49:36.052302 2020] [core:error] [pid 9624:tid 16180] [client 172.22.2.1:19081] AH00126: Invalid URI in request GET /%2e%2e/%2e%2e/%2e%2e/%2e%2e/%2e%2e/%2e%2e/%2e%2e/etc/passwd HTTP/1.1
[Tue Aug 25 22:49:36.348702 2020] [authz_core:error] [pid 9624:tid 16416] [client 172.22.2.1:19080] AH01630: client denied by server configuration: E:/nuevo/htdocs/server-status
[Tue Aug 25 22:49:39.593508 2020] [authz_core:error] [pid 9624:tid 16068] [client 172.22.2.1:19104] AH01630: client denied by server configuration: E:/nuevo/webalizer/
[Tue Aug 25 22:50:30.309197 2020] [mpm_winnt:warn] [pid 9624:tid 20464] (OS 64)The specified network name is no longer available.  : AH00341: winnt_accept: Asynchronous AcceptEx failed.
[Tue Aug 25 22:50:48.483229 2020] [mpm_winnt:warn] [pid 9624:tid 20464] (OS 64)The specified network name is no longer available.  : AH00341: winnt_accept: Asynchronous AcceptEx failed.
[Tue Aug 25 22:51:05.705659 2020] [mpm_winnt:warn] [pid 9624:tid 20464] (OS 64)The specified network name is no longer available.  : AH00341: winnt_accept: Asynchronous AcceptEx failed.
[Tue Aug 25 22:51:58.808152 2020] [core:error] [pid 9624:tid 16188] [client 172.22.2.1:19598] AH00038: Forbidden: E:/nuevo/htdocs/nul doesn't point to a file or directory
[Tue Aug 25 22:52:05.640964 2020] [cgi:error] [pid 9624:tid 16980] [client 172.22.2.1:19652] script not found or unable to stat: E:/nuevo/cgi-bin/filescan
[Tue Aug 25 22:52:07.544168 2020] [cgi:error] [pid 9624:tid 16980] [client 172.22.2.1:19672] script not found or unable to stat: E:/nuevo/htdocs/FormHandler.cgi
[Tue Aug 25 22:52:07.934168 2020] [cgi:error] [pid 9624:tid 16980] [client 172.22.2.1:19678] script not found or unable to stat: E:/nuevo/htdocs/admin.cgi
[Tue Aug 25 22:52:07.934168 2020] [cgi:error] [pid 9624:tid 16416] [client 172.22.2.1:19679] script not found or unable to stat: E:/nuevo/cgi-bin/file_transfer.cgi
[Tue Aug 25 22:52:07.965368 2020] [cgi:error] [pid 9624:tid 16980] [client 172.22.2.1:19680] script not found or unable to stat: E:/nuevo/htdocs/administrator.cgi
[Tue Aug 25 22:52:08.214969 2020] [cgi:error] [pid 9624:tid 16980] [client 172.22.2.1:19683] script not found or unable to stat: E:/nuevo/htdocs/buglist.cgi
[Tue Aug 25 22:52:08.324169 2020] [cgi:error] [pid 9624:tid 16980] [client 172.22.2.1:19687] script not found or unable to stat: E:/nuevo/cgi-bin/admin
[Tue Aug 25 22:52:08.402169 2020] [cgi:error] [pid 9624:tid 16980] [client 172.22.2.1:19690] script not found or unable to stat: E:/nuevo/cgi-bin/admin.cgi
[Tue Aug 25 22:52:08.433369 2020] [cgi:error] [pid 9624:tid 16980] [client 172.22.2.1:19692] script not found or unable to stat: E:/nuevo/cgi-bin/admin.pl
[Tue Aug 25 22:52:08.464569 2020] [cgi:error] [pid 9624:tid 16980] [client 172.22.2.1:19694] script not found or unable to stat: E:/nuevo/cgi-bin/administrator
[Tue Aug 25 22:52:08.495769 2020] [cgi:error] [pid 9624:tid 16980] [client 172.22.2.1:19696] script not found or unable to stat: E:/nuevo/cgi-bin/administrator.cgi
[Tue Aug 25 22:52:08.558169 2020] [cgi:error] [pid 9624:tid 16980] [client 172.22.2.1:19698] script not found or unable to stat: E:/nuevo/cgi-bin/agorn.cgi
[Tue Aug 25 22:52:08.682970 2020] [cgi:error] [pid 9624:tid 16980] [client 172.22.2.1:19699] script not found or unable to stat: E:/nuevo/cgi-bin/bugreport.cgi
[Tue Aug 25 22:52:08.698570 2020] [cgi:error] [pid 9624:tid 16980] [client 172.22.2.1:19701] script not found or unable to stat: E:/nuevo/cgi-bin/cart.cgi
[Tue Aug 25 22:52:08.729770 2020] [cgi:error] [pid 9624:tid 16980] [client 172.22.2.1:19704] script not found or unable to stat: E:/nuevo/cgi-bin/clwarn.cgi
[Tue Aug 25 22:52:08.807770 2020] [cgi:error] [pid 9624:tid 16980] [client 172.22.2.1:19706] script not found or unable to stat: E:/nuevo/cgi-bin/count.cgi
[Tue Aug 25 22:52:08.854570 2020] [cgi:error] [pid 9624:tid 16980] [client 172.22.2.1:19708] script not found or unable to stat: E:/nuevo/cgi-bin/Count.cgi
[Tue Aug 25 22:52:08.870170 2020] [cgi:error] [pid 9624:tid 16980] [client 172.22.2.1:19709] script not found or unable to stat: E:/nuevo/cgi-bin/faqmanager.cgi
[Tue Aug 25 22:52:08.885770 2020] [cgi:error] [pid 9624:tid 16416] [client 172.22.2.1:19710] script not found or unable to stat: E:/nuevo/htdocs/admin.cgi
[Tue Aug 25 22:52:08.901370 2020] [cgi:error] [pid 9624:tid 16980] [client 172.22.2.1:19711] script not found or unable to stat: E:/nuevo/cgi-bin/FormHandler.cgi
[Tue Aug 25 22:52:08.916970 2020] [cgi:error] [pid 9624:tid 16416] [client 172.22.2.1:19712] script not found or unable to stat: E:/nuevo/htdocs/administrator.cgi
[Tue Aug 25 22:52:08.932570 2020] [cgi:error] [pid 9624:tid 16980] [client 172.22.2.1:19713] script not found or unable to stat: E:/nuevo/cgi-bin/FormMail.cgi
[Tue Aug 25 22:52:08.948170 2020] [cgi:error] [pid 9624:tid 16416] [client 172.22.2.1:19714] script not found or unable to stat: E:/nuevo/htdocs/buglist.cgi
[Tue Aug 25 22:52:08.963770 2020] [cgi:error] [pid 9624:tid 16980] [client 172.22.2.1:19715] script not found or unable to stat: E:/nuevo/cgi-bin/guestbook.cgi
[Tue Aug 25 22:52:09.010570 2020] [cgi:error] [pid 9624:tid 16980] [client 172.22.2.1:19717] script not found or unable to stat: E:/nuevo/cgi-bin/help.cgi
[Tue Aug 25 22:52:09.026170 2020] [cgi:error] [pid 9624:tid 16416] [client 172.22.2.1:19718] script not found or unable to stat: E:/nuevo/cgi-bin/admin
[Tue Aug 25 22:52:09.041770 2020] [cgi:error] [pid 9624:tid 16980] [client 172.22.2.1:19719] script not found or unable to stat: E:/nuevo/cgi-bin/hi
[Tue Aug 25 22:52:09.041770 2020] [cgi:error] [pid 9624:tid 16416] [client 172.22.2.1:19720] script not found or unable to stat: E:/nuevo/cgi-bin/admin.cgi
[Tue Aug 25 22:52:09.072970 2020] [cgi:error] [pid 9624:tid 16980] [client 172.22.2.1:19721] script not found or unable to stat: E:/nuevo/cgi-bin/index.cgi
[Tue Aug 25 22:52:09.072970 2020] [cgi:error] [pid 9624:tid 16416] [client 172.22.2.1:19722] script not found or unable to stat: E:/nuevo/cgi-bin/admin.pl
[Tue Aug 25 22:52:09.088570 2020] [cgi:error] [pid 9624:tid 16980] [client 172.22.2.1:19723] script not found or unable to stat: E:/nuevo/cgi-bin/index.pl
[Tue Aug 25 22:52:09.104170 2020] [cgi:error] [pid 9624:tid 16416] [client 172.22.2.1:19724] script not found or unable to stat: E:/nuevo/cgi-bin/administrator
[Tue Aug 25 22:52:09.119770 2020] [cgi:error] [pid 9624:tid 16980] [client 172.22.2.1:19725] script not found or unable to stat: E:/nuevo/cgi-bin/index.sh
[Tue Aug 25 22:52:09.135370 2020] [cgi:error] [pid 9624:tid 16416] [client 172.22.2.1:19726] script not found or unable to stat: E:/nuevo/cgi-bin/administrator.cgi
[Tue Aug 25 22:52:09.150970 2020] [cgi:error] [pid 9624:tid 16980] [client 172.22.2.1:19727] script not found or unable to stat: E:/nuevo/cgi-bin/login
[Tue Aug 25 22:52:09.166571 2020] [cgi:error] [pid 9624:tid 16416] [client 172.22.2.1:19728] script not found or unable to stat: E:/nuevo/cgi-bin/agorn.cgi
[Tue Aug 25 22:52:09.182171 2020] [cgi:error] [pid 9624:tid 16980] [client 172.22.2.1:19729] script not found or unable to stat: E:/nuevo/cgi-bin/login.cgi
[Tue Aug 25 22:52:09.197771 2020] [cgi:error] [pid 9624:tid 16416] [client 172.22.2.1:19730] script not found or unable to stat: E:/nuevo/cgi-bin/bugreport.cgi
[Tue Aug 25 22:52:09.197771 2020] [cgi:error] [pid 9624:tid 16980] [client 172.22.2.1:19731] script not found or unable to stat: E:/nuevo/cgi-bin/mailit.pl
[Tue Aug 25 22:52:09.213371 2020] [cgi:error] [pid 9624:tid 16416] [client 172.22.2.1:19733] script not found or unable to stat: E:/nuevo/cgi-bin/cart.cgi
[Tue Aug 25 22:52:09.244571 2020] [cgi:error] [pid 9624:tid 16980] [client 172.22.2.1:19734] script not found or unable to stat: E:/nuevo/cgi-bin/mt
[Tue Aug 25 22:52:09.322571 2020] [cgi:error] [pid 9624:tid 16188] [client 172.22.2.1:19735] script not found or unable to stat: E:/nuevo/cgi-bin/clwarn.cgi
[Tue Aug 25 22:52:09.338171 2020] [cgi:error] [pid 9624:tid 16980] [client 172.22.2.1:19737] script not found or unable to stat: E:/nuevo/cgi-bin/mt
[Tue Aug 25 22:52:09.338171 2020] [cgi:error] [pid 9624:tid 16188] [client 172.22.2.1:19738] script not found or unable to stat: E:/nuevo/cgi-bin/count.cgi
[Tue Aug 25 22:52:09.353771 2020] [cgi:error] [pid 9624:tid 16980] [client 172.22.2.1:19739] script not found or unable to stat: E:/nuevo/cgi-bin/mt-static
[Tue Aug 25 22:52:09.369371 2020] [cgi:error] [pid 9624:tid 16188] [client 172.22.2.1:19740] script not found or unable to stat: E:/nuevo/cgi-bin/Count.cgi
[Tue Aug 25 22:52:09.384971 2020] [cgi:error] [pid 9624:tid 16980] [client 172.22.2.1:19741] script not found or unable to stat: E:/nuevo/cgi-bin/mt-static
[Tue Aug 25 22:52:09.384971 2020] [cgi:error] [pid 9624:tid 16188] [client 172.22.2.1:19742] script not found or unable to stat: E:/nuevo/cgi-bin/faqmanager.cgi
[Tue Aug 25 22:52:09.431771 2020] [cgi:error] [pid 9624:tid 16980] [client 172.22.2.1:19744] script not found or unable to stat: E:/nuevo/cgi-bin/ncbook
[Tue Aug 25 22:52:09.447371 2020] [cgi:error] [pid 9624:tid 16188] [client 172.22.2.1:19745] script not found or unable to stat: E:/nuevo/cgi-bin/FormHandler.cgi
