!C99Shell v. 1.0 pre-release build #13!

Software: Apache. PHP/5.5.15 

uname -a: Windows NT SVR-DMZ 6.1 build 7600 (Windows Server 2008 R2 Enterprise Edition) i586 

SYSTEM 

Safe-mode: OFF (not secure)

E:\nuevo\apache\logs\   drwxrwxrwx
Free 8.02 GB of 239.26 GB (3.35%)
Detected drives: [ a ] [ c ] [ d ] [ e ] [ f ]
Home    Back    Forward    UPDIR    Refresh    Search    Buffer    Encoder    Tools    Proc.    FTP brute    Sec.    SQL    PHP-code    Update    Feedback    Self remove    Logout    


Viewing file:     error.2020.10.04.log (30.36 KB)      -rw-rw-rw-
Select action/file-type:
(+) | (+) | (+) | Code (+) | Session (+) | (+) | SDB (+) | (+) | (+) | (+) | (+) | (+) |
[Sun Oct 04 01:21:26.896349 2020] [proxy:error] [pid 4480:tid 20832] (OS 10060)A connection attempt failed because the connected party did not properly respond after a period of time, or established connection failed because connected host has failed to respond.  : AH00957: HTTP: attempt to connect to 172.22.1.51:8399 (172.22.1.51) failed
[Sun Oct 04 01:21:26.896349 2020] [proxy:error] [pid 4480:tid 20832] AH00959: ap_proxy_connect_backend disabling worker for (172.22.1.51) for 60s
[Sun Oct 04 01:21:26.896349 2020] [proxy_http:error] [pid 4480:tid 20832] [client 152.61.192.232:38973] AH01114: HTTP: failed to make connection to backend: 172.22.1.51
[Sun Oct 04 01:21:27.114750 2020] [proxy:error] [pid 4480:tid 20832] AH00940: HTTP: disabled connection for (172.22.1.51)
[Sun Oct 04 01:21:27.333150 2020] [proxy:error] [pid 4480:tid 20832] AH00940: HTTP: disabled connection for (172.22.1.51)
[Sun Oct 04 01:23:41.961386 2020] [mpm_winnt:warn] [pid 4480:tid 21444] (OS 64)The specified network name is no longer available.  : AH00341: winnt_accept: Asynchronous AcceptEx failed.
[Sun Oct 04 01:36:12.494305 2020] [proxy:error] [pid 4480:tid 20212] (OS 10060)A connection attempt failed because the connected party did not properly respond after a period of time, or established connection failed because connected host has failed to respond.  : AH00957: HTTP: attempt to connect to 172.22.1.51:8399 (172.22.1.51) failed
[Sun Oct 04 01:36:12.494305 2020] [proxy:error] [pid 4480:tid 20212] AH00959: ap_proxy_connect_backend disabling worker for (172.22.1.51) for 60s
[Sun Oct 04 01:36:12.494305 2020] [proxy_http:error] [pid 4480:tid 20212] [client 152.61.128.50:51998] AH01114: HTTP: failed to make connection to backend: 172.22.1.51
[Sun Oct 04 01:36:12.712705 2020] [proxy:error] [pid 4480:tid 20212] AH00940: HTTP: disabled connection for (172.22.1.51)
[Sun Oct 04 01:36:12.931105 2020] [proxy:error] [pid 4480:tid 20212] AH00940: HTTP: disabled connection for (172.22.1.51)
[Sun Oct 04 01:36:57.266383 2020] [mpm_winnt:warn] [pid 4480:tid 21444] (OS 64)The specified network name is no longer available.  : AH00341: winnt_accept: Asynchronous AcceptEx failed.
[Sun Oct 04 01:40:59.035608 2020] [mpm_winnt:warn] [pid 4480:tid 21444] (OS 64)The specified network name is no longer available.  : AH00341: winnt_accept: Asynchronous AcceptEx failed.
[Sun Oct 04 01:51:44.907942 2020] [mpm_winnt:warn] [pid 4480:tid 21444] (OS 64)The specified network name is no longer available.  : AH00341: winnt_accept: Asynchronous AcceptEx failed.
[Sun Oct 04 01:56:41.339663 2020] [mpm_winnt:warn] [pid 4480:tid 21444] (OS 64)The specified network name is no longer available.  : AH00341: winnt_accept: Asynchronous AcceptEx failed.
[Sun Oct 04 01:58:34.143461 2020] [mpm_winnt:warn] [pid 4480:tid 21444] (OS 64)The specified network name is no longer available.  : AH00341: winnt_accept: Asynchronous AcceptEx failed.
[Sun Oct 04 02:11:01.010373 2020] [mpm_winnt:warn] [pid 4480:tid 21444] (OS 64)The specified network name is no longer available.  : AH00341: winnt_accept: Asynchronous AcceptEx failed.
[Sun Oct 04 02:12:58.041778 2020] [mpm_winnt:warn] [pid 4480:tid 21444] (OS 64)The specified network name is no longer available.  : AH00341: winnt_accept: Asynchronous AcceptEx failed.
[Sun Oct 04 02:30:58.312476 2020] [mpm_winnt:warn] [pid 4480:tid 21444] (OS 64)The specified network name is no longer available.  : AH00341: winnt_accept: Asynchronous AcceptEx failed.
[Sun Oct 04 03:57:29.065593 2020] [mpm_winnt:warn] [pid 4480:tid 21444] (OS 64)The specified network name is no longer available.  : AH00341: winnt_accept: Asynchronous AcceptEx failed.
[Sun Oct 04 04:17:58.956153 2020] [mpm_winnt:warn] [pid 4480:tid 21444] (OS 64)The specified network name is no longer available.  : AH00341: winnt_accept: Asynchronous AcceptEx failed.
[Sun Oct 04 04:49:44.140699 2020] [mpm_winnt:warn] [pid 4480:tid 21444] (OS 64)The specified network name is no longer available.  : AH00341: winnt_accept: Asynchronous AcceptEx failed.
[Sun Oct 04 04:52:08.815354 2020] [cgi:error] [pid 4480:tid 20436] [client 52.184.153.19:38174] script not found or unable to stat: E:/nuevo/cgi-bin/kerbynet
[Sun Oct 04 05:06:03.900420 2020] [mpm_winnt:warn] [pid 4480:tid 21444] (OS 64)The specified network name is no longer available.  : AH00341: winnt_accept: Asynchronous AcceptEx failed.
[Sun Oct 04 05:18:11.672899 2020] [cgi:error] [pid 4480:tid 20556] [client 52.184.153.19:42368] script not found or unable to stat: E:/nuevo/cgi-bin/kerbynet
[Sun Oct 04 05:19:23.589025 2020] [mpm_winnt:warn] [pid 4480:tid 21444] (OS 64)The specified network name is no longer available.  : AH00341: winnt_accept: Asynchronous AcceptEx failed.
[Sun Oct 04 05:29:38.354905 2020] [cgi:error] [pid 4480:tid 20276] [client 52.184.153.19:60360] script not found or unable to stat: E:/nuevo/cgi-bin/kerbynet
[Sun Oct 04 05:32:39.596023 2020] [mpm_winnt:warn] [pid 4480:tid 21444] (OS 64)The specified network name is no longer available.  : AH00341: winnt_accept: Asynchronous AcceptEx failed.
[Sun Oct 04 05:46:06.008239 2020] [core:error] [pid 4480:tid 20388] (20024)The given path is misformatted or contained invalid characters: [client 159.65.37.116:46436] AH00127: Cannot map GET /galeria/carrusel/Carrusel/jquery-ui-%0A%0A1.8.13.custom.min.js HTTP/1.1 to file
[Sun Oct 04 06:32:50.674765 2020] [mpm_winnt:warn] [pid 4480:tid 21444] (OS 64)The specified network name is no longer available.  : AH00341: winnt_accept: Asynchronous AcceptEx failed.
[Sun Oct 04 06:33:24.246024 2020] [mpm_winnt:warn] [pid 4480:tid 21444] (OS 64)The specified network name is no longer available.  : AH00341: winnt_accept: Asynchronous AcceptEx failed.
[Sun Oct 04 06:54:28.347445 2020] [mpm_winnt:warn] [pid 4480:tid 21444] (OS 64)The specified network name is no longer available.  : AH00341: winnt_accept: Asynchronous AcceptEx failed.
[Sun Oct 04 07:22:48.532031 2020] [mpm_winnt:warn] [pid 4480:tid 21444] (OS 64)The specified network name is no longer available.  : AH00341: winnt_accept: Asynchronous AcceptEx failed.
[Sun Oct 04 08:17:49.014228 2020] [mpm_winnt:warn] [pid 4480:tid 21444] (OS 64)The specified network name is no longer available.  : AH00341: winnt_accept: Asynchronous AcceptEx failed.
[Sun Oct 04 08:18:55.095944 2020] [mpm_winnt:warn] [pid 4480:tid 21444] (OS 64)The specified network name is no longer available.  : AH00341: winnt_accept: Asynchronous AcceptEx failed.
[Sun Oct 04 08:43:28.674532 2020] [mpm_winnt:warn] [pid 4480:tid 21444] (OS 64)The specified network name is no longer available.  : AH00341: winnt_accept: Asynchronous AcceptEx failed.
[Sun Oct 04 09:01:14.702405 2020] [mpm_winnt:warn] [pid 4480:tid 21444] (OS 64)The specified network name is no longer available.  : AH00341: winnt_accept: Asynchronous AcceptEx failed.
[Sun Oct 04 09:09:11.033641 2020] [core:error] [pid 4480:tid 20624] (20024)The given path is misformatted or contained invalid characters: [client 38.86.229.244:19508] AH00127: Cannot map GET /galeria/carrusel/Carrusel/jquery-ui-%0A%0A1.8.13.custom.min.js HTTP/1.1 to file, referer: http://ambientebogota.gov.co/
[Sun Oct 04 09:18:08.298585 2020] [mpm_winnt:warn] [pid 4480:tid 21444] (OS 64)The specified network name is no longer available.  : AH00341: winnt_accept: Asynchronous AcceptEx failed.
[Sun Oct 04 09:55:20.256905 2020] [negotiation:error] [pid 4480:tid 20920] [client 52.211.58.58:9332] AH00690: no acceptable variant: E:/nuevo/apache/error/HTTP_NOT_FOUND.html.var
[Sun Oct 04 09:55:20.412905 2020] [negotiation:error] [pid 4480:tid 20440] [client 52.211.58.58:53085] AH00690: no acceptable variant: E:/nuevo/apache/error/HTTP_NOT_FOUND.html.var
[Sun Oct 04 10:13:50.339255 2020] [mpm_winnt:warn] [pid 4480:tid 21444] (OS 64)The specified network name is no longer available.  : AH00341: winnt_accept: Asynchronous AcceptEx failed.
[Sun Oct 04 10:13:51.540457 2020] [mpm_winnt:warn] [pid 4480:tid 21444] (OS 64)The specified network name is no longer available.  : AH00341: winnt_accept: Asynchronous AcceptEx failed.
[Sun Oct 04 10:31:40.423134 2020] [mpm_winnt:warn] [pid 4480:tid 21444] (OS 64)The specified network name is no longer available.  : AH00341: winnt_accept: Asynchronous AcceptEx failed.
[Sun Oct 04 11:51:12.331116 2020] [mpm_winnt:warn] [pid 4480:tid 21444] (OS 64)The specified network name is no longer available.  : AH00341: winnt_accept: Asynchronous AcceptEx failed.
[Sun Oct 04 12:40:37.412724 2020] [proxy:error] [pid 4480:tid 20620] (OS 10055)An operation on a socket could not be performed because the system lacked sufficient buffer space or because a queue was full.  : AH00957: HTTP: attempt to connect to 172.22.1.61:8080 (172.22.1.61) failed
[Sun Oct 04 12:40:37.412724 2020] [proxy:error] [pid 4480:tid 20620] AH00959: ap_proxy_connect_backend disabling worker for (172.22.1.61) for 60s
[Sun Oct 04 12:40:37.412724 2020] [proxy_http:error] [pid 4480:tid 20620] [client 190.27.245.107:35804] AH01114: HTTP: failed to make connection to backend: 172.22.1.61
[Sun Oct 04 12:46:18.710123 2020] [mpm_winnt:warn] [pid 4480:tid 21444] (OS 64)The specified network name is no longer available.  : AH00341: winnt_accept: Asynchronous AcceptEx failed.
[Sun Oct 04 13:11:13.114748 2020] [mpm_winnt:warn] [pid 4480:tid 21444] (OS 64)The specified network name is no longer available.  : AH00341: winnt_accept: Asynchronous AcceptEx failed.
[Sun Oct 04 13:14:59.580346 2020] [mpm_winnt:warn] [pid 4480:tid 21444] (OS 64)The specified network name is no longer available.  : AH00341: winnt_accept: Asynchronous AcceptEx failed.
[Sun Oct 04 13:19:56.136867 2020] [proxy:error] [pid 4480:tid 20544] (OS 10055)An operation on a socket could not be performed because the system lacked sufficient buffer space or because a queue was full.  : AH00957: HTTP: attempt to connect to 172.22.1.61:8080 (172.22.1.61) failed
[Sun Oct 04 13:19:56.136867 2020] [proxy:error] [pid 4480:tid 20544] AH00959: ap_proxy_connect_backend disabling worker for (172.22.1.61) for 60s
[Sun Oct 04 13:19:56.136867 2020] [proxy_http:error] [pid 4480:tid 20544] [client 186.145.71.105:60296] AH01114: HTTP: failed to make connection to backend: 172.22.1.61, referer: http://190.27.245.106/sipse/faces/faces/faces/faces/faces/faces/faces/faces/faces/faces/faces/faces/faces/faces/faces/faces/faces/faces/faces/faces/autenticacion.xhtml
[Sun Oct 04 13:48:37.849491 2020] [proxy:error] [pid 4480:tid 20808] (OS 10055)An operation on a socket could not be performed because the system lacked sufficient buffer space or because a queue was full.  : AH00957: HTTP: attempt to connect to 172.22.1.61:8080 (172.22.1.61) failed
[Sun Oct 04 13:48:37.849491 2020] [proxy:error] [pid 4480:tid 20808] AH00959: ap_proxy_connect_backend disabling worker for (172.22.1.61) for 60s
[Sun Oct 04 13:48:37.849491 2020] [proxy_http:error] [pid 4480:tid 20808] [client 186.84.88.196:4745] AH01114: HTTP: failed to make connection to backend: 172.22.1.61, referer: http://190.27.245.106/sipse/faces/faces/faces/index.xhtml
[Sun Oct 04 14:23:18.893146 2020] [mpm_winnt:warn] [pid 4480:tid 21444] (OS 64)The specified network name is no longer available.  : AH00341: winnt_accept: Asynchronous AcceptEx failed.
[Sun Oct 04 14:36:43.105758 2020] [mpm_winnt:warn] [pid 4480:tid 21444] (OS 64)The specified network name is no longer available.  : AH00341: winnt_accept: Asynchronous AcceptEx failed.
[Sun Oct 04 15:22:26.854177 2020] [mpm_winnt:warn] [pid 4480:tid 21444] (OS 64)The specified network name is no longer available.  : AH00341: winnt_accept: Asynchronous AcceptEx failed.
[Sun Oct 04 16:50:24.905048 2020] [mpm_winnt:warn] [pid 4480:tid 21444] (OS 64)The specified network name is no longer available.  : AH00341: winnt_accept: Asynchronous AcceptEx failed.
[Sun Oct 04 16:53:12.121741 2020] [mpm_winnt:warn] [pid 4480:tid 21444] (OS 64)The specified network name is no longer available.  : AH00341: winnt_accept: Asynchronous AcceptEx failed.
[Sun Oct 04 17:23:30.679336 2020] [mpm_winnt:warn] [pid 4480:tid 21444] (OS 64)The specified network name is no longer available.  : AH00341: winnt_accept: Asynchronous AcceptEx failed.
[Sun Oct 04 18:22:05.193909 2020] [proxy_http:error] [pid 4480:tid 20412] (OS 10054)An existing connection was forcibly closed by the remote host.  : [client 201.245.192.253:49596] AH01102: error reading status line from remote server 172.22.1.16:18080
[Sun Oct 04 18:22:05.193909 2020] [proxy:error] [pid 4480:tid 20412] [client 201.245.192.253:49596] AH00898: Error reading from remote server returned by /kwsrmcab/Wsrmcab
[Sun Oct 04 18:25:30.225069 2020] [proxy:error] [pid 4480:tid 20620] (OS 10055)An operation on a socket could not be performed because the system lacked sufficient buffer space or because a queue was full.  : AH00957: HTTP: attempt to connect to 172.22.1.61:8080 (172.22.1.61) failed
[Sun Oct 04 18:25:30.225069 2020] [proxy:error] [pid 4480:tid 20620] AH00959: ap_proxy_connect_backend disabling worker for (172.22.1.61) for 60s
[Sun Oct 04 18:25:30.225069 2020] [proxy_http:error] [pid 4480:tid 20620] [client 186.84.181.135:51861] AH01114: HTTP: failed to make connection to backend: 172.22.1.61
[Sun Oct 04 18:25:33.048674 2020] [proxy:error] [pid 4480:tid 20620] AH00940: HTTP: disabled connection for (172.22.1.61)
[Sun Oct 04 18:25:41.956289 2020] [proxy:error] [pid 4480:tid 20768] AH00940: HTTP: disabled connection for (172.22.1.61)
[Sun Oct 04 18:25:45.653496 2020] [proxy:error] [pid 4480:tid 20428] AH00940: HTTP: disabled connection for (172.22.1.61)
[Sun Oct 04 18:26:53.154814 2020] [mpm_winnt:warn] [pid 4480:tid 21444] (OS 64)The specified network name is no longer available.  : AH00341: winnt_accept: Asynchronous AcceptEx failed.
[Sun Oct 04 18:27:14.090051 2020] [proxy:error] [pid 4480:tid 20144] (OS 10055)An operation on a socket could not be performed because the system lacked sufficient buffer space or because a queue was full.  : AH00957: HTTP: attempt to connect to 172.22.1.61:8080 (172.22.1.61) failed
[Sun Oct 04 18:27:14.090051 2020] [proxy:error] [pid 4480:tid 20144] AH00959: ap_proxy_connect_backend disabling worker for (172.22.1.61) for 60s
[Sun Oct 04 18:27:14.090051 2020] [proxy_http:error] [pid 4480:tid 20144] [client 186.84.181.135:51946] AH01114: HTTP: failed to make connection to backend: 172.22.1.61
[Sun Oct 04 18:43:08.827328 2020] [mpm_winnt:warn] [pid 4480:tid 21444] (OS 64)The specified network name is no longer available.  : AH00341: winnt_accept: Asynchronous AcceptEx failed.
[Sun Oct 04 18:50:32.648108 2020] [mpm_winnt:warn] [pid 4480:tid 21444] (OS 64)The specified network name is no longer available.  : AH00341: winnt_accept: Asynchronous AcceptEx failed.
[Sun Oct 04 19:19:50.287595 2020] [proxy_http:error] [pid 4480:tid 20144] (OS 10054)An existing connection was forcibly closed by the remote host.  : [client 186.85.80.246:50306] AH01102: error reading status line from remote server 172.22.1.16:18080, referer: http://190.27.245.106/appsia/controlador
[Sun Oct 04 19:19:50.287595 2020] [proxy:error] [pid 4480:tid 20144] [client 186.85.80.246:50306] AH00898: Error reading from remote server returned by /appsia/controlador, referer: http://190.27.245.106/appsia/controlador
[Sun Oct 04 19:26:30.412697 2020] [proxy:error] [pid 4480:tid 20884] (OS 10055)An operation on a socket could not be performed because the system lacked sufficient buffer space or because a queue was full.  : AH00957: HTTP: attempt to connect to 172.22.1.61:8080 (172.22.1.61) failed
[Sun Oct 04 19:26:30.412697 2020] [proxy:error] [pid 4480:tid 20884] AH00959: ap_proxy_connect_backend disabling worker for (172.22.1.61) for 60s
[Sun Oct 04 19:26:30.412697 2020] [proxy_http:error] [pid 4480:tid 20884] [client 190.27.245.107:55338] AH01114: HTTP: failed to make connection to backend: 172.22.1.61, referer: http://www.ambientebogota.gov.co/
[Sun Oct 04 19:26:38.696312 2020] [proxy:error] [pid 4480:tid 20884] AH00940: HTTP: disabled connection for (172.22.1.61)
[Sun Oct 04 19:30:09.140682 2020] [proxy:error] [pid 4480:tid 20380] (OS 10055)An operation on a socket could not be performed because the system lacked sufficient buffer space or because a queue was full.  : AH00957: HTTP: attempt to connect to 172.22.1.61:8080 (172.22.1.61) failed
[Sun Oct 04 19:30:09.140682 2020] [proxy:error] [pid 4480:tid 20380] AH00959: ap_proxy_connect_backend disabling worker for (172.22.1.61) for 60s
[Sun Oct 04 19:30:09.140682 2020] [proxy_http:error] [pid 4480:tid 20380] [client 190.27.245.107:56908] AH01114: HTTP: failed to make connection to backend: 172.22.1.61, referer: http://www.ambientebogota.gov.co/
[Sun Oct 04 19:30:20.169901 2020] [mpm_winnt:warn] [pid 4480:tid 21444] (OS 64)The specified network name is no longer available.  : AH00341: winnt_accept: Asynchronous AcceptEx failed.
[Sun Oct 04 19:30:21.495903 2020] [mpm_winnt:warn] [pid 4480:tid 21444] (OS 64)The specified network name is no longer available.  : AH00341: winnt_accept: Asynchronous AcceptEx failed.
[Sun Oct 04 19:41:56.274324 2020] [mpm_winnt:warn] [pid 4480:tid 21444] (OS 64)The specified network name is no longer available.  : AH00341: winnt_accept: Asynchronous AcceptEx failed.
[Sun Oct 04 19:43:16.162064 2020] [proxy:error] [pid 4480:tid 20912] (OS 10055)An operation on a socket could not be performed because the system lacked sufficient buffer space or because a queue was full.  : AH00957: HTTP: attempt to connect to 172.22.1.61:8080 (172.22.1.61) failed
[Sun Oct 04 19:43:16.162064 2020] [proxy:error] [pid 4480:tid 20912] AH00959: ap_proxy_connect_backend disabling worker for (172.22.1.61) for 60s
[Sun Oct 04 19:43:16.162064 2020] [proxy_http:error] [pid 4480:tid 20912] [client 186.86.32.224:20545] AH01114: HTTP: failed to make connection to backend: 172.22.1.61, referer: http://190.27.245.106/sipse/faces/faces/index.xhtml
[Sun Oct 04 19:43:16.271264 2020] [proxy:error] [pid 4480:tid 20472] AH00940: HTTP: disabled connection for (172.22.1.61)
[Sun Oct 04 19:43:41.543309 2020] [proxy:error] [pid 4480:tid 20484] AH00940: HTTP: disabled connection for (172.22.1.61)
[Sun Oct 04 19:43:46.301317 2020] [proxy:error] [pid 4480:tid 20212] AH00940: HTTP: disabled connection for (172.22.1.61)
[Sun Oct 04 20:08:49.020756 2020] [mpm_winnt:warn] [pid 4480:tid 21444] (OS 64)The specified network name is no longer available.  : AH00341: winnt_accept: Asynchronous AcceptEx failed.
[Sun Oct 04 20:10:24.882925 2020] [proxy_http:error] [pid 4480:tid 20132] (OS 10054)An existing connection was forcibly closed by the remote host.  : [client 186.155.209.11:51922] AH01102: error reading status line from remote server 172.22.1.61:8080, referer: http://190.27.245.106/sipse/faces/autenticacion.xhtml
[Sun Oct 04 20:10:24.882925 2020] [proxy:error] [pid 4480:tid 20132] [client 186.155.209.11:51922] AH00898: Error reading from remote server returned by /sipse/faces/javax.faces.resource/layout/layout.css;jsessionid=Id5PrRX9uW5mB8kLPTSuYgBT.undefined, referer: http://190.27.245.106/sipse/faces/autenticacion.xhtml
[Sun Oct 04 20:10:24.882925 2020] [proxy_http:error] [pid 4480:tid 20900] (OS 10054)An existing connection was forcibly closed by the remote host.  : [client 186.155.209.11:51923] AH01102: error reading status line from remote server 172.22.1.61:8080, referer: http://190.27.245.106/sipse/faces/autenticacion.xhtml
[Sun Oct 04 20:10:24.882925 2020] [proxy:error] [pid 4480:tid 20900] [client 186.155.209.11:51923] AH00898: Error reading from remote server returned by /sipse/js/funciones.js, referer: http://190.27.245.106/sipse/faces/autenticacion.xhtml
[Sun Oct 04 20:24:05.771966 2020] [mpm_winnt:warn] [pid 4480:tid 21444] (OS 64)The specified network name is no longer available.  : AH00341: winnt_accept: Asynchronous AcceptEx failed.
[Sun Oct 04 20:35:42.937191 2020] [mpm_winnt:warn] [pid 4480:tid 21444] (OS 64)The specified network name is no longer available.  : AH00341: winnt_accept: Asynchronous AcceptEx failed.
[Sun Oct 04 21:33:50.026916 2020] [mpm_winnt:warn] [pid 4480:tid 21444] (OS 64)The specified network name is no longer available.  : AH00341: winnt_accept: Asynchronous AcceptEx failed.
[Sun Oct 04 21:44:10.892406 2020] [mpm_winnt:warn] [pid 4480:tid 21444] (OS 64)The specified network name is no longer available.  : AH00341: winnt_accept: Asynchronous AcceptEx failed.
[Sun Oct 04 22:06:35.302768 2020] [mpm_winnt:warn] [pid 4480:tid 21444] (OS 64)The specified network name is no longer available.  : AH00341: winnt_accept: Asynchronous AcceptEx failed.
[Sun Oct 04 22:22:03.192397 2020] [proxy_http:error] [pid 4480:tid 20296] (OS 10054)An existing connection was forcibly closed by the remote host.  : [client 201.245.192.253:60618] AH01102: error reading status line from remote server 172.22.1.16:18080
[Sun Oct 04 22:22:03.192397 2020] [proxy:error] [pid 4480:tid 20296] [client 201.245.192.253:60618] AH00898: Error reading from remote server returned by /kwsrmcab/Wsrmcab
[Sun Oct 04 22:38:37.756544 2020] [mpm_winnt:warn] [pid 4480:tid 21444] (OS 64)The specified network name is no longer available.  : AH00341: winnt_accept: Asynchronous AcceptEx failed.
[Sun Oct 04 22:38:48.770163 2020] [mpm_winnt:warn] [pid 4480:tid 21444] (OS 64)The specified network name is no longer available.  : AH00341: winnt_accept: Asynchronous AcceptEx failed.
[Sun Oct 04 22:38:49.284964 2020] [mpm_winnt:warn] [pid 4480:tid 21444] (OS 64)The specified network name is no longer available.  : AH00341: winnt_accept: Asynchronous AcceptEx failed.
[Sun Oct 04 22:38:50.283366 2020] [mpm_winnt:warn] [pid 4480:tid 21444] (OS 64)The specified network name is no longer available.  : AH00341: winnt_accept: Asynchronous AcceptEx failed.
[Sun Oct 04 22:38:50.782567 2020] [mpm_winnt:warn] [pid 4480:tid 21444] (OS 64)The specified network name is no longer available.  : AH00341: winnt_accept: Asynchronous AcceptEx failed.
[Sun Oct 04 22:38:52.280170 2020] [mpm_winnt:warn] [pid 4480:tid 21444] (OS 64)The specified network name is no longer available.  : AH00341: winnt_accept: Asynchronous AcceptEx failed.
[Sun Oct 04 22:38:52.779371 2020] [mpm_winnt:warn] [pid 4480:tid 21444] (OS 64)The specified network name is no longer available.  : AH00341: winnt_accept: Asynchronous AcceptEx failed.
[Sun Oct 04 22:39:03.886590 2020] [mpm_winnt:warn] [pid 4480:tid 21444] (OS 64)The specified network name is no longer available.  : AH00341: winnt_accept: Asynchronous AcceptEx failed.
[Sun Oct 04 22:39:04.884992 2020] [mpm_winnt:warn] [pid 4480:tid 21444] (OS 64)The specified network name is no longer available.  : AH00341: winnt_accept: Asynchronous AcceptEx failed.
[Sun Oct 04 22:39:28.331833 2020] [mpm_winnt:warn] [pid 4480:tid 21444] (OS 64)The specified network name is no longer available.  : AH00341: winnt_accept: Asynchronous AcceptEx failed.
[Sun Oct 04 22:39:28.331833 2020] [mpm_winnt:warn] [pid 4480:tid 21444] (OS 64)The specified network name is no longer available.  : AH00341: winnt_accept: Asynchronous AcceptEx failed.
[Sun Oct 04 22:40:06.707900 2020] [mpm_winnt:warn] [pid 4480:tid 21444] (OS 64)The specified network name is no longer available.  : AH00341: winnt_accept: Asynchronous AcceptEx failed.
[Sun Oct 04 22:40:17.596720 2020] [mpm_winnt:warn] [pid 4480:tid 21444] (OS 64)The specified network name is no longer available.  : AH00341: winnt_accept: Asynchronous AcceptEx failed.
[Sun Oct 04 22:40:17.612320 2020] [mpm_winnt:warn] [pid 4480:tid 21444] (OS 64)The specified network name is no longer available.  : AH00341: winnt_accept: Asynchronous AcceptEx failed.
[Sun Oct 04 22:41:39.060063 2020] [mpm_winnt:warn] [pid 4480:tid 21444] (OS 64)The specified network name is no longer available.  : AH00341: winnt_accept: Asynchronous AcceptEx failed.
[Sun Oct 04 22:41:40.089664 2020] [mpm_winnt:warn] [pid 4480:tid 21444] (OS 64)The specified network name is no longer available.  : AH00341: winnt_accept: Asynchronous AcceptEx failed.
[Sun Oct 04 22:43:59.023508 2020] [core:error] [pid 4480:tid 20244] (20025)The given path contained wildcard characters: [client 172.22.2.1:19784] AH00036: access to * failed (filesystem path 'E:/nuevo/htdocs/*')
[Sun Oct 04 22:44:33.187568 2020] [core:error] [pid 4480:tid 20364] [client 172.22.2.1:19909] AH00135: Invalid method in request PEEEOE / HTTP/1.1
[Sun Oct 04 22:44:41.720783 2020] [core:error] [pid 4480:tid 20228] [client 172.22.2.1:19956] AH00126: Invalid URI in request some invalid request
[Sun Oct 04 22:45:05.869626 2020] [core:error] [pid 4480:tid 20348] [client 172.22.2.1:20098] AH00126: Invalid URI in request GNUTELLA CONNECT/0.6
[Sun Oct 04 22:45:06.259627 2020] [core:error] [pid 4480:tid 20348] [client 172.22.2.1:20103] AH00126: Invalid URI in request GNUTELLA CONNECT/0.4
[Sun Oct 04 22:45:31.937272 2020] [cgi:error] [pid 4480:tid 20820] [client 172.22.2.1:20210] script not found or unable to stat: E:/nuevo/htdocs/Gs4iLzde8aNC.cgi
[Sun Oct 04 22:45:42.779291 2020] [cgi:error] [pid 4480:tid 20820] [client 172.22.2.1:20210] script not found or unable to stat: E:/nuevo/htdocs/Gs4iLzde8aNC.pl
[Sun Oct 04 22:46:09.346137 2020] [cgi:error] [pid 4480:tid 20820] [client 172.22.2.1:20210] script not found or unable to stat: E:/nuevo/htdocs/Gs4iLzde8aNC.asp
[Sun Oct 04 22:46:13.121344 2020] [core:error] [pid 4480:tid 20340] [client 172.22.2.1:20597] AH00126: Invalid URI in request t3 12.2.1
[Sun Oct 04 22:46:50.109009 2020] [cgi:error] [pid 4480:tid 20820] [client 172.22.2.1:20210] script not found or unable to stat: E:/nuevo/cgi-bin/Gs4iLzde8aNC.html
[Sun Oct 04 22:47:03.571833 2020] [cgi:error] [pid 4480:tid 20820] [client 172.22.2.1:20210] script not found or unable to stat: E:/nuevo/cgi-bin/Gs4iLzde8aNC.cgi
[Sun Oct 04 22:47:12.697849 2020] [cgi:error] [pid 4480:tid 20820] [client 172.22.2.1:20210] script not found or unable to stat: E:/nuevo/cgi-bin/Gs4iLzde8aNC.sh
[Sun Oct 04 22:47:18.953460 2020] [cgi:error] [pid 4480:tid 20820] [client 172.22.2.1:20210] script not found or unable to stat: E:/nuevo/cgi-bin/Gs4iLzde8aNC.pl
[Sun Oct 04 22:47:28.906277 2020] [cgi:error] [pid 4480:tid 20820] [client 172.22.2.1:20210] script not found or unable to stat: E:/nuevo/cgi-bin/Gs4iLzde8aNC.inc
[Sun Oct 04 22:47:36.955891 2020] [cgi:error] [pid 4480:tid 20820] [client 172.22.2.1:20210] script not found or unable to stat: E:/nuevo/cgi-bin/Gs4iLzde8aNC.shtml
[Sun Oct 04 22:47:43.788703 2020] [mpm_winnt:warn] [pid 4480:tid 21444] (OS 64)The specified network name is no longer available.  : AH00341: winnt_accept: Asynchronous AcceptEx failed.
[Sun Oct 04 22:47:52.477918 2020] [cgi:error] [pid 4480:tid 20820] [client 172.22.2.1:20210] script not found or unable to stat: E:/nuevo/cgi-bin/Gs4iLzde8aNC.asp
[Sun Oct 04 22:48:04.021939 2020] [cgi:error] [pid 4480:tid 20820] [client 172.22.2.1:20210] script not found or unable to stat: E:/nuevo/cgi-bin/Gs4iLzde8aNC.php
[Sun Oct 04 22:48:13.038755 2020] [cgi:error] [pid 4480:tid 20820] [client 172.22.2.1:20210] script not found or unable to stat: E:/nuevo/cgi-bin/Gs4iLzde8aNC.php3
[Sun Oct 04 22:48:13.600356 2020] [mpm_winnt:warn] [pid 4480:tid 21444] (OS 64)The specified network name is no longer available.  : AH00341: winnt_accept: Asynchronous AcceptEx failed.
[Sun Oct 04 22:48:14.739158 2020] [mpm_winnt:warn] [pid 4480:tid 21444] (OS 64)The specified network name is no longer available.  : AH00341: winnt_accept: Asynchronous AcceptEx failed.
[Sun Oct 04 22:48:28.389182 2020] [cgi:error] [pid 4480:tid 20820] [client 172.22.2.1:20210] script not found or unable to stat: E:/nuevo/cgi-bin/Gs4iLzde8aNC.cfm
[Sun Oct 04 22:51:26.728695 2020] [core:error] [pid 4480:tid 20116] [client 172.22.2.1:22230] AH00126: Invalid URI in request GET login?hsgid=00000000-0000-0000-0000-000000000000&hasFP=1 HTTP/1.1
[Sun Oct 04 22:51:59.535552 2020] [cgi:error] [pid 4480:tid 20460] [client 172.22.2.1:22338] script not found or unable to stat: E:/nuevo/htdocs/home.asp
[Sun Oct 04 22:52:29.113204 2020] [cgi:error] [pid 4480:tid 20364] [client 172.22.2.1:22409] script not found or unable to stat: E:/nuevo/cgi-bin/kvm.cgi
[Sun Oct 04 22:53:44.508137 2020] [core:error] [pid 4480:tid 20184] [client 172.22.2.1:22585] AH00126: Invalid URI in request GET /..\\pixfir~1\\how_to_login.html HTTP/1.1
[Sun Oct 04 23:00:47.970881 2020] [mpm_winnt:warn] [pid 4480:tid 21444] (OS 64)The specified network name is no longer available.  : AH00341: winnt_accept: Asynchronous AcceptEx failed.
[Sun Oct 04 23:31:29.756915 2020] [mpm_winnt:warn] [pid 4480:tid 21444] (OS 64)The specified network name is no longer available.  : AH00341: winnt_accept: Asynchronous AcceptEx failed.
[Sun Oct 04 23:32:02.750973 2020] [proxy:error] [pid 4480:tid 20476] (OS 10055)An operation on a socket could not be performed because the system lacked sufficient buffer space or because a queue was full.  : AH00957: HTTP: attempt to connect to 172.22.1.16:18080 (172.22.1.16) failed
[Sun Oct 04 23:32:02.750973 2020] [proxy:error] [pid 4480:tid 20476] AH00959: ap_proxy_connect_backend disabling worker for (172.22.1.16) for 60s
[Sun Oct 04 23:32:02.750973 2020] [proxy_http:error] [pid 4480:tid 20476] [client 201.245.192.253:60654] AH01114: HTTP: failed to make connection to backend: 172.22.1.16
[Sun Oct 04 23:32:03.499775 2020] [proxy:error] [pid 4480:tid 20476] AH00940: HTTP: disabled connection for (172.22.1.16)
[Sun Oct 04 23:32:03.499775 2020] [proxy:error] [pid 4480:tid 20476] AH00940: HTTP: disabled connection for (172.22.1.16)
[Sun Oct 04 23:57:44.298881 2020] [cgi:error] [pid 4480:tid 20520] [client 156.200.107.242:62625] script not found or unable to stat: E:/nuevo/cgi-bin/php
[Sun Oct 04 23:57:44.720082 2020] [cgi:error] [pid 4480:tid 20520] [client 156.200.107.244:62877] script not found or unable to stat: E:/nuevo/cgi-bin/php5
[Sun Oct 04 23:57:45.125682 2020] [cgi:error] [pid 4480:tid 20520] [client 156.200.107.244:63145] script not found or unable to stat: E:/nuevo/cgi-bin/php-cgi
[Sun Oct 04 23:57:45.546883 2020] [cgi:error] [pid 4480:tid 20520] [client 156.200.107.242:63371] script not found or unable to stat: E:/nuevo/cgi-bin/php.cgi
[Sun Oct 04 23:57:45.968084 2020] [cgi:error] [pid 4480:tid 20520] [client 156.200.107.244:63580] script not found or unable to stat: E:/nuevo/cgi-bin/php4
[Sun Oct 04 23:58:04.968917 2020] [authz_core:error] [pid 4480:tid 20520] [client 156.200.107.242:58217] AH01630: client denied by server configuration: E:/nuevo/phpMyAdmin/scripts
[Sun Oct 04 23:58:05.390118 2020] [authz_core:error] [pid 4480:tid 20520] [client 156.200.107.242:58467] AH01630: client denied by server configuration: E:/nuevo/htdocs/phpMyAdmin
[Sun Oct 04 23:58:06.232520 2020] [authz_core:error] [pid 4480:tid 20520] [client 156.200.107.244:58994] AH01630: client denied by server configuration: E:/nuevo/phpMyAdmin/scripts
[Sun Oct 04 23:58:06.653720 2020] [authz_core:error] [pid 4480:tid 20520] [client 156.200.107.242:59226] AH01630: client denied by server configuration: E:/nuevo/htdocs/phpMyAdmin

:: Command execute ::

Enter:
 
Select:
 

:: Search ::
regexp 

:: Upload ::
 
[ ok ]

:: Make Dir ::
 
[ ok ]
:: Make File ::
 
[ ok ]

:: Go Dir ::
 
:: Go File ::
 

--[ c99shell v. 1.0 pre-release build #13 powered by Captain Crunch Security Team | http://ccteam.ru | Generation time: 0.0312 ]--