!C99Shell v. 1.0 pre-release build #13!

Software: Apache. PHP/5.5.15 

uname -a: Windows NT SVR-DMZ 6.1 build 7600 (Windows Server 2008 R2 Enterprise Edition) i586 

SYSTEM 

Safe-mode: OFF (not secure)

E:\nuevo\apache\logs\   drwxrwxrwx
Free 9.41 GB of 239.26 GB (3.93%)
Detected drives: [ a ] [ c ] [ d ] [ e ] [ f ]
Home    Back    Forward    UPDIR    Refresh    Search    Buffer    Encoder    Tools    Proc.    FTP brute    Sec.    SQL    PHP-code    Update    Feedback    Self remove    Logout    


Viewing file:     error.2021.04.17.log (34.01 KB)      -rw-rw-rw-
Select action/file-type:
(+) | (+) | (+) | Code (+) | Session (+) | (+) | SDB (+) | (+) | (+) | (+) | (+) | (+) |
[Sat Apr 17 00:07:25.694472 2021] [mpm_winnt:warn] [pid 3560:tid 21500] (OS 64)The specified network name is no longer available.  : AH00341: winnt_accept: Asynchronous AcceptEx failed.
[Sat Apr 17 00:17:56.716581 2021] [core:error] [pid 3560:tid 20932] (20024)The given path is misformatted or contained invalid characters: [client 142.93.254.204:27704] AH00127: Cannot map GET /%24%7B%28%23_memberAccess%5B%22allowStaticMethodAccess%22%5D%3Dtrue%2C%23a%3D@java.lang.Runtime@getRuntime%28%29.exec%28%27cat%20/etc/passwd%27%29.getInputStream%28%29%2C%23b%3Dnew%20java.io.InputStreamReader%28%23a%29%2C%23c%3Dnew%20%20java.io.BufferedReader%28%23b%29%2C%23d%3Dnew%20char%5B51020%5D%2C%23c.read%28%23d%29%2C%23sbtest%3D@org.apache.struts2.ServletActionContext@getResponse%28%29.getWriter%28%29%2C%23sbtest.println%28%23d%29%2C%23sbtest.close%28%29%29%7D/actionChain1.action HTTP/1.1 to file
[Sat Apr 17 00:38:39.243163 2021] [authz_core:error] [pid 3560:tid 20180] [client 142.93.53.87:25240] AH01630: client denied by server configuration: E:/nuevo/htdocs/server-status
[Sat Apr 17 00:40:56.071003 2021] [core:error] [pid 3560:tid 20168] (20024)The given path is misformatted or contained invalid characters: [client 167.99.149.94:19836] AH00127: Cannot map GET /test.txt%0d%0aSet-Cookie:CRLFInjection=Test%0d%0aLocation:%20example.com%0d%0aX-XSS-Protection:0 HTTP/1.1 to file
[Sat Apr 17 00:41:10.750629 2021] [core:error] [pid 3560:tid 21080] (20024)The given path is misformatted or contained invalid characters: [client 167.99.149.94:24412] AH00127: Cannot map GET /test.txt%0d%0aSet-Cookie:CRLFInjection=Test%0d%0aLocation:%20example.com%0d%0aX-XSS-Protection:0 HTTP/1.1 to file
[Sat Apr 17 00:43:42.866496 2021] [cgi:error] [pid 3560:tid 20568] [client 142.93.254.204:44226] script not found or unable to stat: E:/nuevo/htdocs/gotoURL.asp
[Sat Apr 17 00:51:06.734076 2021] [core:error] [pid 3560:tid 20320] [client 142.93.254.204:20696] AH00135: Invalid method in request PURGE / HTTP/1.1
[Sat Apr 17 00:52:08.385384 2021] [cgi:error] [pid 3560:tid 20816] [client 124.118.67.11:1847] script not found or unable to stat: E:/nuevo/htdocs/setup.cgi
[Sat Apr 17 00:58:54.438497 2021] [cgi:error] [pid 3560:tid 20348] [client 167.99.149.94:39628] script not found or unable to stat: E:/nuevo/cgi-bin/execute_cmd.cgi
[Sat Apr 17 00:59:33.968967 2021] [cgi:error] [pid 3560:tid 20640] [client 167.99.149.94:52416] script not found or unable to stat: E:/nuevo/cgi-bin/execute_cmd.cgi
[Sat Apr 17 00:59:41.332180 2021] [authz_core:error] [pid 3560:tid 20640] [client 142.93.53.87:31036] AH01630: client denied by server configuration: E:/nuevo/webalizer/
[Sat Apr 17 01:03:10.294547 2021] [proxy:error] [pid 3560:tid 20348] (OS 10060)A connection attempt failed because the connected party did not properly respond after a period of time, or established connection failed because connected host has failed to respond.  : AH00957: HTTP: attempt to connect to 172.22.1.51:8399 (172.22.1.51) failed
[Sat Apr 17 01:03:10.294547 2021] [proxy:error] [pid 3560:tid 20348] AH00959: ap_proxy_connect_backend disabling worker for (172.22.1.51) for 60s
[Sat Apr 17 01:03:10.294547 2021] [proxy_http:error] [pid 3560:tid 20348] [client 152.61.128.50:53447] AH01114: HTTP: failed to make connection to backend: 172.22.1.51
[Sat Apr 17 01:03:10.528547 2021] [proxy:error] [pid 3560:tid 20348] AH00940: HTTP: disabled connection for (172.22.1.51)
[Sat Apr 17 01:03:10.762548 2021] [proxy:error] [pid 3560:tid 20348] AH00940: HTTP: disabled connection for (172.22.1.51)
[Sat Apr 17 01:10:07.158479 2021] [proxy:error] [pid 3560:tid 20348] (OS 10060)A connection attempt failed because the connected party did not properly respond after a period of time, or established connection failed because connected host has failed to respond.  : AH00957: HTTP: attempt to connect to 172.22.1.51:8399 (172.22.1.51) failed
[Sat Apr 17 01:10:07.158479 2021] [proxy:error] [pid 3560:tid 20348] AH00959: ap_proxy_connect_backend disabling worker for (172.22.1.51) for 60s
[Sat Apr 17 01:10:07.158479 2021] [proxy_http:error] [pid 3560:tid 20348] [client 152.61.192.232:53722] AH01114: HTTP: failed to make connection to backend: 172.22.1.51
[Sat Apr 17 01:10:07.408079 2021] [proxy:error] [pid 3560:tid 20348] AH00940: HTTP: disabled connection for (172.22.1.51)
[Sat Apr 17 01:10:07.657680 2021] [proxy:error] [pid 3560:tid 20348] AH00940: HTTP: disabled connection for (172.22.1.51)
[Sat Apr 17 01:23:41.557909 2021] [cgi:error] [pid 3560:tid 20536] [client 142.93.254.204:11258] script not found or unable to stat: E:/nuevo/cgi-bin/execute_cmd.cgi
[Sat Apr 17 01:28:09.113979 2021] [core:error] [pid 3560:tid 20340] (20024)The given path is misformatted or contained invalid characters: [client 167.99.149.94:31098] AH00127: Cannot map POST /.%0d./.%0d./.%0d./.%0d./bin/sh HTTP/1.1 to file
[Sat Apr 17 01:28:42.778838 2021] [core:error] [pid 3560:tid 20340] (20024)The given path is misformatted or contained invalid characters: [client 167.99.149.94:41634] AH00127: Cannot map POST /.%0d./.%0d./.%0d./.%0d./bin/sh HTTP/1.1 to file
[Sat Apr 17 01:31:39.386749 2021] [mpm_winnt:warn] [pid 3560:tid 21500] (OS 64)The specified network name is no longer available.  : AH00341: winnt_accept: Asynchronous AcceptEx failed.
[Sat Apr 17 02:38:05.132349 2021] [negotiation:error] [pid 3560:tid 20976] [client 167.99.149.94:16744] AH00690: no acceptable variant: E:/nuevo/apache/error/HTTP_NOT_FOUND.html.var, referer: dama.gov.co/user/register
[Sat Apr 17 02:38:36.597605 2021] [negotiation:error] [pid 3560:tid 20696] [client 167.99.149.94:26658] AH00690: no acceptable variant: E:/nuevo/apache/error/HTTP_NOT_FOUND.html.var, referer: mail.orarbo.gov.co/user/register
[Sat Apr 17 02:42:14.576787 2021] [cgi:error] [pid 3560:tid 20696] [client 142.93.254.204:29592] script not found or unable to stat: E:/nuevo/cgi-bin/webcm
[Sat Apr 17 02:47:22.490128 2021] [cgi:error] [pid 3560:tid 21080] [client 167.99.149.94:64404] script not found or unable to stat: E:/nuevo/cgi-bin/welcome
[Sat Apr 17 02:47:44.486167 2021] [cgi:error] [pid 3560:tid 20824] [client 167.99.149.94:6996] script not found or unable to stat: E:/nuevo/cgi-bin/welcome
[Sat Apr 17 03:15:10.508458 2021] [authz_core:error] [pid 3560:tid 20488] [client 142.93.53.87:2206] AH01630: client denied by server configuration: E:/nuevo/htdocs/.htpasswd
[Sat Apr 17 03:39:20.780605 2021] [mpm_winnt:warn] [pid 3560:tid 21500] (OS 64)The specified network name is no longer available.  : AH00341: winnt_accept: Asynchronous AcceptEx failed.
[Sat Apr 17 03:48:46.655999 2021] [mpm_winnt:warn] [pid 3560:tid 21500] (OS 64)The specified network name is no longer available.  : AH00341: winnt_accept: Asynchronous AcceptEx failed.
[Sat Apr 17 03:49:48.900109 2021] [mpm_winnt:warn] [pid 3560:tid 21500] (OS 64)The specified network name is no longer available.  : AH00341: winnt_accept: Asynchronous AcceptEx failed.
[Sat Apr 17 03:55:10.915874 2021] [mpm_winnt:warn] [pid 3560:tid 21500] (OS 64)The specified network name is no longer available.  : AH00341: winnt_accept: Asynchronous AcceptEx failed.
[Sat Apr 17 04:08:37.296890 2021] [authz_core:error] [pid 3560:tid 20476] [client 167.99.149.94:39868] AH01630: client denied by server configuration: E:/nuevo/htdocs/server-status
[Sat Apr 17 04:08:53.177718 2021] [authz_core:error] [pid 3560:tid 20968] [client 167.99.149.94:44978] AH01630: client denied by server configuration: E:/nuevo/htdocs/server-status
[Sat Apr 17 04:13:36.193415 2021] [core:error] [pid 3560:tid 20720] [client 142.93.254.204:5934] AH00126: Invalid URI in request GET /node_modules/../../../../../etc/passwd HTTP/1.1
[Sat Apr 17 04:50:31.429506 2021] [mpm_winnt:warn] [pid 3560:tid 21500] (OS 64)The specified network name is no longer available.  : AH00341: winnt_accept: Asynchronous AcceptEx failed.
[Sat Apr 17 04:58:08.869110 2021] [core:error] [pid 3560:tid 20348] (20024)The given path is misformatted or contained invalid characters: [client 142.93.53.87:24188] AH00127: Cannot map GET /test.txt%0d%0aSet-Cookie:CRLFInjection=Test%0d%0aLocation:%20example.com%0d%0aX-XSS-Protection:0 HTTP/1.1 to file
[Sat Apr 17 05:13:47.273158 2021] [core:error] [pid 3560:tid 20340] [client 167.99.149.94:46710] AH00126: Invalid URI in request GET /_next/../../../../../../../../../../etc/passwd HTTP/1.1
[Sat Apr 17 05:14:17.568411 2021] [core:error] [pid 3560:tid 20340] [client 167.99.149.94:56352] AH00126: Invalid URI in request GET /_next/../../../../../../../../../../etc/passwd HTTP/1.1
[Sat Apr 17 05:27:14.356176 2021] [mpm_winnt:warn] [pid 3560:tid 21500] (OS 64)The specified network name is no longer available.  : AH00341: winnt_accept: Asynchronous AcceptEx failed.
[Sat Apr 17 06:00:47.961912 2021] [mpm_winnt:warn] [pid 3560:tid 21500] (OS 64)The specified network name is no longer available.  : AH00341: winnt_accept: Asynchronous AcceptEx failed.
[Sat Apr 17 06:05:41.913229 2021] [authz_core:error] [pid 3560:tid 20476] [client 180.94.155.171:60694] AH01630: client denied by server configuration: E:/nuevo/phpMyAdmin/index.php
[Sat Apr 17 06:05:44.892834 2021] [authz_core:error] [pid 3560:tid 20476] [client 180.94.155.171:32972] AH01630: client denied by server configuration: E:/nuevo/htdocs/phpMyAdmin_
[Sat Apr 17 06:05:47.810039 2021] [authz_core:error] [pid 3560:tid 20476] [client 180.94.155.171:33462] AH01630: client denied by server configuration: E:/nuevo/htdocs/phpmyadmin2013
[Sat Apr 17 06:05:50.196843 2021] [authz_core:error] [pid 3560:tid 20476] [client 180.94.155.171:33870] AH01630: client denied by server configuration: E:/nuevo/htdocs/phpMyAdmin3
[Sat Apr 17 06:06:02.146464 2021] [authz_core:error] [pid 3560:tid 20476] [client 180.94.155.171:35796] AH01630: client denied by server configuration: E:/nuevo/htdocs/phpmyadmin2011
[Sat Apr 17 06:06:03.316466 2021] [authz_core:error] [pid 3560:tid 20476] [client 180.94.155.171:35988] AH01630: client denied by server configuration: E:/nuevo/htdocs/phpmyadmin2021
[Sat Apr 17 06:06:06.264871 2021] [authz_core:error] [pid 3560:tid 20476] [client 180.94.155.171:36450] AH01630: client denied by server configuration: E:/nuevo/htdocs/phpmyadmin3
[Sat Apr 17 06:06:08.074475 2021] [authz_core:error] [pid 3560:tid 20476] [client 180.94.155.171:36716] AH01630: client denied by server configuration: E:/nuevo/htdocs/phpmyadmin2012
[Sat Apr 17 06:06:09.291277 2021] [authz_core:error] [pid 3560:tid 20476] [client 180.94.155.171:36916] AH01630: client denied by server configuration: E:/nuevo/htdocs/phpmyadmin_
[Sat Apr 17 06:06:11.147680 2021] [authz_core:error] [pid 3560:tid 20476] [client 180.94.155.171:37202] AH01630: client denied by server configuration: E:/nuevo/htdocs/phpmyadmin2017
[Sat Apr 17 06:06:17.637291 2021] [authz_core:error] [pid 3560:tid 20864] [client 180.94.155.171:38172] AH01630: client denied by server configuration: E:/nuevo/htdocs/phpmyadmin1
[Sat Apr 17 06:06:25.905306 2021] [authz_core:error] [pid 3560:tid 20676] [client 180.94.155.171:39434] AH01630: client denied by server configuration: E:/nuevo/htdocs/phpmyadmin2017
[Sat Apr 17 06:06:28.323310 2021] [authz_core:error] [pid 3560:tid 20676] [client 180.94.155.171:39810] AH01630: client denied by server configuration: E:/nuevo/htdocs/phpmyadmin2011
[Sat Apr 17 06:06:30.647714 2021] [authz_core:error] [pid 3560:tid 20676] [client 180.94.155.171:40178] AH01630: client denied by server configuration: E:/nuevo/htdocs/phpmyadmin2020
[Sat Apr 17 06:06:31.240515 2021] [authz_core:error] [pid 3560:tid 20676] [client 180.94.155.171:40262] AH01630: client denied by server configuration: E:/nuevo/htdocs/phpmyadmin2
[Sat Apr 17 06:06:31.817716 2021] [authz_core:error] [pid 3560:tid 20676] [client 180.94.155.171:40336] AH01630: client denied by server configuration: E:/nuevo/htdocs/phpMyAdmin-3
[Sat Apr 17 06:06:34.781722 2021] [authz_core:error] [pid 3560:tid 20676] [client 180.94.155.171:40816] AH01630: client denied by server configuration: E:/nuevo/htdocs/phpmyadmin1
[Sat Apr 17 06:06:36.544525 2021] [authz_core:error] [pid 3560:tid 20676] [client 180.94.155.171:41076] AH01630: client denied by server configuration: E:/nuevo/htdocs/phpmyadmin2012
[Sat Apr 17 06:06:42.425735 2021] [authz_core:error] [pid 3560:tid 20676] [client 180.94.155.171:42026] AH01630: client denied by server configuration: E:/nuevo/htdocs/phpmyadmin2015
[Sat Apr 17 06:06:43.611337 2021] [authz_core:error] [pid 3560:tid 20676] [client 180.94.155.171:42222] AH01630: client denied by server configuration: E:/nuevo/htdocs/phpmyadmin2014
[Sat Apr 17 06:06:48.899746 2021] [authz_core:error] [pid 3560:tid 20676] [client 180.94.155.171:43078] AH01630: client denied by server configuration: E:/nuevo/htdocs/phpMyadmin
[Sat Apr 17 06:06:49.539347 2021] [authz_core:error] [pid 3560:tid 20676] [client 180.94.155.171:43168] AH01630: client denied by server configuration: E:/nuevo/htdocs/phpmyadmin2011
[Sat Apr 17 06:08:25.541916 2021] [core:error] [pid 3560:tid 20816] [client 167.99.149.94:23846] AH00126: Invalid URI in request GET /../conf/config.properties HTTP/1.1
[Sat Apr 17 06:08:41.282344 2021] [core:error] [pid 3560:tid 20476] [client 167.99.149.94:28994] AH00126: Invalid URI in request GET /../conf/config.properties HTTP/1.1
[Sat Apr 17 06:13:56.028497 2021] [authz_core:error] [pid 3560:tid 20792] [client 167.99.149.94:46406] AH01630: client denied by server configuration: E:/nuevo/htdocs/.htpasswd
[Sat Apr 17 06:14:13.750128 2021] [authz_core:error] [pid 3560:tid 20944] [client 167.99.149.94:50530] AH01630: client denied by server configuration: E:/nuevo/htdocs/.htpasswd
[Sat Apr 17 06:14:40.176574 2021] [proxy:error] [pid 3560:tid 20476] (OS 10061)No connection could be made because the target machine actively refused it.  : AH00957: AJP: attempt to connect to 127.0.0.1:8009 (*) failed
[Sat Apr 17 06:14:40.176574 2021] [proxy_ajp:error] [pid 3560:tid 20476] [client 142.93.53.87:49214] AH00896: failed to make connection to backend: 127.0.0.1
[Sat Apr 17 06:19:18.153462 2021] [mpm_winnt:warn] [pid 3560:tid 21500] (OS 64)The specified network name is no longer available.  : AH00341: winnt_accept: Asynchronous AcceptEx failed.
[Sat Apr 17 07:17:42.185817 2021] [mpm_winnt:warn] [pid 3560:tid 21500] (OS 64)The specified network name is no longer available.  : AH00341: winnt_accept: Asynchronous AcceptEx failed.
[Sat Apr 17 07:32:49.452210 2021] [mpm_winnt:warn] [pid 3560:tid 21500] (OS 64)The specified network name is no longer available.  : AH00341: winnt_accept: Asynchronous AcceptEx failed.
[Sat Apr 17 07:48:48.105094 2021] [mpm_winnt:warn] [pid 3560:tid 21500] (OS 64)The specified network name is no longer available.  : AH00341: winnt_accept: Asynchronous AcceptEx failed.
[Sat Apr 17 07:53:05.427546 2021] [mpm_winnt:warn] [pid 3560:tid 21500] (OS 64)The specified network name is no longer available.  : AH00341: winnt_accept: Asynchronous AcceptEx failed.
[Sat Apr 17 07:53:26.877584 2021] [mpm_winnt:warn] [pid 3560:tid 21500] (OS 64)The specified network name is no longer available.  : AH00341: winnt_accept: Asynchronous AcceptEx failed.
[Sat Apr 17 08:00:06.784286 2021] [core:error] [pid 3560:tid 20916] [client 167.99.149.94:32256] AH00126: Invalid URI in request GET /_plugin/head/../../../../../../../../../../../../../../../../etc/passwd HTTP/1.1
[Sat Apr 17 08:00:27.282722 2021] [core:error] [pid 3560:tid 20720] [client 167.99.149.94:38636] AH00126: Invalid URI in request GET /_plugin/head/../../../../../../../../../../../../../../../../etc/passwd HTTP/1.1
[Sat Apr 17 08:02:10.820104 2021] [mpm_winnt:warn] [pid 3560:tid 21500] (OS 64)The specified network name is no longer available.  : AH00341: winnt_accept: Asynchronous AcceptEx failed.
[Sat Apr 17 08:15:29.026706 2021] [authz_core:error] [pid 3560:tid 20676] [client 142.93.53.87:16750] AH01630: client denied by server configuration: E:/nuevo/phpMyAdmin/setup/index.php
[Sat Apr 17 08:18:32.094028 2021] [core:error] [pid 3560:tid 21056] [client 167.99.149.94:59714] AH00126: Invalid URI in request GET /dana-na/../dana/html5acc/guacamole/../../../../../../etc/passwd?/dana/html5acc/guacamole/ HTTP/1.1
[Sat Apr 17 08:18:53.934066 2021] [core:error] [pid 3560:tid 20488] [client 167.99.149.94:65252] AH00126: Invalid URI in request GET /dana-na/../dana/html5acc/guacamole/../../../../../../etc/passwd?/dana/html5acc/guacamole/ HTTP/1.1
[Sat Apr 17 08:42:50.961790 2021] [cgi:error] [pid 3560:tid 20696] [client 142.93.53.87:20218] script not found or unable to stat: E:/nuevo/cgi-bin/mainfunction.cgi
[Sat Apr 17 08:50:23.378185 2021] [negotiation:error] [pid 3560:tid 20932] [client 142.93.254.204:9512] AH00690: no acceptable variant: E:/nuevo/apache/error/HTTP_METHOD_NOT_ALLOWED.html.var
[Sat Apr 17 08:50:40.975016 2021] [core:error] [pid 3560:tid 20392] [client 142.93.254.204:15156] AH00126: Invalid URI in request GET /_next/../../../../../../../../../../etc/passwd HTTP/1.1
[Sat Apr 17 09:02:28.592258 2021] [mpm_winnt:warn] [pid 3560:tid 21500] (OS 64)The specified network name is no longer available.  : AH00341: winnt_accept: Asynchronous AcceptEx failed.
[Sat Apr 17 09:04:16.560048 2021] [core:error] [pid 3560:tid 20976] (20024)The given path is misformatted or contained invalid characters: [client 142.93.53.87:43918] AH00127: Cannot map GET /%61%27%22%3e%3c%69%6e%6a%65%63%74%61%62%6c%65%3e HTTP/1.1 to file
[Sat Apr 17 09:24:24.548170 2021] [proxy:error] [pid 3560:tid 20436] (OS 10061)No connection could be made because the target machine actively refused it.  : AH00957: AJP: attempt to connect to 127.0.0.1:8009 (*) failed
[Sat Apr 17 09:24:24.548170 2021] [proxy_ajp:error] [pid 3560:tid 20436] [client 167.99.149.94:49112] AH00896: failed to make connection to backend: 127.0.0.1
[Sat Apr 17 09:24:39.368196 2021] [proxy:error] [pid 3560:tid 21048] (OS 10061)No connection could be made because the target machine actively refused it.  : AH00957: AJP: attempt to connect to 127.0.0.1:8009 (*) failed
[Sat Apr 17 09:24:39.368196 2021] [proxy_ajp:error] [pid 3560:tid 21048] [client 167.99.149.94:52876] AH00896: failed to make connection to backend: 127.0.0.1
[Sat Apr 17 09:49:25.973807 2021] [mpm_winnt:warn] [pid 3560:tid 21500] (OS 64)The specified network name is no longer available.  : AH00341: winnt_accept: Asynchronous AcceptEx failed.
[Sat Apr 17 09:50:01.385869 2021] [proxy:error] [pid 3560:tid 20816] (OS 10060)A connection attempt failed because the connected party did not properly respond after a period of time, or established connection failed because connected host has failed to respond.  : AH00957: HTTP: attempt to connect to 172.22.1.31:80 (172.22.1.31) failed
[Sat Apr 17 09:50:01.385869 2021] [proxy:error] [pid 3560:tid 20816] AH00959: ap_proxy_connect_backend disabling worker for (172.22.1.31) for 60s
[Sat Apr 17 09:50:01.385869 2021] [proxy_http:error] [pid 3560:tid 20816] [client 46.229.173.68:61345] AH01114: HTTP: failed to make connection to backend: 172.22.1.31
[Sat Apr 17 09:50:07.017479 2021] [proxy:error] [pid 3560:tid 20388] (OS 10060)A connection attempt failed because the connected party did not properly respond after a period of time, or established connection failed because connected host has failed to respond.  : AH00957: HTTP: attempt to connect to 172.22.1.31:80 (172.22.1.31) failed
[Sat Apr 17 09:50:07.017479 2021] [proxy_http:error] [pid 3560:tid 20388] [client 46.229.173.66:44989] AH01114: HTTP: failed to make connection to backend: 172.22.1.31
[Sat Apr 17 09:58:02.989915 2021] [mpm_winnt:warn] [pid 3560:tid 21500] (OS 64)The specified network name is no longer available.  : AH00341: winnt_accept: Asynchronous AcceptEx failed.
[Sat Apr 17 10:00:57.538622 2021] [mpm_winnt:warn] [pid 3560:tid 21500] (OS 64)The specified network name is no longer available.  : AH00341: winnt_accept: Asynchronous AcceptEx failed.
[Sat Apr 17 10:01:34.073886 2021] [core:error] [pid 3560:tid 20476] [client 142.93.53.87:58098] AH00126: Invalid URI in request GET /.%2e/.%2e/.%2e/.%2e/.%2e/.%2e/.%2e/.%2e/.%2e/.%2e/.%2e/.%2e/.%2e/.%2e/var/www/html/index.html HTTP/1.1
[Sat Apr 17 10:16:59.623511 2021] [mpm_winnt:warn] [pid 3560:tid 21500] (OS 64)The specified network name is no longer available.  : AH00341: winnt_accept: Asynchronous AcceptEx failed.
[Sat Apr 17 10:31:04.973396 2021] [core:error] [pid 3560:tid 20504] [client 167.99.149.94:62396] AH00126: Invalid URI in request GET /../../../../../../../../../../../../../etc/passwd HTTP/1.1, referer: dama.gov.co
[Sat Apr 17 10:31:25.768233 2021] [core:error] [pid 3560:tid 20328] [client 167.99.149.94:4374] AH00126: Invalid URI in request GET /../../../../../../../../../../../../../etc/passwd HTTP/1.1, referer: mail.orarbo.gov.co
[Sat Apr 17 10:34:24.918947 2021] [core:error] [pid 3560:tid 20232] (20024)The given path is misformatted or contained invalid characters: [client 142.93.254.204:13084] AH00127: Cannot map GET /%3Cscript%3Ealert(document.domain)%3C/script%3E HTTP/1.1 to file
[Sat Apr 17 10:36:56.504414 2021] [mpm_winnt:warn] [pid 3560:tid 21500] (OS 64)The specified network name is no longer available.  : AH00341: winnt_accept: Asynchronous AcceptEx failed.
[Sat Apr 17 10:37:15.895248 2021] [mpm_winnt:warn] [pid 3560:tid 21500] (OS 64)The specified network name is no longer available.  : AH00341: winnt_accept: Asynchronous AcceptEx failed.
[Sat Apr 17 10:40:46.090017 2021] [cgi:error] [pid 3560:tid 20800] [client 167.99.149.94:15848] script not found or unable to stat: E:/nuevo/htdocs/password_change.cgi, referer: https://dama.gov.co/
[Sat Apr 17 10:41:06.994054 2021] [cgi:error] [pid 3560:tid 20388] [client 167.99.149.94:20136] script not found or unable to stat: E:/nuevo/htdocs/password_change.cgi, referer: https://mail.orarbo.gov.co/
[Sat Apr 17 11:00:43.985921 2021] [mpm_winnt:warn] [pid 3560:tid 21500] (OS 64)The specified network name is no longer available.  : AH00341: winnt_accept: Asynchronous AcceptEx failed.
[Sat Apr 17 11:04:29.406317 2021] [mpm_winnt:warn] [pid 3560:tid 21500] (OS 64)The specified network name is no longer available.  : AH00341: winnt_accept: Asynchronous AcceptEx failed.
[Sat Apr 17 11:08:29.911939 2021] [mpm_winnt:warn] [pid 3560:tid 21500] (OS 64)The specified network name is no longer available.  : AH00341: winnt_accept: Asynchronous AcceptEx failed.
[Sat Apr 17 11:11:19.063036 2021] [mpm_winnt:warn] [pid 3560:tid 21500] (OS 64)The specified network name is no longer available.  : AH00341: winnt_accept: Asynchronous AcceptEx failed.
[Sat Apr 17 11:11:21.761841 2021] [authz_core:error] [pid 3560:tid 20932] [client 167.99.149.94:22436] AH01630: client denied by server configuration: E:/nuevo/phpMyAdmin/
[Sat Apr 17 11:11:24.569846 2021] [authz_core:error] [pid 3560:tid 20932] [client 167.99.149.94:23424] AH01630: client denied by server configuration: E:/nuevo/htdocs/xampp/phpmyadmin
[Sat Apr 17 11:14:25.327364 2021] [authz_core:error] [pid 3560:tid 20376] [client 167.99.149.94:18756] AH01630: client denied by server configuration: E:/nuevo/phpMyAdmin/
[Sat Apr 17 11:14:27.776568 2021] [authz_core:error] [pid 3560:tid 20376] [client 167.99.149.94:19476] AH01630: client denied by server configuration: E:/nuevo/htdocs/xampp/phpmyadmin
[Sat Apr 17 11:23:52.497560 2021] [cgi:error] [pid 3560:tid 20244] [client 167.99.149.94:50276] script not found or unable to stat: E:/nuevo/cgi-bin/mainfunction.cgi
[Sat Apr 17 11:24:14.165998 2021] [cgi:error] [pid 3560:tid 21008] [client 167.99.149.94:56970] script not found or unable to stat: E:/nuevo/cgi-bin/mainfunction.cgi
[Sat Apr 17 11:42:03.469876 2021] [mpm_winnt:warn] [pid 3560:tid 21500] (OS 64)The specified network name is no longer available.  : AH00341: winnt_accept: Asynchronous AcceptEx failed.
[Sat Apr 17 11:54:02.506339 2021] [mpm_winnt:warn] [pid 3560:tid 21500] (OS 64)The specified network name is no longer available.  : AH00341: winnt_accept: Asynchronous AcceptEx failed.
[Sat Apr 17 12:19:33.617828 2021] [mpm_winnt:warn] [pid 3560:tid 21500] (OS 64)The specified network name is no longer available.  : AH00341: winnt_accept: Asynchronous AcceptEx failed.
[Sat Apr 17 12:28:38.387385 2021] [mpm_winnt:warn] [pid 3560:tid 21500] (OS 64)The specified network name is no longer available.  : AH00341: winnt_accept: Asynchronous AcceptEx failed.
[Sat Apr 17 12:29:08.635838 2021] [mpm_winnt:warn] [pid 3560:tid 21500] (OS 64)The specified network name is no longer available.  : AH00341: winnt_accept: Asynchronous AcceptEx failed.
[Sat Apr 17 13:01:27.937644 2021] [mpm_winnt:warn] [pid 3560:tid 21500] (OS 64)The specified network name is no longer available.  : AH00341: winnt_accept: Asynchronous AcceptEx failed.
[Sat Apr 17 13:08:25.893578 2021] [mpm_winnt:warn] [pid 3560:tid 21500] (OS 64)The specified network name is no longer available.  : AH00341: winnt_accept: Asynchronous AcceptEx failed.
[Sat Apr 17 13:10:03.658950 2021] [mpm_winnt:warn] [pid 3560:tid 21500] (OS 64)The specified network name is no longer available.  : AH00341: winnt_accept: Asynchronous AcceptEx failed.
[Sat Apr 17 13:10:04.813352 2021] [mpm_winnt:warn] [pid 3560:tid 21500] (OS 64)The specified network name is no longer available.  : AH00341: winnt_accept: Asynchronous AcceptEx failed.
[Sat Apr 17 13:10:21.552182 2021] [mpm_winnt:warn] [pid 3560:tid 21500] (OS 64)The specified network name is no longer available.  : AH00341: winnt_accept: Asynchronous AcceptEx failed.
[Sat Apr 17 14:02:53.179917 2021] [mpm_winnt:warn] [pid 3560:tid 21500] (OS 64)The specified network name is no longer available.  : AH00341: winnt_accept: Asynchronous AcceptEx failed.
[Sat Apr 17 14:17:47.529488 2021] [mpm_winnt:warn] [pid 3560:tid 21500] (OS 64)The specified network name is no longer available.  : AH00341: winnt_accept: Asynchronous AcceptEx failed.
[Sat Apr 17 14:31:54.985376 2021] [mpm_winnt:warn] [pid 3560:tid 21500] (OS 64)The specified network name is no longer available.  : AH00341: winnt_accept: Asynchronous AcceptEx failed.
[Sat Apr 17 14:40:48.490714 2021] [mpm_winnt:warn] [pid 3560:tid 21500] (OS 64)The specified network name is no longer available.  : AH00341: winnt_accept: Asynchronous AcceptEx failed.
[Sat Apr 17 14:43:23.305385 2021] [mpm_winnt:warn] [pid 3560:tid 21500] (OS 64)The specified network name is no longer available.  : AH00341: winnt_accept: Asynchronous AcceptEx failed.
[Sat Apr 17 14:49:54.819273 2021] [mpm_winnt:warn] [pid 3560:tid 21500] (OS 64)The specified network name is no longer available.  : AH00341: winnt_accept: Asynchronous AcceptEx failed.
[Sat Apr 17 14:49:55.973675 2021] [mpm_winnt:warn] [pid 3560:tid 21500] (OS 64)The specified network name is no longer available.  : AH00341: winnt_accept: Asynchronous AcceptEx failed.
[Sat Apr 17 14:50:12.712505 2021] [mpm_winnt:warn] [pid 3560:tid 21500] (OS 64)The specified network name is no longer available.  : AH00341: winnt_accept: Asynchronous AcceptEx failed.
[Sat Apr 17 15:12:25.283445 2021] [mpm_winnt:warn] [pid 3560:tid 21500] (OS 64)The specified network name is no longer available.  : AH00341: winnt_accept: Asynchronous AcceptEx failed.
[Sat Apr 17 15:57:08.160557 2021] [mpm_winnt:warn] [pid 3560:tid 21500] (OS 64)The specified network name is no longer available.  : AH00341: winnt_accept: Asynchronous AcceptEx failed.
[Sat Apr 17 16:01:39.179833 2021] [mpm_winnt:warn] [pid 3560:tid 21500] (OS 64)The specified network name is no longer available.  : AH00341: winnt_accept: Asynchronous AcceptEx failed.
[Sat Apr 17 16:24:19.299422 2021] [mpm_winnt:warn] [pid 3560:tid 21500] (OS 64)The specified network name is no longer available.  : AH00341: winnt_accept: Asynchronous AcceptEx failed.
[Sat Apr 17 16:29:22.206154 2021] [mpm_winnt:warn] [pid 3560:tid 21500] (OS 64)The specified network name is no longer available.  : AH00341: winnt_accept: Asynchronous AcceptEx failed.
[Sat Apr 17 16:30:10.909440 2021] [mpm_winnt:warn] [pid 3560:tid 21500] (OS 64)The specified network name is no longer available.  : AH00341: winnt_accept: Asynchronous AcceptEx failed.
[Sat Apr 17 16:30:27.897870 2021] [mpm_winnt:warn] [pid 3560:tid 21500] (OS 64)The specified network name is no longer available.  : AH00341: winnt_accept: Asynchronous AcceptEx failed.
[Sat Apr 17 16:53:44.100322 2021] [mpm_winnt:warn] [pid 3560:tid 21500] (OS 64)The specified network name is no longer available.  : AH00341: winnt_accept: Asynchronous AcceptEx failed.
[Sat Apr 17 16:58:02.109175 2021] [mpm_winnt:warn] [pid 3560:tid 21500] (OS 64)The specified network name is no longer available.  : AH00341: winnt_accept: Asynchronous AcceptEx failed.
[Sat Apr 17 17:23:51.878297 2021] [mpm_winnt:warn] [pid 3560:tid 21500] (OS 64)The specified network name is no longer available.  : AH00341: winnt_accept: Asynchronous AcceptEx failed.
[Sat Apr 17 17:30:53.406638 2021] [mpm_winnt:warn] [pid 3560:tid 21500] (OS 64)The specified network name is no longer available.  : AH00341: winnt_accept: Asynchronous AcceptEx failed.
[Sat Apr 17 18:03:55.999520 2021] [mpm_winnt:warn] [pid 3560:tid 21500] (OS 64)The specified network name is no longer available.  : AH00341: winnt_accept: Asynchronous AcceptEx failed.
[Sat Apr 17 18:18:00.085802 2021] [core:error] [pid 3560:tid 20412] (20024)The given path is misformatted or contained invalid characters: [client 138.201.95.8:26804] AH00127: Cannot map GET /www.ambientebogota.gov.co:81/ HTTP/1.1 to file
[Sat Apr 17 18:20:17.880845 2021] [mpm_winnt:warn] [pid 3560:tid 21500] (OS 64)The specified network name is no longer available.  : AH00341: winnt_accept: Asynchronous AcceptEx failed.
[Sat Apr 17 18:21:02.684123 2021] [mpm_winnt:warn] [pid 3560:tid 21500] (OS 64)The specified network name is no longer available.  : AH00341: winnt_accept: Asynchronous AcceptEx failed.
[Sat Apr 17 18:43:09.622454 2021] [mpm_winnt:warn] [pid 3560:tid 21500] (OS 64)The specified network name is no longer available.  : AH00341: winnt_accept: Asynchronous AcceptEx failed.
[Sat Apr 17 18:58:07.544431 2021] [mpm_winnt:warn] [pid 3560:tid 21500] (OS 64)The specified network name is no longer available.  : AH00341: winnt_accept: Asynchronous AcceptEx failed.
[Sat Apr 17 19:02:33.368898 2021] [mpm_winnt:warn] [pid 3560:tid 21500] (OS 64)The specified network name is no longer available.  : AH00341: winnt_accept: Asynchronous AcceptEx failed.
[Sat Apr 17 19:45:25.065615 2021] [mpm_winnt:warn] [pid 3560:tid 21500] (OS 64)The specified network name is no longer available.  : AH00341: winnt_accept: Asynchronous AcceptEx failed.
[Sat Apr 17 21:49:49.508126 2021] [mpm_winnt:warn] [pid 3560:tid 21500] (OS 64)The specified network name is no longer available.  : AH00341: winnt_accept: Asynchronous AcceptEx failed.
[Sat Apr 17 21:50:29.740596 2021] [mpm_winnt:warn] [pid 3560:tid 21500] (OS 64)The specified network name is no longer available.  : AH00341: winnt_accept: Asynchronous AcceptEx failed.
[Sat Apr 17 21:50:29.740596 2021] [mpm_winnt:warn] [pid 3560:tid 21500] (OS 64)The specified network name is no longer available.  : AH00341: winnt_accept: Asynchronous AcceptEx failed.
[Sat Apr 17 21:50:29.740596 2021] [mpm_winnt:warn] [pid 3560:tid 21500] (OS 64)The specified network name is no longer available.  : AH00341: winnt_accept: Asynchronous AcceptEx failed.
[Sat Apr 17 21:50:29.740596 2021] [mpm_winnt:warn] [pid 3560:tid 21500] (OS 64)The specified network name is no longer available.  : AH00341: winnt_accept: Asynchronous AcceptEx failed.
[Sat Apr 17 21:50:29.740596 2021] [mpm_winnt:warn] [pid 3560:tid 21500] (OS 64)The specified network name is no longer available.  : AH00341: winnt_accept: Asynchronous AcceptEx failed.
[Sat Apr 17 21:50:29.740596 2021] [mpm_winnt:warn] [pid 3560:tid 21500] (OS 64)The specified network name is no longer available.  : AH00341: winnt_accept: Asynchronous AcceptEx failed.
[Sat Apr 17 21:50:29.740596 2021] [mpm_winnt:warn] [pid 3560:tid 21500] (OS 64)The specified network name is no longer available.  : AH00341: winnt_accept: Asynchronous AcceptEx failed.
[Sat Apr 17 21:50:29.740596 2021] [mpm_winnt:warn] [pid 3560:tid 21500] (OS 64)The specified network name is no longer available.  : AH00341: winnt_accept: Asynchronous AcceptEx failed.
[Sat Apr 17 21:50:29.740596 2021] [mpm_winnt:warn] [pid 3560:tid 21500] (OS 64)The specified network name is no longer available.  : AH00341: winnt_accept: Asynchronous AcceptEx failed.
[Sat Apr 17 21:50:29.740596 2021] [mpm_winnt:warn] [pid 3560:tid 21500] (OS 64)The specified network name is no longer available.  : AH00341: winnt_accept: Asynchronous AcceptEx failed.
[Sat Apr 17 21:50:29.740596 2021] [mpm_winnt:warn] [pid 3560:tid 21500] (OS 64)The specified network name is no longer available.  : AH00341: winnt_accept: Asynchronous AcceptEx failed.
[Sat Apr 17 21:50:29.740596 2021] [mpm_winnt:warn] [pid 3560:tid 21500] (OS 64)The specified network name is no longer available.  : AH00341: winnt_accept: Asynchronous AcceptEx failed.
[Sat Apr 17 22:03:20.944551 2021] [mpm_winnt:warn] [pid 3560:tid 21500] (OS 64)The specified network name is no longer available.  : AH00341: winnt_accept: Asynchronous AcceptEx failed.
[Sat Apr 17 22:23:55.031518 2021] [mpm_winnt:warn] [pid 3560:tid 21500] (OS 64)The specified network name is no longer available.  : AH00341: winnt_accept: Asynchronous AcceptEx failed.
[Sat Apr 17 22:33:53.978970 2021] [mpm_winnt:warn] [pid 3560:tid 21500] (OS 64)The specified network name is no longer available.  : AH00341: winnt_accept: Asynchronous AcceptEx failed.
[Sat Apr 17 22:43:40.852001 2021] [cgi:error] [pid 3560:tid 20640] [client 106.75.18.16:55252] script not found or unable to stat: E:/nuevo/htdocs/register.asp
[Sat Apr 17 22:43:41.242002 2021] [cgi:error] [pid 3560:tid 20640] [client 106.75.18.16:55252] script not found or unable to stat: E:/nuevo/htdocs/step1.asp
[Sat Apr 17 22:46:10.659064 2021] [mpm_winnt:warn] [pid 3560:tid 21500] (OS 64)The specified network name is no longer available.  : AH00341: winnt_accept: Asynchronous AcceptEx failed.
[Sat Apr 17 22:58:17.308341 2021] [mpm_winnt:warn] [pid 3560:tid 21500] (OS 64)The specified network name is no longer available.  : AH00341: winnt_accept: Asynchronous AcceptEx failed.
[Sat Apr 17 23:05:08.727863 2021] [authz_core:error] [pid 3560:tid 20412] [client 211.23.45.31:16484] AH01630: client denied by server configuration: E:/nuevo/phpMyAdmin/
[Sat Apr 17 23:16:14.460033 2021] [mpm_winnt:warn] [pid 3560:tid 21500] (OS 64)The specified network name is no longer available.  : AH00341: winnt_accept: Asynchronous AcceptEx failed.
[Sat Apr 17 23:56:22.792263 2021] [mpm_winnt:warn] [pid 3560:tid 21500] (OS 64)The specified network name is no longer available.  : AH00341: winnt_accept: Asynchronous AcceptEx failed.

:: Command execute ::

Enter:
 
Select:
 

:: Search ::
regexp 

:: Upload ::
 
[ ok ]

:: Make Dir ::
 
[ ok ]
:: Make File ::
 
[ ok ]

:: Go Dir ::
 
:: Go File ::
 

--[ c99shell v. 1.0 pre-release build #13 powered by Captain Crunch Security Team | http://ccteam.ru | Generation time: 0.0312 ]--