!C99Shell v. 1.0 pre-release build #13!

Software: Apache. PHP/5.5.15 

uname -a: Windows NT SVR-DMZ 6.1 build 7600 (Windows Server 2008 R2 Enterprise Edition) i586 

SYSTEM 

Safe-mode: OFF (not secure)

E:\nuevo\apache\logs\   drwxrwxrwx
Free 8.02 GB of 239.26 GB (3.35%)
Detected drives: [ a ] [ c ] [ d ] [ e ] [ f ]
Home    Back    Forward    UPDIR    Refresh    Search    Buffer    Encoder    Tools    Proc.    FTP brute    Sec.    SQL    PHP-code    Update    Feedback    Self remove    Logout    


Viewing file:     error.2022.03.02.log (45.56 KB)      -rw-rw-rw-
Select action/file-type:
(+) | (+) | (+) | Code (+) | Session (+) | (+) | SDB (+) | (+) | (+) | (+) | (+) | (+) |
[Wed Mar 02 00:31:24.727677 2022] [mpm_winnt:warn] [pid 5468:tid 21456] (OS 64)The specified network name is no longer available.  : AH00341: winnt_accept: Asynchronous AcceptEx failed.
[Wed Mar 02 00:33:37.556311 2022] [mpm_winnt:warn] [pid 5468:tid 21456] (OS 64)The specified network name is no longer available.  : AH00341: winnt_accept: Asynchronous AcceptEx failed.
[Wed Mar 02 00:33:37.618711 2022] [mpm_winnt:warn] [pid 5468:tid 21456] (OS 64)The specified network name is no longer available.  : AH00341: winnt_accept: Asynchronous AcceptEx failed.
[Wed Mar 02 00:56:24.405516 2022] [mpm_winnt:warn] [pid 5468:tid 21456] (OS 64)The specified network name is no longer available.  : AH00341: winnt_accept: Asynchronous AcceptEx failed.
[Wed Mar 02 00:57:48.570065 2022] [mpm_winnt:warn] [pid 5468:tid 21456] (OS 64)The specified network name is no longer available.  : AH00341: winnt_accept: Asynchronous AcceptEx failed.
[Wed Mar 02 01:08:36.431413 2022] [mpm_winnt:warn] [pid 5468:tid 21456] (OS 64)The specified network name is no longer available.  : AH00341: winnt_accept: Asynchronous AcceptEx failed.
[Wed Mar 02 01:24:46.176921 2022] [mpm_winnt:warn] [pid 5468:tid 21456] (OS 64)The specified network name is no longer available.  : AH00341: winnt_accept: Asynchronous AcceptEx failed.
[Wed Mar 02 01:30:10.071091 2022] [proxy:error] [pid 5468:tid 21184] (OS 10061)No connection could be made because the target machine actively refused it.  : AH00957: HTTP: attempt to connect to 172.22.1.51:8399 (172.22.1.51) failed
[Wed Mar 02 01:30:10.071091 2022] [proxy:error] [pid 5468:tid 21184] AH00959: ap_proxy_connect_backend disabling worker for (172.22.1.51) for 60s
[Wed Mar 02 01:30:10.071091 2022] [proxy_http:error] [pid 5468:tid 21184] [client 152.61.128.50:40275] AH01114: HTTP: failed to make connection to backend: 172.22.1.51
[Wed Mar 02 01:30:10.289492 2022] [proxy:error] [pid 5468:tid 21184] AH00940: HTTP: disabled connection for (172.22.1.51)
[Wed Mar 02 01:30:10.507892 2022] [proxy:error] [pid 5468:tid 21184] AH00940: HTTP: disabled connection for (172.22.1.51)
[Wed Mar 02 01:56:45.222499 2022] [proxy:error] [pid 5468:tid 21136] (OS 10061)No connection could be made because the target machine actively refused it.  : AH00957: HTTP: attempt to connect to 172.22.1.51:8399 (172.22.1.51) failed
[Wed Mar 02 01:56:45.222499 2022] [proxy:error] [pid 5468:tid 21136] AH00959: ap_proxy_connect_backend disabling worker for (172.22.1.51) for 60s
[Wed Mar 02 01:56:45.222499 2022] [proxy_http:error] [pid 5468:tid 21136] [client 152.61.192.232:52516] AH01114: HTTP: failed to make connection to backend: 172.22.1.51
[Wed Mar 02 01:56:45.472100 2022] [proxy:error] [pid 5468:tid 21136] AH00940: HTTP: disabled connection for (172.22.1.51)
[Wed Mar 02 01:56:45.721700 2022] [proxy:error] [pid 5468:tid 21136] AH00940: HTTP: disabled connection for (172.22.1.51)
[Wed Mar 02 02:06:40.180146 2022] [mpm_winnt:warn] [pid 5468:tid 21456] (OS 64)The specified network name is no longer available.  : AH00341: winnt_accept: Asynchronous AcceptEx failed.
[Wed Mar 02 02:33:15.253554 2022] [proxy:error] [pid 5468:tid 21024] (OS 10060)A connection attempt failed because the connected party did not properly respond after a period of time, or established connection failed because connected host has failed to respond.  : AH00957: HTTP: attempt to connect to 192.168.173.36:80 (192.168.173.36) failed
[Wed Mar 02 02:33:15.253554 2022] [proxy:error] [pid 5468:tid 21024] AH00959: ap_proxy_connect_backend disabling worker for (192.168.173.36) for 60s
[Wed Mar 02 02:33:15.253554 2022] [proxy_http:error] [pid 5468:tid 21024] [client 20.36.244.102:6080] AH01114: HTTP: failed to make connection to backend: 192.168.173.36
[Wed Mar 02 02:33:15.253554 2022] [negotiation:error] [pid 5468:tid 21024] [client 20.36.244.102:6080] AH00690: no acceptable variant: E:/nuevo/apache/error/HTTP_SERVICE_UNAVAILABLE.html.var
[Wed Mar 02 02:45:32.759652 2022] [mpm_winnt:warn] [pid 5468:tid 21456] (OS 64)The specified network name is no longer available.  : AH00341: winnt_accept: Asynchronous AcceptEx failed.
[Wed Mar 02 03:01:53.207981 2022] [mpm_winnt:warn] [pid 5468:tid 21456] (OS 64)The specified network name is no longer available.  : AH00341: winnt_accept: Asynchronous AcceptEx failed.
[Wed Mar 02 03:08:24.426869 2022] [mpm_winnt:warn] [pid 5468:tid 21456] (OS 64)The specified network name is no longer available.  : AH00341: winnt_accept: Asynchronous AcceptEx failed.
[Wed Mar 02 03:20:18.475526 2022] [mpm_winnt:warn] [pid 5468:tid 21456] (OS 64)The specified network name is no longer available.  : AH00341: winnt_accept: Asynchronous AcceptEx failed.
[Wed Mar 02 03:27:25.902078 2022] [mpm_winnt:warn] [pid 5468:tid 21456] (OS 64)The specified network name is no longer available.  : AH00341: winnt_accept: Asynchronous AcceptEx failed.
[Wed Mar 02 03:37:03.821494 2022] [mpm_winnt:warn] [pid 5468:tid 21456] (OS 64)The specified network name is no longer available.  : AH00341: winnt_accept: Asynchronous AcceptEx failed.
[Wed Mar 02 03:56:35.392557 2022] [mpm_winnt:warn] [pid 5468:tid 21456] (OS 64)The specified network name is no longer available.  : AH00341: winnt_accept: Asynchronous AcceptEx failed.
[Wed Mar 02 04:20:52.914325 2022] [mpm_winnt:warn] [pid 5468:tid 21456] (OS 64)The specified network name is no longer available.  : AH00341: winnt_accept: Asynchronous AcceptEx failed.
[Wed Mar 02 05:12:01.371930 2022] [mpm_winnt:warn] [pid 5468:tid 21456] (OS 64)The specified network name is no longer available.  : AH00341: winnt_accept: Asynchronous AcceptEx failed.
[Wed Mar 02 05:13:58.907537 2022] [mpm_winnt:warn] [pid 5468:tid 21456] (OS 64)The specified network name is no longer available.  : AH00341: winnt_accept: Asynchronous AcceptEx failed.
[Wed Mar 02 06:19:52.731899 2022] [mpm_winnt:warn] [pid 5468:tid 21456] (OS 64)The specified network name is no longer available.  : AH00341: winnt_accept: Asynchronous AcceptEx failed.
[Wed Mar 02 06:20:34.087572 2022] [mpm_winnt:warn] [pid 5468:tid 21456] (OS 64)The specified network name is no longer available.  : AH00341: winnt_accept: Asynchronous AcceptEx failed.
[Wed Mar 02 06:34:04.416598 2022] [cgi:error] [pid 5468:tid 21020] [client 45.137.23.152:46860] script not found or unable to stat: E:/nuevo/htdocs/dispatch.asp
[Wed Mar 02 07:02:00.501151 2022] [mpm_winnt:warn] [pid 5468:tid 21456] (OS 64)The specified network name is no longer available.  : AH00341: winnt_accept: Asynchronous AcceptEx failed.
[Wed Mar 02 07:02:50.836240 2022] [mpm_winnt:warn] [pid 5468:tid 21456] (OS 64)The specified network name is no longer available.  : AH00341: winnt_accept: Asynchronous AcceptEx failed.
[Wed Mar 02 07:25:03.462788 2022] [mpm_winnt:warn] [pid 5468:tid 21456] (OS 64)The specified network name is no longer available.  : AH00341: winnt_accept: Asynchronous AcceptEx failed.
[Wed Mar 02 07:48:33.458470 2022] [mpm_winnt:warn] [pid 5468:tid 21456] (OS 64)The specified network name is no longer available.  : AH00341: winnt_accept: Asynchronous AcceptEx failed.
[Wed Mar 02 08:13:27.490906 2022] [mpm_winnt:warn] [pid 5468:tid 21456] (OS 64)The specified network name is no longer available.  : AH00341: winnt_accept: Asynchronous AcceptEx failed.
[Wed Mar 02 08:19:17.358522 2022] [mpm_winnt:warn] [pid 5468:tid 21456] (OS 64)The specified network name is no longer available.  : AH00341: winnt_accept: Asynchronous AcceptEx failed.
[Wed Mar 02 08:19:28.295142 2022] [mpm_winnt:warn] [pid 5468:tid 21456] (OS 64)The specified network name is no longer available.  : AH00341: winnt_accept: Asynchronous AcceptEx failed.
[Wed Mar 02 08:19:59.293396 2022] [mpm_winnt:warn] [pid 5468:tid 21456] (OS 64)The specified network name is no longer available.  : AH00341: winnt_accept: Asynchronous AcceptEx failed.
[Wed Mar 02 08:26:21.106869 2022] [negotiation:error] [pid 5468:tid 21096] [client 213.186.1.154:42452] AH00690: no acceptable variant: E:/nuevo/apache/error/HTTP_NOT_FOUND.html.var
[Wed Mar 02 08:39:32.277863 2022] [mpm_winnt:warn] [pid 5468:tid 21456] (OS 64)The specified network name is no longer available.  : AH00341: winnt_accept: Asynchronous AcceptEx failed.
[Wed Mar 02 08:39:57.285707 2022] [mpm_winnt:warn] [pid 5468:tid 21456] (OS 64)The specified network name is no longer available.  : AH00341: winnt_accept: Asynchronous AcceptEx failed.
[Wed Mar 02 09:04:26.659693 2022] [mpm_winnt:warn] [pid 5468:tid 21456] (OS 64)The specified network name is no longer available.  : AH00341: winnt_accept: Asynchronous AcceptEx failed.
[Wed Mar 02 09:11:14.866213 2022] [mpm_winnt:warn] [pid 5468:tid 21456] (OS 64)The specified network name is no longer available.  : AH00341: winnt_accept: Asynchronous AcceptEx failed.
[Wed Mar 02 09:20:18.717770 2022] [mpm_winnt:warn] [pid 5468:tid 21456] (OS 64)The specified network name is no longer available.  : AH00341: winnt_accept: Asynchronous AcceptEx failed.
[Wed Mar 02 11:52:56.122287 2022] [mpm_winnt:warn] [pid 5468:tid 21456] (OS 64)The specified network name is no longer available.  : AH00341: winnt_accept: Asynchronous AcceptEx failed.
[Wed Mar 02 11:52:56.122287 2022] [mpm_winnt:warn] [pid 5468:tid 21456] (OS 64)The specified network name is no longer available.  : AH00341: winnt_accept: Asynchronous AcceptEx failed.
[Wed Mar 02 11:52:56.122287 2022] [mpm_winnt:warn] [pid 5468:tid 21456] (OS 64)The specified network name is no longer available.  : AH00341: winnt_accept: Asynchronous AcceptEx failed.
[Wed Mar 02 11:52:56.122287 2022] [mpm_winnt:warn] [pid 5468:tid 21456] (OS 64)The specified network name is no longer available.  : AH00341: winnt_accept: Asynchronous AcceptEx failed.
[Wed Mar 02 11:52:56.122287 2022] [mpm_winnt:warn] [pid 5468:tid 21456] (OS 64)The specified network name is no longer available.  : AH00341: winnt_accept: Asynchronous AcceptEx failed.
[Wed Mar 02 11:52:56.122287 2022] [mpm_winnt:warn] [pid 5468:tid 21456] (OS 64)The specified network name is no longer available.  : AH00341: winnt_accept: Asynchronous AcceptEx failed.
[Wed Mar 02 11:52:56.122287 2022] [mpm_winnt:warn] [pid 5468:tid 21456] (OS 64)The specified network name is no longer available.  : AH00341: winnt_accept: Asynchronous AcceptEx failed.
[Wed Mar 02 11:53:39.974964 2022] [mpm_winnt:warn] [pid 5468:tid 21456] (OS 64)The specified network name is no longer available.  : AH00341: winnt_accept: Asynchronous AcceptEx failed.
[Wed Mar 02 12:30:46.466287 2022] [mpm_winnt:warn] [pid 5468:tid 21456] (OS 64)The specified network name is no longer available.  : AH00341: winnt_accept: Asynchronous AcceptEx failed.
[Wed Mar 02 12:46:16.242326 2022] [mpm_winnt:warn] [pid 5468:tid 21456] (OS 64)The specified network name is no longer available.  : AH00341: winnt_accept: Asynchronous AcceptEx failed.
[Wed Mar 02 12:46:16.445127 2022] [mpm_winnt:warn] [pid 5468:tid 21456] (OS 64)The specified network name is no longer available.  : AH00341: winnt_accept: Asynchronous AcceptEx failed.
[Wed Mar 02 12:46:16.476327 2022] [mpm_winnt:warn] [pid 5468:tid 21456] (OS 64)The specified network name is no longer available.  : AH00341: winnt_accept: Asynchronous AcceptEx failed.
[Wed Mar 02 12:46:16.538727 2022] [mpm_winnt:warn] [pid 5468:tid 21456] (OS 64)The specified network name is no longer available.  : AH00341: winnt_accept: Asynchronous AcceptEx failed.
[Wed Mar 02 12:46:16.569927 2022] [mpm_winnt:warn] [pid 5468:tid 21456] (OS 64)The specified network name is no longer available.  : AH00341: winnt_accept: Asynchronous AcceptEx failed.
[Wed Mar 02 12:46:16.975527 2022] [mpm_winnt:warn] [pid 5468:tid 21456] (OS 64)The specified network name is no longer available.  : AH00341: winnt_accept: Asynchronous AcceptEx failed.
[Wed Mar 02 13:09:33.051787 2022] [mpm_winnt:warn] [pid 5468:tid 21456] (OS 64)The specified network name is no longer available.  : AH00341: winnt_accept: Asynchronous AcceptEx failed.
[Wed Mar 02 13:10:25.032079 2022] [mpm_winnt:warn] [pid 5468:tid 21456] (OS 64)The specified network name is no longer available.  : AH00341: winnt_accept: Asynchronous AcceptEx failed.
[Wed Mar 02 13:12:19.522081 2022] [mpm_winnt:warn] [pid 5468:tid 21456] (OS 64)The specified network name is no longer available.  : AH00341: winnt_accept: Asynchronous AcceptEx failed.
[Wed Mar 02 13:16:00.110468 2022] [mpm_winnt:warn] [pid 5468:tid 21456] (OS 64)The specified network name is no longer available.  : AH00341: winnt_accept: Asynchronous AcceptEx failed.
[Wed Mar 02 13:32:10.325382 2022] [mpm_winnt:warn] [pid 5468:tid 21456] (OS 64)The specified network name is no longer available.  : AH00341: winnt_accept: Asynchronous AcceptEx failed.
[Wed Mar 02 13:51:29.832227 2022] [mpm_winnt:warn] [pid 5468:tid 21456] (OS 64)The specified network name is no longer available.  : AH00341: winnt_accept: Asynchronous AcceptEx failed.
[Wed Mar 02 14:20:21.739479 2022] [mpm_winnt:warn] [pid 5468:tid 21456] (OS 64)The specified network name is no longer available.  : AH00341: winnt_accept: Asynchronous AcceptEx failed.
[Wed Mar 02 14:46:47.545471 2022] [mpm_winnt:warn] [pid 5468:tid 21456] (OS 64)The specified network name is no longer available.  : AH00341: winnt_accept: Asynchronous AcceptEx failed.
[Wed Mar 02 14:57:46.733030 2022] [mpm_winnt:warn] [pid 5468:tid 21456] (OS 64)The specified network name is no longer available.  : AH00341: winnt_accept: Asynchronous AcceptEx failed.
[Wed Mar 02 15:48:42.685608 2022] [mpm_winnt:warn] [pid 5468:tid 21456] (OS 64)The specified network name is no longer available.  : AH00341: winnt_accept: Asynchronous AcceptEx failed.
[Wed Mar 02 15:57:45.418363 2022] [core:error] [pid 5468:tid 21132] [client 192.241.220.134:60650] AH00135: Invalid method in request MGLNDD_190.27.245.106
[Wed Mar 02 16:48:22.133112 2022] [mpm_winnt:warn] [pid 5468:tid 21456] (OS 64)The specified network name is no longer available.  : AH00341: winnt_accept: Asynchronous AcceptEx failed.
[Wed Mar 02 17:05:02.943477 2022] [mpm_winnt:warn] [pid 5468:tid 21456] (OS 64)The specified network name is no longer available.  : AH00341: winnt_accept: Asynchronous AcceptEx failed.
[Wed Mar 02 17:07:26.630730 2022] [mpm_winnt:warn] [pid 5468:tid 21456] (OS 64)The specified network name is no longer available.  : AH00341: winnt_accept: Asynchronous AcceptEx failed.
[Wed Mar 02 17:24:44.451356 2022] [mpm_winnt:warn] [pid 5468:tid 21456] (OS 64)The specified network name is no longer available.  : AH00341: winnt_accept: Asynchronous AcceptEx failed.
[Wed Mar 02 17:35:20.605076 2022] [mpm_winnt:warn] [pid 5468:tid 21456] (OS 64)The specified network name is no longer available.  : AH00341: winnt_accept: Asynchronous AcceptEx failed.
[Wed Mar 02 18:21:29.637949 2022] [proxy:error] [pid 5468:tid 21004] (OS 10055)An operation on a socket could not be performed because the system lacked sufficient buffer space or because a queue was full.  : AH00957: HTTP: attempt to connect to 172.22.1.61:8080 (172.22.1.61) failed
[Wed Mar 02 18:21:29.637949 2022] [proxy:error] [pid 5468:tid 21004] AH00959: ap_proxy_connect_backend disabling worker for (172.22.1.61) for 60s
[Wed Mar 02 18:21:29.637949 2022] [proxy_http:error] [pid 5468:tid 21004] [client 179.1.102.177:62534] AH01114: HTTP: failed to make connection to backend: 172.22.1.61, referer: http://190.27.245.106/sipse/faces/faces/faces/autenticacion.xhtml
[Wed Mar 02 18:21:29.637949 2022] [proxy:error] [pid 5468:tid 21156] AH00940: HTTP: disabled connection for (172.22.1.61)
[Wed Mar 02 18:21:29.637949 2022] [proxy:error] [pid 5468:tid 20936] AH00940: HTTP: disabled connection for (172.22.1.61)
[Wed Mar 02 18:21:29.653549 2022] [proxy:error] [pid 5468:tid 21044] AH00940: HTTP: disabled connection for (172.22.1.61)
[Wed Mar 02 18:21:29.669150 2022] [proxy:error] [pid 5468:tid 21116] AH00940: HTTP: disabled connection for (172.22.1.61)
[Wed Mar 02 18:21:29.684750 2022] [proxy:error] [pid 5468:tid 21132] AH00940: HTTP: disabled connection for (172.22.1.61)
[Wed Mar 02 18:21:29.715950 2022] [proxy:error] [pid 5468:tid 21132] AH00940: HTTP: disabled connection for (172.22.1.61)
[Wed Mar 02 18:21:29.793950 2022] [proxy:error] [pid 5468:tid 21132] AH00940: HTTP: disabled connection for (172.22.1.61)
[Wed Mar 02 18:28:40.136107 2022] [mpm_winnt:warn] [pid 5468:tid 21456] (OS 64)The specified network name is no longer available.  : AH00341: winnt_accept: Asynchronous AcceptEx failed.
[Wed Mar 02 18:30:58.822351 2022] [proxy:error] [pid 5468:tid 21144] (OS 10055)An operation on a socket could not be performed because the system lacked sufficient buffer space or because a queue was full.  : AH00957: HTTP: attempt to connect to 172.22.1.61:8080 (172.22.1.61) failed
[Wed Mar 02 18:30:58.822351 2022] [proxy:error] [pid 5468:tid 21144] AH00959: ap_proxy_connect_backend disabling worker for (172.22.1.61) for 60s
[Wed Mar 02 18:30:58.822351 2022] [proxy_http:error] [pid 5468:tid 21144] [client 181.61.7.90:57593] AH01114: HTTP: failed to make connection to backend: 172.22.1.61, referer: http://190.27.245.106/sipse/faces/presentacion/financiero/solicitudProceso/consultarSolicitudProceso.xhtml
[Wed Mar 02 18:30:58.822351 2022] [proxy:error] [pid 5468:tid 20936] AH00940: HTTP: disabled connection for (172.22.1.61)
[Wed Mar 02 18:30:58.822351 2022] [proxy:error] [pid 5468:tid 20980] AH00940: HTTP: disabled connection for (172.22.1.61)
[Wed Mar 02 18:30:58.822351 2022] [proxy:error] [pid 5468:tid 21156] AH00940: HTTP: disabled connection for (172.22.1.61)
[Wed Mar 02 18:30:58.822351 2022] [proxy:error] [pid 5468:tid 21132] AH00940: HTTP: disabled connection for (172.22.1.61)
[Wed Mar 02 18:30:58.978351 2022] [proxy:error] [pid 5468:tid 21244] AH00940: HTTP: disabled connection for (172.22.1.61)
[Wed Mar 02 18:30:59.040751 2022] [proxy:error] [pid 5468:tid 21244] AH00940: HTTP: disabled connection for (172.22.1.61)
[Wed Mar 02 18:30:59.134352 2022] [proxy:error] [pid 5468:tid 21244] AH00940: HTTP: disabled connection for (172.22.1.61)
[Wed Mar 02 18:31:31.996010 2022] [proxy:error] [pid 5468:tid 21004] AH00940: HTTP: disabled connection for (172.22.1.61)
[Wed Mar 02 18:36:46.061762 2022] [proxy:error] [pid 5468:tid 20980] (OS 10055)An operation on a socket could not be performed because the system lacked sufficient buffer space or because a queue was full.  : AH00957: HTTP: attempt to connect to 172.22.1.61:8080 (172.22.1.61) failed
[Wed Mar 02 18:36:46.061762 2022] [proxy:error] [pid 5468:tid 20980] AH00959: ap_proxy_connect_backend disabling worker for (172.22.1.61) for 60s
[Wed Mar 02 18:36:46.061762 2022] [proxy_http:error] [pid 5468:tid 20980] [client 191.95.53.135:15487] AH01114: HTTP: failed to make connection to backend: 172.22.1.61
[Wed Mar 02 18:36:58.089383 2022] [proxy:error] [pid 5468:tid 21080] AH00940: HTTP: disabled connection for (172.22.1.61)
[Wed Mar 02 18:37:00.632187 2022] [proxy:error] [pid 5468:tid 20932] AH00940: HTTP: disabled connection for (172.22.1.61)
[Wed Mar 02 18:37:04.968995 2022] [proxy:error] [pid 5468:tid 21080] AH00940: HTTP: disabled connection for (172.22.1.61)
[Wed Mar 02 18:37:51.676477 2022] [proxy:error] [pid 5468:tid 20932] (OS 10055)An operation on a socket could not be performed because the system lacked sufficient buffer space or because a queue was full.  : AH00957: HTTP: attempt to connect to 172.22.1.61:8080 (172.22.1.61) failed
[Wed Mar 02 18:37:51.676477 2022] [proxy:error] [pid 5468:tid 20932] AH00959: ap_proxy_connect_backend disabling worker for (172.22.1.61) for 60s
[Wed Mar 02 18:37:51.676477 2022] [proxy_http:error] [pid 5468:tid 20932] [client 191.95.53.135:15443] AH01114: HTTP: failed to make connection to backend: 172.22.1.61
[Wed Mar 02 18:38:27.354740 2022] [proxy:error] [pid 5468:tid 21080] AH00940: HTTP: disabled connection for (172.22.1.61)
[Wed Mar 02 18:51:46.948947 2022] [proxy:error] [pid 5468:tid 21080] (OS 10055)An operation on a socket could not be performed because the system lacked sufficient buffer space or because a queue was full.  : AH00957: HTTP: attempt to connect to 172.22.1.61:8080 (172.22.1.61) failed
[Wed Mar 02 18:51:46.948947 2022] [proxy:error] [pid 5468:tid 21080] AH00959: ap_proxy_connect_backend disabling worker for (172.22.1.61) for 60s
[Wed Mar 02 18:51:46.948947 2022] [proxy_http:error] [pid 5468:tid 21080] [client 186.154.122.228:56325] AH01114: HTTP: failed to make connection to backend: 172.22.1.61, referer: http://190.27.245.106/sipse/faces/presentacion/sistema/anexos/cargarAnexoSolicitudProceso.xhtml
[Wed Mar 02 18:51:47.026947 2022] [proxy:error] [pid 5468:tid 21080] AH00940: HTTP: disabled connection for (172.22.1.61)
[Wed Mar 02 18:52:11.690590 2022] [proxy:error] [pid 5468:tid 20932] AH00940: HTTP: disabled connection for (172.22.1.61)
[Wed Mar 02 18:52:15.435597 2022] [proxy:error] [pid 5468:tid 20932] AH00940: HTTP: disabled connection for (172.22.1.61)
[Wed Mar 02 18:52:15.965998 2022] [proxy:error] [pid 5468:tid 20932] AH00940: HTTP: disabled connection for (172.22.1.61)
[Wed Mar 02 18:52:16.137598 2022] [proxy:error] [pid 5468:tid 20932] AH00940: HTTP: disabled connection for (172.22.1.61)
[Wed Mar 02 18:52:16.277998 2022] [proxy:error] [pid 5468:tid 20932] AH00940: HTTP: disabled connection for (172.22.1.61)
[Wed Mar 02 18:52:16.449599 2022] [proxy:error] [pid 5468:tid 20932] AH00940: HTTP: disabled connection for (172.22.1.61)
[Wed Mar 02 18:52:16.558799 2022] [proxy:error] [pid 5468:tid 20932] AH00940: HTTP: disabled connection for (172.22.1.61)
[Wed Mar 02 18:52:16.699199 2022] [proxy:error] [pid 5468:tid 20932] AH00940: HTTP: disabled connection for (172.22.1.61)
[Wed Mar 02 18:52:16.855199 2022] [proxy:error] [pid 5468:tid 20932] AH00940: HTTP: disabled connection for (172.22.1.61)
[Wed Mar 02 18:52:16.995600 2022] [proxy:error] [pid 5468:tid 20932] AH00940: HTTP: disabled connection for (172.22.1.61)
[Wed Mar 02 18:52:17.136000 2022] [proxy:error] [pid 5468:tid 20932] AH00940: HTTP: disabled connection for (172.22.1.61)
[Wed Mar 02 18:52:17.276400 2022] [proxy:error] [pid 5468:tid 20932] AH00940: HTTP: disabled connection for (172.22.1.61)
[Wed Mar 02 18:52:17.432400 2022] [proxy:error] [pid 5468:tid 20932] AH00940: HTTP: disabled connection for (172.22.1.61)
[Wed Mar 02 18:52:17.541600 2022] [proxy:error] [pid 5468:tid 20932] AH00940: HTTP: disabled connection for (172.22.1.61)
[Wed Mar 02 18:52:17.682001 2022] [proxy:error] [pid 5468:tid 20932] AH00940: HTTP: disabled connection for (172.22.1.61)
[Wed Mar 02 18:52:17.869201 2022] [proxy:error] [pid 5468:tid 20932] AH00940: HTTP: disabled connection for (172.22.1.61)
[Wed Mar 02 18:52:17.994001 2022] [proxy:error] [pid 5468:tid 20932] AH00940: HTTP: disabled connection for (172.22.1.61)
[Wed Mar 02 18:52:18.134402 2022] [proxy:error] [pid 5468:tid 20932] AH00940: HTTP: disabled connection for (172.22.1.61)
[Wed Mar 02 18:52:18.290402 2022] [proxy:error] [pid 5468:tid 20932] AH00940: HTTP: disabled connection for (172.22.1.61)
[Wed Mar 02 18:52:18.493202 2022] [proxy:error] [pid 5468:tid 20932] AH00940: HTTP: disabled connection for (172.22.1.61)
[Wed Mar 02 18:52:18.586802 2022] [proxy:error] [pid 5468:tid 20932] AH00940: HTTP: disabled connection for (172.22.1.61)
[Wed Mar 02 18:52:18.696002 2022] [proxy:error] [pid 5468:tid 20932] AH00940: HTTP: disabled connection for (172.22.1.61)
[Wed Mar 02 18:52:18.836403 2022] [proxy:error] [pid 5468:tid 20932] AH00940: HTTP: disabled connection for (172.22.1.61)
[Wed Mar 02 18:52:18.961203 2022] [proxy:error] [pid 5468:tid 20932] AH00940: HTTP: disabled connection for (172.22.1.61)
[Wed Mar 02 18:52:41.955643 2022] [proxy:error] [pid 5468:tid 20932] AH00940: HTTP: disabled connection for (172.22.1.61)
[Wed Mar 02 18:52:52.360862 2022] [proxy:error] [pid 5468:tid 20932] (OS 10055)An operation on a socket could not be performed because the system lacked sufficient buffer space or because a queue was full.  : AH00957: HTTP: attempt to connect to 172.22.1.61:8080 (172.22.1.61) failed
[Wed Mar 02 18:52:52.360862 2022] [proxy:error] [pid 5468:tid 20932] AH00959: ap_proxy_connect_backend disabling worker for (172.22.1.61) for 60s
[Wed Mar 02 18:52:52.360862 2022] [proxy_http:error] [pid 5468:tid 20932] [client 181.53.13.193:3791] AH01114: HTTP: failed to make connection to backend: 172.22.1.61
[Wed Mar 02 18:53:20.223511 2022] [proxy:error] [pid 5468:tid 20932] AH00940: HTTP: disabled connection for (172.22.1.61)
[Wed Mar 02 19:01:05.245930 2022] [mpm_winnt:warn] [pid 5468:tid 21456] (OS 64)The specified network name is no longer available.  : AH00341: winnt_accept: Asynchronous AcceptEx failed.
[Wed Mar 02 19:13:59.316492 2022] [proxy:error] [pid 5468:tid 20932] (OS 10055)An operation on a socket could not be performed because the system lacked sufficient buffer space or because a queue was full.  : AH00957: HTTP: attempt to connect to 172.22.1.61:8080 (172.22.1.61) failed
[Wed Mar 02 19:13:59.316492 2022] [proxy:error] [pid 5468:tid 20932] AH00959: ap_proxy_connect_backend disabling worker for (172.22.1.61) for 60s
[Wed Mar 02 19:13:59.316492 2022] [proxy_http:error] [pid 5468:tid 20932] [client 181.61.7.90:60798] AH01114: HTTP: failed to make connection to backend: 172.22.1.61
[Wed Mar 02 19:14:02.327297 2022] [proxy:error] [pid 5468:tid 21080] AH00940: HTTP: disabled connection for (172.22.1.61)
[Wed Mar 02 19:14:02.327297 2022] [proxy:error] [pid 5468:tid 20932] AH00940: HTTP: disabled connection for (172.22.1.61)
[Wed Mar 02 19:14:02.342897 2022] [proxy:error] [pid 5468:tid 21132] AH00940: HTTP: disabled connection for (172.22.1.61)
[Wed Mar 02 19:14:02.358497 2022] [proxy:error] [pid 5468:tid 20932] AH00940: HTTP: disabled connection for (172.22.1.61)
[Wed Mar 02 19:14:02.358497 2022] [proxy:error] [pid 5468:tid 21080] AH00940: HTTP: disabled connection for (172.22.1.61)
[Wed Mar 02 19:14:02.358497 2022] [proxy:error] [pid 5468:tid 21052] AH00940: HTTP: disabled connection for (172.22.1.61)
[Wed Mar 02 19:14:02.374097 2022] [proxy:error] [pid 5468:tid 21008] AH00940: HTTP: disabled connection for (172.22.1.61)
[Wed Mar 02 19:16:59.648412 2022] [proxy:error] [pid 5468:tid 20932] (OS 10055)An operation on a socket could not be performed because the system lacked sufficient buffer space or because a queue was full.  : AH00957: HTTP: attempt to connect to 172.22.1.43:7778 (172.22.1.43) failed
[Wed Mar 02 19:16:59.648412 2022] [proxy:error] [pid 5468:tid 20932] AH00959: ap_proxy_connect_backend disabling worker for (172.22.1.43) for 60s
[Wed Mar 02 19:16:59.648412 2022] [proxy_http:error] [pid 5468:tid 20932] [client 200.118.64.109:59063] AH01114: HTTP: failed to make connection to backend: 172.22.1.43
[Wed Mar 02 19:17:10.256431 2022] [proxy:error] [pid 5468:tid 20932] AH00940: HTTP: disabled connection for (172.22.1.43)
[Wed Mar 02 19:17:13.766437 2022] [proxy:error] [pid 5468:tid 20932] AH00940: HTTP: disabled connection for (172.22.1.43)
[Wed Mar 02 19:17:44.764691 2022] [proxy:error] [pid 5468:tid 21132] AH00940: HTTP: disabled connection for (172.22.1.43)
[Wed Mar 02 19:19:59.051529 2022] [proxy:error] [pid 5468:tid 20932] (OS 10055)An operation on a socket could not be performed because the system lacked sufficient buffer space or because a queue was full.  : AH00957: HTTP: attempt to connect to 172.22.1.43:7778 (172.22.1.43) failed
[Wed Mar 02 19:19:59.051529 2022] [proxy:error] [pid 5468:tid 20932] AH00959: ap_proxy_connect_backend disabling worker for (172.22.1.43) for 60s
[Wed Mar 02 19:19:59.051529 2022] [proxy_http:error] [pid 5468:tid 20932] [client 200.118.64.109:49779] AH01114: HTTP: failed to make connection to backend: 172.22.1.43
[Wed Mar 02 19:20:18.880164 2022] [proxy:error] [pid 5468:tid 20932] AH00940: HTTP: disabled connection for (172.22.1.43)
[Wed Mar 02 19:23:51.558338 2022] [proxy:error] [pid 5468:tid 21216] (OS 10055)An operation on a socket could not be performed because the system lacked sufficient buffer space or because a queue was full.  : AH00957: HTTP: attempt to connect to 172.22.1.61:8080 (172.22.1.61) failed
[Wed Mar 02 19:23:51.558338 2022] [proxy:error] [pid 5468:tid 21216] AH00959: ap_proxy_connect_backend disabling worker for (172.22.1.61) for 60s
[Wed Mar 02 19:23:51.558338 2022] [proxy_http:error] [pid 5468:tid 21216] [client 181.61.7.90:60922] AH01114: HTTP: failed to make connection to backend: 172.22.1.61
[Wed Mar 02 19:23:55.333544 2022] [proxy:error] [pid 5468:tid 20932] AH00940: HTTP: disabled connection for (172.22.1.61)
[Wed Mar 02 19:23:55.349144 2022] [proxy:error] [pid 5468:tid 21216] AH00940: HTTP: disabled connection for (172.22.1.61)
[Wed Mar 02 19:23:55.364744 2022] [proxy:error] [pid 5468:tid 21024] AH00940: HTTP: disabled connection for (172.22.1.61)
[Wed Mar 02 19:23:55.380344 2022] [proxy:error] [pid 5468:tid 20932] AH00940: HTTP: disabled connection for (172.22.1.61)
[Wed Mar 02 19:23:55.380344 2022] [proxy:error] [pid 5468:tid 21152] AH00940: HTTP: disabled connection for (172.22.1.61)
[Wed Mar 02 19:23:55.380344 2022] [proxy:error] [pid 5468:tid 21304] AH00940: HTTP: disabled connection for (172.22.1.61)
[Wed Mar 02 19:30:47.728071 2022] [proxy:error] [pid 5468:tid 21072] (OS 10055)An operation on a socket could not be performed because the system lacked sufficient buffer space or because a queue was full.  : AH00957: HTTP: attempt to connect to 172.22.1.61:8080 (172.22.1.61) failed
[Wed Mar 02 19:30:47.728071 2022] [proxy:error] [pid 5468:tid 21072] AH00959: ap_proxy_connect_backend disabling worker for (172.22.1.61) for 60s
[Wed Mar 02 19:30:47.728071 2022] [proxy_http:error] [pid 5468:tid 21072] [client 190.249.20.144:49894] AH01114: HTTP: failed to make connection to backend: 172.22.1.61, referer: http://190.27.245.106/sipse/faces/index.xhtml
[Wed Mar 02 19:30:49.100873 2022] [proxy:error] [pid 5468:tid 21184] AH00940: HTTP: disabled connection for (172.22.1.61)
[Wed Mar 02 19:32:33.342256 2022] [proxy:error] [pid 5468:tid 21192] (OS 10055)An operation on a socket could not be performed because the system lacked sufficient buffer space or because a queue was full.  : AH00957: HTTP: attempt to connect to 172.22.1.43:7778 (172.22.1.43) failed
[Wed Mar 02 19:32:33.342256 2022] [proxy:error] [pid 5468:tid 21192] AH00959: ap_proxy_connect_backend disabling worker for (172.22.1.43) for 60s
[Wed Mar 02 19:32:33.342256 2022] [proxy_http:error] [pid 5468:tid 21192] [client 200.118.64.109:50129] AH01114: HTTP: failed to make connection to backend: 172.22.1.43
[Wed Mar 02 19:32:36.821062 2022] [proxy:error] [pid 5468:tid 21192] AH00940: HTTP: disabled connection for (172.22.1.43)
[Wed Mar 02 19:33:11.702724 2022] [proxy:error] [pid 5468:tid 21280] (OS 10055)An operation on a socket could not be performed because the system lacked sufficient buffer space or because a queue was full.  : AH00957: HTTP: attempt to connect to 172.22.1.61:8080 (172.22.1.61) failed
[Wed Mar 02 19:33:11.702724 2022] [proxy:error] [pid 5468:tid 21280] AH00959: ap_proxy_connect_backend disabling worker for (172.22.1.61) for 60s
[Wed Mar 02 19:33:11.702724 2022] [proxy_http:error] [pid 5468:tid 21280] [client 190.249.20.144:50253] AH01114: HTTP: failed to make connection to backend: 172.22.1.61
[Wed Mar 02 19:33:15.400930 2022] [proxy:error] [pid 5468:tid 21280] AH00940: HTTP: disabled connection for (172.22.1.61)
[Wed Mar 02 19:33:38.504571 2022] [proxy:error] [pid 5468:tid 21280] AH00940: HTTP: disabled connection for (172.22.1.61)
[Wed Mar 02 19:33:43.699380 2022] [proxy:error] [pid 5468:tid 21280] AH00940: HTTP: disabled connection for (172.22.1.61)
[Wed Mar 02 19:33:50.766192 2022] [proxy:error] [pid 5468:tid 21192] AH00940: HTTP: disabled connection for (172.22.1.61)
[Wed Mar 02 19:33:52.794196 2022] [proxy:error] [pid 5468:tid 21184] AH00940: HTTP: disabled connection for (172.22.1.61)
[Wed Mar 02 19:34:02.403813 2022] [proxy:error] [pid 5468:tid 21280] AH00940: HTTP: disabled connection for (172.22.1.61)
[Wed Mar 02 19:34:05.165018 2022] [proxy:error] [pid 5468:tid 21184] AH00940: HTTP: disabled connection for (172.22.1.61)
[Wed Mar 02 19:34:55.663108 2022] [proxy:error] [pid 5468:tid 21072] (OS 10055)An operation on a socket could not be performed because the system lacked sufficient buffer space or because a queue was full.  : AH00957: HTTP: attempt to connect to 172.22.1.61:8080 (172.22.1.61) failed
[Wed Mar 02 19:34:55.663108 2022] [proxy:error] [pid 5468:tid 21072] AH00959: ap_proxy_connect_backend disabling worker for (172.22.1.61) for 60s
[Wed Mar 02 19:34:55.663108 2022] [proxy_http:error] [pid 5468:tid 21072] [client 190.27.245.107:44342] AH01114: HTTP: failed to make connection to backend: 172.22.1.61
[Wed Mar 02 19:35:51.496606 2022] [proxy:error] [pid 5468:tid 21072] AH00940: HTTP: disabled connection for (172.22.1.61)
[Wed Mar 02 19:42:12.914078 2022] [mpm_winnt:warn] [pid 5468:tid 21456] (OS 64)The specified network name is no longer available.  : AH00341: winnt_accept: Asynchronous AcceptEx failed.
[Wed Mar 02 19:44:20.111102 2022] [mpm_winnt:warn] [pid 5468:tid 21456] (OS 64)The specified network name is no longer available.  : AH00341: winnt_accept: Asynchronous AcceptEx failed.
[Wed Mar 02 19:51:15.214033 2022] [proxy:error] [pid 5468:tid 21020] (OS 10055)An operation on a socket could not be performed because the system lacked sufficient buffer space or because a queue was full.  : AH00957: HTTP: attempt to connect to 172.22.1.43:7778 (172.22.1.43) failed
[Wed Mar 02 19:51:15.214033 2022] [proxy:error] [pid 5468:tid 21020] AH00959: ap_proxy_connect_backend disabling worker for (172.22.1.43) for 60s
[Wed Mar 02 19:51:15.214033 2022] [proxy_http:error] [pid 5468:tid 21020] [client 200.118.64.109:50477] AH01114: HTTP: failed to make connection to backend: 172.22.1.43
[Wed Mar 02 19:51:19.864841 2022] [proxy:error] [pid 5468:tid 21020] AH00940: HTTP: disabled connection for (172.22.1.43)
[Wed Mar 02 19:51:20.722842 2022] [proxy:error] [pid 5468:tid 21192] AH00940: HTTP: disabled connection for (172.22.1.43)
[Wed Mar 02 19:51:21.300043 2022] [proxy:error] [pid 5468:tid 21020] AH00940: HTTP: disabled connection for (172.22.1.43)
[Wed Mar 02 19:51:21.534044 2022] [proxy:error] [pid 5468:tid 21020] AH00940: HTTP: disabled connection for (172.22.1.43)
[Wed Mar 02 19:51:21.752444 2022] [proxy:error] [pid 5468:tid 21020] AH00940: HTTP: disabled connection for (172.22.1.43)
[Wed Mar 02 20:04:40.345051 2022] [proxy:error] [pid 5468:tid 21020] (OS 10055)An operation on a socket could not be performed because the system lacked sufficient buffer space or because a queue was full.  : AH00957: HTTP: attempt to connect to 172.22.1.61:8080 (172.22.1.61) failed
[Wed Mar 02 20:04:40.345051 2022] [proxy:error] [pid 5468:tid 21020] AH00959: ap_proxy_connect_backend disabling worker for (172.22.1.61) for 60s
[Wed Mar 02 20:04:40.345051 2022] [proxy_http:error] [pid 5468:tid 21020] [client 181.235.122.252:35316] AH01114: HTTP: failed to make connection to backend: 172.22.1.61, referer: http://190.27.245.106/sipse/faces/faces/faces/faces/autenticacion.xhtml
[Wed Mar 02 20:04:40.485451 2022] [proxy:error] [pid 5468:tid 21244] AH00940: HTTP: disabled connection for (172.22.1.61)
[Wed Mar 02 20:04:40.485451 2022] [proxy:error] [pid 5468:tid 21072] AH00940: HTTP: disabled connection for (172.22.1.61)
[Wed Mar 02 20:04:40.485451 2022] [proxy:error] [pid 5468:tid 21152] AH00940: HTTP: disabled connection for (172.22.1.61)
[Wed Mar 02 20:04:40.485451 2022] [proxy:error] [pid 5468:tid 21192] AH00940: HTTP: disabled connection for (172.22.1.61)
[Wed Mar 02 20:04:40.485451 2022] [proxy:error] [pid 5468:tid 21052] AH00940: HTTP: disabled connection for (172.22.1.61)
[Wed Mar 02 20:04:40.516651 2022] [proxy:error] [pid 5468:tid 21052] AH00940: HTTP: disabled connection for (172.22.1.61)
[Wed Mar 02 20:04:40.688252 2022] [proxy:error] [pid 5468:tid 21052] AH00940: HTTP: disabled connection for (172.22.1.61)
[Wed Mar 02 20:04:40.719452 2022] [proxy:error] [pid 5468:tid 21052] AH00940: HTTP: disabled connection for (172.22.1.61)
[Wed Mar 02 20:04:41.499453 2022] [proxy:error] [pid 5468:tid 21052] AH00940: HTTP: disabled connection for (172.22.1.61)
[Wed Mar 02 20:12:31.948281 2022] [mpm_winnt:warn] [pid 5468:tid 21456] (OS 64)The specified network name is no longer available.  : AH00341: winnt_accept: Asynchronous AcceptEx failed.
[Wed Mar 02 20:16:42.684323 2022] [proxy:error] [pid 5468:tid 21020] (OS 10055)An operation on a socket could not be performed because the system lacked sufficient buffer space or because a queue was full.  : AH00957: HTTP: attempt to connect to 172.22.1.61:8080 (172.22.1.61) failed
[Wed Mar 02 20:16:42.684323 2022] [proxy:error] [pid 5468:tid 21020] AH00959: ap_proxy_connect_backend disabling worker for (172.22.1.61) for 60s
[Wed Mar 02 20:16:42.684323 2022] [proxy_http:error] [pid 5468:tid 21020] [client 190.249.20.144:43066] AH01114: HTTP: failed to make connection to backend: 172.22.1.61, referer: http://190.27.245.106/sipse/faces/autenticacion.xhtml
[Wed Mar 02 20:16:42.684323 2022] [proxy:error] [pid 5468:tid 21192] (OS 10055)An operation on a socket could not be performed because the system lacked sufficient buffer space or because a queue was full.  : AH00957: HTTP: attempt to connect to 172.22.1.61:8080 (172.22.1.61) failed
[Wed Mar 02 20:16:42.684323 2022] [proxy_http:error] [pid 5468:tid 21192] [client 190.249.20.144:43064] AH01114: HTTP: failed to make connection to backend: 172.22.1.61, referer: http://190.27.245.106/sipse/faces/autenticacion.xhtml
[Wed Mar 02 20:18:10.295077 2022] [proxy:error] [pid 5468:tid 20932] (OS 10055)An operation on a socket could not be performed because the system lacked sufficient buffer space or because a queue was full.  : AH00957: HTTP: attempt to connect to 172.22.1.61:8080 (172.22.1.61) failed
[Wed Mar 02 20:18:10.295077 2022] [proxy:error] [pid 5468:tid 20932] AH00959: ap_proxy_connect_backend disabling worker for (172.22.1.61) for 60s
[Wed Mar 02 20:18:10.295077 2022] [proxy_http:error] [pid 5468:tid 20932] [client 190.249.20.144:50969] AH01114: HTTP: failed to make connection to backend: 172.22.1.61, referer: http://190.27.245.106/sipse/faces/faces/autenticacion.xhtml
[Wed Mar 02 20:18:10.310677 2022] [proxy:error] [pid 5468:tid 21288] AH00940: HTTP: disabled connection for (172.22.1.61)
[Wed Mar 02 20:18:10.341877 2022] [proxy:error] [pid 5468:tid 20960] AH00940: HTTP: disabled connection for (172.22.1.61)
[Wed Mar 02 20:18:10.373077 2022] [proxy:error] [pid 5468:tid 21072] AH00940: HTTP: disabled connection for (172.22.1.61)
[Wed Mar 02 20:18:42.182533 2022] [proxy:error] [pid 5468:tid 21208] AH00940: HTTP: disabled connection for (172.22.1.61)
[Wed Mar 02 20:18:48.172943 2022] [proxy:error] [pid 5468:tid 21208] AH00940: HTTP: disabled connection for (172.22.1.61)
[Wed Mar 02 20:18:52.166550 2022] [proxy:error] [pid 5468:tid 21208] AH00940: HTTP: disabled connection for (172.22.1.61)
[Wed Mar 02 20:19:05.348574 2022] [proxy:error] [pid 5468:tid 21208] AH00940: HTTP: disabled connection for (172.22.1.61)
[Wed Mar 02 20:19:36.502828 2022] [mpm_winnt:warn] [pid 5468:tid 21456] (OS 64)The specified network name is no longer available.  : AH00341: winnt_accept: Asynchronous AcceptEx failed.
[Wed Mar 02 20:29:23.854662 2022] [mpm_winnt:warn] [pid 5468:tid 21456] (OS 64)The specified network name is no longer available.  : AH00341: winnt_accept: Asynchronous AcceptEx failed.
[Wed Mar 02 20:50:04.833846 2022] [proxy:error] [pid 5468:tid 21208] (OS 10055)An operation on a socket could not be performed because the system lacked sufficient buffer space or because a queue was full.  : AH00957: HTTP: attempt to connect to 172.22.1.61:8080 (172.22.1.61) failed
[Wed Mar 02 20:50:04.833846 2022] [proxy:error] [pid 5468:tid 21208] AH00959: ap_proxy_connect_backend disabling worker for (172.22.1.61) for 60s
[Wed Mar 02 20:50:04.833846 2022] [proxy_http:error] [pid 5468:tid 21208] [client 181.61.7.90:41326] AH01114: HTTP: failed to make connection to backend: 172.22.1.61, referer: http://190.27.245.106/sipse/faces/autenticacion.xhtml
[Wed Mar 02 20:50:04.849446 2022] [proxy:error] [pid 5468:tid 21144] AH00940: HTTP: disabled connection for (172.22.1.61)
[Wed Mar 02 20:50:04.849446 2022] [proxy:error] [pid 5468:tid 21156] AH00940: HTTP: disabled connection for (172.22.1.61)
[Wed Mar 02 20:50:04.849446 2022] [proxy:error] [pid 5468:tid 20984] AH00940: HTTP: disabled connection for (172.22.1.61)
[Wed Mar 02 20:50:04.865046 2022] [proxy:error] [pid 5468:tid 20916] AH00940: HTTP: disabled connection for (172.22.1.61)
[Wed Mar 02 20:50:04.896246 2022] [proxy:error] [pid 5468:tid 20984] AH00940: HTTP: disabled connection for (172.22.1.61)
[Wed Mar 02 20:50:04.896246 2022] [proxy:error] [pid 5468:tid 21044] AH00940: HTTP: disabled connection for (172.22.1.61)
[Wed Mar 02 20:50:04.943046 2022] [proxy:error] [pid 5468:tid 21044] AH00940: HTTP: disabled connection for (172.22.1.61)
[Wed Mar 02 20:50:04.989846 2022] [proxy:error] [pid 5468:tid 21044] AH00940: HTTP: disabled connection for (172.22.1.61)
[Wed Mar 02 20:50:05.067847 2022] [proxy:error] [pid 5468:tid 21044] AH00940: HTTP: disabled connection for (172.22.1.61)
[Wed Mar 02 20:50:05.130247 2022] [proxy:error] [pid 5468:tid 21044] AH00940: HTTP: disabled connection for (172.22.1.61)
[Wed Mar 02 20:50:05.239447 2022] [proxy:error] [pid 5468:tid 21044] AH00940: HTTP: disabled connection for (172.22.1.61)
[Wed Mar 02 20:50:05.348647 2022] [proxy:error] [pid 5468:tid 21044] AH00940: HTTP: disabled connection for (172.22.1.61)
[Wed Mar 02 20:50:13.242261 2022] [proxy:error] [pid 5468:tid 20984] AH00940: HTTP: disabled connection for (172.22.1.61)
[Wed Mar 02 20:53:44.781633 2022] [proxy:error] [pid 5468:tid 20916] (OS 10055)An operation on a socket could not be performed because the system lacked sufficient buffer space or because a queue was full.  : AH00957: HTTP: attempt to connect to 172.22.1.32:80 (172.22.1.32) failed
[Wed Mar 02 20:53:44.781633 2022] [proxy:error] [pid 5468:tid 20916] AH00959: ap_proxy_connect_backend disabling worker for (172.22.1.32) for 60s
[Wed Mar 02 20:53:44.781633 2022] [proxy_http:error] [pid 5468:tid 20916] [client 186.82.84.203:39262] AH01114: HTTP: failed to make connection to backend: 172.22.1.32, referer: http://nuevo.ambientebogota.gov.co/
[Wed Mar 02 21:15:57.786779 2022] [proxy:error] [pid 5468:tid 21080] (OS 10055)An operation on a socket could not be performed because the system lacked sufficient buffer space or because a queue was full.  : AH00957: HTTP: attempt to connect to 172.22.1.61:8080 (172.22.1.61) failed
[Wed Mar 02 21:15:57.786779 2022] [proxy:error] [pid 5468:tid 21080] AH00959: ap_proxy_connect_backend disabling worker for (172.22.1.61) for 60s
[Wed Mar 02 21:15:57.786779 2022] [proxy_http:error] [pid 5468:tid 21080] [client 190.14.238.22:50904] AH01114: HTTP: failed to make connection to backend: 172.22.1.61, referer: http://190.27.245.106/sipse/faces/autenticacion.xhtml
[Wed Mar 02 21:15:57.786779 2022] [proxy:error] [pid 5468:tid 20980] (OS 10055)An operation on a socket could not be performed because the system lacked sufficient buffer space or because a queue was full.  : AH00957: HTTP: attempt to connect to 172.22.1.61:8080 (172.22.1.61) failed
[Wed Mar 02 21:15:57.786779 2022] [proxy_http:error] [pid 5468:tid 20980] [client 190.14.238.22:50903] AH01114: HTTP: failed to make connection to backend: 172.22.1.61, referer: http://190.27.245.106/sipse/faces/autenticacion.xhtml
[Wed Mar 02 21:15:57.802379 2022] [proxy:error] [pid 5468:tid 21024] (OS 10055)An operation on a socket could not be performed because the system lacked sufficient buffer space or because a queue was full.  : AH00957: HTTP: attempt to connect to 172.22.1.61:8080 (172.22.1.61) failed
[Wed Mar 02 21:15:57.802379 2022] [proxy_http:error] [pid 5468:tid 21024] [client 190.14.238.22:50902] AH01114: HTTP: failed to make connection to backend: 172.22.1.61, referer: http://190.27.245.106/sipse/faces/autenticacion.xhtml
[Wed Mar 02 21:15:57.958379 2022] [proxy:error] [pid 5468:tid 21080] (OS 10055)An operation on a socket could not be performed because the system lacked sufficient buffer space or because a queue was full.  : AH00957: HTTP: attempt to connect to 172.22.1.61:8080 (172.22.1.61) failed
[Wed Mar 02 21:15:57.958379 2022] [proxy:error] [pid 5468:tid 21080] AH00959: ap_proxy_connect_backend disabling worker for (172.22.1.61) for 60s
[Wed Mar 02 21:15:57.958379 2022] [proxy_http:error] [pid 5468:tid 21080] [client 190.14.238.22:50908] AH01114: HTTP: failed to make connection to backend: 172.22.1.61, referer: http://190.27.245.106/sipse/faces/autenticacion.xhtml
[Wed Mar 02 21:15:58.083180 2022] [proxy:error] [pid 5468:tid 21080] AH00940: HTTP: disabled connection for (172.22.1.61)
[Wed Mar 02 21:15:58.114380 2022] [proxy:error] [pid 5468:tid 21304] AH00940: HTTP: disabled connection for (172.22.1.61)
[Wed Mar 02 21:16:01.998786 2022] [proxy:error] [pid 5468:tid 21212] AH00940: HTTP: disabled connection for (172.22.1.61)
[Wed Mar 02 21:16:06.553994 2022] [proxy:error] [pid 5468:tid 21212] AH00940: HTTP: disabled connection for (172.22.1.61)
[Wed Mar 02 21:16:12.965606 2022] [proxy:error] [pid 5468:tid 20980] AH00940: HTTP: disabled connection for (172.22.1.61)
[Wed Mar 02 21:16:37.192448 2022] [proxy:error] [pid 5468:tid 21008] AH00940: HTTP: disabled connection for (172.22.1.61)
[Wed Mar 02 21:23:20.595160 2022] [mpm_winnt:warn] [pid 5468:tid 21456] (OS 64)The specified network name is no longer available.  : AH00341: winnt_accept: Asynchronous AcceptEx failed.
[Wed Mar 02 21:45:58.520952 2022] [mpm_winnt:warn] [pid 5468:tid 21456] (OS 64)The specified network name is no longer available.  : AH00341: winnt_accept: Asynchronous AcceptEx failed.
[Wed Mar 02 21:55:00.206104 2022] [mpm_winnt:warn] [pid 5468:tid 21456] (OS 64)The specified network name is no longer available.  : AH00341: winnt_accept: Asynchronous AcceptEx failed.
[Wed Mar 02 22:18:55.248228 2022] [mpm_winnt:warn] [pid 5468:tid 21456] (OS 64)The specified network name is no longer available.  : AH00341: winnt_accept: Asynchronous AcceptEx failed.
[Wed Mar 02 22:26:48.316261 2022] [mpm_winnt:warn] [pid 5468:tid 21456] (OS 64)The specified network name is no longer available.  : AH00341: winnt_accept: Asynchronous AcceptEx failed.
[Wed Mar 02 22:26:48.316261 2022] [mpm_winnt:warn] [pid 5468:tid 21456] (OS 64)The specified network name is no longer available.  : AH00341: winnt_accept: Asynchronous AcceptEx failed.

:: Command execute ::

Enter:
 
Select:
 

:: Search ::
regexp 

:: Upload ::
 
[ ok ]

:: Make Dir ::
 
[ ok ]
:: Make File ::
 
[ ok ]

:: Go Dir ::
 
:: Go File ::
 

--[ c99shell v. 1.0 pre-release build #13 powered by Captain Crunch Security Team | http://ccteam.ru | Generation time: 0.0312 ]--