!C99Shell v. 1.0 pre-release build #13!

Software: Apache. PHP/5.5.15 

uname -a: Windows NT SVR-DMZ 6.1 build 7600 (Windows Server 2008 R2 Enterprise Edition) i586 

SYSTEM 

Safe-mode: OFF (not secure)

E:\nuevo\apache\logs\   drwxrwxrwx
Free 9.41 GB of 239.26 GB (3.93%)
Detected drives: [ a ] [ c ] [ d ] [ e ] [ f ]
Home    Back    Forward    UPDIR    Refresh    Search    Buffer    Encoder    Tools    Proc.    FTP brute    Sec.    SQL    PHP-code    Update    Feedback    Self remove    Logout    


Viewing file:     error.2022.06.14.log (332.06 KB)      -rw-rw-rw-
Select action/file-type:
(+) | (+) | (+) | Code (+) | Session (+) | (+) | SDB (+) | (+) | (+) | (+) | (+) | (+) |
[Tue Jun 14 00:31:40.794563 2022] [mpm_winnt:warn] [pid 8808:tid 21552] (OS 64)The specified network name is no longer available.  : AH00341: winnt_accept: Asynchronous AcceptEx failed.
[Tue Jun 14 00:35:37.587379 2022] [mpm_winnt:warn] [pid 8808:tid 21552] (OS 64)The specified network name is no longer available.  : AH00341: winnt_accept: Asynchronous AcceptEx failed.
[Tue Jun 14 00:49:26.823436 2022] [mpm_winnt:warn] [pid 8808:tid 21552] (OS 64)The specified network name is no longer available.  : AH00341: winnt_accept: Asynchronous AcceptEx failed.
[Tue Jun 14 00:56:04.733334 2022] [mpm_winnt:warn] [pid 8808:tid 21552] (OS 64)The specified network name is no longer available.  : AH00341: winnt_accept: Asynchronous AcceptEx failed.
[Tue Jun 14 00:59:49.623329 2022] [proxy:error] [pid 8808:tid 20708] (OS 10061)No connection could be made because the target machine actively refused it.  : AH00957: HTTP: attempt to connect to 172.22.1.51:8399 (172.22.1.51) failed
[Tue Jun 14 00:59:49.623329 2022] [proxy:error] [pid 8808:tid 20708] AH00959: ap_proxy_connect_backend disabling worker for (172.22.1.51) for 60s
[Tue Jun 14 00:59:49.623329 2022] [proxy_http:error] [pid 8808:tid 20708] [client 152.61.192.232:37782] AH01114: HTTP: failed to make connection to backend: 172.22.1.51
[Tue Jun 14 00:59:49.888530 2022] [proxy:error] [pid 8808:tid 20708] AH00940: HTTP: disabled connection for (172.22.1.51)
[Tue Jun 14 00:59:50.138130 2022] [proxy:error] [pid 8808:tid 20708] AH00940: HTTP: disabled connection for (172.22.1.51)
[Tue Jun 14 01:05:42.729950 2022] [proxy:error] [pid 8808:tid 20708] (OS 10061)No connection could be made because the target machine actively refused it.  : AH00957: HTTP: attempt to connect to 172.22.1.51:8399 (172.22.1.51) failed
[Tue Jun 14 01:05:42.729950 2022] [proxy:error] [pid 8808:tid 20708] AH00959: ap_proxy_connect_backend disabling worker for (172.22.1.51) for 60s
[Tue Jun 14 01:05:42.729950 2022] [proxy_http:error] [pid 8808:tid 20708] [client 152.61.128.50:32778] AH01114: HTTP: failed to make connection to backend: 172.22.1.51
[Tue Jun 14 01:05:42.948350 2022] [proxy:error] [pid 8808:tid 20708] AH00940: HTTP: disabled connection for (172.22.1.51)
[Tue Jun 14 01:05:43.166750 2022] [proxy:error] [pid 8808:tid 20708] AH00940: HTTP: disabled connection for (172.22.1.51)
[Tue Jun 14 01:38:19.816787 2022] [mpm_winnt:warn] [pid 8808:tid 21552] (OS 64)The specified network name is no longer available.  : AH00341: winnt_accept: Asynchronous AcceptEx failed.
[Tue Jun 14 01:46:21.592433 2022] [mpm_winnt:warn] [pid 8808:tid 21552] (OS 64)The specified network name is no longer available.  : AH00341: winnt_accept: Asynchronous AcceptEx failed.
[Tue Jun 14 01:47:02.979306 2022] [mpm_winnt:warn] [pid 8808:tid 21552] (OS 64)The specified network name is no longer available.  : AH00341: winnt_accept: Asynchronous AcceptEx failed.
[Tue Jun 14 01:50:24.344460 2022] [mpm_winnt:warn] [pid 8808:tid 21552] (OS 64)The specified network name is no longer available.  : AH00341: winnt_accept: Asynchronous AcceptEx failed.
[Tue Jun 14 02:00:55.521568 2022] [mpm_winnt:warn] [pid 8808:tid 21552] (OS 64)The specified network name is no longer available.  : AH00341: winnt_accept: Asynchronous AcceptEx failed.
[Tue Jun 14 02:01:48.655262 2022] [mpm_winnt:warn] [pid 8808:tid 21552] (OS 64)The specified network name is no longer available.  : AH00341: winnt_accept: Asynchronous AcceptEx failed.
[Tue Jun 14 02:06:36.163767 2022] [proxy_http:error] [pid 8808:tid 20376] (OS 10060)A connection attempt failed because the connected party did not properly respond after a period of time, or established connection failed because connected host has failed to respond.  : [client 186.102.33.227:8220] AH01102: error reading status line from remote server 172.22.1.16:18080, referer: http://localhost/
[Tue Jun 14 02:06:36.163767 2022] [proxy:error] [pid 8808:tid 20376] [client 186.102.33.227:8220] AH00898: Error reading from remote server returned by /kwssiamovil/sm/setfile/f, referer: http://localhost/
[Tue Jun 14 02:10:22.270564 2022] [proxy_http:error] [pid 8808:tid 21180] (OS 10060)A connection attempt failed because the connected party did not properly respond after a period of time, or established connection failed because connected host has failed to respond.  : [client 186.102.33.227:8239] AH01102: error reading status line from remote server 172.22.1.16:18080, referer: http://localhost/
[Tue Jun 14 02:10:22.270564 2022] [proxy:error] [pid 8808:tid 21180] [client 186.102.33.227:8239] AH00898: Error reading from remote server returned by /kwssiamovil/sm/setfile/f, referer: http://localhost/
[Tue Jun 14 02:26:08.381026 2022] [mpm_winnt:warn] [pid 8808:tid 21552] (OS 64)The specified network name is no longer available.  : AH00341: winnt_accept: Asynchronous AcceptEx failed.
[Tue Jun 14 02:28:01.232624 2022] [mpm_winnt:warn] [pid 8808:tid 21552] (OS 64)The specified network name is no longer available.  : AH00341: winnt_accept: Asynchronous AcceptEx failed.
[Tue Jun 14 02:32:53.795538 2022] [proxy:error] [pid 8808:tid 20696] (OS 10060)A connection attempt failed because the connected party did not properly respond after a period of time, or established connection failed because connected host has failed to respond.  : AH00957: HTTP: attempt to connect to 192.168.173.36:80 (192.168.173.36) failed
[Tue Jun 14 02:32:53.795538 2022] [proxy:error] [pid 8808:tid 20696] AH00959: ap_proxy_connect_backend disabling worker for (192.168.173.36) for 60s
[Tue Jun 14 02:32:53.795538 2022] [proxy_http:error] [pid 8808:tid 20696] [client 20.96.170.139:1344] AH01114: HTTP: failed to make connection to backend: 192.168.173.36
[Tue Jun 14 02:32:53.795538 2022] [negotiation:error] [pid 8808:tid 20696] [client 20.96.170.139:1344] AH00690: no acceptable variant: E:/nuevo/apache/error/HTTP_SERVICE_UNAVAILABLE.html.var
[Tue Jun 14 02:36:53.911159 2022] [core:error] [pid 8808:tid 20964] (20024)The given path is misformatted or contained invalid characters: [client 64.124.8.30:63301] AH00127: Cannot map GET /galeria/galeria/fotos/juan-%0A%0Aamarillo4G.jpg HTTP/1.1 to file
[Tue Jun 14 02:41:53.400485 2022] [core:error] [pid 8808:tid 21272] (20024)The given path is misformatted or contained invalid characters: [client 64.124.8.30:15355] AH00127: Cannot map GET /galeria/galeria/fotos/juan-%0A%0Aamarillo1G.jpg HTTP/1.1 to file
[Tue Jun 14 02:47:40.329495 2022] [mpm_winnt:warn] [pid 8808:tid 21552] (OS 64)The specified network name is no longer available.  : AH00341: winnt_accept: Asynchronous AcceptEx failed.
[Tue Jun 14 02:56:18.094404 2022] [core:error] [pid 8808:tid 20376] (20024)The given path is misformatted or contained invalid characters: [client 64.124.8.30:21093] AH00127: Cannot map GET /galeria/galeria/fotos/%0A%0AHumedal-la-conejera1G.jpg HTTP/1.1 to file
[Tue Jun 14 03:06:21.893465 2022] [core:error] [pid 8808:tid 20420] (20024)The given path is misformatted or contained invalid characters: [client 64.124.8.30:60767] AH00127: Cannot map GET /galeria/galeria/fotos/juan-%0A%0Aamarillo2G.jpg HTTP/1.1 to file
[Tue Jun 14 03:21:52.670100 2022] [mpm_winnt:warn] [pid 8808:tid 21552] (OS 64)The specified network name is no longer available.  : AH00341: winnt_accept: Asynchronous AcceptEx failed.
[Tue Jun 14 03:32:50.336055 2022] [mpm_winnt:warn] [pid 8808:tid 21552] (OS 64)The specified network name is no longer available.  : AH00341: winnt_accept: Asynchronous AcceptEx failed.
[Tue Jun 14 03:44:33.928491 2022] [mpm_winnt:warn] [pid 8808:tid 21552] (OS 64)The specified network name is no longer available.  : AH00341: winnt_accept: Asynchronous AcceptEx failed.
[Tue Jun 14 03:57:32.447858 2022] [mpm_winnt:warn] [pid 8808:tid 21552] (OS 64)The specified network name is no longer available.  : AH00341: winnt_accept: Asynchronous AcceptEx failed.
[Tue Jun 14 03:57:44.132278 2022] [proxy:error] [pid 8808:tid 20864] (OS 10061)No connection could be made because the target machine actively refused it.  : AH00957: HTTP: attempt to connect to 172.22.1.51:8399 (172.22.1.51) failed
[Tue Jun 14 03:57:44.132278 2022] [proxy:error] [pid 8808:tid 20864] AH00959: ap_proxy_connect_backend disabling worker for (172.22.1.51) for 60s
[Tue Jun 14 03:57:44.132278 2022] [proxy_http:error] [pid 8808:tid 20864] [client 158.68.208.69:22256] AH01114: HTTP: failed to make connection to backend: 172.22.1.51
[Tue Jun 14 03:57:44.428679 2022] [proxy:error] [pid 8808:tid 20864] AH00940: HTTP: disabled connection for (172.22.1.51)
[Tue Jun 14 03:57:44.678279 2022] [proxy:error] [pid 8808:tid 20864] AH00940: HTTP: disabled connection for (172.22.1.51)
[Tue Jun 14 04:01:32.781880 2022] [mpm_winnt:warn] [pid 8808:tid 21552] (OS 64)The specified network name is no longer available.  : AH00341: winnt_accept: Asynchronous AcceptEx failed.
[Tue Jun 14 04:22:36.026299 2022] [mpm_winnt:warn] [pid 8808:tid 21552] (OS 64)The specified network name is no longer available.  : AH00341: winnt_accept: Asynchronous AcceptEx failed.
[Tue Jun 14 04:38:57.049622 2022] [mpm_winnt:warn] [pid 8808:tid 21552] (OS 64)The specified network name is no longer available.  : AH00341: winnt_accept: Asynchronous AcceptEx failed.
[Tue Jun 14 04:58:20.094065 2022] [mpm_winnt:warn] [pid 8808:tid 21552] (OS 64)The specified network name is no longer available.  : AH00341: winnt_accept: Asynchronous AcceptEx failed.
[Tue Jun 14 05:06:01.418075 2022] [mpm_winnt:warn] [pid 8808:tid 21552] (OS 64)The specified network name is no longer available.  : AH00341: winnt_accept: Asynchronous AcceptEx failed.
[Tue Jun 14 05:07:20.978215 2022] [proxy_http:error] [pid 8808:tid 20276] (OS 10060)A connection attempt failed because the connected party did not properly respond after a period of time, or established connection failed because connected host has failed to respond.  : [client 186.102.5.245:6178] AH01102: error reading status line from remote server 172.22.1.16:18080, referer: http://localhost/
[Tue Jun 14 05:07:20.978215 2022] [proxy:error] [pid 8808:tid 20276] [client 186.102.5.245:6178] AH00898: Error reading from remote server returned by /kwssiamovil/sm/setfile/f, referer: http://localhost/
[Tue Jun 14 05:08:49.835971 2022] [proxy_http:error] [pid 8808:tid 21256] (OS 10060)A connection attempt failed because the connected party did not properly respond after a period of time, or established connection failed because connected host has failed to respond.  : [client 186.102.5.245:6190] AH01102: error reading status line from remote server 172.22.1.16:18080, referer: http://localhost/
[Tue Jun 14 05:08:49.835971 2022] [proxy:error] [pid 8808:tid 21256] [client 186.102.5.245:6190] AH00898: Error reading from remote server returned by /kwssiamovil/sm/ldap/au, referer: http://localhost/
[Tue Jun 14 05:09:19.928424 2022] [proxy_http:error] [pid 8808:tid 20824] (OS 10060)A connection attempt failed because the connected party did not properly respond after a period of time, or established connection failed because connected host has failed to respond.  : [client 186.102.5.245:6189] AH01102: error reading status line from remote server 172.22.1.16:18080, referer: http://localhost/
[Tue Jun 14 05:09:19.928424 2022] [proxy:error] [pid 8808:tid 20824] [client 186.102.5.245:6189] AH00898: Error reading from remote server returned by /kwssiamovil/sm/acme/s, referer: http://localhost/
[Tue Jun 14 05:09:34.966850 2022] [proxy_http:error] [pid 8808:tid 20444] (OS 10060)A connection attempt failed because the connected party did not properly respond after a period of time, or established connection failed because connected host has failed to respond.  : [client 186.102.5.245:6194] AH01102: error reading status line from remote server 172.22.1.16:18080, referer: http://localhost/
[Tue Jun 14 05:09:34.966850 2022] [proxy:error] [pid 8808:tid 20444] [client 186.102.5.245:6194] AH00898: Error reading from remote server returned by /kwssiamovil/sm/ldap/au, referer: http://localhost/
[Tue Jun 14 05:09:51.580879 2022] [proxy_http:error] [pid 8808:tid 20420] (OS 10060)A connection attempt failed because the connected party did not properly respond after a period of time, or established connection failed because connected host has failed to respond.  : [client 186.102.5.245:6191] AH01102: error reading status line from remote server 172.22.1.16:18080, referer: http://localhost/
[Tue Jun 14 05:09:51.580879 2022] [proxy:error] [pid 8808:tid 20420] [client 186.102.5.245:6191] AH00898: Error reading from remote server returned by /kwssiamovil/sm/ldap/au, referer: http://localhost/
[Tue Jun 14 05:10:37.351360 2022] [proxy_http:error] [pid 8808:tid 20376] (OS 10060)A connection attempt failed because the connected party did not properly respond after a period of time, or established connection failed because connected host has failed to respond.  : [client 186.102.5.245:6195] AH01102: error reading status line from remote server 172.22.1.16:18080, referer: http://localhost/
[Tue Jun 14 05:10:37.351360 2022] [proxy:error] [pid 8808:tid 20376] [client 186.102.5.245:6195] AH00898: Error reading from remote server returned by /kwssiamovil/sm/acme/s, referer: http://localhost/
[Tue Jun 14 05:13:36.487474 2022] [proxy_http:error] [pid 8808:tid 21176] (OS 10060)A connection attempt failed because the connected party did not properly respond after a period of time, or established connection failed because connected host has failed to respond.  : [client 186.29.170.244:47132] AH01102: error reading status line from remote server 172.22.1.16:18080, referer: http://localhost/
[Tue Jun 14 05:13:36.487474 2022] [proxy:error] [pid 8808:tid 21176] [client 186.29.170.244:47132] AH00898: Error reading from remote server returned by /kwssiamovil/sm/ldap/au, referer: http://localhost/
[Tue Jun 14 05:21:20.338689 2022] [proxy_http:error] [pid 8808:tid 20688] (OS 10060)A connection attempt failed because the connected party did not properly respond after a period of time, or established connection failed because connected host has failed to respond.  : [client 201.245.192.253:54844] AH01102: error reading status line from remote server 172.22.1.16:18080
[Tue Jun 14 05:21:20.338689 2022] [proxy:error] [pid 8808:tid 20688] [client 201.245.192.253:54844] AH00898: Error reading from remote server returned by /kwsrmcab/Wsrmcab
[Tue Jun 14 05:22:20.414395 2022] [proxy_http:error] [pid 8808:tid 20036] (OS 10060)A connection attempt failed because the connected party did not properly respond after a period of time, or established connection failed because connected host has failed to respond.  : [client 201.245.192.253:54850] AH01102: error reading status line from remote server 172.22.1.16:18080
[Tue Jun 14 05:22:20.414395 2022] [proxy:error] [pid 8808:tid 20036] [client 201.245.192.253:54850] AH00898: Error reading from remote server returned by /kwsrmcab/Wsrmcab
[Tue Jun 14 05:53:23.198066 2022] [mpm_winnt:warn] [pid 8808:tid 21552] (OS 64)The specified network name is no longer available.  : AH00341: winnt_accept: Asynchronous AcceptEx failed.
[Tue Jun 14 06:01:20.714905 2022] [proxy_http:error] [pid 8808:tid 20696] (OS 10060)A connection attempt failed because the connected party did not properly respond after a period of time, or established connection failed because connected host has failed to respond.  : [client 201.245.192.253:54964] AH01102: error reading status line from remote server 172.22.1.16:18080
[Tue Jun 14 06:01:20.714905 2022] [proxy:error] [pid 8808:tid 20696] [client 201.245.192.253:54964] AH00898: Error reading from remote server returned by /kwsrmcab/Wsrmcab
[Tue Jun 14 06:02:20.775011 2022] [proxy_http:error] [pid 8808:tid 20964] (OS 10060)A connection attempt failed because the connected party did not properly respond after a period of time, or established connection failed because connected host has failed to respond.  : [client 201.245.192.253:54968] AH01102: error reading status line from remote server 172.22.1.16:18080
[Tue Jun 14 06:02:20.775011 2022] [proxy:error] [pid 8808:tid 20964] [client 201.245.192.253:54968] AH00898: Error reading from remote server returned by /kwsrmcab/Wsrmcab
[Tue Jun 14 06:10:41.630490 2022] [mpm_winnt:warn] [pid 8808:tid 21552] (OS 64)The specified network name is no longer available.  : AH00341: winnt_accept: Asynchronous AcceptEx failed.
[Tue Jun 14 06:11:20.318558 2022] [proxy_http:error] [pid 8808:tid 20668] (OS 10060)A connection attempt failed because the connected party did not properly respond after a period of time, or established connection failed because connected host has failed to respond.  : [client 201.245.192.253:54994] AH01102: error reading status line from remote server 172.22.1.16:18080
[Tue Jun 14 06:11:20.318558 2022] [proxy:error] [pid 8808:tid 20668] [client 201.245.192.253:54994] AH00898: Error reading from remote server returned by /kwsrmcab/Wsrmcab
[Tue Jun 14 06:12:20.378664 2022] [proxy_http:error] [pid 8808:tid 20912] (OS 10060)A connection attempt failed because the connected party did not properly respond after a period of time, or established connection failed because connected host has failed to respond.  : [client 201.245.192.253:54998] AH01102: error reading status line from remote server 172.22.1.16:18080
[Tue Jun 14 06:12:20.378664 2022] [proxy:error] [pid 8808:tid 20912] [client 201.245.192.253:54998] AH00898: Error reading from remote server returned by /kwsrmcab/Wsrmcab
[Tue Jun 14 06:21:19.921211 2022] [proxy_http:error] [pid 8808:tid 20312] (OS 10060)A connection attempt failed because the connected party did not properly respond after a period of time, or established connection failed because connected host has failed to respond.  : [client 201.245.192.253:55024] AH01102: error reading status line from remote server 172.22.1.16:18080
[Tue Jun 14 06:21:19.921211 2022] [proxy:error] [pid 8808:tid 20312] [client 201.245.192.253:55024] AH00898: Error reading from remote server returned by /kwsrmcab/Wsrmcab
[Tue Jun 14 06:22:19.965717 2022] [proxy_http:error] [pid 8808:tid 20552] (OS 10060)A connection attempt failed because the connected party did not properly respond after a period of time, or established connection failed because connected host has failed to respond.  : [client 201.245.192.253:55030] AH01102: error reading status line from remote server 172.22.1.16:18080
[Tue Jun 14 06:22:19.965717 2022] [proxy:error] [pid 8808:tid 20552] [client 201.245.192.253:55030] AH00898: Error reading from remote server returned by /kwsrmcab/Wsrmcab
[Tue Jun 14 06:41:26.676931 2022] [mpm_winnt:warn] [pid 8808:tid 21552] (OS 64)The specified network name is no longer available.  : AH00341: winnt_accept: Asynchronous AcceptEx failed.
[Tue Jun 14 06:41:48.314169 2022] [mpm_winnt:warn] [pid 8808:tid 21552] (OS 64)The specified network name is no longer available.  : AH00341: winnt_accept: Asynchronous AcceptEx failed.
[Tue Jun 14 07:01:19.846027 2022] [proxy_http:error] [pid 8808:tid 20468] (OS 10060)A connection attempt failed because the connected party did not properly respond after a period of time, or established connection failed because connected host has failed to respond.  : [client 201.245.192.253:55154] AH01102: error reading status line from remote server 172.22.1.16:18080
[Tue Jun 14 07:01:19.846027 2022] [proxy:error] [pid 8808:tid 20468] [client 201.245.192.253:55154] AH00898: Error reading from remote server returned by /kwsrmcab/Wsrmcab
[Tue Jun 14 07:02:19.906132 2022] [proxy_http:error] [pid 8808:tid 20688] (OS 10060)A connection attempt failed because the connected party did not properly respond after a period of time, or established connection failed because connected host has failed to respond.  : [client 201.245.192.253:55160] AH01102: error reading status line from remote server 172.22.1.16:18080
[Tue Jun 14 07:02:19.906132 2022] [proxy:error] [pid 8808:tid 20688] [client 201.245.192.253:55160] AH00898: Error reading from remote server returned by /kwsrmcab/Wsrmcab
[Tue Jun 14 07:11:19.963481 2022] [proxy_http:error] [pid 8808:tid 20036] (OS 10060)A connection attempt failed because the connected party did not properly respond after a period of time, or established connection failed because connected host has failed to respond.  : [client 201.245.192.253:55190] AH01102: error reading status line from remote server 172.22.1.16:18080
[Tue Jun 14 07:11:19.963481 2022] [proxy:error] [pid 8808:tid 20036] [client 201.245.192.253:55190] AH00898: Error reading from remote server returned by /kwsrmcab/Wsrmcab
[Tue Jun 14 07:12:20.023586 2022] [proxy_http:error] [pid 8808:tid 20420] (OS 10060)A connection attempt failed because the connected party did not properly respond after a period of time, or established connection failed because connected host has failed to respond.  : [client 201.245.192.253:55198] AH01102: error reading status line from remote server 172.22.1.16:18080
[Tue Jun 14 07:12:20.023586 2022] [proxy:error] [pid 8808:tid 20420] [client 201.245.192.253:55198] AH00898: Error reading from remote server returned by /kwsrmcab/Wsrmcab
[Tue Jun 14 07:21:20.533336 2022] [proxy_http:error] [pid 8808:tid 20444] (OS 10060)A connection attempt failed because the connected party did not properly respond after a period of time, or established connection failed because connected host has failed to respond.  : [client 201.245.192.253:55246] AH01102: error reading status line from remote server 172.22.1.16:18080
[Tue Jun 14 07:21:20.533336 2022] [proxy:error] [pid 8808:tid 20444] [client 201.245.192.253:55246] AH00898: Error reading from remote server returned by /kwsrmcab/Wsrmcab
[Tue Jun 14 07:22:20.562241 2022] [proxy_http:error] [pid 8808:tid 21256] (OS 10060)A connection attempt failed because the connected party did not properly respond after a period of time, or established connection failed because connected host has failed to respond.  : [client 201.245.192.253:55254] AH01102: error reading status line from remote server 172.22.1.16:18080
[Tue Jun 14 07:22:20.562241 2022] [proxy:error] [pid 8808:tid 21256] [client 201.245.192.253:55254] AH00898: Error reading from remote server returned by /kwsrmcab/Wsrmcab
[Tue Jun 14 07:36:28.517330 2022] [mpm_winnt:warn] [pid 8808:tid 21552] (OS 64)The specified network name is no longer available.  : AH00341: winnt_accept: Asynchronous AcceptEx failed.
[Tue Jun 14 07:48:17.881776 2022] [mpm_winnt:warn] [pid 8808:tid 21552] (OS 64)The specified network name is no longer available.  : AH00341: winnt_accept: Asynchronous AcceptEx failed.
[Tue Jun 14 07:57:34.366954 2022] [proxy_http:error] [pid 8808:tid 20696] (OS 10060)A connection attempt failed because the connected party did not properly respond after a period of time, or established connection failed because connected host has failed to respond.  : [client 181.56.248.248:47518] AH01102: error reading status line from remote server 172.22.1.16:18080, referer: http://nuevo.ambientebogota.gov.co/
[Tue Jun 14 07:57:34.366954 2022] [proxy:error] [pid 8808:tid 20696] [client 181.56.248.248:47518] AH00898: Error reading from remote server returned by /appsia/controlador, referer: http://nuevo.ambientebogota.gov.co/
[Tue Jun 14 07:57:53.133787 2022] [proxy_http:error] [pid 8808:tid 20208] (OS 10060)A connection attempt failed because the connected party did not properly respond after a period of time, or established connection failed because connected host has failed to respond.  : [client 181.56.248.248:47520] AH01102: error reading status line from remote server 172.22.1.16:18080, referer: http://nuevo.ambientebogota.gov.co/
[Tue Jun 14 07:57:53.133787 2022] [proxy:error] [pid 8808:tid 20208] [client 181.56.248.248:47520] AH00898: Error reading from remote server returned by /appsia/controlador, referer: http://nuevo.ambientebogota.gov.co/
[Tue Jun 14 07:58:21.198236 2022] [proxy_http:error] [pid 8808:tid 20708] (OS 10060)A connection attempt failed because the connected party did not properly respond after a period of time, or established connection failed because connected host has failed to respond.  : [client 181.56.248.248:47528] AH01102: error reading status line from remote server 172.22.1.16:18080, referer: http://nuevo.ambientebogota.gov.co/
[Tue Jun 14 07:58:21.198236 2022] [proxy:error] [pid 8808:tid 20708] [client 181.56.248.248:47528] AH00898: Error reading from remote server returned by /appsia/controlador, referer: http://nuevo.ambientebogota.gov.co/
[Tue Jun 14 07:59:09.620721 2022] [proxy_http:error] [pid 8808:tid 20668] (OS 10060)A connection attempt failed because the connected party did not properly respond after a period of time, or established connection failed because connected host has failed to respond.  : [client 181.56.248.248:47596] AH01102: error reading status line from remote server 172.22.1.16:18080, referer: http://nuevo.ambientebogota.gov.co/
[Tue Jun 14 07:59:09.620721 2022] [proxy:error] [pid 8808:tid 20668] [client 181.56.248.248:47596] AH00898: Error reading from remote server returned by /appsia/controlador, referer: http://nuevo.ambientebogota.gov.co/
[Tue Jun 14 08:01:19.912150 2022] [proxy_http:error] [pid 8808:tid 20800] (OS 10060)A connection attempt failed because the connected party did not properly respond after a period of time, or established connection failed because connected host has failed to respond.  : [client 201.245.192.253:55396] AH01102: error reading status line from remote server 172.22.1.16:18080
[Tue Jun 14 08:01:19.912150 2022] [proxy:error] [pid 8808:tid 20800] [client 201.245.192.253:55396] AH00898: Error reading from remote server returned by /kwsrmcab/Wsrmcab
[Tue Jun 14 08:02:19.925455 2022] [proxy_http:error] [pid 8808:tid 20912] (OS 10060)A connection attempt failed because the connected party did not properly respond after a period of time, or established connection failed because connected host has failed to respond.  : [client 201.245.192.253:55402] AH01102: error reading status line from remote server 172.22.1.16:18080
[Tue Jun 14 08:02:19.925455 2022] [proxy:error] [pid 8808:tid 20912] [client 201.245.192.253:55402] AH00898: Error reading from remote server returned by /kwsrmcab/Wsrmcab
[Tue Jun 14 08:10:09.673480 2022] [proxy_http:error] [pid 8808:tid 20172] (OS 10053)An established connection was aborted by the software in your host machine.  : [client 186.102.40.242:35968] AH01102: error reading status line from remote server 172.22.1.16:18080, referer: http://localhost/
[Tue Jun 14 08:10:09.673480 2022] [proxy:error] [pid 8808:tid 20172] [client 186.102.40.242:35968] AH00898: Error reading from remote server returned by /kwssiamovil/sm/ldap/au, referer: http://localhost/
[Tue Jun 14 08:10:10.266282 2022] [proxy_http:error] [pid 8808:tid 20708] (OS 10053)An established connection was aborted by the software in your host machine.  : [client 186.102.40.242:35969] AH01102: error reading status line from remote server 172.22.1.16:18080, referer: http://localhost/
[Tue Jun 14 08:10:10.266282 2022] [proxy:error] [pid 8808:tid 20708] [client 186.102.40.242:35969] AH00898: Error reading from remote server returned by /kwssiamovil/sm/ldap/au, referer: http://localhost/
[Tue Jun 14 08:10:10.703082 2022] [proxy_http:error] [pid 8808:tid 20912] (OS 10053)An established connection was aborted by the software in your host machine.  : [client 186.102.40.242:35970] AH01102: error reading status line from remote server 172.22.1.16:18080, referer: http://localhost/
[Tue Jun 14 08:10:10.703082 2022] [proxy:error] [pid 8808:tid 20912] [client 186.102.40.242:35970] AH00898: Error reading from remote server returned by /kwssiamovil/sm/ldap/au, referer: http://localhost/
[Tue Jun 14 08:10:29.750716 2022] [proxy_http:error] [pid 8808:tid 20172] (OS 10053)An established connection was aborted by the software in your host machine.  : [client 186.102.40.242:35968] AH01102: error reading status line from remote server 172.22.1.16:18080, referer: http://localhost/
[Tue Jun 14 08:10:29.766316 2022] [proxy_http:error] [pid 8808:tid 20708] (OS 10053)An established connection was aborted by the software in your host machine.  : [client 186.102.40.242:35969] AH01102: error reading status line from remote server 172.22.1.16:18080, referer: http://localhost/
[Tue Jun 14 08:11:00.311169 2022] [proxy_http:error] [pid 8808:tid 20560] (OS 10053)An established connection was aborted by the software in your host machine.  : [client 186.102.40.242:35972] AH01102: error reading status line from remote server 172.22.1.16:18080, referer: http://localhost/
[Tue Jun 14 08:11:00.311169 2022] [proxy:error] [pid 8808:tid 20560] [client 186.102.40.242:35972] AH00898: Error reading from remote server returned by /kwssiamovil/sm/ldap/au, referer: http://localhost/
[Tue Jun 14 08:11:01.215971 2022] [proxy_http:error] [pid 8808:tid 21136] (OS 10053)An established connection was aborted by the software in your host machine.  : [client 186.102.40.242:35973] AH01102: error reading status line from remote server 172.22.1.16:18080, referer: http://localhost/
[Tue Jun 14 08:11:01.215971 2022] [proxy:error] [pid 8808:tid 21136] [client 186.102.40.242:35973] AH00898: Error reading from remote server returned by /kwssiamovil/sm/ldap/au, referer: http://localhost/
[Tue Jun 14 08:11:01.668372 2022] [proxy_http:error] [pid 8808:tid 21072] (OS 10053)An established connection was aborted by the software in your host machine.  : [client 186.102.40.242:35974] AH01102: error reading status line from remote server 172.22.1.16:18080, referer: http://localhost/
[Tue Jun 14 08:11:01.668372 2022] [proxy:error] [pid 8808:tid 21072] [client 186.102.40.242:35974] AH00898: Error reading from remote server returned by /kwssiamovil/sm/ldap/au, referer: http://localhost/
[Tue Jun 14 08:11:19.514803 2022] [proxy_http:error] [pid 8808:tid 20964] (OS 10060)A connection attempt failed because the connected party did not properly respond after a period of time, or established connection failed because connected host has failed to respond.  : [client 201.245.192.253:55428] AH01102: error reading status line from remote server 172.22.1.16:18080
[Tue Jun 14 08:11:19.514803 2022] [proxy:error] [pid 8808:tid 20964] [client 201.245.192.253:55428] AH00898: Error reading from remote server returned by /kwsrmcab/Wsrmcab
[Tue Jun 14 08:11:19.967204 2022] [proxy_http:error] [pid 8808:tid 20172] (OS 10053)An established connection was aborted by the software in your host machine.  : [client 186.102.40.242:35976] AH01102: error reading status line from remote server 172.22.1.16:18080, referer: http://localhost/
[Tue Jun 14 08:11:19.967204 2022] [proxy:error] [pid 8808:tid 20172] [client 186.102.40.242:35976] AH00898: Error reading from remote server returned by /kwssiamovil/sm/ldap/au, referer: http://localhost/
[Tue Jun 14 08:11:20.544405 2022] [proxy_http:error] [pid 8808:tid 21136] (OS 10053)An established connection was aborted by the software in your host machine.  : [client 186.102.40.242:35973] AH01102: error reading status line from remote server 172.22.1.16:18080, referer: http://localhost/
[Tue Jun 14 08:11:21.168406 2022] [proxy_http:error] [pid 8808:tid 21072] (OS 10053)An established connection was aborted by the software in your host machine.  : [client 186.102.40.242:35974] AH01102: error reading status line from remote server 172.22.1.16:18080, referer: http://localhost/
[Tue Jun 14 08:11:21.730007 2022] [proxy_http:error] [pid 8808:tid 20560] (OS 10053)An established connection was aborted by the software in your host machine.  : [client 186.102.40.242:35972] AH01102: error reading status line from remote server 172.22.1.16:18080, referer: http://localhost/
[Tue Jun 14 08:11:22.166808 2022] [proxy_http:error] [pid 8808:tid 20952] (OS 10053)An established connection was aborted by the software in your host machine.  : [client 186.102.40.242:35977] AH01102: error reading status line from remote server 172.22.1.16:18080, referer: http://localhost/
[Tue Jun 14 08:11:22.166808 2022] [proxy:error] [pid 8808:tid 20952] [client 186.102.40.242:35977] AH00898: Error reading from remote server returned by /kwssiamovil/sm/ldap/au, referer: http://localhost/
[Tue Jun 14 08:11:28.250818 2022] [proxy_http:error] [pid 8808:tid 20428] (OS 10054)An existing connection was forcibly closed by the remote host.  : [client 186.102.40.242:35971] AH01102: error reading status line from remote server 172.22.1.16:18080, referer: http://localhost/
[Tue Jun 14 08:11:28.250818 2022] [proxy:error] [pid 8808:tid 20428] [client 186.102.40.242:35971] AH00898: Error reading from remote server returned by /kwssiamovil/sm/ldap/au, referer: http://localhost/
[Tue Jun 14 08:11:40.075639 2022] [proxy_http:error] [pid 8808:tid 20172] (OS 10053)An established connection was aborted by the software in your host machine.  : [client 186.102.40.242:35976] AH01102: error reading status line from remote server 172.22.1.16:18080, referer: http://localhost/
[Tue Jun 14 08:11:40.106839 2022] [proxy_http:error] [pid 8808:tid 21136] (OS 10053)An established connection was aborted by the software in your host machine.  : [client 186.102.40.242:35978] AH01102: error reading status line from remote server 172.22.1.16:18080, referer: http://localhost/
[Tue Jun 14 08:11:40.106839 2022] [proxy:error] [pid 8808:tid 21136] [client 186.102.40.242:35978] AH00898: Error reading from remote server returned by /kwssiamovil/sm/ldap/au, referer: http://localhost/
[Tue Jun 14 08:11:41.183241 2022] [proxy_http:error] [pid 8808:tid 20952] (OS 10053)An established connection was aborted by the software in your host machine.  : [client 186.102.40.242:35977] AH01102: error reading status line from remote server 172.22.1.16:18080, referer: http://localhost/
[Tue Jun 14 08:11:46.877251 2022] [proxy_http:error] [pid 8808:tid 20912] (OS 10054)An existing connection was forcibly closed by the remote host.  : [client 186.102.40.242:35970] AH01102: error reading status line from remote server 172.22.1.16:18080, referer: http://localhost/
[Tue Jun 14 08:12:02.212078 2022] [proxy_http:error] [pid 8808:tid 20172] (OS 10053)An established connection was aborted by the software in your host machine.  : [client 186.102.62.108:35924] AH01102: error reading status line from remote server 172.22.1.16:18080, referer: http://localhost/
[Tue Jun 14 08:12:02.212078 2022] [proxy:error] [pid 8808:tid 20172] [client 186.102.62.108:35924] AH00898: Error reading from remote server returned by /kwssiamovil/sm/ldap/au, referer: http://localhost/
[Tue Jun 14 08:12:04.973283 2022] [proxy_http:error] [pid 8808:tid 20952] (OS 10053)An established connection was aborted by the software in your host machine.  : [client 186.102.62.108:35927] AH01102: error reading status line from remote server 172.22.1.16:18080, referer: http://localhost/
[Tue Jun 14 08:12:04.973283 2022] [proxy:error] [pid 8808:tid 20952] [client 186.102.62.108:35927] AH00898: Error reading from remote server returned by /kwssiamovil/sm/ldap/au, referer: http://localhost/
[Tue Jun 14 08:12:07.016887 2022] [proxy_http:error] [pid 8808:tid 20912] (OS 10053)An established connection was aborted by the software in your host machine.  : [client 186.102.62.108:35928] AH01102: error reading status line from remote server 172.22.1.16:18080, referer: http://localhost/
[Tue Jun 14 08:12:07.016887 2022] [proxy:error] [pid 8808:tid 20912] [client 186.102.62.108:35928] AH00898: Error reading from remote server returned by /kwssiamovil/sm/ldap/au, referer: http://localhost/
[Tue Jun 14 08:12:08.826490 2022] [proxy_http:error] [pid 8808:tid 20428] (OS 10053)An established connection was aborted by the software in your host machine.  : [client 186.102.62.108:35929] AH01102: error reading status line from remote server 172.22.1.16:18080, referer: http://localhost/
[Tue Jun 14 08:12:08.826490 2022] [proxy:error] [pid 8808:tid 20428] [client 186.102.62.108:35929] AH00898: Error reading from remote server returned by /kwssiamovil/sm/ldap/au, referer: http://localhost/
[Tue Jun 14 08:12:09.575291 2022] [proxy_http:error] [pid 8808:tid 20708] (OS 10053)An established connection was aborted by the software in your host machine.  : [client 186.102.62.108:35930] AH01102: error reading status line from remote server 172.22.1.16:18080, referer: http://localhost/
[Tue Jun 14 08:12:09.575291 2022] [proxy:error] [pid 8808:tid 20708] [client 186.102.62.108:35930] AH00898: Error reading from remote server returned by /kwssiamovil/sm/ldap/au, referer: http://localhost/
[Tue Jun 14 08:12:10.183692 2022] [proxy_http:error] [pid 8808:tid 20964] (OS 10053)An established connection was aborted by the software in your host machine.  : [client 186.102.62.108:35931] AH01102: error reading status line from remote server 172.22.1.16:18080, referer: http://localhost/
[Tue Jun 14 08:12:10.183692 2022] [proxy:error] [pid 8808:tid 20964] [client 186.102.62.108:35931] AH00898: Error reading from remote server returned by /kwssiamovil/sm/ldap/au, referer: http://localhost/
[Tue Jun 14 08:12:12.164896 2022] [proxy_http:error] [pid 8808:tid 21136] (OS 10053)An established connection was aborted by the software in your host machine.  : [client 186.102.40.242:35978] AH01102: error reading status line from remote server 172.22.1.16:18080, referer: http://localhost/
[Tue Jun 14 08:12:12.164896 2022] [proxy_http:error] [pid 8808:tid 20520] (OS 10053)An established connection was aborted by the software in your host machine.  : [client 186.102.40.242:35981] AH01102: error reading status line from remote server 172.22.1.16:18080, referer: http://localhost/
[Tue Jun 14 08:12:12.164896 2022] [proxy:error] [pid 8808:tid 20520] [client 186.102.40.242:35981] AH00898: Error reading from remote server returned by /kwssiamovil/sm/ldap/au, referer: http://localhost/
[Tue Jun 14 08:12:19.231708 2022] [proxy_http:error] [pid 8808:tid 21244] (OS 10054)An existing connection was forcibly closed by the remote host.  : [client 186.102.40.242:35975] AH01102: error reading status line from remote server 172.22.1.16:18080, referer: http://localhost/
[Tue Jun 14 08:12:19.231708 2022] [proxy:error] [pid 8808:tid 21244] [client 186.102.40.242:35975] AH00898: Error reading from remote server returned by /kwssiamovil/sm/ldap/au, referer: http://localhost/
[Tue Jun 14 08:12:19.574909 2022] [proxy_http:error] [pid 8808:tid 20180] (OS 10060)A connection attempt failed because the connected party did not properly respond after a period of time, or established connection failed because connected host has failed to respond.  : [client 201.245.192.253:55436] AH01102: error reading status line from remote server 172.22.1.16:18080
[Tue Jun 14 08:12:19.574909 2022] [proxy:error] [pid 8808:tid 20180] [client 201.245.192.253:55436] AH00898: Error reading from remote server returned by /kwsrmcab/Wsrmcab
[Tue Jun 14 08:12:21.509312 2022] [proxy_http:error] [pid 8808:tid 20172] (OS 10053)An established connection was aborted by the software in your host machine.  : [client 186.102.62.108:35924] AH01102: error reading status line from remote server 172.22.1.16:18080, referer: http://localhost/
[Tue Jun 14 08:12:24.067717 2022] [proxy_http:error] [pid 8808:tid 20952] (OS 10053)An established connection was aborted by the software in your host machine.  : [client 186.102.62.108:35927] AH01102: error reading status line from remote server 172.22.1.16:18080, referer: http://localhost/
[Tue Jun 14 08:12:26.251720 2022] [proxy_http:error] [pid 8808:tid 20912] (OS 10053)An established connection was aborted by the software in your host machine.  : [client 186.102.62.108:35928] AH01102: error reading status line from remote server 172.22.1.16:18080, referer: http://localhost/
[Tue Jun 14 08:12:27.874123 2022] [proxy_http:error] [pid 8808:tid 20428] (OS 10053)An established connection was aborted by the software in your host machine.  : [client 186.102.62.108:35929] AH01102: error reading status line from remote server 172.22.1.16:18080, referer: http://localhost/
[Tue Jun 14 08:12:28.903725 2022] [proxy_http:error] [pid 8808:tid 20708] (OS 10053)An established connection was aborted by the software in your host machine.  : [client 186.102.62.108:35930] AH01102: error reading status line from remote server 172.22.1.16:18080, referer: http://localhost/
[Tue Jun 14 08:12:29.293726 2022] [proxy_http:error] [pid 8808:tid 20964] (OS 10053)An established connection was aborted by the software in your host machine.  : [client 186.102.62.108:35931] AH01102: error reading status line from remote server 172.22.1.16:18080, referer: http://localhost/
[Tue Jun 14 08:12:33.958134 2022] [proxy_http:error] [pid 8808:tid 20520] (OS 10053)An established connection was aborted by the software in your host machine.  : [client 186.102.40.242:35981] AH01102: error reading status line from remote server 172.22.1.16:18080, referer: http://localhost/
[Tue Jun 14 08:12:33.958134 2022] [proxy_http:error] [pid 8808:tid 21136] (OS 10053)An established connection was aborted by the software in your host machine.  : [client 186.102.40.242:35983] AH01102: error reading status line from remote server 172.22.1.16:18080, referer: http://localhost/
[Tue Jun 14 08:12:33.958134 2022] [proxy:error] [pid 8808:tid 21136] [client 186.102.40.242:35983] AH00898: Error reading from remote server returned by /kwssiamovil/sm/ldap/au, referer: http://localhost/
[Tue Jun 14 08:12:38.248141 2022] [proxy_http:error] [pid 8808:tid 21244] (OS 10053)An established connection was aborted by the software in your host machine.  : [client 186.102.40.242:35975] AH01102: error reading status line from remote server 172.22.1.16:18080, referer: http://localhost/
[Tue Jun 14 08:12:40.588146 2022] [proxy_http:error] [pid 8808:tid 20172] (OS 10053)An established connection was aborted by the software in your host machine.  : [client 186.102.62.108:35932] AH01102: error reading status line from remote server 172.22.1.16:18080, referer: http://localhost/
[Tue Jun 14 08:12:40.588146 2022] [proxy:error] [pid 8808:tid 20172] [client 186.102.62.108:35932] AH00898: Error reading from remote server returned by /kwssiamovil/sm/ldap/au, referer: http://localhost/
[Tue Jun 14 08:12:54.596970 2022] [proxy_http:error] [pid 8808:tid 21136] (OS 10053)An established connection was aborted by the software in your host machine.  : [client 186.102.40.242:35983] AH01102: error reading status line from remote server 172.22.1.16:18080, referer: http://localhost/
[Tue Jun 14 08:12:54.908971 2022] [proxy_http:error] [pid 8808:tid 20520] (OS 10053)An established connection was aborted by the software in your host machine.  : [client 186.102.40.242:35984] AH01102: error reading status line from remote server 172.22.1.16:18080, referer: http://localhost/
[Tue Jun 14 08:12:54.908971 2022] [proxy:error] [pid 8808:tid 20520] [client 186.102.40.242:35984] AH00898: Error reading from remote server returned by /kwssiamovil/sm/ldap/au, referer: http://localhost/
[Tue Jun 14 08:12:57.280175 2022] [proxy_http:error] [pid 8808:tid 21072] (OS 10054)An existing connection was forcibly closed by the remote host.  : [client 186.102.40.242:35979] AH01102: error reading status line from remote server 172.22.1.16:18080, referer: http://localhost/
[Tue Jun 14 08:12:57.280175 2022] [proxy:error] [pid 8808:tid 21072] [client 186.102.40.242:35979] AH00898: Error reading from remote server returned by /kwssiamovil/sm/ldap/au, referer: http://localhost/
[Tue Jun 14 08:12:57.295775 2022] [proxy_http:error] [pid 8808:tid 21244] (OS 10053)An established connection was aborted by the software in your host machine.  : [client 186.102.40.242:35985] AH01102: error reading status line from remote server 172.22.1.16:18080, referer: http://localhost/
[Tue Jun 14 08:12:57.295775 2022] [proxy:error] [pid 8808:tid 21244] [client 186.102.40.242:35985] AH00898: Error reading from remote server returned by /kwssiamovil/sm/ldap/au, referer: http://localhost/
[Tue Jun 14 08:12:57.872976 2022] [proxy_http:error] [pid 8808:tid 20560] (OS 10054)An existing connection was forcibly closed by the remote host.  : [client 186.102.40.242:35980] AH01102: error reading status line from remote server 172.22.1.16:18080, referer: http://localhost/
[Tue Jun 14 08:12:57.872976 2022] [proxy:error] [pid 8808:tid 20560] [client 186.102.40.242:35980] AH00898: Error reading from remote server returned by /kwssiamovil/sm/ldap/au, referer: http://localhost/
[Tue Jun 14 08:13:14.019004 2022] [proxy_http:error] [pid 8808:tid 20520] (OS 10053)An established connection was aborted by the software in your host machine.  : [client 186.102.40.242:35984] AH01102: error reading status line from remote server 172.22.1.16:18080, referer: http://localhost/
[Tue Jun 14 08:13:14.081404 2022] [proxy_http:error] [pid 8808:tid 21136] (OS 10053)An established connection was aborted by the software in your host machine.  : [client 186.102.40.242:35986] AH01102: error reading status line from remote server 172.22.1.16:18080, referer: http://localhost/
[Tue Jun 14 08:13:14.081404 2022] [proxy:error] [pid 8808:tid 21136] [client 186.102.40.242:35986] AH00898: Error reading from remote server returned by /kwssiamovil/sm/ldap/au, referer: http://localhost/
[Tue Jun 14 08:13:16.795809 2022] [proxy_http:error] [pid 8808:tid 21072] (OS 10053)An established connection was aborted by the software in your host machine.  : [client 186.102.40.242:35979] AH01102: error reading status line from remote server 172.22.1.16:18080, referer: http://localhost/
[Tue Jun 14 08:13:16.795809 2022] [proxy_http:error] [pid 8808:tid 21244] (OS 10053)An established connection was aborted by the software in your host machine.  : [client 186.102.40.242:35985] AH01102: error reading status line from remote server 172.22.1.16:18080, referer: http://localhost/
[Tue Jun 14 08:13:29.275831 2022] [proxy_http:error] [pid 8808:tid 20084] (OS 10054)An existing connection was forcibly closed by the remote host.  : [client 186.102.40.242:35982] AH01102: error reading status line from remote server 172.22.1.16:18080, referer: http://localhost/
[Tue Jun 14 08:13:29.275831 2022] [proxy:error] [pid 8808:tid 20084] [client 186.102.40.242:35982] AH00898: Error reading from remote server returned by /kwssiamovil/sm/ldap/au, referer: http://localhost/
[Tue Jun 14 08:13:33.066638 2022] [proxy_http:error] [pid 8808:tid 20520] (OS 10053)An established connection was aborted by the software in your host machine.  : [client 186.102.40.242:35993] AH01102: error reading status line from remote server 172.22.1.16:18080, referer: http://localhost/
[Tue Jun 14 08:13:33.066638 2022] [proxy:error] [pid 8808:tid 20520] [client 186.102.40.242:35993] AH00898: Error reading from remote server returned by /kwssiamovil/sm/ldap/au, referer: http://localhost/
[Tue Jun 14 08:13:33.066638 2022] [proxy_http:error] [pid 8808:tid 21136] (OS 10053)An established connection was aborted by the software in your host machine.  : [client 186.102.40.242:35986] AH01102: error reading status line from remote server 172.22.1.16:18080, referer: http://localhost/
[Tue Jun 14 08:13:36.186643 2022] [proxy_http:error] [pid 8808:tid 21072] (OS 10053)An established connection was aborted by the software in your host machine.  : [client 186.102.40.242:35995] AH01102: error reading status line from remote server 172.22.1.16:18080, referer: http://localhost/
[Tue Jun 14 08:13:36.186643 2022] [proxy:error] [pid 8808:tid 21072] [client 186.102.40.242:35995] AH00898: Error reading from remote server returned by /kwssiamovil/sm/ldap/au, referer: http://localhost/
[Tue Jun 14 08:13:36.202243 2022] [proxy_http:error] [pid 8808:tid 21244] (OS 10053)An established connection was aborted by the software in your host machine.  : [client 186.102.40.242:35994] AH01102: error reading status line from remote server 172.22.1.16:18080, referer: http://localhost/
[Tue Jun 14 08:13:36.202243 2022] [proxy:error] [pid 8808:tid 21244] [client 186.102.40.242:35994] AH00898: Error reading from remote server returned by /kwssiamovil/sm/ldap/au, referer: http://localhost/
[Tue Jun 14 08:13:38.386247 2022] [proxy_http:error] [pid 8808:tid 20552] (OS 10053)An established connection was aborted by the software in your host machine.  : [client 186.102.62.108:35935] AH01102: error reading status line from remote server 172.22.1.16:18080, referer: http://localhost/
[Tue Jun 14 08:13:38.386247 2022] [proxy:error] [pid 8808:tid 20552] [client 186.102.62.108:35935] AH00898: Error reading from remote server returned by /kwssiamovil/sm/ldap/au, referer: http://localhost/
[Tue Jun 14 08:13:40.227050 2022] [proxy_http:error] [pid 8808:tid 20172] (OS 10053)An established connection was aborted by the software in your host machine.  : [client 186.102.62.108:35936] AH01102: error reading status line from remote server 172.22.1.16:18080, referer: http://localhost/
[Tue Jun 14 08:13:40.227050 2022] [proxy:error] [pid 8808:tid 20172] [client 186.102.62.108:35936] AH00898: Error reading from remote server returned by /kwssiamovil/sm/ldap/au, referer: http://localhost/
