!C99Shell v. 1.0 pre-release build #13!

Software: Apache. PHP/5.5.15 

uname -a: Windows NT SVR-DMZ 6.1 build 7600 (Windows Server 2008 R2 Enterprise Edition) i586 

SYSTEM 

Safe-mode: OFF (not secure)

E:\nuevo\apache\logs\   drwxrwxrwx
Free 8.02 GB of 239.26 GB (3.35%)
Detected drives: [ a ] [ c ] [ d ] [ e ] [ f ]
Home    Back    Forward    UPDIR    Refresh    Search    Buffer    Encoder    Tools    Proc.    FTP brute    Sec.    SQL    PHP-code    Update    Feedback    Self remove    Logout    


Viewing file:     error.2022.12.03.log (48.26 KB)      -rw-rw-rw-
Select action/file-type:
(+) | (+) | (+) | Code (+) | Session (+) | (+) | SDB (+) | (+) | (+) | (+) | (+) | (+) |
[Sat Dec 03 00:07:52.189634 2022] [mpm_winnt:warn] [pid 13072:tid 21944] (OS 64)The specified network name is no longer available.  : AH00341: winnt_accept: Asynchronous AcceptEx failed.
[Sat Dec 03 00:07:55.340839 2022] [mpm_winnt:warn] [pid 13072:tid 21944] (OS 64)The specified network name is no longer available.  : AH00341: winnt_accept: Asynchronous AcceptEx failed.
[Sat Dec 03 00:08:01.783650 2022] [mpm_winnt:warn] [pid 13072:tid 21944] (OS 64)The specified network name is no longer available.  : AH00341: winnt_accept: Asynchronous AcceptEx failed.
[Sat Dec 03 00:08:13.156070 2022] [mpm_winnt:warn] [pid 13072:tid 21944] (OS 64)The specified network name is no longer available.  : AH00341: winnt_accept: Asynchronous AcceptEx failed.
[Sat Dec 03 00:09:05.041761 2022] [mpm_winnt:warn] [pid 13072:tid 21944] (OS 64)The specified network name is no longer available.  : AH00341: winnt_accept: Asynchronous AcceptEx failed.
[Sat Dec 03 00:09:14.401778 2022] [mpm_winnt:warn] [pid 13072:tid 21944] (OS 64)The specified network name is no longer available.  : AH00341: winnt_accept: Asynchronous AcceptEx failed.
[Sat Dec 03 00:09:14.401778 2022] [mpm_winnt:warn] [pid 13072:tid 21944] (OS 64)The specified network name is no longer available.  : AH00341: winnt_accept: Asynchronous AcceptEx failed.
[Sat Dec 03 00:09:14.401778 2022] [mpm_winnt:warn] [pid 13072:tid 21944] (OS 64)The specified network name is no longer available.  : AH00341: winnt_accept: Asynchronous AcceptEx failed.
[Sat Dec 03 00:09:26.413799 2022] [mpm_winnt:warn] [pid 13072:tid 21944] (OS 64)The specified network name is no longer available.  : AH00341: winnt_accept: Asynchronous AcceptEx failed.
[Sat Dec 03 00:10:39.577928 2022] [mpm_winnt:warn] [pid 13072:tid 21944] (OS 64)The specified network name is no longer available.  : AH00341: winnt_accept: Asynchronous AcceptEx failed.
[Sat Dec 03 00:10:39.577928 2022] [mpm_winnt:warn] [pid 13072:tid 21944] (OS 64)The specified network name is no longer available.  : AH00341: winnt_accept: Asynchronous AcceptEx failed.
[Sat Dec 03 00:10:39.577928 2022] [mpm_winnt:warn] [pid 13072:tid 21944] (OS 64)The specified network name is no longer available.  : AH00341: winnt_accept: Asynchronous AcceptEx failed.
[Sat Dec 03 00:10:39.577928 2022] [mpm_winnt:warn] [pid 13072:tid 21944] (OS 64)The specified network name is no longer available.  : AH00341: winnt_accept: Asynchronous AcceptEx failed.
[Sat Dec 03 00:19:57.746908 2022] [mpm_winnt:warn] [pid 13072:tid 21944] (OS 64)The specified network name is no longer available.  : AH00341: winnt_accept: Asynchronous AcceptEx failed.
[Sat Dec 03 00:24:24.538576 2022] [proxy_http:error] [pid 13072:tid 21036] (OS 10054)An existing connection was forcibly closed by the remote host.  : [client 201.245.192.253:32832] AH01102: error reading status line from remote server 172.22.1.16:18080
[Sat Dec 03 00:24:24.538576 2022] [proxy:error] [pid 13072:tid 21036] [client 201.245.192.253:32832] AH00898: Error reading from remote server returned by /kwsrmcab/Wsrmcab
[Sat Dec 03 00:27:56.464949 2022] [mpm_winnt:warn] [pid 13072:tid 21944] (OS 64)The specified network name is no longer available.  : AH00341: winnt_accept: Asynchronous AcceptEx failed.
[Sat Dec 03 00:33:04.315889 2022] [proxy:error] [pid 13072:tid 20444] (OS 10060)A connection attempt failed because the connected party did not properly respond after a period of time, or established connection failed because connected host has failed to respond.  : AH00957: HTTP: attempt to connect to 172.22.1.144:80 (172.22.1.144) failed
[Sat Dec 03 00:33:04.315889 2022] [proxy:error] [pid 13072:tid 20444] AH00959: ap_proxy_connect_backend disabling worker for (172.22.1.144) for 60s
[Sat Dec 03 00:33:04.315889 2022] [proxy_http:error] [pid 13072:tid 20444] [client 66.249.79.115:61248] AH01114: HTTP: failed to make connection to backend: 172.22.1.144
[Sat Dec 03 00:33:37.481548 2022] [proxy:error] [pid 13072:tid 20488] AH00940: HTTP: disabled connection for (172.22.1.144)
[Sat Dec 03 00:33:48.557567 2022] [proxy:error] [pid 13072:tid 21064] AH00940: HTTP: disabled connection for (172.22.1.144)
[Sat Dec 03 00:34:07.496000 2022] [proxy_http:error] [pid 13072:tid 21064] (OS 10054)An existing connection was forcibly closed by the remote host.  : [client 185.119.81.102:35652] AH01102: error reading status line from remote server 192.168.175.18:80
[Sat Dec 03 00:34:07.496000 2022] [proxy:error] [pid 13072:tid 21064] [client 185.119.81.102:35652] AH00898: Error reading from remote server returned by /portaldeninos/wp-login.php
[Sat Dec 03 00:40:47.762503 2022] [mpm_winnt:warn] [pid 13072:tid 21944] (OS 64)The specified network name is no longer available.  : AH00341: winnt_accept: Asynchronous AcceptEx failed.
[Sat Dec 03 00:44:19.096075 2022] [proxy_http:error] [pid 13072:tid 20760] (OS 10054)An existing connection was forcibly closed by the remote host.  : [client 201.245.192.253:39976] AH01102: error reading status line from remote server 172.22.1.16:18080
[Sat Dec 03 00:44:19.096075 2022] [proxy:error] [pid 13072:tid 20760] [client 201.245.192.253:39976] AH00898: Error reading from remote server returned by /kwsrmcab/Wsrmcab
[Sat Dec 03 01:04:14.526174 2022] [proxy_http:error] [pid 13072:tid 20544] (OS 10054)An existing connection was forcibly closed by the remote host.  : [client 201.245.192.253:47134] AH01102: error reading status line from remote server 172.22.1.16:18080
[Sat Dec 03 01:04:14.526174 2022] [proxy:error] [pid 13072:tid 20544] [client 201.245.192.253:47134] AH00898: Error reading from remote server returned by /kwsrmcab/Wsrmcab
[Sat Dec 03 01:14:12.210024 2022] [proxy_http:error] [pid 13072:tid 20744] (OS 10054)An existing connection was forcibly closed by the remote host.  : [client 201.245.192.253:50708] AH01102: error reading status line from remote server 172.22.1.16:18080
[Sat Dec 03 01:14:12.210024 2022] [proxy:error] [pid 13072:tid 20744] [client 201.245.192.253:50708] AH00898: Error reading from remote server returned by /kwsrmcab/Wsrmcab
[Sat Dec 03 01:29:06.809195 2022] [proxy_http:error] [pid 13072:tid 20512] (OS 10054)An existing connection was forcibly closed by the remote host.  : [client 201.245.192.253:56068] AH01102: error reading status line from remote server 172.22.1.16:18080
[Sat Dec 03 01:29:06.809195 2022] [proxy:error] [pid 13072:tid 20512] [client 201.245.192.253:56068] AH00898: Error reading from remote server returned by /kwsrmcab/Wsrmcab
[Sat Dec 03 01:43:02.800064 2022] [mpm_winnt:warn] [pid 13072:tid 21944] (OS 64)The specified network name is no longer available.  : AH00341: winnt_accept: Asynchronous AcceptEx failed.
[Sat Dec 03 01:48:03.833793 2022] [mpm_winnt:warn] [pid 13072:tid 21944] (OS 64)The specified network name is no longer available.  : AH00341: winnt_accept: Asynchronous AcceptEx failed.
[Sat Dec 03 01:59:38.596613 2022] [proxy:error] [pid 13072:tid 20744] (OS 10061)No connection could be made because the target machine actively refused it.  : AH00957: HTTP: attempt to connect to 172.22.1.51:8399 (172.22.1.51) failed
[Sat Dec 03 01:59:38.596613 2022] [proxy:error] [pid 13072:tid 20744] AH00959: ap_proxy_connect_backend disabling worker for (172.22.1.51) for 60s
[Sat Dec 03 01:59:38.596613 2022] [proxy_http:error] [pid 13072:tid 20744] [client 152.61.192.232:59676] AH01114: HTTP: failed to make connection to backend: 172.22.1.51
[Sat Dec 03 01:59:38.846213 2022] [proxy:error] [pid 13072:tid 20744] AH00940: HTTP: disabled connection for (172.22.1.51)
[Sat Dec 03 01:59:39.095814 2022] [proxy:error] [pid 13072:tid 20744] AH00940: HTTP: disabled connection for (172.22.1.51)
[Sat Dec 03 02:04:15.840300 2022] [proxy:error] [pid 13072:tid 21112] (OS 10061)No connection could be made because the target machine actively refused it.  : AH00957: HTTP: attempt to connect to 172.22.1.51:8399 (172.22.1.51) failed
[Sat Dec 03 02:04:15.840300 2022] [proxy:error] [pid 13072:tid 21112] AH00959: ap_proxy_connect_backend disabling worker for (172.22.1.51) for 60s
[Sat Dec 03 02:04:15.840300 2022] [proxy_http:error] [pid 13072:tid 21112] [client 152.61.128.50:44094] AH01114: HTTP: failed to make connection to backend: 172.22.1.51
[Sat Dec 03 02:04:16.043100 2022] [proxy:error] [pid 13072:tid 21112] AH00940: HTTP: disabled connection for (172.22.1.51)
[Sat Dec 03 02:04:16.261500 2022] [proxy:error] [pid 13072:tid 21112] AH00940: HTTP: disabled connection for (172.22.1.51)
[Sat Dec 03 02:09:02.194403 2022] [mpm_winnt:warn] [pid 13072:tid 21944] (OS 64)The specified network name is no longer available.  : AH00341: winnt_accept: Asynchronous AcceptEx failed.
[Sat Dec 03 02:28:56.688501 2022] [proxy_http:error] [pid 13072:tid 20744] (OS 10054)An existing connection was forcibly closed by the remote host.  : [client 201.245.192.253:49316] AH01102: error reading status line from remote server 172.22.1.16:18080
[Sat Dec 03 02:28:56.688501 2022] [proxy:error] [pid 13072:tid 20744] [client 201.245.192.253:49316] AH00898: Error reading from remote server returned by /kwsrmcab/Wsrmcab
[Sat Dec 03 02:30:57.636513 2022] [mpm_winnt:warn] [pid 13072:tid 21944] (OS 64)The specified network name is no longer available.  : AH00341: winnt_accept: Asynchronous AcceptEx failed.
[Sat Dec 03 02:48:53.430003 2022] [proxy_http:error] [pid 13072:tid 20616] (OS 10054)An existing connection was forcibly closed by the remote host.  : [client 201.245.192.253:56450] AH01102: error reading status line from remote server 172.22.1.16:18080
[Sat Dec 03 02:48:53.430003 2022] [proxy:error] [pid 13072:tid 20616] [client 201.245.192.253:56450] AH00898: Error reading from remote server returned by /kwsrmcab/Wsrmcab
[Sat Dec 03 03:15:51.324444 2022] [proxy_http:error] [pid 13072:tid 20952] (OS 10054)An existing connection was forcibly closed by the remote host.  : [client 205.169.39.63:39226] AH01102: error reading status line from remote server 192.168.175.18:80
[Sat Dec 03 03:15:51.324444 2022] [proxy:error] [pid 13072:tid 20952] [client 205.169.39.63:39226] AH00898: Error reading from remote server returned by /portaldeninos/wp-includes/js/wp-emoji-release.min.js
[Sat Dec 03 03:31:00.339041 2022] [proxy_http:error] [pid 13072:tid 20488] (OS 10054)An existing connection was forcibly closed by the remote host.  : [client 201.245.192.253:34908] AH01102: error reading status line from remote server 172.22.1.16:18080
[Sat Dec 03 03:31:00.339041 2022] [proxy:error] [pid 13072:tid 20488] [client 201.245.192.253:34908] AH00898: Error reading from remote server returned by /kwsrmcab/Wsrmcab
[Sat Dec 03 03:35:37.223927 2022] [mpm_winnt:warn] [pid 13072:tid 21944] (OS 64)The specified network name is no longer available.  : AH00341: winnt_accept: Asynchronous AcceptEx failed.
[Sat Dec 03 03:43:42.618780 2022] [proxy_http:error] [pid 13072:tid 20624] (OS 10054)An existing connection was forcibly closed by the remote host.  : [client 201.245.192.253:47962] AH01102: error reading status line from remote server 172.22.1.16:18080
[Sat Dec 03 03:43:42.618780 2022] [proxy:error] [pid 13072:tid 20624] [client 201.245.192.253:47962] AH00898: Error reading from remote server returned by /kwsrmcab/Wsrmcab
[Sat Dec 03 03:53:39.865829 2022] [proxy_http:error] [pid 13072:tid 21004] (OS 10054)An existing connection was forcibly closed by the remote host.  : [client 201.245.192.253:51530] AH01102: error reading status line from remote server 172.22.1.16:18080
[Sat Dec 03 03:53:39.865829 2022] [proxy:error] [pid 13072:tid 21004] [client 201.245.192.253:51530] AH00898: Error reading from remote server returned by /kwsrmcab/Wsrmcab
[Sat Dec 03 04:13:34.734328 2022] [proxy_http:error] [pid 13072:tid 21224] (OS 10054)An existing connection was forcibly closed by the remote host.  : [client 201.245.192.253:58690] AH01102: error reading status line from remote server 172.22.1.16:18080
[Sat Dec 03 04:13:34.734328 2022] [proxy:error] [pid 13072:tid 21224] [client 201.245.192.253:58690] AH00898: Error reading from remote server returned by /kwsrmcab/Wsrmcab
[Sat Dec 03 04:58:21.372047 2022] [proxy_http:error] [pid 13072:tid 20800] (OS 10054)An existing connection was forcibly closed by the remote host.  : [client 201.245.192.253:46528] AH01102: error reading status line from remote server 172.22.1.16:18080
[Sat Dec 03 04:58:21.372047 2022] [proxy:error] [pid 13072:tid 20800] [client 201.245.192.253:46528] AH00898: Error reading from remote server returned by /kwsrmcab/Wsrmcab
[Sat Dec 03 05:13:17.936821 2022] [proxy_http:error] [pid 13072:tid 20744] (OS 10054)An existing connection was forcibly closed by the remote host.  : [client 201.245.192.253:51868] AH01102: error reading status line from remote server 172.22.1.16:18080
[Sat Dec 03 05:13:17.936821 2022] [proxy:error] [pid 13072:tid 20744] [client 201.245.192.253:51868] AH00898: Error reading from remote server returned by /kwsrmcab/Wsrmcab
[Sat Dec 03 05:20:00.543328 2022] [mpm_winnt:warn] [pid 13072:tid 21944] (OS 64)The specified network name is no longer available.  : AH00341: winnt_accept: Asynchronous AcceptEx failed.
[Sat Dec 03 05:20:20.776564 2022] [mpm_winnt:warn] [pid 13072:tid 21944] (OS 64)The specified network name is no longer available.  : AH00341: winnt_accept: Asynchronous AcceptEx failed.
[Sat Dec 03 05:31:32.186143 2022] [mpm_winnt:warn] [pid 13072:tid 21944] (OS 64)The specified network name is no longer available.  : AH00341: winnt_accept: Asynchronous AcceptEx failed.
[Sat Dec 03 05:37:07.493132 2022] [mpm_winnt:warn] [pid 13072:tid 21944] (OS 64)The specified network name is no longer available.  : AH00341: winnt_accept: Asynchronous AcceptEx failed.
[Sat Dec 03 05:51:26.305841 2022] [mpm_winnt:warn] [pid 13072:tid 21944] (OS 64)The specified network name is no longer available.  : AH00341: winnt_accept: Asynchronous AcceptEx failed.
[Sat Dec 03 06:04:30.222817 2022] [mpm_winnt:warn] [pid 13072:tid 21944] (OS 64)The specified network name is no longer available.  : AH00341: winnt_accept: Asynchronous AcceptEx failed.
[Sat Dec 03 06:09:30.493145 2022] [mpm_winnt:warn] [pid 13072:tid 21944] (OS 64)The specified network name is no longer available.  : AH00341: winnt_accept: Asynchronous AcceptEx failed.
[Sat Dec 03 06:18:05.465649 2022] [proxy_http:error] [pid 13072:tid 21200] (OS 10054)An existing connection was forcibly closed by the remote host.  : [client 201.245.192.253:46886] AH01102: error reading status line from remote server 172.22.1.16:18080
[Sat Dec 03 06:18:05.465649 2022] [proxy:error] [pid 13072:tid 21200] [client 201.245.192.253:46886] AH00898: Error reading from remote server returned by /kwsrmcab/Wsrmcab
[Sat Dec 03 06:29:14.254424 2022] [proxy_http:error] [pid 13072:tid 20584] (OS 10054)An existing connection was forcibly closed by the remote host.  : [client 186.102.55.196:3181] AH01102: error reading status line from remote server 172.22.1.16:18080, referer: http://localhost/
[Sat Dec 03 06:29:14.254424 2022] [proxy:error] [pid 13072:tid 20584] [client 186.102.55.196:3181] AH00898: Error reading from remote server returned by /kwssiamovil/sm/ldap/au, referer: http://localhost/
[Sat Dec 03 06:32:09.661132 2022] [mpm_winnt:warn] [pid 13072:tid 21944] (OS 64)The specified network name is no longer available.  : AH00341: winnt_accept: Asynchronous AcceptEx failed.
[Sat Dec 03 06:33:39.049289 2022] [mpm_winnt:warn] [pid 13072:tid 21944] (OS 64)The specified network name is no longer available.  : AH00341: winnt_accept: Asynchronous AcceptEx failed.
[Sat Dec 03 06:42:59.885874 2022] [proxy_http:error] [pid 13072:tid 20800] (OS 10054)An existing connection was forcibly closed by the remote host.  : [client 201.245.192.253:55818] AH01102: error reading status line from remote server 172.22.1.16:18080
[Sat Dec 03 06:42:59.885874 2022] [proxy:error] [pid 13072:tid 20800] [client 201.245.192.253:55818] AH00898: Error reading from remote server returned by /kwsrmcab/Wsrmcab
[Sat Dec 03 07:01:41.293844 2022] [mpm_winnt:warn] [pid 13072:tid 21944] (OS 64)The specified network name is no longer available.  : AH00341: winnt_accept: Asynchronous AcceptEx failed.
[Sat Dec 03 07:07:55.336701 2022] [proxy_http:error] [pid 13072:tid 20880] (OS 10054)An existing connection was forcibly closed by the remote host.  : [client 201.245.192.253:36514] AH01102: error reading status line from remote server 172.22.1.16:18080
[Sat Dec 03 07:07:55.336701 2022] [proxy:error] [pid 13072:tid 20880] [client 201.245.192.253:36514] AH00898: Error reading from remote server returned by /kwsrmcab/Wsrmcab
[Sat Dec 03 07:26:41.034678 2022] [mpm_winnt:warn] [pid 13072:tid 21944] (OS 64)The specified network name is no longer available.  : AH00341: winnt_accept: Asynchronous AcceptEx failed.
[Sat Dec 03 07:27:48.520397 2022] [proxy_http:error] [pid 13072:tid 21012] (OS 10054)An existing connection was forcibly closed by the remote host.  : [client 201.245.192.253:43670] AH01102: error reading status line from remote server 172.22.1.16:18080
[Sat Dec 03 07:27:48.520397 2022] [proxy:error] [pid 13072:tid 21012] [client 201.245.192.253:43670] AH00898: Error reading from remote server returned by /kwsrmcab/Wsrmcab
[Sat Dec 03 07:47:44.683698 2022] [proxy_http:error] [pid 13072:tid 20544] (OS 10054)An existing connection was forcibly closed by the remote host.  : [client 201.245.192.253:50834] AH01102: error reading status line from remote server 172.22.1.16:18080
[Sat Dec 03 07:47:44.683698 2022] [proxy:error] [pid 13072:tid 20544] [client 201.245.192.253:50834] AH00898: Error reading from remote server returned by /kwsrmcab/Wsrmcab
[Sat Dec 03 08:17:36.628645 2022] [proxy_http:error] [pid 13072:tid 20880] (OS 10054)An existing connection was forcibly closed by the remote host.  : [client 201.245.192.253:33322] AH01102: error reading status line from remote server 172.22.1.16:18080
[Sat Dec 03 08:17:36.628645 2022] [proxy:error] [pid 13072:tid 20880] [client 201.245.192.253:33322] AH00898: Error reading from remote server returned by /kwsrmcab/Wsrmcab
[Sat Dec 03 08:22:35.759170 2022] [proxy_http:error] [pid 13072:tid 20784] (OS 10054)An existing connection was forcibly closed by the remote host.  : [client 201.245.192.253:35102] AH01102: error reading status line from remote server 172.22.1.16:18080
[Sat Dec 03 08:22:35.759170 2022] [proxy:error] [pid 13072:tid 20784] [client 201.245.192.253:35102] AH00898: Error reading from remote server returned by /kwsrmcab/Wsrmcab
[Sat Dec 03 08:25:57.420725 2022] [mpm_winnt:warn] [pid 13072:tid 21944] (OS 64)The specified network name is no longer available.  : AH00341: winnt_accept: Asynchronous AcceptEx failed.
[Sat Dec 03 08:27:31.364090 2022] [mpm_winnt:warn] [pid 13072:tid 21944] (OS 64)The specified network name is no longer available.  : AH00341: winnt_accept: Asynchronous AcceptEx failed.
[Sat Dec 03 08:29:13.856270 2022] [mpm_winnt:warn] [pid 13072:tid 21944] (OS 64)The specified network name is no longer available.  : AH00341: winnt_accept: Asynchronous AcceptEx failed.
[Sat Dec 03 08:33:31.865123 2022] [proxy_http:error] [pid 13072:tid 20624] (OS 10054)An existing connection was forcibly closed by the remote host.  : [client 66.249.66.88:58519] AH01102: error reading status line from remote server 172.22.1.144:80
[Sat Dec 03 08:43:10.142539 2022] [mpm_winnt:warn] [pid 13072:tid 21944] (OS 64)The specified network name is no longer available.  : AH00341: winnt_accept: Asynchronous AcceptEx failed.
[Sat Dec 03 08:43:34.057381 2022] [proxy_http:error] [pid 13072:tid 20624] (OS 10054)An existing connection was forcibly closed by the remote host.  : [client 186.102.23.222:34000] AH01102: error reading status line from remote server 172.22.1.16:18080, referer: http://localhost/
[Sat Dec 03 08:43:34.057381 2022] [proxy:error] [pid 13072:tid 20624] [client 186.102.23.222:34000] AH00898: Error reading from remote server returned by /kwssiamovil/sm/ldap/au, referer: http://localhost/
[Sat Dec 03 08:53:47.715658 2022] [mpm_winnt:warn] [pid 13072:tid 21944] (OS 64)The specified network name is no longer available.  : AH00341: winnt_accept: Asynchronous AcceptEx failed.
[Sat Dec 03 09:02:54.216818 2022] [mpm_winnt:warn] [pid 13072:tid 21944] (OS 64)The specified network name is no longer available.  : AH00341: winnt_accept: Asynchronous AcceptEx failed.
[Sat Dec 03 09:04:24.712577 2022] [mpm_winnt:warn] [pid 13072:tid 21944] (OS 64)The specified network name is no longer available.  : AH00341: winnt_accept: Asynchronous AcceptEx failed.
[Sat Dec 03 09:24:44.182319 2022] [mpm_winnt:warn] [pid 13072:tid 21944] (OS 64)The specified network name is no longer available.  : AH00341: winnt_accept: Asynchronous AcceptEx failed.
[Sat Dec 03 09:25:11.014366 2022] [mpm_winnt:warn] [pid 13072:tid 21944] (OS 64)The specified network name is no longer available.  : AH00341: winnt_accept: Asynchronous AcceptEx failed.
[Sat Dec 03 09:27:23.973400 2022] [proxy_http:error] [pid 13072:tid 20512] (OS 10054)An existing connection was forcibly closed by the remote host.  : [client 201.245.192.253:58338] AH01102: error reading status line from remote server 172.22.1.16:18080
[Sat Dec 03 09:27:23.973400 2022] [proxy:error] [pid 13072:tid 20512] [client 201.245.192.253:58338] AH00898: Error reading from remote server returned by /kwsrmcab/Wsrmcab
[Sat Dec 03 09:52:38.690260 2022] [cgi:error] [pid 13072:tid 20512] [client 193.47.61.60:58876] script not found or unable to stat: E:/nuevo/cgi-bin/masterCGI
[Sat Dec 03 10:13:27.456854 2022] [mpm_winnt:warn] [pid 13072:tid 21944] (OS 64)The specified network name is no longer available.  : AH00341: winnt_accept: Asynchronous AcceptEx failed.
[Sat Dec 03 10:21:20.995685 2022] [proxy_http:error] [pid 13072:tid 21064] (OS 10054)An existing connection was forcibly closed by the remote host.  : [client 157.55.39.105:26880] AH01102: error reading status line from remote server 192.168.175.18:80
[Sat Dec 03 10:21:20.995685 2022] [proxy:error] [pid 13072:tid 21064] [client 157.55.39.105:26880] AH00898: Error reading from remote server returned by /portaldeninos/2021/05/21/2070/
[Sat Dec 03 10:30:58.227899 2022] [proxy_http:error] [pid 13072:tid 20624] (OS 10054)An existing connection was forcibly closed by the remote host.  : [client 201.245.192.253:38056] AH01102: error reading status line from remote server 172.22.1.16:18080
[Sat Dec 03 10:30:58.227899 2022] [proxy:error] [pid 13072:tid 20624] [client 201.245.192.253:38056] AH00898: Error reading from remote server returned by /kwsrmcab/Wsrmcab
[Sat Dec 03 10:37:04.485343 2022] [cgi:error] [pid 13072:tid 20760] [client 85.31.44.178:56552] script not found or unable to stat: E:/nuevo/cgi-bin/masterCGI
[Sat Dec 03 10:39:17.506776 2022] [mpm_winnt:warn] [pid 13072:tid 21944] (OS 64)The specified network name is no longer available.  : AH00341: winnt_accept: Asynchronous AcceptEx failed.
[Sat Dec 03 10:49:09.138815 2022] [mpm_winnt:warn] [pid 13072:tid 21944] (OS 64)The specified network name is no longer available.  : AH00341: winnt_accept: Asynchronous AcceptEx failed.
[Sat Dec 03 10:57:32.411299 2022] [mpm_winnt:warn] [pid 13072:tid 21944] (OS 64)The specified network name is no longer available.  : AH00341: winnt_accept: Asynchronous AcceptEx failed.
[Sat Dec 03 10:58:56.791848 2022] [mpm_winnt:warn] [pid 13072:tid 21944] (OS 64)The specified network name is no longer available.  : AH00341: winnt_accept: Asynchronous AcceptEx failed.
[Sat Dec 03 11:00:57.068059 2022] [mpm_winnt:warn] [pid 13072:tid 21944] (OS 64)The specified network name is no longer available.  : AH00341: winnt_accept: Asynchronous AcceptEx failed.
[Sat Dec 03 11:03:31.165129 2022] [mpm_winnt:warn] [pid 13072:tid 21944] (OS 64)The specified network name is no longer available.  : AH00341: winnt_accept: Asynchronous AcceptEx failed.
[Sat Dec 03 11:07:12.747919 2022] [mpm_winnt:warn] [pid 13072:tid 21944] (OS 64)The specified network name is no longer available.  : AH00341: winnt_accept: Asynchronous AcceptEx failed.
[Sat Dec 03 11:11:04.283525 2022] [mpm_winnt:warn] [pid 13072:tid 21944] (OS 64)The specified network name is no longer available.  : AH00341: winnt_accept: Asynchronous AcceptEx failed.
[Sat Dec 03 11:14:05.009843 2022] [mpm_winnt:warn] [pid 13072:tid 21944] (OS 64)The specified network name is no longer available.  : AH00341: winnt_accept: Asynchronous AcceptEx failed.
[Sat Dec 03 11:20:58.956570 2022] [proxy_http:error] [pid 13072:tid 21004] (OS 10054)An existing connection was forcibly closed by the remote host.  : [client 201.245.192.253:38372] AH01102: error reading status line from remote server 172.22.1.16:18080
[Sat Dec 03 11:20:58.956570 2022] [proxy:error] [pid 13072:tid 21004] [client 201.245.192.253:38372] AH00898: Error reading from remote server returned by /kwsrmcab/Wsrmcab
[Sat Dec 03 11:23:25.534427 2022] [mpm_winnt:warn] [pid 13072:tid 21944] (OS 64)The specified network name is no longer available.  : AH00341: winnt_accept: Asynchronous AcceptEx failed.
[Sat Dec 03 11:30:58.450023 2022] [proxy_http:error] [pid 13072:tid 20864] (OS 10054)An existing connection was forcibly closed by the remote host.  : [client 201.245.192.253:38442] AH01102: error reading status line from remote server 172.22.1.16:18080
[Sat Dec 03 11:30:58.450023 2022] [proxy:error] [pid 13072:tid 20864] [client 201.245.192.253:38442] AH00898: Error reading from remote server returned by /kwsrmcab/Wsrmcab
[Sat Dec 03 11:46:55.247503 2022] [proxy_http:error] [pid 13072:tid 20800] (OS 10054)An existing connection was forcibly closed by the remote host.  : [client 201.245.192.253:51932] AH01102: error reading status line from remote server 172.22.1.16:18080
[Sat Dec 03 11:46:55.247503 2022] [proxy:error] [pid 13072:tid 20800] [client 201.245.192.253:51932] AH00898: Error reading from remote server returned by /kwsrmcab/Wsrmcab
[Sat Dec 03 12:22:30.922454 2022] [mpm_winnt:warn] [pid 13072:tid 21944] (OS 64)The specified network name is no longer available.  : AH00341: winnt_accept: Asynchronous AcceptEx failed.
[Sat Dec 03 12:36:39.174944 2022] [proxy_http:error] [pid 13072:tid 20488] (OS 10054)An existing connection was forcibly closed by the remote host.  : [client 65.21.35.195:47654] AH01102: error reading status line from remote server 192.168.175.18:80, referer: http://201.245.192.252/robots.txt
[Sat Dec 03 12:36:39.174944 2022] [proxy_http:error] [pid 13072:tid 20444] (OS 10054)An existing connection was forcibly closed by the remote host.  : [client 65.21.35.195:47658] AH01102: error reading status line from remote server 192.168.175.18:80, referer: http://201.245.192.252/robots.txt
[Sat Dec 03 12:36:45.726956 2022] [proxy:error] [pid 13072:tid 20952] (OS 10060)A connection attempt failed because the connected party did not properly respond after a period of time, or established connection failed because connected host has failed to respond.  : AH00957: HTTP: attempt to connect to 192.168.175.18:80 (192.168.175.18) failed
[Sat Dec 03 12:36:45.726956 2022] [proxy:error] [pid 13072:tid 20952] AH00959: ap_proxy_connect_backend disabling worker for (192.168.175.18) for 60s
[Sat Dec 03 12:36:45.726956 2022] [proxy_http:error] [pid 13072:tid 20952] [client 65.21.35.195:47660] AH01114: HTTP: failed to make connection to backend: 192.168.175.18, referer: http://201.245.192.252/robots.txt
[Sat Dec 03 12:36:45.726956 2022] [proxy:error] [pid 13072:tid 20864] (OS 10060)A connection attempt failed because the connected party did not properly respond after a period of time, or established connection failed because connected host has failed to respond.  : AH00957: HTTP: attempt to connect to 192.168.175.18:80 (192.168.175.18) failed
[Sat Dec 03 12:36:45.726956 2022] [proxy_http:error] [pid 13072:tid 20864] [client 65.21.35.195:47662] AH01114: HTTP: failed to make connection to backend: 192.168.175.18, referer: http://201.245.192.252/robots.txt
[Sat Dec 03 12:36:45.726956 2022] [proxy:error] [pid 13072:tid 20616] (OS 10060)A connection attempt failed because the connected party did not properly respond after a period of time, or established connection failed because connected host has failed to respond.  : AH00957: HTTP: attempt to connect to 192.168.175.18:80 (192.168.175.18) failed
[Sat Dec 03 12:36:45.726956 2022] [proxy_http:error] [pid 13072:tid 20616] [client 65.21.35.195:47664] AH01114: HTTP: failed to make connection to backend: 192.168.175.18, referer: http://201.245.192.252/robots.txt
[Sat Dec 03 12:36:47.349359 2022] [proxy:error] [pid 13072:tid 20584] (OS 10060)A connection attempt failed because the connected party did not properly respond after a period of time, or established connection failed because connected host has failed to respond.  : AH00957: HTTP: attempt to connect to 192.168.175.18:80 (192.168.175.18) failed
[Sat Dec 03 12:36:47.349359 2022] [proxy_http:error] [pid 13072:tid 20584] [client 65.21.35.195:47652] AH01114: HTTP: failed to make connection to backend: 192.168.175.18, referer: http://201.245.192.252/robots.txt
[Sat Dec 03 12:51:41.730130 2022] [proxy_http:error] [pid 13072:tid 20952] (OS 10054)An existing connection was forcibly closed by the remote host.  : [client 201.245.192.253:46986] AH01102: error reading status line from remote server 172.22.1.16:18080
[Sat Dec 03 12:51:41.730130 2022] [proxy:error] [pid 13072:tid 20952] [client 201.245.192.253:46986] AH00898: Error reading from remote server returned by /kwsrmcab/Wsrmcab
[Sat Dec 03 13:06:51.554928 2022] [mpm_winnt:warn] [pid 13072:tid 21944] (OS 64)The specified network name is no longer available.  : AH00341: winnt_accept: Asynchronous AcceptEx failed.
[Sat Dec 03 13:16:36.587155 2022] [proxy_http:error] [pid 13072:tid 21280] (OS 10054)An existing connection was forcibly closed by the remote host.  : [client 201.245.192.253:55930] AH01102: error reading status line from remote server 172.22.1.16:18080
[Sat Dec 03 13:16:36.587155 2022] [proxy:error] [pid 13072:tid 21280] [client 201.245.192.253:55930] AH00898: Error reading from remote server returned by /kwsrmcab/Wsrmcab
[Sat Dec 03 13:30:58.520869 2022] [proxy_http:error] [pid 13072:tid 20488] (OS 10054)An existing connection was forcibly closed by the remote host.  : [client 201.245.192.253:39436] AH01102: error reading status line from remote server 172.22.1.16:18080
[Sat Dec 03 13:30:58.520869 2022] [proxy:error] [pid 13072:tid 20488] [client 201.245.192.253:39436] AH00898: Error reading from remote server returned by /kwsrmcab/Wsrmcab
[Sat Dec 03 13:38:31.140064 2022] [mpm_winnt:warn] [pid 13072:tid 21944] (OS 64)The specified network name is no longer available.  : AH00341: winnt_accept: Asynchronous AcceptEx failed.
[Sat Dec 03 13:40:52.445112 2022] [mpm_winnt:warn] [pid 13072:tid 21944] (OS 64)The specified network name is no longer available.  : AH00341: winnt_accept: Asynchronous AcceptEx failed.
[Sat Dec 03 13:51:28.879430 2022] [proxy_http:error] [pid 13072:tid 21160] (OS 10054)An existing connection was forcibly closed by the remote host.  : [client 201.245.192.253:40220] AH01102: error reading status line from remote server 172.22.1.16:18080
[Sat Dec 03 13:51:28.879430 2022] [proxy:error] [pid 13072:tid 21160] [client 201.245.192.253:40220] AH00898: Error reading from remote server returned by /kwsrmcab/Wsrmcab
[Sat Dec 03 14:06:27.503409 2022] [proxy_http:error] [pid 13072:tid 21280] (OS 10054)An existing connection was forcibly closed by the remote host.  : [client 201.245.192.253:45604] AH01102: error reading status line from remote server 172.22.1.16:18080
[Sat Dec 03 14:06:27.503409 2022] [proxy:error] [pid 13072:tid 21280] [client 201.245.192.253:45604] AH00898: Error reading from remote server returned by /kwsrmcab/Wsrmcab
[Sat Dec 03 14:20:42.556510 2022] [mpm_winnt:warn] [pid 13072:tid 21944] (OS 64)The specified network name is no longer available.  : AH00341: winnt_accept: Asynchronous AcceptEx failed.
[Sat Dec 03 14:52:04.466816 2022] [proxy:error] [pid 13072:tid 20952] (OS 10060)A connection attempt failed because the connected party did not properly respond after a period of time, or established connection failed because connected host has failed to respond.  : AH00957: HTTP: attempt to connect to 172.22.1.43:80 (172.22.1.43) failed
[Sat Dec 03 14:52:04.466816 2022] [proxy:error] [pid 13072:tid 20952] AH00959: ap_proxy_connect_backend disabling worker for (172.22.1.43) for 60s
[Sat Dec 03 14:52:04.466816 2022] [proxy_http:error] [pid 13072:tid 20952] [client 190.27.75.250:50274] AH01114: HTTP: failed to make connection to backend: 172.22.1.43, referer: http://190.27.245.106/sipsesda/faces/faces/faces/faces/faces/faces/faces/faces/faces/login.jspx
[Sat Dec 03 14:52:06.697620 2022] [proxy:error] [pid 13072:tid 20584] AH00940: HTTP: disabled connection for (172.22.1.43)
[Sat Dec 03 14:52:47.491691 2022] [proxy:error] [pid 13072:tid 20864] AH00940: HTTP: disabled connection for (172.22.1.43)
[Sat Dec 03 14:53:03.122919 2022] [proxy:error] [pid 13072:tid 20952] AH00940: HTTP: disabled connection for (172.22.1.43)
[Sat Dec 03 15:01:15.896584 2022] [proxy_http:error] [pid 13072:tid 20616] (OS 10054)An existing connection was forcibly closed by the remote host.  : [client 201.245.192.253:37092] AH01102: error reading status line from remote server 172.22.1.16:18080
[Sat Dec 03 15:01:15.896584 2022] [proxy:error] [pid 13072:tid 20616] [client 201.245.192.253:37092] AH00898: Error reading from remote server returned by /kwsrmcab/Wsrmcab
[Sat Dec 03 15:12:52.266207 2022] [mpm_winnt:warn] [pid 13072:tid 21944] (OS 64)The specified network name is no longer available.  : AH00341: winnt_accept: Asynchronous AcceptEx failed.
[Sat Dec 03 15:18:37.542614 2022] [mpm_winnt:warn] [pid 13072:tid 21944] (OS 64)The specified network name is no longer available.  : AH00341: winnt_accept: Asynchronous AcceptEx failed.
[Sat Dec 03 15:29:44.849386 2022] [mpm_winnt:warn] [pid 13072:tid 21944] (OS 64)The specified network name is no longer available.  : AH00341: winnt_accept: Asynchronous AcceptEx failed.
[Sat Dec 03 15:30:57.763914 2022] [proxy_http:error] [pid 13072:tid 20776] (OS 10054)An existing connection was forcibly closed by the remote host.  : [client 201.245.192.253:40322] AH01102: error reading status line from remote server 172.22.1.16:18080
[Sat Dec 03 15:30:57.763914 2022] [proxy:error] [pid 13072:tid 20776] [client 201.245.192.253:40322] AH00898: Error reading from remote server returned by /kwsrmcab/Wsrmcab
[Sat Dec 03 15:48:12.342131 2022] [mpm_winnt:warn] [pid 13072:tid 21944] (OS 64)The specified network name is no longer available.  : AH00341: winnt_accept: Asynchronous AcceptEx failed.
[Sat Dec 03 16:03:07.986504 2022] [proxy_http:error] [pid 13072:tid 20512] (OS 10054)An existing connection was forcibly closed by the remote host.  : [client 190.9.218.188:45148] AH01102: error reading status line from remote server 172.22.1.16:18080, referer: http://localhost/
[Sat Dec 03 16:03:07.986504 2022] [proxy:error] [pid 13072:tid 20512] [client 190.9.218.188:45148] AH00898: Error reading from remote server returned by /kwssiamovil/sm/acme/a, referer: http://localhost/
[Sat Dec 03 16:06:33.267265 2022] [proxy_http:error] [pid 13072:tid 20512] (OS 10054)An existing connection was forcibly closed by the remote host.  : [client 190.9.218.188:45162] AH01102: error reading status line from remote server 172.22.1.16:18080, referer: http://localhost/
[Sat Dec 03 16:06:33.267265 2022] [proxy:error] [pid 13072:tid 20512] [client 190.9.218.188:45162] AH00898: Error reading from remote server returned by /kwssiamovil/sm/acme/a, referer: http://localhost/
[Sat Dec 03 16:53:44.626438 2022] [mpm_winnt:warn] [pid 13072:tid 21944] (OS 64)The specified network name is no longer available.  : AH00341: winnt_accept: Asynchronous AcceptEx failed.
[Sat Dec 03 17:03:59.158317 2022] [mpm_winnt:warn] [pid 13072:tid 21944] (OS 64)The specified network name is no longer available.  : AH00341: winnt_accept: Asynchronous AcceptEx failed.
[Sat Dec 03 17:10:47.755235 2022] [proxy_http:error] [pid 13072:tid 20520] (OS 10054)An existing connection was forcibly closed by the remote host.  : [client 201.245.192.253:55400] AH01102: error reading status line from remote server 172.22.1.16:18080
[Sat Dec 03 17:10:47.755235 2022] [proxy:error] [pid 13072:tid 20520] [client 201.245.192.253:55400] AH00898: Error reading from remote server returned by /kwsrmcab/Wsrmcab
[Sat Dec 03 17:27:30.743397 2022] [mpm_winnt:warn] [pid 13072:tid 21944] (OS 64)The specified network name is no longer available.  : AH00341: winnt_accept: Asynchronous AcceptEx failed.
[Sat Dec 03 17:29:07.104766 2022] [mpm_winnt:warn] [pid 13072:tid 21944] (OS 64)The specified network name is no longer available.  : AH00341: winnt_accept: Asynchronous AcceptEx failed.
[Sat Dec 03 17:44:57.302435 2022] [mpm_winnt:warn] [pid 13072:tid 21944] (OS 64)The specified network name is no longer available.  : AH00341: winnt_accept: Asynchronous AcceptEx failed.
[Sat Dec 03 17:45:41.949713 2022] [proxy_http:error] [pid 13072:tid 21088] (OS 10054)An existing connection was forcibly closed by the remote host.  : [client 201.245.192.253:39668] AH01102: error reading status line from remote server 172.22.1.16:18080
[Sat Dec 03 17:45:41.949713 2022] [proxy:error] [pid 13072:tid 21088] [client 201.245.192.253:39668] AH00898: Error reading from remote server returned by /kwsrmcab/Wsrmcab
[Sat Dec 03 17:56:03.548405 2022] [proxy_http:error] [pid 13072:tid 21224] (OS 10054)An existing connection was forcibly closed by the remote host.  : [client 190.85.116.201:51990] AH01102: error reading status line from remote server 172.22.1.16:18080, referer: http://190.27.245.106/appsia/controlador
[Sat Dec 03 18:11:13.202603 2022] [mpm_winnt:warn] [pid 13072:tid 21944] (OS 64)The specified network name is no longer available.  : AH00341: winnt_accept: Asynchronous AcceptEx failed.
[Sat Dec 03 18:14:35.924959 2022] [mpm_winnt:warn] [pid 13072:tid 21944] (OS 64)The specified network name is no longer available.  : AH00341: winnt_accept: Asynchronous AcceptEx failed.
[Sat Dec 03 18:15:33.270660 2022] [proxy_http:error] [pid 13072:tid 21036] (OS 10054)An existing connection was forcibly closed by the remote host.  : [client 201.245.192.253:50418] AH01102: error reading status line from remote server 172.22.1.16:18080
[Sat Dec 03 18:15:33.270660 2022] [proxy:error] [pid 13072:tid 21036] [client 201.245.192.253:50418] AH00898: Error reading from remote server returned by /kwsrmcab/Wsrmcab
[Sat Dec 03 18:18:17.913349 2022] [mpm_winnt:warn] [pid 13072:tid 21944] (OS 64)The specified network name is no longer available.  : AH00341: winnt_accept: Asynchronous AcceptEx failed.
[Sat Dec 03 18:24:36.385614 2022] [mpm_winnt:warn] [pid 13072:tid 21944] (OS 64)The specified network name is no longer available.  : AH00341: winnt_accept: Asynchronous AcceptEx failed.
[Sat Dec 03 18:38:23.311866 2022] [mpm_winnt:warn] [pid 13072:tid 21944] (OS 64)The specified network name is no longer available.  : AH00341: winnt_accept: Asynchronous AcceptEx failed.
[Sat Dec 03 18:38:23.545866 2022] [mpm_winnt:warn] [pid 13072:tid 21944] (OS 64)The specified network name is no longer available.  : AH00341: winnt_accept: Asynchronous AcceptEx failed.
[Sat Dec 03 18:38:52.140717 2022] [mpm_winnt:warn] [pid 13072:tid 21944] (OS 64)The specified network name is no longer available.  : AH00341: winnt_accept: Asynchronous AcceptEx failed.
[Sat Dec 03 18:39:36.351194 2022] [mpm_winnt:warn] [pid 13072:tid 21944] (OS 64)The specified network name is no longer available.  : AH00341: winnt_accept: Asynchronous AcceptEx failed.
[Sat Dec 03 18:39:36.538395 2022] [mpm_winnt:warn] [pid 13072:tid 21944] (OS 64)The specified network name is no longer available.  : AH00341: winnt_accept: Asynchronous AcceptEx failed.
[Sat Dec 03 18:39:36.803595 2022] [mpm_winnt:warn] [pid 13072:tid 21944] (OS 64)The specified network name is no longer available.  : AH00341: winnt_accept: Asynchronous AcceptEx failed.
[Sat Dec 03 18:39:36.834795 2022] [mpm_winnt:warn] [pid 13072:tid 21944] (OS 64)The specified network name is no longer available.  : AH00341: winnt_accept: Asynchronous AcceptEx failed.
[Sat Dec 03 18:39:37.146796 2022] [mpm_winnt:warn] [pid 13072:tid 21944] (OS 64)The specified network name is no longer available.  : AH00341: winnt_accept: Asynchronous AcceptEx failed.
[Sat Dec 03 18:40:49.187722 2022] [mpm_winnt:warn] [pid 13072:tid 21944] (OS 64)The specified network name is no longer available.  : AH00341: winnt_accept: Asynchronous AcceptEx failed.
[Sat Dec 03 18:40:49.437323 2022] [mpm_winnt:warn] [pid 13072:tid 21944] (OS 64)The specified network name is no longer available.  : AH00341: winnt_accept: Asynchronous AcceptEx failed.
[Sat Dec 03 18:40:49.811723 2022] [mpm_winnt:warn] [pid 13072:tid 21944] (OS 64)The specified network name is no longer available.  : AH00341: winnt_accept: Asynchronous AcceptEx failed.
[Sat Dec 03 18:40:49.811723 2022] [mpm_winnt:warn] [pid 13072:tid 21944] (OS 64)The specified network name is no longer available.  : AH00341: winnt_accept: Asynchronous AcceptEx failed.
[Sat Dec 03 18:40:50.045724 2022] [mpm_winnt:warn] [pid 13072:tid 21944] (OS 64)The specified network name is no longer available.  : AH00341: winnt_accept: Asynchronous AcceptEx failed.
[Sat Dec 03 18:40:50.264124 2022] [mpm_winnt:warn] [pid 13072:tid 21944] (OS 64)The specified network name is no longer available.  : AH00341: winnt_accept: Asynchronous AcceptEx failed.
[Sat Dec 03 18:40:50.326524 2022] [mpm_winnt:warn] [pid 13072:tid 21944] (OS 64)The specified network name is no longer available.  : AH00341: winnt_accept: Asynchronous AcceptEx failed.
[Sat Dec 03 18:42:22.054685 2022] [mpm_winnt:warn] [pid 13072:tid 21944] (OS 64)The specified network name is no longer available.  : AH00341: winnt_accept: Asynchronous AcceptEx failed.
[Sat Dec 03 18:53:56.599105 2022] [mpm_winnt:warn] [pid 13072:tid 21944] (OS 64)The specified network name is no longer available.  : AH00341: winnt_accept: Asynchronous AcceptEx failed.
[Sat Dec 03 19:20:10.627270 2022] [mpm_winnt:warn] [pid 13072:tid 21944] (OS 64)The specified network name is no longer available.  : AH00341: winnt_accept: Asynchronous AcceptEx failed.
[Sat Dec 03 19:24:32.520530 2022] [mpm_winnt:warn] [pid 13072:tid 21944] (OS 64)The specified network name is no longer available.  : AH00341: winnt_accept: Asynchronous AcceptEx failed.
[Sat Dec 03 19:30:07.250318 2022] [mpm_winnt:warn] [pid 13072:tid 21944] (OS 64)The specified network name is no longer available.  : AH00341: winnt_accept: Asynchronous AcceptEx failed.
[Sat Dec 03 19:50:10.558431 2022] [proxy_http:error] [pid 13072:tid 21160] (OS 10054)An existing connection was forcibly closed by the remote host.  : [client 201.245.192.253:56142] AH01102: error reading status line from remote server 172.22.1.16:18080
[Sat Dec 03 19:50:10.558431 2022] [proxy:error] [pid 13072:tid 21160] [client 201.245.192.253:56142] AH00898: Error reading from remote server returned by /kwsrmcab/Wsrmcab
[Sat Dec 03 19:51:22.708558 2022] [mpm_winnt:warn] [pid 13072:tid 21944] (OS 64)The specified network name is no longer available.  : AH00341: winnt_accept: Asynchronous AcceptEx failed.
[Sat Dec 03 20:00:08.430481 2022] [proxy_http:error] [pid 13072:tid 21112] (OS 10054)An existing connection was forcibly closed by the remote host.  : [client 201.245.192.253:59730] AH01102: error reading status line from remote server 172.22.1.16:18080
[Sat Dec 03 20:00:08.430481 2022] [proxy:error] [pid 13072:tid 21112] [client 201.245.192.253:59730] AH00898: Error reading from remote server returned by /kwsrmcab/Wsrmcab
[Sat Dec 03 21:00:32.052646 2022] [mpm_winnt:warn] [pid 13072:tid 21944] (OS 64)The specified network name is no longer available.  : AH00341: winnt_accept: Asynchronous AcceptEx failed.
[Sat Dec 03 21:19:53.677486 2022] [proxy_http:error] [pid 13072:tid 20864] (OS 10054)An existing connection was forcibly closed by the remote host.  : [client 201.245.192.253:60130] AH01102: error reading status line from remote server 172.22.1.16:18080
[Sat Dec 03 21:19:53.677486 2022] [proxy:error] [pid 13072:tid 20864] [client 201.245.192.253:60130] AH00898: Error reading from remote server returned by /kwsrmcab/Wsrmcab
[Sat Dec 03 21:42:07.417429 2022] [mpm_winnt:warn] [pid 13072:tid 21944] (OS 64)The specified network name is no longer available.  : AH00341: winnt_accept: Asynchronous AcceptEx failed.
[Sat Dec 03 21:45:44.508410 2022] [mpm_winnt:warn] [pid 13072:tid 21944] (OS 64)The specified network name is no longer available.  : AH00341: winnt_accept: Asynchronous AcceptEx failed.
[Sat Dec 03 22:06:06.411756 2022] [mpm_winnt:warn] [pid 13072:tid 21944] (OS 64)The specified network name is no longer available.  : AH00341: winnt_accept: Asynchronous AcceptEx failed.
[Sat Dec 03 22:17:44.122982 2022] [mpm_winnt:warn] [pid 13072:tid 21944] (OS 64)The specified network name is no longer available.  : AH00341: winnt_accept: Asynchronous AcceptEx failed.
[Sat Dec 03 22:21:08.608141 2022] [proxy_http:error] [pid 13072:tid 20624] (OS 10054)An existing connection was forcibly closed by the remote host.  : [client 201.245.192.253:44772] AH01102: error reading status line from remote server 172.22.1.16:18080
[Sat Dec 03 22:21:08.608141 2022] [proxy:error] [pid 13072:tid 20624] [client 201.245.192.253:44772] AH00898: Error reading from remote server returned by /kwsrmcab/Wsrmcab
[Sat Dec 03 22:23:36.231200 2022] [mpm_winnt:warn] [pid 13072:tid 21944] (OS 64)The specified network name is no longer available.  : AH00341: winnt_accept: Asynchronous AcceptEx failed.
[Sat Dec 03 22:30:56.214373 2022] [proxy_http:error] [pid 13072:tid 21088] (OS 10054)An existing connection was forcibly closed by the remote host.  : [client 201.245.192.253:44884] AH01102: error reading status line from remote server 172.22.1.16:18080
[Sat Dec 03 22:30:56.214373 2022] [proxy:error] [pid 13072:tid 21088] [client 201.245.192.253:44884] AH00898: Error reading from remote server returned by /kwsrmcab/Wsrmcab
[Sat Dec 03 22:39:35.696286 2022] [proxy_http:error] [pid 13072:tid 21112] (OS 10054)An existing connection was forcibly closed by the remote host.  : [client 201.245.192.253:60460] AH01102: error reading status line from remote server 172.22.1.16:18080
[Sat Dec 03 22:39:35.696286 2022] [proxy:error] [pid 13072:tid 21112] [client 201.245.192.253:60460] AH00898: Error reading from remote server returned by /kwsrmcab/Wsrmcab
[Sat Dec 03 22:51:30.286741 2022] [mpm_winnt:warn] [pid 13072:tid 21944] (OS 64)The specified network name is no longer available.  : AH00341: winnt_accept: Asynchronous AcceptEx failed.
[Sat Dec 03 22:52:49.363280 2022] [authz_core:error] [pid 13072:tid 21012] [client 141.105.66.148:38072] AH01630: client denied by server configuration: E:/nuevo/htdocs/server-status
[Sat Dec 03 22:52:51.001283 2022] [cgi:error] [pid 13072:tid 20544] [client 141.105.66.148:38484] script not found or unable to stat: E:/nuevo/htdocs/index.pl
[Sat Dec 03 23:02:17.641078 2022] [mpm_winnt:warn] [pid 13072:tid 21944] (OS 64)The specified network name is no longer available.  : AH00341: winnt_accept: Asynchronous AcceptEx failed.
[Sat Dec 03 23:24:06.062176 2022] [mpm_winnt:warn] [pid 13072:tid 21944] (OS 64)The specified network name is no longer available.  : AH00341: winnt_accept: Asynchronous AcceptEx failed.
[Sat Dec 03 23:34:22.201858 2022] [proxy_http:error] [pid 13072:tid 20656] (OS 10054)An existing connection was forcibly closed by the remote host.  : [client 201.245.192.253:51894] AH01102: error reading status line from remote server 172.22.1.16:18080
[Sat Dec 03 23:34:22.201858 2022] [proxy:error] [pid 13072:tid 20656] [client 201.245.192.253:51894] AH00898: Error reading from remote server returned by /kwsrmcab/Wsrmcab
[Sat Dec 03 23:34:44.946698 2022] [mpm_winnt:warn] [pid 13072:tid 21944] (OS 64)The specified network name is no longer available.  : AH00341: winnt_accept: Asynchronous AcceptEx failed.
[Sat Dec 03 23:37:43.613812 2022] [proxy_http:error] [pid 13072:tid 21152] (OS 10054)An existing connection was forcibly closed by the remote host.  : [client 64.124.8.47:52208] AH01102: error reading status line from remote server 172.22.1.31:80
[Sat Dec 03 23:37:43.613812 2022] [proxy:error] [pid 13072:tid 21152] [client 64.124.8.47:52208] AH00898: Error reading from remote server returned by /isolucionsda/
[Sat Dec 03 23:44:29.354925 2022] [proxy_http:error] [pid 13072:tid 20912] (OS 10054)An existing connection was forcibly closed by the remote host.  : [client 66.249.64.77:63971] AH01102: error reading status line from remote server 192.168.175.18:80
[Sat Dec 03 23:44:29.354925 2022] [proxy:error] [pid 13072:tid 20912] [client 66.249.64.77:63971] AH00898: Error reading from remote server returned by /portaldeninos/wp-content/uploads/2020/01/Frailejon-escenario.jpg
[Sat Dec 03 23:57:48.840729 2022] [mpm_winnt:warn] [pid 13072:tid 21944] (OS 64)The specified network name is no longer available.  : AH00341: winnt_accept: Asynchronous AcceptEx failed.
[Sat Dec 03 23:58:50.460837 2022] [mpm_winnt:warn] [pid 13072:tid 21944] (OS 64)The specified network name is no longer available.  : AH00341: winnt_accept: Asynchronous AcceptEx failed.

:: Command execute ::

Enter:
 
Select:
 

:: Search ::
regexp 

:: Upload ::
 
[ ok ]

:: Make Dir ::
 
[ ok ]
:: Make File ::
 
