!C99Shell v. 1.0 pre-release build #13!

Software: Apache. PHP/5.5.15 

uname -a: Windows NT SVR-DMZ 6.1 build 7600 (Windows Server 2008 R2 Enterprise Edition) i586 

SYSTEM 

Safe-mode: OFF (not secure)

E:\nuevo\apache\logs\   drwxrwxrwx
Free 8.02 GB of 239.26 GB (3.35%)
Detected drives: [ a ] [ c ] [ d ] [ e ] [ f ]
Home    Back    Forward    UPDIR    Refresh    Search    Buffer    Encoder    Tools    Proc.    FTP brute    Sec.    SQL    PHP-code    Update    Feedback    Self remove    Logout    


Viewing file:     error.2022.12.04.log (75.14 KB)      -rw-rw-rw-
Select action/file-type:
(+) | (+) | (+) | Code (+) | Session (+) | (+) | SDB (+) | (+) | (+) | (+) | (+) | (+) |
[Sun Dec 04 00:19:48.540647 2022] [mpm_winnt:warn] [pid 13072:tid 21944] (OS 64)The specified network name is no longer available.  : AH00341: winnt_accept: Asynchronous AcceptEx failed.
[Sun Dec 04 00:21:00.347573 2022] [proxy_http:error] [pid 13072:tid 20760] (OS 10060)A connection attempt failed because the connected party did not properly respond after a period of time, or established connection failed because connected host has failed to respond.  : [client 201.245.192.253:44980] AH01102: error reading status line from remote server 172.22.1.16:18080
[Sun Dec 04 00:21:00.347573 2022] [proxy:error] [pid 13072:tid 20760] [client 201.245.192.253:44980] AH00898: Error reading from remote server returned by /kwsrmcab/Wsrmcab
[Sun Dec 04 00:32:19.183765 2022] [mpm_winnt:warn] [pid 13072:tid 21944] (OS 64)The specified network name is no longer available.  : AH00341: winnt_accept: Asynchronous AcceptEx failed.
[Sun Dec 04 00:42:01.953989 2022] [mpm_winnt:warn] [pid 13072:tid 21944] (OS 64)The specified network name is no longer available.  : AH00341: winnt_accept: Asynchronous AcceptEx failed.
[Sun Dec 04 01:23:59.487411 2022] [mpm_winnt:warn] [pid 13072:tid 21944] (OS 64)The specified network name is no longer available.  : AH00341: winnt_accept: Asynchronous AcceptEx failed.
[Sun Dec 04 01:26:39.777692 2022] [mpm_winnt:warn] [pid 13072:tid 21944] (OS 64)The specified network name is no longer available.  : AH00341: winnt_accept: Asynchronous AcceptEx failed.
[Sun Dec 04 02:01:55.578208 2022] [proxy:error] [pid 13072:tid 20624] (OS 10061)No connection could be made because the target machine actively refused it.  : AH00957: HTTP: attempt to connect to 172.22.1.51:8399 (172.22.1.51) failed
[Sun Dec 04 02:01:55.578208 2022] [proxy:error] [pid 13072:tid 20624] AH00959: ap_proxy_connect_backend disabling worker for (172.22.1.51) for 60s
[Sun Dec 04 02:01:55.578208 2022] [proxy_http:error] [pid 13072:tid 20624] [client 152.61.128.50:33763] AH01114: HTTP: failed to make connection to backend: 172.22.1.51
[Sun Dec 04 02:01:55.781009 2022] [proxy:error] [pid 13072:tid 20624] AH00940: HTTP: disabled connection for (172.22.1.51)
[Sun Dec 04 02:01:55.999409 2022] [proxy:error] [pid 13072:tid 20624] AH00940: HTTP: disabled connection for (172.22.1.51)
[Sun Dec 04 02:06:31.807894 2022] [mpm_winnt:warn] [pid 13072:tid 21944] (OS 64)The specified network name is no longer available.  : AH00341: winnt_accept: Asynchronous AcceptEx failed.
[Sun Dec 04 02:08:00.509649 2022] [mpm_winnt:warn] [pid 13072:tid 21944] (OS 64)The specified network name is no longer available.  : AH00341: winnt_accept: Asynchronous AcceptEx failed.
[Sun Dec 04 02:09:00.039354 2022] [mpm_winnt:warn] [pid 13072:tid 21944] (OS 64)The specified network name is no longer available.  : AH00341: winnt_accept: Asynchronous AcceptEx failed.
[Sun Dec 04 02:09:00.039354 2022] [mpm_winnt:warn] [pid 13072:tid 21944] (OS 64)The specified network name is no longer available.  : AH00341: winnt_accept: Asynchronous AcceptEx failed.
[Sun Dec 04 02:09:01.037756 2022] [proxy:error] [pid 13072:tid 21004] (OS 10061)No connection could be made because the target machine actively refused it.  : AH00957: HTTP: attempt to connect to 172.22.1.51:8399 (172.22.1.51) failed
[Sun Dec 04 02:09:01.037756 2022] [proxy:error] [pid 13072:tid 21004] AH00959: ap_proxy_connect_backend disabling worker for (172.22.1.51) for 60s
[Sun Dec 04 02:09:01.037756 2022] [proxy_http:error] [pid 13072:tid 21004] [client 152.61.192.232:57855] AH01114: HTTP: failed to make connection to backend: 172.22.1.51
[Sun Dec 04 02:09:01.287356 2022] [proxy:error] [pid 13072:tid 21004] AH00940: HTTP: disabled connection for (172.22.1.51)
[Sun Dec 04 02:09:01.552557 2022] [proxy:error] [pid 13072:tid 21004] AH00940: HTTP: disabled connection for (172.22.1.51)
[Sun Dec 04 02:11:05.323174 2022] [mpm_winnt:warn] [pid 13072:tid 21944] (OS 64)The specified network name is no longer available.  : AH00341: winnt_accept: Asynchronous AcceptEx failed.
[Sun Dec 04 02:20:55.535611 2022] [proxy_http:error] [pid 13072:tid 20760] (OS 10054)An existing connection was forcibly closed by the remote host.  : [client 201.245.192.253:47070] AH01102: error reading status line from remote server 172.22.1.16:18080
[Sun Dec 04 02:20:55.535611 2022] [proxy:error] [pid 13072:tid 20760] [client 201.245.192.253:47070] AH00898: Error reading from remote server returned by /kwsrmcab/Wsrmcab
[Sun Dec 04 03:03:00.743246 2022] [mpm_winnt:warn] [pid 13072:tid 21944] (OS 64)The specified network name is no longer available.  : AH00341: winnt_accept: Asynchronous AcceptEx failed.
[Sun Dec 04 03:03:30.617298 2022] [proxy_http:error] [pid 13072:tid 20868] (OS 10054)An existing connection was forcibly closed by the remote host.  : [client 201.245.192.253:42490] AH01102: error reading status line from remote server 172.22.1.16:18080
[Sun Dec 04 03:03:30.617298 2022] [proxy:error] [pid 13072:tid 20868] [client 201.245.192.253:42490] AH00898: Error reading from remote server returned by /kwsrmcab/Wsrmcab
[Sun Dec 04 03:08:26.503018 2022] [mpm_winnt:warn] [pid 13072:tid 21944] (OS 64)The specified network name is no longer available.  : AH00341: winnt_accept: Asynchronous AcceptEx failed.
[Sun Dec 04 03:08:26.534218 2022] [mpm_winnt:warn] [pid 13072:tid 21944] (OS 64)The specified network name is no longer available.  : AH00341: winnt_accept: Asynchronous AcceptEx failed.
[Sun Dec 04 03:08:26.627818 2022] [mpm_winnt:warn] [pid 13072:tid 21944] (OS 64)The specified network name is no longer available.  : AH00341: winnt_accept: Asynchronous AcceptEx failed.
[Sun Dec 04 03:08:26.705819 2022] [mpm_winnt:warn] [pid 13072:tid 21944] (OS 64)The specified network name is no longer available.  : AH00341: winnt_accept: Asynchronous AcceptEx failed.
[Sun Dec 04 03:08:26.877419 2022] [mpm_winnt:warn] [pid 13072:tid 21944] (OS 64)The specified network name is no longer available.  : AH00341: winnt_accept: Asynchronous AcceptEx failed.
[Sun Dec 04 03:09:40.181948 2022] [mpm_winnt:warn] [pid 13072:tid 21944] (OS 64)The specified network name is no longer available.  : AH00341: winnt_accept: Asynchronous AcceptEx failed.
[Sun Dec 04 03:14:07.567417 2022] [mpm_winnt:warn] [pid 13072:tid 21944] (OS 64)The specified network name is no longer available.  : AH00341: winnt_accept: Asynchronous AcceptEx failed.
[Sun Dec 04 03:14:07.583017 2022] [mpm_winnt:warn] [pid 13072:tid 21944] (OS 64)The specified network name is no longer available.  : AH00341: winnt_accept: Asynchronous AcceptEx failed.
[Sun Dec 04 03:14:07.801418 2022] [mpm_winnt:warn] [pid 13072:tid 21944] (OS 64)The specified network name is no longer available.  : AH00341: winnt_accept: Asynchronous AcceptEx failed.
[Sun Dec 04 03:15:20.513145 2022] [mpm_winnt:warn] [pid 13072:tid 21944] (OS 64)The specified network name is no longer available.  : AH00341: winnt_accept: Asynchronous AcceptEx failed.
[Sun Dec 04 03:15:20.887546 2022] [mpm_winnt:warn] [pid 13072:tid 21944] (OS 64)The specified network name is no longer available.  : AH00341: winnt_accept: Asynchronous AcceptEx failed.
[Sun Dec 04 03:15:21.090346 2022] [mpm_winnt:warn] [pid 13072:tid 21944] (OS 64)The specified network name is no longer available.  : AH00341: winnt_accept: Asynchronous AcceptEx failed.
[Sun Dec 04 03:20:46.194917 2022] [mpm_winnt:warn] [pid 13072:tid 21944] (OS 64)The specified network name is no longer available.  : AH00341: winnt_accept: Asynchronous AcceptEx failed.
[Sun Dec 04 03:20:46.226117 2022] [mpm_winnt:warn] [pid 13072:tid 21944] (OS 64)The specified network name is no longer available.  : AH00341: winnt_accept: Asynchronous AcceptEx failed.
[Sun Dec 04 03:20:46.241717 2022] [mpm_winnt:warn] [pid 13072:tid 21944] (OS 64)The specified network name is no longer available.  : AH00341: winnt_accept: Asynchronous AcceptEx failed.
[Sun Dec 04 03:20:46.319718 2022] [mpm_winnt:warn] [pid 13072:tid 21944] (OS 64)The specified network name is no longer available.  : AH00341: winnt_accept: Asynchronous AcceptEx failed.
[Sun Dec 04 03:20:46.428918 2022] [mpm_winnt:warn] [pid 13072:tid 21944] (OS 64)The specified network name is no longer available.  : AH00341: winnt_accept: Asynchronous AcceptEx failed.
[Sun Dec 04 03:29:56.033483 2022] [mpm_winnt:warn] [pid 13072:tid 21944] (OS 64)The specified network name is no longer available.  : AH00341: winnt_accept: Asynchronous AcceptEx failed.
[Sun Dec 04 03:29:56.033483 2022] [mpm_winnt:warn] [pid 13072:tid 21944] (OS 64)The specified network name is no longer available.  : AH00341: winnt_accept: Asynchronous AcceptEx failed.
[Sun Dec 04 03:29:56.095883 2022] [mpm_winnt:warn] [pid 13072:tid 21944] (OS 64)The specified network name is no longer available.  : AH00341: winnt_accept: Asynchronous AcceptEx failed.
[Sun Dec 04 03:29:56.251884 2022] [mpm_winnt:warn] [pid 13072:tid 21944] (OS 64)The specified network name is no longer available.  : AH00341: winnt_accept: Asynchronous AcceptEx failed.
[Sun Dec 04 03:29:56.314284 2022] [mpm_winnt:warn] [pid 13072:tid 21944] (OS 64)The specified network name is no longer available.  : AH00341: winnt_accept: Asynchronous AcceptEx failed.
[Sun Dec 04 03:29:56.485884 2022] [mpm_winnt:warn] [pid 13072:tid 21944] (OS 64)The specified network name is no longer available.  : AH00341: winnt_accept: Asynchronous AcceptEx failed.
[Sun Dec 04 03:34:22.606751 2022] [mpm_winnt:warn] [pid 13072:tid 21944] (OS 64)The specified network name is no longer available.  : AH00341: winnt_accept: Asynchronous AcceptEx failed.
[Sun Dec 04 03:34:22.669151 2022] [mpm_winnt:warn] [pid 13072:tid 21944] (OS 64)The specified network name is no longer available.  : AH00341: winnt_accept: Asynchronous AcceptEx failed.
[Sun Dec 04 03:34:22.856352 2022] [mpm_winnt:warn] [pid 13072:tid 21944] (OS 64)The specified network name is no longer available.  : AH00341: winnt_accept: Asynchronous AcceptEx failed.
[Sun Dec 04 03:35:35.755280 2022] [mpm_winnt:warn] [pid 13072:tid 21944] (OS 64)The specified network name is no longer available.  : AH00341: winnt_accept: Asynchronous AcceptEx failed.
[Sun Dec 04 03:35:35.770880 2022] [mpm_winnt:warn] [pid 13072:tid 21944] (OS 64)The specified network name is no longer available.  : AH00341: winnt_accept: Asynchronous AcceptEx failed.
[Sun Dec 04 03:59:20.100182 2022] [mpm_winnt:warn] [pid 13072:tid 21944] (OS 64)The specified network name is no longer available.  : AH00341: winnt_accept: Asynchronous AcceptEx failed.
[Sun Dec 04 03:59:20.162582 2022] [mpm_winnt:warn] [pid 13072:tid 21944] (OS 64)The specified network name is no longer available.  : AH00341: winnt_accept: Asynchronous AcceptEx failed.
[Sun Dec 04 04:00:33.451510 2022] [mpm_winnt:warn] [pid 13072:tid 21944] (OS 64)The specified network name is no longer available.  : AH00341: winnt_accept: Asynchronous AcceptEx failed.
[Sun Dec 04 04:00:33.607511 2022] [mpm_winnt:warn] [pid 13072:tid 21944] (OS 64)The specified network name is no longer available.  : AH00341: winnt_accept: Asynchronous AcceptEx failed.
[Sun Dec 04 04:00:33.872711 2022] [mpm_winnt:warn] [pid 13072:tid 21944] (OS 64)The specified network name is no longer available.  : AH00341: winnt_accept: Asynchronous AcceptEx failed.
[Sun Dec 04 04:04:03.505879 2022] [mpm_winnt:warn] [pid 13072:tid 21944] (OS 64)The specified network name is no longer available.  : AH00341: winnt_accept: Asynchronous AcceptEx failed.
[Sun Dec 04 04:04:03.630680 2022] [mpm_winnt:warn] [pid 13072:tid 21944] (OS 64)The specified network name is no longer available.  : AH00341: winnt_accept: Asynchronous AcceptEx failed.
[Sun Dec 04 04:05:16.248807 2022] [mpm_winnt:warn] [pid 13072:tid 21944] (OS 64)The specified network name is no longer available.  : AH00341: winnt_accept: Asynchronous AcceptEx failed.
[Sun Dec 04 04:05:16.576408 2022] [mpm_winnt:warn] [pid 13072:tid 21944] (OS 64)The specified network name is no longer available.  : AH00341: winnt_accept: Asynchronous AcceptEx failed.
[Sun Dec 04 04:05:16.623208 2022] [mpm_winnt:warn] [pid 13072:tid 21944] (OS 64)The specified network name is no longer available.  : AH00341: winnt_accept: Asynchronous AcceptEx failed.
[Sun Dec 04 04:05:16.654408 2022] [mpm_winnt:warn] [pid 13072:tid 21944] (OS 64)The specified network name is no longer available.  : AH00341: winnt_accept: Asynchronous AcceptEx failed.
[Sun Dec 04 04:05:16.794808 2022] [mpm_winnt:warn] [pid 13072:tid 21944] (OS 64)The specified network name is no longer available.  : AH00341: winnt_accept: Asynchronous AcceptEx failed.
[Sun Dec 04 04:05:16.997608 2022] [mpm_winnt:warn] [pid 13072:tid 21944] (OS 64)The specified network name is no longer available.  : AH00341: winnt_accept: Asynchronous AcceptEx failed.
[Sun Dec 04 04:18:16.251177 2022] [proxy_http:error] [pid 13072:tid 21028] (OS 10054)An existing connection was forcibly closed by the remote host.  : [client 201.245.192.253:41098] AH01102: error reading status line from remote server 172.22.1.16:18080
[Sun Dec 04 04:18:16.251177 2022] [proxy:error] [pid 13072:tid 21028] [client 201.245.192.253:41098] AH00898: Error reading from remote server returned by /kwsrmcab/Wsrmcab
[Sun Dec 04 04:28:13.935027 2022] [proxy_http:error] [pid 13072:tid 21064] (OS 10054)An existing connection was forcibly closed by the remote host.  : [client 201.245.192.253:44674] AH01102: error reading status line from remote server 172.22.1.16:18080
[Sun Dec 04 04:28:13.935027 2022] [proxy:error] [pid 13072:tid 21064] [client 201.245.192.253:44674] AH00898: Error reading from remote server returned by /kwsrmcab/Wsrmcab
[Sun Dec 04 04:45:13.209617 2022] [mpm_winnt:warn] [pid 13072:tid 21944] (OS 64)The specified network name is no longer available.  : AH00341: winnt_accept: Asynchronous AcceptEx failed.
[Sun Dec 04 04:52:06.969144 2022] [mpm_winnt:warn] [pid 13072:tid 21944] (OS 64)The specified network name is no longer available.  : AH00341: winnt_accept: Asynchronous AcceptEx failed.
[Sun Dec 04 04:58:38.966632 2022] [cgi:error] [pid 13072:tid 20800] [client 85.31.44.156:32980] script not found or unable to stat: E:/nuevo/cgi-bin/masterCGI
[Sun Dec 04 05:06:33.754466 2022] [mpm_winnt:warn] [pid 13072:tid 21944] (OS 64)The specified network name is no longer available.  : AH00341: winnt_accept: Asynchronous AcceptEx failed.
[Sun Dec 04 05:08:16.527447 2022] [mpm_winnt:warn] [pid 13072:tid 21944] (OS 64)The specified network name is no longer available.  : AH00341: winnt_accept: Asynchronous AcceptEx failed.
[Sun Dec 04 05:16:42.311535 2022] [proxy_http:error] [pid 13072:tid 21028] (OS 10054)An existing connection was forcibly closed by the remote host.  : [client 191.102.198.61:19905] AH01102: error reading status line from remote server 172.22.1.16:18080, referer: http://190.27.245.106/appsia/controlador
[Sun Dec 04 05:16:42.311535 2022] [proxy:error] [pid 13072:tid 21028] [client 191.102.198.61:19905] AH00898: Error reading from remote server returned by /appsia/controlador, referer: http://190.27.245.106/appsia/controlador
[Sun Dec 04 05:18:01.840475 2022] [proxy_http:error] [pid 13072:tid 21028] (OS 10054)An existing connection was forcibly closed by the remote host.  : [client 201.245.192.253:34294] AH01102: error reading status line from remote server 172.22.1.16:18080
[Sun Dec 04 05:18:01.840475 2022] [proxy:error] [pid 13072:tid 21028] [client 201.245.192.253:34294] AH00898: Error reading from remote server returned by /kwsrmcab/Wsrmcab
[Sun Dec 04 05:23:02.718203 2022] [mpm_winnt:warn] [pid 13072:tid 21944] (OS 64)The specified network name is no longer available.  : AH00341: winnt_accept: Asynchronous AcceptEx failed.
[Sun Dec 04 05:37:56.958574 2022] [proxy_http:error] [pid 13072:tid 20616] (OS 10054)An existing connection was forcibly closed by the remote host.  : [client 201.245.192.253:41472] AH01102: error reading status line from remote server 172.22.1.16:18080
[Sun Dec 04 05:37:56.958574 2022] [proxy:error] [pid 13072:tid 20616] [client 201.245.192.253:41472] AH00898: Error reading from remote server returned by /kwsrmcab/Wsrmcab
[Sun Dec 04 05:45:19.640552 2022] [authz_core:error] [pid 13072:tid 21112] [client 75.165.158.92:48165] AH01630: client denied by server configuration: E:/nuevo/phpMyAdmin/, referer: http://190.27.245.106/
[Sun Dec 04 05:45:19.843352 2022] [authz_core:error] [pid 13072:tid 21112] [client 75.165.158.92:48214] AH01630: client denied by server configuration: E:/nuevo/htdocs/phpMyAdmin, referer: http://190.27.245.106/
[Sun Dec 04 05:45:28.392167 2022] [authz_core:error] [pid 13072:tid 20616] [client 75.165.158.92:48610] AH01630: client denied by server configuration: E:/nuevo/htdocs/phpmyadmin2, referer: http://190.27.245.106/
[Sun Dec 04 05:45:28.579367 2022] [authz_core:error] [pid 13072:tid 20616] [client 75.165.158.92:50146] AH01630: client denied by server configuration: E:/nuevo/htdocs/phpMyAdmin2, referer: http://190.27.245.106/
[Sun Dec 04 05:45:28.766568 2022] [authz_core:error] [pid 13072:tid 20616] [client 75.165.158.92:50188] AH01630: client denied by server configuration: E:/nuevo/htdocs/phpMyAdmin-2, referer: http://190.27.245.106/
[Sun Dec 04 05:45:29.156568 2022] [authz_core:error] [pid 13072:tid 20616] [client 75.165.158.92:50274] AH01630: client denied by server configuration: E:/nuevo/htdocs/phpMyAdmin-2.2.3, referer: http://190.27.245.106/
[Sun Dec 04 05:45:29.343769 2022] [authz_core:error] [pid 13072:tid 20616] [client 75.165.158.92:50315] AH01630: client denied by server configuration: E:/nuevo/htdocs/phpMyAdmin-2.2.6, referer: http://190.27.245.106/
[Sun Dec 04 05:45:30.544971 2022] [authz_core:error] [pid 13072:tid 20616] [client 75.165.158.92:50356] AH01630: client denied by server configuration: E:/nuevo/htdocs/phpMyAdmin-2.5.1, referer: http://190.27.245.106/
[Sun Dec 04 05:45:30.747771 2022] [authz_core:error] [pid 13072:tid 20616] [client 75.165.158.92:50597] AH01630: client denied by server configuration: E:/nuevo/htdocs/phpMyAdmin-2.5.4, referer: http://190.27.245.106/
[Sun Dec 04 05:45:30.966172 2022] [authz_core:error] [pid 13072:tid 20616] [client 75.165.158.92:50637] AH01630: client denied by server configuration: E:/nuevo/htdocs/phpMyAdmin-2.5.5-rc1, referer: http://190.27.245.106/
[Sun Dec 04 05:45:34.164177 2022] [authz_core:error] [pid 13072:tid 20616] [client 75.165.158.92:50683] AH01630: client denied by server configuration: E:/nuevo/htdocs/phpMyAdmin-2.5.5-rc2, referer: http://190.27.245.106/
[Sun Dec 04 05:45:34.366977 2022] [authz_core:error] [pid 13072:tid 20616] [client 75.165.158.92:51360] AH01630: client denied by server configuration: E:/nuevo/htdocs/phpMyAdmin-2.5.5, referer: http://190.27.245.106/
[Sun Dec 04 05:45:35.552580 2022] [authz_core:error] [pid 13072:tid 20616] [client 75.165.158.92:51399] AH01630: client denied by server configuration: E:/nuevo/htdocs/phpMyAdmin-2.5.5-pl1, referer: http://190.27.245.106/
[Sun Dec 04 05:45:35.739780 2022] [authz_core:error] [pid 13072:tid 20616] [client 75.165.158.92:51684] AH01630: client denied by server configuration: E:/nuevo/htdocs/phpMyAdmin-2.5.6-rc1, referer: http://190.27.245.106/
[Sun Dec 04 05:45:35.926980 2022] [authz_core:error] [pid 13072:tid 20616] [client 75.165.158.92:51725] AH01630: client denied by server configuration: E:/nuevo/htdocs/phpMyAdmin-2.5.6-rc2, referer: http://190.27.245.106/
[Sun Dec 04 05:45:36.114181 2022] [authz_core:error] [pid 13072:tid 20616] [client 75.165.158.92:51774] AH01630: client denied by server configuration: E:/nuevo/htdocs/phpMyAdmin-2.5.6, referer: http://190.27.245.106/
[Sun Dec 04 05:45:36.316981 2022] [authz_core:error] [pid 13072:tid 20616] [client 75.165.158.92:51824] AH01630: client denied by server configuration: E:/nuevo/htdocs/phpMyAdmin-2.5.7, referer: http://190.27.245.106/
[Sun Dec 04 05:45:36.504181 2022] [authz_core:error] [pid 13072:tid 20616] [client 75.165.158.92:51868] AH01630: client denied by server configuration: E:/nuevo/htdocs/phpMyAdmin-2.5.7-pl1, referer: http://190.27.245.106/
[Sun Dec 04 05:45:36.706982 2022] [authz_core:error] [pid 13072:tid 20616] [client 75.165.158.92:51913] AH01630: client denied by server configuration: E:/nuevo/htdocs/phpMyAdmin-2.6.0-alpha, referer: http://190.27.245.106/
[Sun Dec 04 05:45:36.894182 2022] [authz_core:error] [pid 13072:tid 20616] [client 75.165.158.92:51964] AH01630: client denied by server configuration: E:/nuevo/htdocs/phpMyAdmin-2.6.0-alpha2, referer: http://190.27.245.106/
[Sun Dec 04 05:45:37.081382 2022] [authz_core:error] [pid 13072:tid 20616] [client 75.165.158.92:52009] AH01630: client denied by server configuration: E:/nuevo/htdocs/phpMyAdmin-2.6.0-beta1, referer: http://190.27.245.106/
[Sun Dec 04 05:45:37.268583 2022] [authz_core:error] [pid 13072:tid 20616] [client 75.165.158.92:52058] AH01630: client denied by server configuration: E:/nuevo/htdocs/phpMyAdmin-2.6.0-beta2, referer: http://190.27.245.106/
[Sun Dec 04 05:45:37.455783 2022] [authz_core:error] [pid 13072:tid 20616] [client 75.165.158.92:52110] AH01630: client denied by server configuration: E:/nuevo/htdocs/phpMyAdmin-2.6.0-rc1, referer: http://190.27.245.106/
[Sun Dec 04 05:45:38.641385 2022] [authz_core:error] [pid 13072:tid 20616] [client 75.165.158.92:52160] AH01630: client denied by server configuration: E:/nuevo/htdocs/phpMyAdmin-2.6.0-rc2, referer: http://190.27.245.106/
[Sun Dec 04 05:45:38.844185 2022] [authz_core:error] [pid 13072:tid 20616] [client 75.165.158.92:52472] AH01630: client denied by server configuration: E:/nuevo/htdocs/phpMyAdmin-2.6.0-rc3, referer: http://190.27.245.106/
[Sun Dec 04 05:45:39.031386 2022] [authz_core:error] [pid 13072:tid 20616] [client 75.165.158.92:52529] AH01630: client denied by server configuration: E:/nuevo/htdocs/phpMyAdmin-2.6.0, referer: http://190.27.245.106/
[Sun Dec 04 05:45:39.218586 2022] [authz_core:error] [pid 13072:tid 20616] [client 75.165.158.92:52578] AH01630: client denied by server configuration: E:/nuevo/htdocs/phpMyAdmin-2.6.0-pl1, referer: http://190.27.245.106/
[Sun Dec 04 05:45:39.421386 2022] [authz_core:error] [pid 13072:tid 20616] [client 75.165.158.92:52618] AH01630: client denied by server configuration: E:/nuevo/htdocs/phpMyAdmin-2.6.0-pl2, referer: http://190.27.245.106/
[Sun Dec 04 05:45:39.608587 2022] [authz_core:error] [pid 13072:tid 20616] [client 75.165.158.92:52653] AH01630: client denied by server configuration: E:/nuevo/htdocs/phpMyAdmin-2.6.0-pl3, referer: http://190.27.245.106/
[Sun Dec 04 05:45:39.795787 2022] [authz_core:error] [pid 13072:tid 20616] [client 75.165.158.92:52691] AH01630: client denied by server configuration: E:/nuevo/htdocs/phpMyAdmin-2.6.1-rc1, referer: http://190.27.245.106/
[Sun Dec 04 05:45:39.982987 2022] [authz_core:error] [pid 13072:tid 20616] [client 75.165.158.92:52729] AH01630: client denied by server configuration: E:/nuevo/htdocs/phpMyAdmin-2.6.1-rc2, referer: http://190.27.245.106/
[Sun Dec 04 05:45:40.170188 2022] [authz_core:error] [pid 13072:tid 20616] [client 75.165.158.92:52769] AH01630: client denied by server configuration: E:/nuevo/htdocs/phpMyAdmin-2.6.1, referer: http://190.27.245.106/
[Sun Dec 04 05:45:40.372988 2022] [authz_core:error] [pid 13072:tid 20616] [client 75.165.158.92:52811] AH01630: client denied by server configuration: E:/nuevo/htdocs/phpMyAdmin-2.6.1-pl1, referer: http://190.27.245.106/
[Sun Dec 04 05:45:40.560188 2022] [authz_core:error] [pid 13072:tid 20616] [client 75.165.158.92:52852] AH01630: client denied by server configuration: E:/nuevo/htdocs/phpMyAdmin-2.6.1-pl2, referer: http://190.27.245.106/
[Sun Dec 04 05:45:40.747389 2022] [authz_core:error] [pid 13072:tid 20616] [client 75.165.158.92:52901] AH01630: client denied by server configuration: E:/nuevo/htdocs/phpMyAdmin-2.6.1-pl3, referer: http://190.27.245.106/
[Sun Dec 04 05:45:40.934589 2022] [authz_core:error] [pid 13072:tid 20616] [client 75.165.158.92:52940] AH01630: client denied by server configuration: E:/nuevo/htdocs/phpMyAdmin-2.6.2-rc1, referer: http://190.27.245.106/
[Sun Dec 04 05:45:44.163795 2022] [authz_core:error] [pid 13072:tid 20616] [client 75.165.158.92:52986] AH01630: client denied by server configuration: E:/nuevo/htdocs/phpMyAdmin-2.6.2-beta1, referer: http://190.27.245.106/
[Sun Dec 04 05:45:44.366595 2022] [authz_core:error] [pid 13072:tid 20616] [client 75.165.158.92:53720] AH01630: client denied by server configuration: E:/nuevo/htdocs/phpMyAdmin-2.6.2-rc1, referer: http://190.27.245.106/
[Sun Dec 04 05:45:44.569395 2022] [authz_core:error] [pid 13072:tid 20616] [client 75.165.158.92:53763] AH01630: client denied by server configuration: E:/nuevo/htdocs/phpMyAdmin-2.6.2, referer: http://190.27.245.106/
[Sun Dec 04 05:45:44.772196 2022] [authz_core:error] [pid 13072:tid 20616] [client 75.165.158.92:53807] AH01630: client denied by server configuration: E:/nuevo/htdocs/phpMyAdmin-2.6.2-pl1, referer: http://190.27.245.106/
[Sun Dec 04 05:45:44.959396 2022] [authz_core:error] [pid 13072:tid 20616] [client 75.165.158.92:53857] AH01630: client denied by server configuration: E:/nuevo/htdocs/phpMyAdmin-2.6.3, referer: http://190.27.245.106/
[Sun Dec 04 05:45:45.162196 2022] [authz_core:error] [pid 13072:tid 20616] [client 75.165.158.92:53900] AH01630: client denied by server configuration: E:/nuevo/htdocs/phpMyAdmin-2.6.3-rc1, referer: http://190.27.245.106/
[Sun Dec 04 05:45:45.349397 2022] [authz_core:error] [pid 13072:tid 20616] [client 75.165.158.92:53934] AH01630: client denied by server configuration: E:/nuevo/htdocs/phpMyAdmin-2.6.3, referer: http://190.27.245.106/
[Sun Dec 04 05:45:45.536597 2022] [authz_core:error] [pid 13072:tid 20616] [client 75.165.158.92:53965] AH01630: client denied by server configuration: E:/nuevo/htdocs/phpMyAdmin-2.6.3-pl1, referer: http://190.27.245.106/
[Sun Dec 04 05:45:45.723797 2022] [authz_core:error] [pid 13072:tid 20616] [client 75.165.158.92:54000] AH01630: client denied by server configuration: E:/nuevo/htdocs/phpMyAdmin-2.6.4-rc1, referer: http://190.27.245.106/
[Sun Dec 04 05:45:48.921803 2022] [authz_core:error] [pid 13072:tid 21112] [client 75.165.158.92:54037] AH01630: client denied by server configuration: E:/nuevo/htdocs/phpMyAdmin-2.6.4-pl1, referer: http://190.27.245.106/
[Sun Dec 04 05:45:56.113416 2022] [authz_core:error] [pid 13072:tid 21112] [client 75.165.158.92:54611] AH01630: client denied by server configuration: E:/nuevo/htdocs/phpMyAdmin-2.6.4-pl2, referer: http://190.27.245.106/
[Sun Dec 04 05:45:56.300616 2022] [authz_core:error] [pid 13072:tid 21112] [client 75.165.158.92:56013] AH01630: client denied by server configuration: E:/nuevo/htdocs/phpMyAdmin-2.6.4-pl3, referer: http://190.27.245.106/
[Sun Dec 04 05:45:56.487816 2022] [authz_core:error] [pid 13072:tid 21112] [client 75.165.158.92:56048] AH01630: client denied by server configuration: E:/nuevo/htdocs/phpMyAdmin-2.6.4-pl4, referer: http://190.27.245.106/
[Sun Dec 04 05:45:56.690617 2022] [authz_core:error] [pid 13072:tid 21112] [client 75.165.158.92:56084] AH01630: client denied by server configuration: E:/nuevo/htdocs/phpMyAdmin-2.6.4, referer: http://190.27.245.106/
[Sun Dec 04 05:45:56.877817 2022] [authz_core:error] [pid 13072:tid 21112] [client 75.165.158.92:56119] AH01630: client denied by server configuration: E:/nuevo/htdocs/phpMyAdmin-2.7.0-beta1, referer: http://190.27.245.106/
[Sun Dec 04 05:45:57.065017 2022] [authz_core:error] [pid 13072:tid 21112] [client 75.165.158.92:56153] AH01630: client denied by server configuration: E:/nuevo/htdocs/phpMyAdmin-2.7.0-rc1, referer: http://190.27.245.106/
[Sun Dec 04 05:45:57.267818 2022] [authz_core:error] [pid 13072:tid 21112] [client 75.165.158.92:56190] AH01630: client denied by server configuration: E:/nuevo/htdocs/phpMyAdmin-2.7.0-pl1, referer: http://190.27.245.106/
[Sun Dec 04 05:45:57.455018 2022] [authz_core:error] [pid 13072:tid 21112] [client 75.165.158.92:56229] AH01630: client denied by server configuration: E:/nuevo/htdocs/phpMyAdmin-2.7.0-pl2, referer: http://190.27.245.106/
[Sun Dec 04 05:45:57.704618 2022] [authz_core:error] [pid 13072:tid 21112] [client 75.165.158.92:56262] AH01630: client denied by server configuration: E:/nuevo/htdocs/phpMyAdmin-2.7.0, referer: http://190.27.245.106/
[Sun Dec 04 05:45:58.890221 2022] [authz_core:error] [pid 13072:tid 20444] [client 75.165.158.92:56307] AH01630: client denied by server configuration: E:/nuevo/htdocs/phpMyAdmin-2.8.0-beta1, referer: http://190.27.245.106/
[Sun Dec 04 05:45:59.093021 2022] [authz_core:error] [pid 13072:tid 20444] [client 75.165.158.92:56521] AH01630: client denied by server configuration: E:/nuevo/htdocs/phpMyAdmin-2.8.0-rc1, referer: http://190.27.245.106/
[Sun Dec 04 05:45:59.280221 2022] [authz_core:error] [pid 13072:tid 20444] [client 75.165.158.92:56556] AH01630: client denied by server configuration: E:/nuevo/htdocs/phpMyAdmin-2.8.0-rc2, referer: http://190.27.245.106/
[Sun Dec 04 05:45:59.467422 2022] [authz_core:error] [pid 13072:tid 20444] [client 75.165.158.92:56590] AH01630: client denied by server configuration: E:/nuevo/htdocs/phpMyAdmin-2.8.0, referer: http://190.27.245.106/
[Sun Dec 04 05:45:59.654622 2022] [authz_core:error] [pid 13072:tid 20444] [client 75.165.158.92:56634] AH01630: client denied by server configuration: E:/nuevo/htdocs/phpMyAdmin-2.8.0.1, referer: http://190.27.245.106/
[Sun Dec 04 05:45:59.841822 2022] [authz_core:error] [pid 13072:tid 20444] [client 75.165.158.92:56671] AH01630: client denied by server configuration: E:/nuevo/htdocs/phpMyAdmin-2.8.0.2, referer: http://190.27.245.106/
[Sun Dec 04 05:46:00.044623 2022] [authz_core:error] [pid 13072:tid 20444] [client 75.165.158.92:56717] AH01630: client denied by server configuration: E:/nuevo/htdocs/phpMyAdmin-2.8.0.3, referer: http://190.27.245.106/
[Sun Dec 04 05:46:00.231823 2022] [authz_core:error] [pid 13072:tid 20444] [client 75.165.158.92:56757] AH01630: client denied by server configuration: E:/nuevo/htdocs/phpMyAdmin-2.8.0.4, referer: http://190.27.245.106/
[Sun Dec 04 05:46:00.434623 2022] [authz_core:error] [pid 13072:tid 20444] [client 75.165.158.92:56794] AH01630: client denied by server configuration: E:/nuevo/htdocs/phpMyAdmin-2.8.1-rc1, referer: http://190.27.245.106/
[Sun Dec 04 05:46:00.621824 2022] [authz_core:error] [pid 13072:tid 20444] [client 75.165.158.92:56825] AH01630: client denied by server configuration: E:/nuevo/htdocs/phpMyAdmin-2.8.1, referer: http://190.27.245.106/
[Sun Dec 04 05:46:03.835429 2022] [authz_core:error] [pid 13072:tid 20444] [client 75.165.158.92:56861] AH01630: client denied by server configuration: E:/nuevo/htdocs/phpMyAdmin-2.8.2, referer: http://190.27.245.106/
[Sun Dec 04 06:08:17.685572 2022] [mpm_winnt:warn] [pid 13072:tid 21944] (OS 64)The specified network name is no longer available.  : AH00341: winnt_accept: Asynchronous AcceptEx failed.
[Sun Dec 04 06:17:33.186948 2022] [mpm_winnt:warn] [pid 13072:tid 21944] (OS 64)The specified network name is no longer available.  : AH00341: winnt_accept: Asynchronous AcceptEx failed.
[Sun Dec 04 06:32:42.309745 2022] [proxy_http:error] [pid 13072:tid 21012] (OS 10054)An existing connection was forcibly closed by the remote host.  : [client 201.245.192.253:32978] AH01102: error reading status line from remote server 172.22.1.16:18080
[Sun Dec 04 06:32:42.309745 2022] [proxy:error] [pid 13072:tid 21012] [client 201.245.192.253:32978] AH00898: Error reading from remote server returned by /kwsrmcab/Wsrmcab
[Sun Dec 04 06:35:49.556873 2022] [mpm_winnt:warn] [pid 13072:tid 21944] (OS 64)The specified network name is no longer available.  : AH00341: winnt_accept: Asynchronous AcceptEx failed.
[Sun Dec 04 06:42:40.523995 2022] [proxy_http:error] [pid 13072:tid 21112] (OS 10054)An existing connection was forcibly closed by the remote host.  : [client 201.245.192.253:36544] AH01102: error reading status line from remote server 172.22.1.16:18080
[Sun Dec 04 06:42:40.523995 2022] [proxy:error] [pid 13072:tid 21112] [client 201.245.192.253:36544] AH00898: Error reading from remote server returned by /kwsrmcab/Wsrmcab
[Sun Dec 04 07:17:32.878670 2022] [proxy_http:error] [pid 13072:tid 20488] (OS 10054)An existing connection was forcibly closed by the remote host.  : [client 201.245.192.253:49032] AH01102: error reading status line from remote server 172.22.1.16:18080
[Sun Dec 04 07:17:32.878670 2022] [proxy:error] [pid 13072:tid 20488] [client 201.245.192.253:49032] AH00898: Error reading from remote server returned by /kwsrmcab/Wsrmcab
[Sun Dec 04 07:22:31.525595 2022] [proxy_http:error] [pid 13072:tid 20488] (OS 10054)An existing connection was forcibly closed by the remote host.  : [client 201.245.192.253:50810] AH01102: error reading status line from remote server 172.22.1.16:18080
[Sun Dec 04 07:22:31.525595 2022] [proxy:error] [pid 13072:tid 20488] [client 201.245.192.253:50810] AH00898: Error reading from remote server returned by /kwsrmcab/Wsrmcab
[Sun Dec 04 07:30:32.833240 2022] [mpm_winnt:warn] [pid 13072:tid 21944] (OS 64)The specified network name is no longer available.  : AH00341: winnt_accept: Asynchronous AcceptEx failed.
[Sun Dec 04 07:36:17.328645 2022] [mpm_winnt:warn] [pid 13072:tid 21944] (OS 64)The specified network name is no longer available.  : AH00341: winnt_accept: Asynchronous AcceptEx failed.
[Sun Dec 04 07:37:27.996769 2022] [proxy_http:error] [pid 13072:tid 20488] (OS 10054)An existing connection was forcibly closed by the remote host.  : [client 201.245.192.253:56174] AH01102: error reading status line from remote server 172.22.1.16:18080
[Sun Dec 04 07:37:27.996769 2022] [proxy:error] [pid 13072:tid 20488] [client 201.245.192.253:56174] AH00898: Error reading from remote server returned by /kwsrmcab/Wsrmcab
[Sun Dec 04 07:47:26.040420 2022] [proxy_http:error] [pid 13072:tid 20488] (OS 10054)An existing connection was forcibly closed by the remote host.  : [client 201.245.192.253:59732] AH01102: error reading status line from remote server 172.22.1.16:18080
[Sun Dec 04 07:47:26.040420 2022] [proxy:error] [pid 13072:tid 20488] [client 201.245.192.253:59732] AH00898: Error reading from remote server returned by /kwsrmcab/Wsrmcab
[Sun Dec 04 07:50:19.668725 2022] [mpm_winnt:warn] [pid 13072:tid 21944] (OS 64)The specified network name is no longer available.  : AH00341: winnt_accept: Asynchronous AcceptEx failed.
[Sun Dec 04 07:52:21.146138 2022] [mpm_winnt:warn] [pid 13072:tid 21944] (OS 64)The specified network name is no longer available.  : AH00341: winnt_accept: Asynchronous AcceptEx failed.
[Sun Dec 04 07:57:26.672675 2022] [proxy_http:error] [pid 13072:tid 21004] (OS 10054)An existing connection was forcibly closed by the remote host.  : [client 201.245.192.253:35078] AH01102: error reading status line from remote server 172.22.1.16:18080
[Sun Dec 04 07:57:26.672675 2022] [proxy:error] [pid 13072:tid 21004] [client 201.245.192.253:35078] AH00898: Error reading from remote server returned by /kwsrmcab/Wsrmcab
[Sun Dec 04 08:09:27.409541 2022] [mpm_winnt:warn] [pid 13072:tid 21944] (OS 64)The specified network name is no longer available.  : AH00341: winnt_accept: Asynchronous AcceptEx failed.
[Sun Dec 04 08:13:00.053514 2022] [mpm_winnt:warn] [pid 13072:tid 21944] (OS 64)The specified network name is no longer available.  : AH00341: winnt_accept: Asynchronous AcceptEx failed.
[Sun Dec 04 08:22:19.267696 2022] [proxy_http:error] [pid 13072:tid 20952] (OS 10054)An existing connection was forcibly closed by the remote host.  : [client 201.245.192.253:44036] AH01102: error reading status line from remote server 172.22.1.16:18080
[Sun Dec 04 08:22:19.267696 2022] [proxy:error] [pid 13072:tid 20952] [client 201.245.192.253:44036] AH00898: Error reading from remote server returned by /kwsrmcab/Wsrmcab
[Sun Dec 04 08:32:17.591147 2022] [proxy_http:error] [pid 13072:tid 20912] (OS 10054)An existing connection was forcibly closed by the remote host.  : [client 201.245.192.253:47610] AH01102: error reading status line from remote server 172.22.1.16:18080
[Sun Dec 04 08:32:17.591147 2022] [proxy:error] [pid 13072:tid 20912] [client 201.245.192.253:47610] AH00898: Error reading from remote server returned by /kwsrmcab/Wsrmcab
[Sun Dec 04 08:38:13.100172 2022] [mpm_winnt:warn] [pid 13072:tid 21944] (OS 64)The specified network name is no longer available.  : AH00341: winnt_accept: Asynchronous AcceptEx failed.
[Sun Dec 04 08:46:57.152892 2022] [mpm_winnt:warn] [pid 13072:tid 21944] (OS 64)The specified network name is no longer available.  : AH00341: winnt_accept: Asynchronous AcceptEx failed.
[Sun Dec 04 08:49:56.241207 2022] [mpm_winnt:warn] [pid 13072:tid 21944] (OS 64)The specified network name is no longer available.  : AH00341: winnt_accept: Asynchronous AcceptEx failed.
[Sun Dec 04 09:02:08.600093 2022] [proxy_http:error] [pid 13072:tid 20784] (OS 10054)An existing connection was forcibly closed by the remote host.  : [client 201.245.192.253:58378] AH01102: error reading status line from remote server 172.22.1.16:18080
[Sun Dec 04 09:02:08.600093 2022] [proxy:error] [pid 13072:tid 20784] [client 201.245.192.253:58378] AH00898: Error reading from remote server returned by /kwsrmcab/Wsrmcab
[Sun Dec 04 09:10:26.287767 2022] [mpm_winnt:warn] [pid 13072:tid 21944] (OS 64)The specified network name is no longer available.  : AH00341: winnt_accept: Asynchronous AcceptEx failed.
[Sun Dec 04 09:17:05.352068 2022] [proxy_http:error] [pid 13072:tid 20520] (OS 10054)An existing connection was forcibly closed by the remote host.  : [client 201.245.192.253:35496] AH01102: error reading status line from remote server 172.22.1.16:18080
[Sun Dec 04 09:17:05.352068 2022] [proxy:error] [pid 13072:tid 20520] [client 201.245.192.253:35496] AH00898: Error reading from remote server returned by /kwsrmcab/Wsrmcab
[Sun Dec 04 09:24:54.678893 2022] [proxy_http:error] [pid 13072:tid 20656] (OS 10054)An existing connection was forcibly closed by the remote host.  : [client 186.155.19.149:2892] AH01102: error reading status line from remote server 172.22.1.61:8080, referer: http://190.27.245.106/sipse/faces/faces/autenticacion.xhtml
[Sun Dec 04 09:24:54.678893 2022] [proxy:error] [pid 13072:tid 20656] [client 186.155.19.149:2892] AH00898: Error reading from remote server returned by /sipse/faces/javax.faces.resource/jquery/jquery.js, referer: http://190.27.245.106/sipse/faces/faces/autenticacion.xhtml
[Sun Dec 04 09:36:58.723964 2022] [proxy_http:error] [pid 13072:tid 20520] (OS 10054)An existing connection was forcibly closed by the remote host.  : [client 201.245.192.253:42648] AH01102: error reading status line from remote server 172.22.1.16:18080
[Sun Dec 04 09:36:58.723964 2022] [proxy:error] [pid 13072:tid 20520] [client 201.245.192.253:42648] AH00898: Error reading from remote server returned by /kwsrmcab/Wsrmcab
[Sun Dec 04 09:39:26.690224 2022] [proxy_http:error] [pid 13072:tid 20616] (OS 10053)An established connection was aborted by the software in your host machine.  : [client 186.155.19.149:2935] AH01102: error reading status line from remote server 172.22.1.61:8080, referer: http://190.27.245.106/sipse/faces/faces/autenticacion.xhtml
[Sun Dec 04 09:42:12.861716 2022] [mpm_winnt:warn] [pid 13072:tid 21944] (OS 64)The specified network name is no longer available.  : AH00341: winnt_accept: Asynchronous AcceptEx failed.
[Sun Dec 04 09:46:56.938215 2022] [proxy_http:error] [pid 13072:tid 21088] (OS 10054)An existing connection was forcibly closed by the remote host.  : [client 201.245.192.253:46240] AH01102: error reading status line from remote server 172.22.1.16:18080
[Sun Dec 04 09:46:56.938215 2022] [proxy:error] [pid 13072:tid 21088] [client 201.245.192.253:46240] AH00898: Error reading from remote server returned by /kwsrmcab/Wsrmcab
[Sun Dec 04 09:48:59.507630 2022] [core:error] [pid 13072:tid 20488] [client 192.241.208.213:35720] AH00135: Invalid method in request MGLNDD_190.27.245.106_80
[Sun Dec 04 09:53:07.126865 2022] [proxy_http:error] [pid 13072:tid 21112] (OS 10054)An existing connection was forcibly closed by the remote host.  : [client 190.158.204.8:13397] AH01102: error reading status line from remote server 172.22.1.61:8080
[Sun Dec 04 09:53:07.126865 2022] [proxy:error] [pid 13072:tid 21112] [client 190.158.204.8:13397] AH00898: Error reading from remote server returned by /sipse/faces/index.xhtml
[Sun Dec 04 10:14:17.343496 2022] [proxy_http:error] [pid 13072:tid 21112] (OS 10054)An existing connection was forcibly closed by the remote host.  : [client 40.77.167.58:4992] AH01102: error reading status line from remote server 172.22.1.61:8080
[Sun Dec 04 10:14:17.343496 2022] [proxy:error] [pid 13072:tid 21112] [client 40.77.167.58:4992] AH00898: Error reading from remote server returned by /sipse/faces/javax.faces.resource/layout/layout.js;jsessionid=167i5evmtnunlesyqe1h5xqi.undefined
[Sun Dec 04 10:30:53.780646 2022] [proxy_http:error] [pid 13072:tid 20868] (OS 10054)An existing connection was forcibly closed by the remote host.  : [client 201.245.192.253:50784] AH01102: error reading status line from remote server 172.22.1.16:18080
[Sun Dec 04 10:30:53.780646 2022] [proxy:error] [pid 13072:tid 20868] [client 201.245.192.253:50784] AH00898: Error reading from remote server returned by /kwsrmcab/Wsrmcab
[Sun Dec 04 10:56:25.578537 2022] [mpm_winnt:warn] [pid 13072:tid 21944] (OS 64)The specified network name is no longer available.  : AH00341: winnt_accept: Asynchronous AcceptEx failed.
[Sun Dec 04 10:56:25.578537 2022] [mpm_winnt:warn] [pid 13072:tid 21944] (OS 64)The specified network name is no longer available.  : AH00341: winnt_accept: Asynchronous AcceptEx failed.
[Sun Dec 04 10:57:45.154277 2022] [mpm_winnt:warn] [pid 13072:tid 21944] (OS 64)The specified network name is no longer available.  : AH00341: winnt_accept: Asynchronous AcceptEx failed.
[Sun Dec 04 11:03:19.712464 2022] [proxy_http:error] [pid 13072:tid 21064] (OS 10060)A connection attempt failed because the connected party did not properly respond after a period of time, or established connection failed because connected host has failed to respond.  : [client 186.155.19.149:2941] AH01110: error reading response, referer: http://190.27.245.106/sipse/faces/faces/autenticacion.xhtml
[Sun Dec 04 11:13:09.019099 2022] [mpm_winnt:warn] [pid 13072:tid 21944] (OS 64)The specified network name is no longer available.  : AH00341: winnt_accept: Asynchronous AcceptEx failed.
[Sun Dec 04 11:17:02.613910 2022] [mpm_winnt:warn] [pid 13072:tid 21944] (OS 64)The specified network name is no longer available.  : AH00341: winnt_accept: Asynchronous AcceptEx failed.
[Sun Dec 04 11:19:29.113767 2022] [mpm_winnt:warn] [pid 13072:tid 21944] (OS 64)The specified network name is no longer available.  : AH00341: winnt_accept: Asynchronous AcceptEx failed.
[Sun Dec 04 11:51:03.457294 2022] [mpm_winnt:warn] [pid 13072:tid 21944] (OS 64)The specified network name is no longer available.  : AH00341: winnt_accept: Asynchronous AcceptEx failed.
[Sun Dec 04 12:02:32.120504 2022] [proxy_http:error] [pid 13072:tid 20656] (OS 10054)An existing connection was forcibly closed by the remote host.  : [client 66.249.66.86:55398] AH01102: error reading status line from remote server 172.22.1.144:80
[Sun Dec 04 12:02:44.210525 2022] [proxy_http:error] [pid 13072:tid 20520] (OS 10054)An existing connection was forcibly closed by the remote host.  : [client 186.154.14.9:57495] AH01102: error reading status line from remote server 172.22.1.61:8080, referer: http://190.27.245.106/sipse/faces/faces/index.xhtml
[Sun Dec 04 12:02:44.210525 2022] [proxy:error] [pid 13072:tid 20520] [client 186.154.14.9:57495] AH00898: Error reading from remote server returned by /sipse/faces/javax.faces.resource/theme.css, referer: http://190.27.245.106/sipse/faces/faces/index.xhtml
[Sun Dec 04 12:02:44.475726 2022] [proxy_http:error] [pid 13072:tid 20616] (OS 10054)An existing connection was forcibly closed by the remote host.  : [client 186.154.14.9:57508] AH01102: error reading status line from remote server 172.22.1.61:8080, referer: http://190.27.245.106/sipse/faces/faces/faces/autenticacion.xhtml
[Sun Dec 04 12:02:44.475726 2022] [proxy:error] [pid 13072:tid 20616] [client 186.154.14.9:57508] AH00898: Error reading from remote server returned by /sipse/css/custom_css_sg.css, referer: http://190.27.245.106/sipse/faces/faces/faces/autenticacion.xhtml
[Sun Dec 04 12:02:44.475726 2022] [proxy_http:error] [pid 13072:tid 20444] (OS 10054)An existing connection was forcibly closed by the remote host.  : [client 186.154.14.9:57507] AH01102: error reading status line from remote server 172.22.1.61:8080, referer: http://190.27.245.106/sipse/faces/faces/faces/autenticacion.xhtml
[Sun Dec 04 12:02:44.475726 2022] [proxy:error] [pid 13072:tid 20444] [client 186.154.14.9:57507] AH00898: Error reading from remote server returned by /sipse/css/custom_css_sg_prime_login.css, referer: http://190.27.245.106/sipse/faces/faces/faces/autenticacion.xhtml
[Sun Dec 04 12:06:26.011715 2022] [proxy_http:error] [pid 13072:tid 20512] (OS 10054)An existing connection was forcibly closed by the remote host.  : [client 201.245.192.253:39906] AH01102: error reading status line from remote server 172.22.1.16:18080
[Sun Dec 04 12:06:26.011715 2022] [proxy:error] [pid 13072:tid 20512] [client 201.245.192.253:39906] AH00898: Error reading from remote server returned by /kwsrmcab/Wsrmcab
[Sun Dec 04 12:20:53.779839 2022] [proxy_http:error] [pid 13072:tid 21208] (OS 10054)An existing connection was forcibly closed by the remote host.  : [client 201.245.192.253:52382] AH01102: error reading status line from remote server 172.22.1.16:18080
[Sun Dec 04 12:20:53.779839 2022] [proxy:error] [pid 13072:tid 21208] [client 201.245.192.253:52382] AH00898: Error reading from remote server returned by /kwsrmcab/Wsrmcab
[Sun Dec 04 12:23:51.370551 2022] [mpm_winnt:warn] [pid 13072:tid 21944] (OS 64)The specified network name is no longer available.  : AH00341: winnt_accept: Asynchronous AcceptEx failed.
[Sun Dec 04 12:56:10.313556 2022] [mpm_winnt:warn] [pid 13072:tid 21944] (OS 64)The specified network name is no longer available.  : AH00341: winnt_accept: Asynchronous AcceptEx failed.
[Sun Dec 04 12:56:19.891973 2022] [proxy_http:error] [pid 13072:tid 20512] (OS 10054)An existing connection was forcibly closed by the remote host.  : [client 201.245.192.253:57800] AH01102: error reading status line from remote server 172.22.1.16:18080
[Sun Dec 04 12:56:19.891973 2022] [proxy:error] [pid 13072:tid 20512] [client 201.245.192.253:57800] AH00898: Error reading from remote server returned by /kwsrmcab/Wsrmcab
[Sun Dec 04 13:01:55.354962 2022] [mpm_winnt:warn] [pid 13072:tid 21944] (OS 64)The specified network name is no longer available.  : AH00341: winnt_accept: Asynchronous AcceptEx failed.
[Sun Dec 04 13:03:40.249547 2022] [mpm_winnt:warn] [pid 13072:tid 21944] (OS 64)The specified network name is no longer available.  : AH00341: winnt_accept: Asynchronous AcceptEx failed.
[Sun Dec 04 13:05:00.246487 2022] [mpm_winnt:warn] [pid 13072:tid 21944] (OS 64)The specified network name is no longer available.  : AH00341: winnt_accept: Asynchronous AcceptEx failed.
[Sun Dec 04 13:06:15.235819 2022] [proxy_http:error] [pid 13072:tid 21028] (OS 10054)An existing connection was forcibly closed by the remote host.  : [client 201.245.192.253:33168] AH01102: error reading status line from remote server 172.22.1.16:18080
[Sun Dec 04 13:06:15.235819 2022] [proxy:error] [pid 13072:tid 21028] [client 201.245.192.253:33168] AH00898: Error reading from remote server returned by /kwsrmcab/Wsrmcab
[Sun Dec 04 13:13:58.634633 2022] [mpm_winnt:warn] [pid 13072:tid 21944] (OS 64)The specified network name is no longer available.  : AH00341: winnt_accept: Asynchronous AcceptEx failed.
[Sun Dec 04 13:17:57.830853 2022] [proxy_http:error] [pid 13072:tid 20656] (OS 10054)An existing connection was forcibly closed by the remote host.  : [client 190.27.75.250:51205] AH01102: error reading status line from remote server 172.22.1.61:8080, referer: http://190.27.245.106/sipse/faces/faces/autenticacion.xhtml
[Sun Dec 04 13:17:57.830853 2022] [proxy:error] [pid 13072:tid 20656] [client 190.27.75.250:51205] AH00898: Error reading from remote server returned by /sipse/faces/presentacion/proyectos/proyecto/listarProyecto.xhtml, referer: http://190.27.245.106/sipse/faces/faces/autenticacion.xhtml
[Sun Dec 04 13:24:51.137979 2022] [proxy_http:error] [pid 13072:tid 20496] (OS 10054)An existing connection was forcibly closed by the remote host.  : [client 190.27.75.250:1050] AH01102: error reading status line from remote server 172.22.1.61:8080, referer: http://190.27.245.106/sipse/faces/presentacion/proyectos/proyecto/proyectoAdministrador/editarAdministrador.xhtml
[Sun Dec 04 13:24:51.137979 2022] [proxy_http:error] [pid 13072:tid 20496] (OS 10054)An existing connection was forcibly closed by the remote host.  : [client 190.27.75.250:1054] AH01102: error reading status line from remote server 172.22.1.61:8080, referer: http://190.27.245.106/sipse/faces/presentacion/proyectos/proyecto/proyectoAdministrador/editarAdministrador.xhtml
