[Mon Dec 05 12:49:22.372595 2022] [authz_core:error] [pid 13072:tid 21012] [client 36.227.233.249:52382] AH01630: client denied by server configuration: E:/nuevo/htdocs/phpMyAdmin-5.3.0
[Mon Dec 05 12:49:23.963798 2022] [authz_core:error] [pid 13072:tid 21012] [client 36.227.233.249:52382] AH01630: client denied by server configuration: E:/nuevo/htdocs/phpMyAdmin-latest-english
[Mon Dec 05 12:49:24.759399 2022] [authz_core:error] [pid 13072:tid 21012] [client 36.227.233.249:52382] AH01630: client denied by server configuration: E:/nuevo/htdocs/phpMyAdmin-5.2.0-all-languages
[Mon Dec 05 12:49:25.024600 2022] [authz_core:error] [pid 13072:tid 21012] [client 36.227.233.249:52382] AH01630: client denied by server configuration: E:/nuevo/htdocs/phpMyAdmin-5.1.2
[Mon Dec 05 12:49:26.350602 2022] [authz_core:error] [pid 13072:tid 21012] [client 36.227.233.249:52382] AH01630: client denied by server configuration: E:/nuevo/htdocs/phpMyadmin
[Mon Dec 05 12:49:26.615802 2022] [authz_core:error] [pid 13072:tid 21012] [client 36.227.233.249:52382] AH01630: client denied by server configuration: E:/nuevo/htdocs/phpmyadmin2015
[Mon Dec 05 12:49:28.987007 2022] [authz_core:error] [pid 13072:tid 21012] [client 36.227.233.249:52382] AH01630: client denied by server configuration: E:/nuevo/htdocs/phpmyadmin2016
[Mon Dec 05 12:49:30.047808 2022] [authz_core:error] [pid 13072:tid 21012] [client 36.227.233.249:52382] AH01630: client denied by server configuration: E:/nuevo/htdocs/phpMyAdmin5.1
[Mon Dec 05 12:49:30.313009 2022] [authz_core:error] [pid 13072:tid 21012] [client 36.227.233.249:52382] AH01630: client denied by server configuration: E:/nuevo/htdocs/phpMyAdmin-5
[Mon Dec 05 12:49:30.874610 2022] [authz_core:error] [pid 13072:tid 21012] [client 36.227.233.249:52382] AH01630: client denied by server configuration: E:/nuevo/htdocs/phpMyAdmin-5.1.3
[Mon Dec 05 12:49:31.389411 2022] [authz_core:error] [pid 13072:tid 21012] [client 36.227.233.249:52382] AH01630: client denied by server configuration: E:/nuevo/htdocs/phpmyadmin2022
[Mon Dec 05 12:49:32.450213 2022] [authz_core:error] [pid 13072:tid 21012] [client 36.227.233.249:52382] AH01630: client denied by server configuration: E:/nuevo/htdocs/phpMyAdmin-5.1.0
[Mon Dec 05 12:49:34.571816 2022] [authz_core:error] [pid 13072:tid 21012] [client 36.227.233.249:52382] AH01630: client denied by server configuration: E:/nuevo/htdocs/phpMyAdmin-5.1.3
[Mon Dec 05 12:49:38.269023 2022] [authz_core:error] [pid 13072:tid 21012] [client 36.227.233.249:52382] AH01630: client denied by server configuration: E:/nuevo/htdocs/phpmyadmin3
[Mon Dec 05 12:49:38.549823 2022] [authz_core:error] [pid 13072:tid 21012] [client 36.227.233.249:52382] AH01630: client denied by server configuration: E:/nuevo/htdocs/phpMyAdmin_
[Mon Dec 05 12:49:38.815024 2022] [authz_core:error] [pid 13072:tid 21012] [client 36.227.233.249:52382] AH01630: client denied by server configuration: E:/nuevo/htdocs/phpMyAdmin1
[Mon Dec 05 12:49:39.345425 2022] [authz_core:error] [pid 13072:tid 21012] [client 36.227.233.249:52382] AH01630: client denied by server configuration: E:/nuevo/htdocs/phpMyAdmin5
[Mon Dec 05 12:49:39.875826 2022] [authz_core:error] [pid 13072:tid 21012] [client 36.227.233.249:52382] AH01630: client denied by server configuration: E:/nuevo/htdocs/phpMyAdmin-4
[Mon Dec 05 12:49:40.141026 2022] [authz_core:error] [pid 13072:tid 21012] [client 36.227.233.249:52382] AH01630: client denied by server configuration: E:/nuevo/htdocs/phpmyadmin5
[Mon Dec 05 12:49:41.201828 2022] [authz_core:error] [pid 13072:tid 21012] [client 36.227.233.249:52382] AH01630: client denied by server configuration: E:/nuevo/htdocs/phpMyAdmin-5.1.3
[Mon Dec 05 12:49:41.732229 2022] [authz_core:error] [pid 13072:tid 21012] [client 36.227.233.249:52382] AH01630: client denied by server configuration: E:/nuevo/htdocs/phpMyAdmin-5.3.0
[Mon Dec 05 12:49:42.512230 2022] [authz_core:error] [pid 13072:tid 21012] [client 36.227.233.249:52382] AH01630: client denied by server configuration: E:/nuevo/htdocs/phpMyAdmin4
[Mon Dec 05 12:49:43.058231 2022] [authz_core:error] [pid 13072:tid 21012] [client 36.227.233.249:52382] AH01630: client denied by server configuration: E:/nuevo/htdocs/phpMyAdmin-3
[Mon Dec 05 12:49:43.354632 2022] [authz_core:error] [pid 13072:tid 21012] [client 36.227.233.249:52382] AH01630: client denied by server configuration: E:/nuevo/htdocs/phpmyadmin2021
[Mon Dec 05 12:49:43.651032 2022] [authz_core:error] [pid 13072:tid 21012] [client 36.227.233.249:52382] AH01630: client denied by server configuration: E:/nuevo/htdocs/phpMyAdmin-3
[Mon Dec 05 12:51:40.276837 2022] [proxy_http:error] [pid 13072:tid 20520] (OS 10054)An existing connection was forcibly closed by the remote host.  : [client 201.245.192.253:37018] AH01102: error reading status line from remote server 172.22.1.16:18080
[Mon Dec 05 12:51:40.276837 2022] [proxy:error] [pid 13072:tid 20520] [client 201.245.192.253:37018] AH00898: Error reading from remote server returned by /kwsrmcab/Wsrmcab
[Mon Dec 05 13:03:16.818061 2022] [mpm_winnt:warn] [pid 13072:tid 21944] (OS 64)The specified network name is no longer available.  : AH00341: winnt_accept: Asynchronous AcceptEx failed.
[Mon Dec 05 13:07:37.244918 2022] [mpm_winnt:warn] [pid 13072:tid 21944] (OS 64)The specified network name is no longer available.  : AH00341: winnt_accept: Asynchronous AcceptEx failed.
[Mon Dec 05 13:11:30.059727 2022] [mpm_winnt:warn] [pid 13072:tid 21944] (OS 64)The specified network name is no longer available.  : AH00341: winnt_accept: Asynchronous AcceptEx failed.
[Mon Dec 05 13:21:08.867544 2022] [mpm_winnt:warn] [pid 13072:tid 21944] (OS 64)The specified network name is no longer available.  : AH00341: winnt_accept: Asynchronous AcceptEx failed.
[Mon Dec 05 13:41:48.758721 2022] [mpm_winnt:warn] [pid 13072:tid 21944] (OS 64)The specified network name is no longer available.  : AH00341: winnt_accept: Asynchronous AcceptEx failed.
[Mon Dec 05 13:44:32.278209 2022] [mpm_winnt:warn] [pid 13072:tid 21944] (OS 64)The specified network name is no longer available.  : AH00341: winnt_accept: Asynchronous AcceptEx failed.
[Mon Dec 05 13:52:55.316692 2022] [proxy_http:error] [pid 13072:tid 21012] (OS 10054)An existing connection was forcibly closed by the remote host.  : [client 201.245.192.253:53905] AH01102: error reading status line from remote server 172.22.1.61:8080, referer: http://190.27.245.106/sipse/faces/faces/faces/faces/autenticacion.xhtml
[Mon Dec 05 13:52:55.316692 2022] [proxy:error] [pid 13072:tid 21012] [client 201.245.192.253:53905] AH00898: Error reading from remote server returned by /sipse/faces/presentacion/financiero/solicitudProceso/consultarSolicitudProceso.xhtml, referer: http://190.27.245.106/sipse/faces/faces/faces/faces/autenticacion.xhtml
[Mon Dec 05 14:03:38.521422 2022] [mpm_winnt:warn] [pid 13072:tid 21944] (OS 64)The specified network name is no longer available.  : AH00341: winnt_accept: Asynchronous AcceptEx failed.
[Mon Dec 05 14:23:14.545087 2022] [proxy_http:error] [pid 13072:tid 21004] (OS 10054)An existing connection was forcibly closed by the remote host.  : [client 167.0.159.36:53514] AH01102: error reading status line from remote server 172.22.1.61:8080, referer: http://190.27.245.106/sipse/faces/presentacion/financiero/solicitudProceso/consultarSolicitudProceso.xhtml
[Mon Dec 05 14:23:14.545087 2022] [proxy:error] [pid 13072:tid 21004] [client 167.0.159.36:53514] AH00898: Error reading from remote server returned by /sipse/faces/javax.faces.resource/layout/layout.css, referer: http://190.27.245.106/sipse/faces/presentacion/financiero/solicitudProceso/consultarSolicitudProceso.xhtml
[Mon Dec 05 14:25:59.204377 2022] [mpm_winnt:warn] [pid 13072:tid 21944] (OS 64)The specified network name is no longer available.  : AH00341: winnt_accept: Asynchronous AcceptEx failed.
[Mon Dec 05 14:28:56.545488 2022] [proxy_http:error] [pid 13072:tid 20488] (OS 10054)An existing connection was forcibly closed by the remote host.  : [client 190.24.69.166:63043] AH01102: error reading status line from remote server 172.22.1.16:18080
[Mon Dec 05 14:28:56.545488 2022] [proxy:error] [pid 13072:tid 20488] [client 190.24.69.166:63043] AH00898: Error reading from remote server returned by /appsia/controlador
[Mon Dec 05 14:29:09.743111 2022] [proxy_http:error] [pid 13072:tid 20784] (OS 10054)An existing connection was forcibly closed by the remote host.  : [client 190.24.69.166:63044] AH01102: error reading status line from remote server 172.22.1.16:18080, referer: http://190.27.245.106/appsia/controlador
[Mon Dec 05 14:29:09.743111 2022] [proxy:error] [pid 13072:tid 20784] [client 190.24.69.166:63044] AH00898: Error reading from remote server returned by /appsia/scripts/validarIngreso.js, referer: http://190.27.245.106/appsia/controlador
[Mon Dec 05 14:33:05.100725 2022] [proxy_http:error] [pid 13072:tid 21012] (OS 10054)An existing connection was forcibly closed by the remote host.  : [client 190.27.73.184:51296] AH01102: error reading status line from remote server 172.22.1.16:18080
[Mon Dec 05 14:33:05.100725 2022] [proxy:error] [pid 13072:tid 21012] [client 190.27.73.184:51296] AH00898: Error reading from remote server returned by /appsia/controlador
[Mon Dec 05 14:34:27.983670 2022] [proxy_http:error] [pid 13072:tid 20784] (OS 10054)An existing connection was forcibly closed by the remote host.  : [client 201.245.192.253:54463] AH01102: error reading status line from remote server 172.22.1.61:8080, referer: http://190.27.245.106/sipse/faces/faces/faces/faces/autenticacion.xhtml
[Mon Dec 05 14:34:27.983670 2022] [proxy:error] [pid 13072:tid 20784] [client 201.245.192.253:54463] AH00898: Error reading from remote server returned by /sipse/faces/presentacion/financiero/solicitudProceso/consultarSolicitudProceso.xhtml, referer: http://190.27.245.106/sipse/faces/faces/faces/faces/autenticacion.xhtml
[Mon Dec 05 14:35:06.718538 2022] [proxy_http:error] [pid 13072:tid 20744] (OS 10054)An existing connection was forcibly closed by the remote host.  : [client 190.27.73.184:51302] AH01102: error reading status line from remote server 172.22.1.16:18080, referer: http://190.27.245.106/appsia/controlador
[Mon Dec 05 14:35:59.680631 2022] [proxy_http:error] [pid 13072:tid 21012] (OS 10054)An existing connection was forcibly closed by the remote host.  : [client 201.245.192.253:54509] AH01102: error reading status line from remote server 172.22.1.61:8080
[Mon Dec 05 14:35:59.680631 2022] [proxy:error] [pid 13072:tid 21012] [client 201.245.192.253:54509] AH00898: Error reading from remote server returned by /sipse/faces/faces/faces/index.xhtml
[Mon Dec 05 14:36:55.840730 2022] [mpm_winnt:warn] [pid 13072:tid 21944] (OS 64)The specified network name is no longer available.  : AH00341: winnt_accept: Asynchronous AcceptEx failed.
[Mon Dec 05 14:43:27.229817 2022] [proxy_http:error] [pid 13072:tid 20952] (OS 10054)An existing connection was forcibly closed by the remote host.  : [client 207.46.13.198:2944] AH01102: error reading status line from remote server 172.22.1.61:8080
[Mon Dec 05 14:43:27.229817 2022] [proxy:error] [pid 13072:tid 20952] [client 207.46.13.198:2944] AH00898: Error reading from remote server returned by /sipse/faces/autenticacion.xhtml
[Mon Dec 05 15:03:44.390755 2022] [mpm_winnt:warn] [pid 13072:tid 21944] (OS 64)The specified network name is no longer available.  : AH00341: winnt_accept: Asynchronous AcceptEx failed.
[Mon Dec 05 15:03:44.640356 2022] [mpm_winnt:warn] [pid 13072:tid 21944] (OS 64)The specified network name is no longer available.  : AH00341: winnt_accept: Asynchronous AcceptEx failed.
[Mon Dec 05 15:07:32.260356 2022] [mpm_winnt:warn] [pid 13072:tid 21944] (OS 64)The specified network name is no longer available.  : AH00341: winnt_accept: Asynchronous AcceptEx failed.
[Mon Dec 05 15:07:48.733984 2022] [mpm_winnt:warn] [pid 13072:tid 21944] (OS 64)The specified network name is no longer available.  : AH00341: winnt_accept: Asynchronous AcceptEx failed.
[Mon Dec 05 15:19:28.161213 2022] [proxy_http:error] [pid 13072:tid 20444] (20014)Internal error: [client 44.212.56.184:50644] AH01102: error reading status line from remote server 192.168.175.30:80
[Mon Dec 05 15:19:28.161213 2022] [proxy:error] [pid 13072:tid 20444] [client 44.212.56.184:50644] AH00898: Error reading from remote server returned by /catalogoisis/Js/Cookies.js
[Mon Dec 05 15:27:32.574264 2022] [proxy_http:error] [pid 13072:tid 20520] (OS 10054)An existing connection was forcibly closed by the remote host.  : [client 201.245.192.253:36450] AH01102: error reading status line from remote server 172.22.1.16:18080
[Mon Dec 05 15:27:32.574264 2022] [proxy:error] [pid 13072:tid 20520] [client 201.245.192.253:36450] AH00898: Error reading from remote server returned by /kwsrmcab/Wsrmcab
[Mon Dec 05 15:44:47.495682 2022] [mpm_winnt:warn] [pid 13072:tid 21944] (OS 64)The specified network name is no longer available.  : AH00341: winnt_accept: Asynchronous AcceptEx failed.
[Mon Dec 05 16:16:15.817598 2022] [proxy_http:error] [pid 13072:tid 20520] (OS 10054)An existing connection was forcibly closed by the remote host.  : [client 190.24.69.166:63717] AH01102: error reading status line from remote server 172.22.1.16:18080, referer: http://190.27.245.106/appsia/controlador
[Mon Dec 05 16:16:15.817598 2022] [proxy:error] [pid 13072:tid 20520] [client 190.24.69.166:63717] AH00898: Error reading from remote server returned by /appsia/scripts/validarIngreso.js, referer: http://190.27.245.106/appsia/controlador
[Mon Dec 05 16:18:03.582588 2022] [mpm_winnt:warn] [pid 13072:tid 21944] (OS 64)The specified network name is no longer available.  : AH00341: winnt_accept: Asynchronous AcceptEx failed.
[Mon Dec 05 16:21:38.987766 2022] [proxy_http:error] [pid 13072:tid 20800] (OS 10054)An existing connection was forcibly closed by the remote host.  : [client 167.0.159.36:53683] AH01102: error reading status line from remote server 172.22.1.61:8080, referer: http://190.27.245.106/sipse/faces/presentacion/financiero/solicitudProceso/consultarSolicitudProceso.xhtml
[Mon Dec 05 16:22:01.358205 2022] [proxy_http:error] [pid 13072:tid 20672] (70008)Partial results are valid but processing is incomplete: [client 167.0.159.36:53686] AH02609: read request body failed to 172.22.1.61:8080 (172.22.1.61) from 167.0.159.36 (), referer: http://190.27.245.106/sipse/faces/presentacion/financiero/solicitudProceso/consultarSolicitudProceso.xhtml
[Mon Dec 05 16:22:01.358205 2022] [proxy_http:error] [pid 13072:tid 20672] [client 167.0.159.36:53686] AH01097: pass request body failed to 172.22.1.61:8080 (172.22.1.61) from 167.0.159.36 (), referer: http://190.27.245.106/sipse/faces/presentacion/financiero/solicitudProceso/consultarSolicitudProceso.xhtml
[Mon Dec 05 16:22:10.187821 2022] [proxy_http:error] [pid 13072:tid 21064] (OS 10054)An existing connection was forcibly closed by the remote host.  : [client 167.0.159.36:53694] AH01102: error reading status line from remote server 172.22.1.61:8080, referer: http://190.27.245.106/sipse/faces/presentacion/sistema/anexos/cargarAnexoSolicitudProceso.xhtml
[Mon Dec 05 16:22:10.187821 2022] [proxy:error] [pid 13072:tid 21064] [client 167.0.159.36:53694] AH00898: Error reading from remote server returned by /sipse/faces/javax.faces.resource/jquery/jquery.js, referer: http://190.27.245.106/sipse/faces/presentacion/sistema/anexos/cargarAnexoSolicitudProceso.xhtml
[Mon Dec 05 16:25:43.502595 2022] [mpm_winnt:warn] [pid 13072:tid 21944] (OS 64)The specified network name is no longer available.  : AH00341: winnt_accept: Asynchronous AcceptEx failed.
[Mon Dec 05 16:39:30.694048 2022] [proxy_http:error] [pid 13072:tid 21152] (70008)Partial results are valid but processing is incomplete: [client 167.0.159.36:53840] AH02609: read request body failed to 172.22.1.61:8080 (172.22.1.61) from 167.0.159.36 (), referer: http://190.27.245.106/sipse/faces/presentacion/financiero/solicitudProceso/consultarSolicitudProceso.xhtml
[Mon Dec 05 16:39:30.694048 2022] [proxy_http:error] [pid 13072:tid 21152] [client 167.0.159.36:53840] AH01097: pass request body failed to 172.22.1.61:8080 (172.22.1.61) from 167.0.159.36 (), referer: http://190.27.245.106/sipse/faces/presentacion/financiero/solicitudProceso/consultarSolicitudProceso.xhtml
[Mon Dec 05 16:44:23.194562 2022] [mpm_winnt:warn] [pid 13072:tid 21944] (OS 64)The specified network name is no longer available.  : AH00341: winnt_accept: Asynchronous AcceptEx failed.
[Mon Dec 05 16:45:43.815504 2022] [proxy_http:error] [pid 13072:tid 20672] (OS 10053)An established connection was aborted by the software in your host machine.  : [client 167.0.159.36:53877] AH01102: error reading status line from remote server 172.22.1.61:8080, referer: http://190.27.245.106/sipse/faces/presentacion/sistema/anexos/cargarAnexoSolicitudProceso.xhtml
[Mon Dec 05 16:48:43.543419 2022] [proxy_http:error] [pid 13072:tid 21208] (OS 10054)An existing connection was forcibly closed by the remote host.  : [client 200.69.84.132:57408] AH01102: error reading status line from remote server 172.22.1.61:8080, referer: http://190.27.245.106/sipse/faces/faces/autenticacion.xhtml
[Mon Dec 05 16:48:43.543419 2022] [proxy:error] [pid 13072:tid 21208] [client 200.69.84.132:57408] AH00898: Error reading from remote server returned by /sipse/faces/presentacion/financiero/solicitudProceso/consultar.xhtml, referer: http://190.27.245.106/sipse/faces/faces/autenticacion.xhtml
[Mon Dec 05 16:49:20.156684 2022] [proxy_http:error] [pid 13072:tid 21028] (OS 10054)An existing connection was forcibly closed by the remote host.  : [client 201.245.192.253:56369] AH01102: error reading status line from remote server 172.22.1.61:8080, referer: http://190.27.245.106/sipse/faces/faces/faces/faces/autenticacion.xhtml
[Mon Dec 05 16:49:20.156684 2022] [proxy:error] [pid 13072:tid 21028] [client 201.245.192.253:56369] AH00898: Error reading from remote server returned by /sipse/faces/presentacion/financiero/solicitudProceso/consultarSolicitudProceso.xhtml, referer: http://190.27.245.106/sipse/faces/faces/faces/faces/autenticacion.xhtml
[Mon Dec 05 16:56:39.593855 2022] [core:error] [pid 13072:tid 21208] [client 165.227.232.121:59274] AH00135: Invalid method in request HELP
[Mon Dec 05 16:56:39.921456 2022] [authz_core:error] [pid 13072:tid 21064] [client 165.227.232.121:59506] AH01630: client denied by server configuration: E:/nuevo/htdocs/server-status
[Mon Dec 05 16:56:40.264657 2022] [negotiation:error] [pid 13072:tid 21004] [client 165.227.232.121:59706] AH00690: no acceptable variant: E:/nuevo/apache/error/HTTP_NOT_FOUND.html.var
[Mon Dec 05 16:56:40.264657 2022] [negotiation:error] [pid 13072:tid 20496] [client 165.227.232.121:59704] AH00690: no acceptable variant: E:/nuevo/apache/error/HTTP_NOT_FOUND.html.var
[Mon Dec 05 17:01:52.140404 2022] [mpm_winnt:warn] [pid 13072:tid 21944] (OS 64)The specified network name is no longer available.  : AH00341: winnt_accept: Asynchronous AcceptEx failed.
[Mon Dec 05 17:04:11.651449 2022] [proxy_http:error] [pid 13072:tid 20868] (OS 10054)An existing connection was forcibly closed by the remote host.  : [client 201.245.192.253:42918] AH01102: error reading status line from remote server 172.22.1.16:18080
[Mon Dec 05 17:04:11.651449 2022] [proxy:error] [pid 13072:tid 20868] [client 201.245.192.253:42918] AH00898: Error reading from remote server returned by /kwsrmcab/Wsrmcab
[Mon Dec 05 17:05:24.550377 2022] [mpm_winnt:warn] [pid 13072:tid 21944] (OS 64)The specified network name is no longer available.  : AH00341: winnt_accept: Asynchronous AcceptEx failed.
[Mon Dec 05 17:09:35.883419 2022] [proxy_http:error] [pid 13072:tid 20560] (OS 10054)An existing connection was forcibly closed by the remote host.  : [client 167.0.159.36:53975] AH01102: error reading status line from remote server 172.22.1.61:8080, referer: http://190.27.245.106/sipse/faces/presentacion/sistema/anexos/cargarAnexoSolicitudProceso.xhtml
[Mon Dec 05 17:09:35.883419 2022] [proxy:error] [pid 13072:tid 20560] [client 167.0.159.36:53975] AH00898: Error reading from remote server returned by /sipse/faces/javax.faces.resource/primefaces.css, referer: http://190.27.245.106/sipse/faces/presentacion/sistema/anexos/cargarAnexoSolicitudProceso.xhtml
[Mon Dec 05 17:14:07.760696 2022] [proxy_http:error] [pid 13072:tid 21028] (OS 10054)An existing connection was forcibly closed by the remote host.  : [client 179.32.15.166:59956] AH01102: error reading status line from remote server 172.22.1.61:8080, referer: http://190.27.245.106/sipse/faces/presentacion/financiero/solicitudProceso/consultarSolicitudProceso.xhtml
[Mon Dec 05 17:21:39.131889 2022] [proxy_http:error] [pid 13072:tid 21208] (OS 10054)An existing connection was forcibly closed by the remote host.  : [client 201.245.192.253:56803] AH01102: error reading status line from remote server 172.22.1.61:8080, referer: http://190.27.245.106/sipse/faces/faces/faces/faces/autenticacion.xhtml
[Mon Dec 05 17:21:39.131889 2022] [proxy:error] [pid 13072:tid 21208] [client 201.245.192.253:56803] AH00898: Error reading from remote server returned by /sipse/faces/presentacion/financiero/solicitudProceso/consultarSolicitudProceso.xhtml, referer: http://190.27.245.106/sipse/faces/faces/faces/faces/autenticacion.xhtml
[Mon Dec 05 17:23:24.666075 2022] [proxy_http:error] [pid 13072:tid 20912] (OS 10054)An existing connection was forcibly closed by the remote host.  : [client 201.245.192.253:56832] AH01102: error reading status line from remote server 172.22.1.61:8080, referer: http://190.27.245.106/sipse/faces/faces/faces/faces/autenticacion.xhtml
[Mon Dec 05 17:23:24.666075 2022] [proxy:error] [pid 13072:tid 20912] [client 201.245.192.253:56832] AH00898: Error reading from remote server returned by /sipse/faces/presentacion/financiero/solicitudProceso/consultarSolicitudProceso.xhtml, referer: http://190.27.245.106/sipse/faces/faces/faces/faces/autenticacion.xhtml
[Mon Dec 05 17:23:32.372488 2022] [proxy_http:error] [pid 13072:tid 20912] (OS 10054)An existing connection was forcibly closed by the remote host.  : [client 201.245.192.253:56832] AH01102: error reading status line from remote server 172.22.1.61:8080, referer: http://190.27.245.106/sipse/faces/presentacion/financiero/solicitudProceso/consultarSolicitudProceso.xhtml
[Mon Dec 05 17:23:32.372488 2022] [proxy_http:error] [pid 13072:tid 20868] (OS 10054)An existing connection was forcibly closed by the remote host.  : [client 201.245.192.253:56839] AH01102: error reading status line from remote server 172.22.1.61:8080, referer: http://190.27.245.106/sipse/faces/presentacion/financiero/solicitudProceso/consultarSolicitudProceso.xhtml
[Mon Dec 05 17:23:32.372488 2022] [proxy:error] [pid 13072:tid 20868] [client 201.245.192.253:56839] AH00898: Error reading from remote server returned by /sipse/faces/javax.faces.resource/jquery/jquery.js, referer: http://190.27.245.106/sipse/faces/presentacion/financiero/solicitudProceso/consultarSolicitudProceso.xhtml
[Mon Dec 05 17:29:49.549951 2022] [mpm_winnt:warn] [pid 13072:tid 21944] (OS 64)The specified network name is no longer available.  : AH00341: winnt_accept: Asynchronous AcceptEx failed.
[Mon Dec 05 17:37:15.944735 2022] [mpm_winnt:warn] [pid 13072:tid 21944] (OS 64)The specified network name is no longer available.  : AH00341: winnt_accept: Asynchronous AcceptEx failed.
[Mon Dec 05 17:39:31.930174 2022] [mpm_winnt:warn] [pid 13072:tid 21944] (OS 64)The specified network name is no longer available.  : AH00341: winnt_accept: Asynchronous AcceptEx failed.
[Mon Dec 05 17:40:48.136307 2022] [proxy_http:error] [pid 13072:tid 21208] (OS 10054)An existing connection was forcibly closed by the remote host.  : [client 201.245.192.253:45026] AH01102: error reading status line from remote server 172.22.1.16:18080
[Mon Dec 05 17:40:48.136307 2022] [proxy:error] [pid 13072:tid 21208] [client 201.245.192.253:45026] AH00898: Error reading from remote server returned by /kwsrmcab/Wsrmcab
[Mon Dec 05 17:44:32.745502 2022] [mpm_winnt:warn] [pid 13072:tid 21944] (OS 64)The specified network name is no longer available.  : AH00341: winnt_accept: Asynchronous AcceptEx failed.
[Mon Dec 05 17:45:37.314015 2022] [proxy_http:error] [pid 13072:tid 21088] (OS 10054)An existing connection was forcibly closed by the remote host.  : [client 200.69.84.132:53424] AH01102: error reading status line from remote server 172.22.1.61:8080, referer: http://190.27.245.106/sipse/faces/faces/autenticacion.xhtml
[Mon Dec 05 17:45:37.314015 2022] [proxy:error] [pid 13072:tid 21088] [client 200.69.84.132:53424] AH00898: Error reading from remote server returned by /sipse/imagenes/logoAplicacion.jpg, referer: http://190.27.245.106/sipse/faces/faces/autenticacion.xhtml
[Mon Dec 05 17:47:02.224964 2022] [mpm_winnt:warn] [pid 13072:tid 21944] (OS 64)The specified network name is no longer available.  : AH00341: winnt_accept: Asynchronous AcceptEx failed.
[Mon Dec 05 17:48:37.151131 2022] [proxy_http:error] [pid 13072:tid 20672] (OS 10054)An existing connection was forcibly closed by the remote host.  : [client 200.69.84.132:54242] AH01102: error reading status line from remote server 172.22.1.61:8080, referer: http://190.27.245.106/sipse/faces/faces/autenticacion.xhtml
[Mon Dec 05 17:48:37.151131 2022] [proxy:error] [pid 13072:tid 20672] [client 200.69.84.132:54242] AH00898: Error reading from remote server returned by /sipse/faces/javax.faces.resource/jquery/jquery.js, referer: http://190.27.245.106/sipse/faces/faces/autenticacion.xhtml
[Mon Dec 05 18:03:32.483504 2022] [proxy_http:error] [pid 13072:tid 20616] (OS 10054)An existing connection was forcibly closed by the remote host.  : [client 191.156.179.120:52428] AH01102: error reading status line from remote server 172.22.1.61:8080
[Mon Dec 05 18:03:32.483504 2022] [proxy:error] [pid 13072:tid 20616] [client 191.156.179.120:52428] AH00898: Error reading from remote server returned by /sipse/faces/faces/faces/faces/autenticacion.xhtml
[Mon Dec 05 18:03:37.959113 2022] [proxy_http:error] [pid 13072:tid 21152] (OS 10054)An existing connection was forcibly closed by the remote host.  : [client 191.156.187.163:52440] AH01102: error reading status line from remote server 172.22.1.61:8080, referer: http://190.27.245.106/sipse/faces/faces/faces/faces/autenticacion.xhtml
[Mon Dec 05 18:03:37.959113 2022] [proxy:error] [pid 13072:tid 21152] [client 191.156.187.163:52440] AH00898: Error reading from remote server returned by /sipse/faces/javax.faces.resource/primefaces.css;jsessionid=MopW0TByGWluZ+9VeMj1skUr.undefined, referer: http://190.27.245.106/sipse/faces/faces/faces/faces/autenticacion.xhtml
[Mon Dec 05 18:03:49.893134 2022] [proxy_http:error] [pid 13072:tid 20616] (OS 10054)An existing connection was forcibly closed by the remote host.  : [client 191.156.179.120:52428] AH01102: error reading status line from remote server 172.22.1.61:8080, referer: http://190.27.245.106/sipse/faces/faces/faces/faces/faces/autenticacion.xhtml
[Mon Dec 05 18:28:38.854350 2022] [mpm_winnt:warn] [pid 13072:tid 21944] (OS 64)The specified network name is no longer available.  : AH00341: winnt_accept: Asynchronous AcceptEx failed.
[Mon Dec 05 18:29:16.044815 2022] [proxy_http:error] [pid 13072:tid 20744] (OS 10054)An existing connection was forcibly closed by the remote host.  : [client 179.32.15.166:60418] AH01102: error reading status line from remote server 172.22.1.61:8080, referer: http://190.27.245.106/sipse/faces/presentacion/financiero/solicitudProceso/crearModificarSolicitudProceso.xhtml
[Mon Dec 05 18:29:16.044815 2022] [proxy:error] [pid 13072:tid 20744] [client 179.32.15.166:60418] AH00898: Error reading from remote server returned by /sipse/faces/presentacion/financiero/solicitudProceso/crearModificarSolicitudProceso.xhtml, referer: http://190.27.245.106/sipse/faces/presentacion/financiero/solicitudProceso/crearModificarSolicitudProceso.xhtml
[Mon Dec 05 18:29:27.557635 2022] [proxy_http:error] [pid 13072:tid 20520] (OS 10054)An existing connection was forcibly closed by the remote host.  : [client 179.32.15.166:60416] AH01102: error reading status line from remote server 172.22.1.61:8080, referer: http://190.27.245.106/sipse/faces/faces/faces/autenticacion.xhtml
[Mon Dec 05 18:29:27.557635 2022] [proxy:error] [pid 13072:tid 20520] [client 179.32.15.166:60416] AH00898: Error reading from remote server returned by /sipse/faces/javax.faces.resource/primefaces.css, referer: http://190.27.245.106/sipse/faces/faces/faces/autenticacion.xhtml
[Mon Dec 05 18:29:27.557635 2022] [proxy_http:error] [pid 13072:tid 20800] (OS 10054)An existing connection was forcibly closed by the remote host.  : [client 179.32.15.166:60417] AH01102: error reading status line from remote server 172.22.1.61:8080, referer: http://190.27.245.106/sipse/faces/faces/faces/autenticacion.xhtml
[Mon Dec 05 18:29:27.557635 2022] [proxy:error] [pid 13072:tid 20800] [client 179.32.15.166:60417] AH00898: Error reading from remote server returned by /sipse/faces/javax.faces.resource/layout/layout.css, referer: http://190.27.245.106/sipse/faces/faces/faces/autenticacion.xhtml
[Mon Dec 05 18:29:27.573235 2022] [proxy_http:error] [pid 13072:tid 20744] (OS 10054)An existing connection was forcibly closed by the remote host.  : [client 179.32.15.166:60418] AH01102: error reading status line from remote server 172.22.1.61:8080, referer: http://190.27.245.106/sipse/faces/faces/faces/autenticacion.xhtml
[Mon Dec 05 18:30:32.032548 2022] [proxy_http:error] [pid 13072:tid 20800] (OS 10054)An existing connection was forcibly closed by the remote host.  : [client 179.32.15.166:60428] AH01102: error reading status line from remote server 172.22.1.61:8080, referer: http://190.27.245.106/sipse/faces/presentacion/financiero/solicitudProceso/crearModificarSolicitudProceso.xhtml
[Mon Dec 05 18:35:16.920249 2022] [mpm_winnt:warn] [pid 13072:tid 21944] (OS 64)The specified network name is no longer available.  : AH00341: winnt_accept: Asynchronous AcceptEx failed.
[Mon Dec 05 18:40:47.391229 2022] [proxy_http:error] [pid 13072:tid 20672] (OS 10054)An existing connection was forcibly closed by the remote host.  : [client 201.245.192.253:45598] AH01102: error reading status line from remote server 172.22.1.16:18080
[Mon Dec 05 18:40:47.391229 2022] [proxy:error] [pid 13072:tid 20672] [client 201.245.192.253:45598] AH00898: Error reading from remote server returned by /kwsrmcab/Wsrmcab
[Mon Dec 05 18:43:17.869094 2022] [proxy_http:error] [pid 13072:tid 20672] (OS 10054)An existing connection was forcibly closed by the remote host.  : [client 207.46.13.194:23680] AH01102: error reading status line from remote server 172.22.1.144:80
[Mon Dec 05 18:43:17.869094 2022] [proxy:error] [pid 13072:tid 20672] [client 207.46.13.194:23680] AH00898: Error reading from remote server returned by /Publicaciones/2022EE177778.pdf
[Mon Dec 05 18:45:29.034124 2022] [proxy_http:error] [pid 13072:tid 20672] (OS 10054)An existing connection was forcibly closed by the remote host.  : [client 201.245.192.253:49806] AH01102: error reading status line from remote server 172.22.1.61:8080
[Mon Dec 05 18:45:29.034124 2022] [proxy:error] [pid 13072:tid 20672] [client 201.245.192.253:49806] AH00898: Error reading from remote server returned by /sipse/faces/faces/autenticacion.xhtml
[Mon Dec 05 18:45:35.414535 2022] [proxy_http:error] [pid 13072:tid 20912] (OS 10054)An existing connection was forcibly closed by the remote host.  : [client 201.245.192.253:49828] AH01102: error reading status line from remote server 172.22.1.61:8080, referer: http://190.27.245.106/sipse/faces/faces/autenticacion.xhtml
[Mon Dec 05 18:45:35.414535 2022] [proxy:error] [pid 13072:tid 20912] [client 201.245.192.253:49828] AH00898: Error reading from remote server returned by /sipse/faces/javax.faces.resource/primefaces.css;jsessionid=Q4Q3u0yOl-A3FnbfMXphW+8h.undefined, referer: http://190.27.245.106/sipse/faces/faces/autenticacion.xhtml
[Mon Dec 05 18:52:44.399689 2022] [proxy_http:error] [pid 13072:tid 20444] (OS 10054)An existing connection was forcibly closed by the remote host.  : [client 179.32.15.166:60585] AH01102: error reading status line from remote server 172.22.1.61:8080
[Mon Dec 05 18:52:44.399689 2022] [proxy:error] [pid 13072:tid 20444] [client 179.32.15.166:60585] AH00898: Error reading from remote server returned by /sipse/faces/faces/index.xhtml
[Mon Dec 05 18:53:02.386520 2022] [proxy_http:error] [pid 13072:tid 21200] (OS 10054)An existing connection was forcibly closed by the remote host.  : [client 179.32.15.166:60591] AH01102: error reading status line from remote server 172.22.1.61:8080, referer: http://190.27.245.106/sipse/faces/faces/faces/autenticacion.xhtml
[Mon Dec 05 18:53:02.386520 2022] [proxy:error] [pid 13072:tid 21200] [client 179.32.15.166:60591] AH00898: Error reading from remote server returned by /sipse/faces/javax.faces.resource/primefaces.css, referer: http://190.27.245.106/sipse/faces/faces/faces/autenticacion.xhtml
[Mon Dec 05 18:53:02.386520 2022] [proxy_http:error] [pid 13072:tid 20744] (OS 10054)An existing connection was forcibly closed by the remote host.  : [client 179.32.15.166:60593] AH01102: error reading status line from remote server 172.22.1.61:8080, referer: http://190.27.245.106/sipse/faces/faces/faces/autenticacion.xhtml
[Mon Dec 05 18:53:02.386520 2022] [proxy:error] [pid 13072:tid 20744] [client 179.32.15.166:60593] AH00898: Error reading from remote server returned by /sipse/faces/javax.faces.resource/jquery/jquery-plugins.js, referer: http://190.27.245.106/sipse/faces/faces/faces/autenticacion.xhtml
[Mon Dec 05 18:53:02.386520 2022] [proxy_http:error] [pid 13072:tid 21088] (OS 10054)An existing connection was forcibly closed by the remote host.  : [client 179.32.15.166:60590] AH01102: error reading status line from remote server 172.22.1.61:8080, referer: http://190.27.245.106/sipse/faces/faces/faces/autenticacion.xhtml
[Mon Dec 05 18:53:02.386520 2022] [proxy:error] [pid 13072:tid 21088] [client 179.32.15.166:60590] AH00898: Error reading from remote server returned by /sipse/faces/javax.faces.resource/layout/layout.css, referer: http://190.27.245.106/sipse/faces/faces/faces/autenticacion.xhtml
[Mon Dec 05 18:53:02.386520 2022] [proxy_http:error] [pid 13072:tid 20672] (OS 10054)An existing connection was forcibly closed by the remote host.  : [client 179.32.15.166:60594] AH01102: error reading status line from remote server 172.22.1.61:8080, referer: http://190.27.245.106/sipse/faces/faces/faces/autenticacion.xhtml
[Mon Dec 05 18:53:02.386520 2022] [proxy:error] [pid 13072:tid 20672] [client 179.32.15.166:60594] AH00898: Error reading from remote server returned by /sipse/faces/javax.faces.resource/primefaces.js, referer: http://190.27.245.106/sipse/faces/faces/faces/autenticacion.xhtml
[Mon Dec 05 19:04:06.106286 2022] [mpm_winnt:warn] [pid 13072:tid 21944] (OS 64)The specified network name is no longer available.  : AH00341: winnt_accept: Asynchronous AcceptEx failed.
[Mon Dec 05 19:06:31.030541 2022] [mpm_winnt:warn] [pid 13072:tid 21944] (OS 64)The specified network name is no longer available.  : AH00341: winnt_accept: Asynchronous AcceptEx failed.
[Mon Dec 05 19:20:17.348392 2022] [proxy_http:error] [pid 13072:tid 20520] (OS 10054)An existing connection was forcibly closed by the remote host.  : [client 186.29.159.93:1274] AH01102: error reading status line from remote server 172.22.1.61:8080
[Mon Dec 05 19:20:17.348392 2022] [proxy:error] [pid 13072:tid 20520] [client 186.29.159.93:1274] AH00898: Error reading from remote server returned by /sipse/faces/autenticacion.xhtml
[Mon Dec 05 19:20:24.040804 2022] [proxy_http:error] [pid 13072:tid 20496] (OS 10054)An existing connection was forcibly closed by the remote host.  : [client 186.29.159.93:1277] AH01102: error reading status line from remote server 172.22.1.61:8080, referer: http://190.27.245.106/sipse/faces/autenticacion.xhtml
[Mon Dec 05 19:20:24.040804 2022] [proxy:error] [pid 13072:tid 20496] [client 186.29.159.93:1277] AH00898: Error reading from remote server returned by /sipse/faces/javax.faces.resource/layout/layout.css;jsessionid=IrBJKXX+ehK4wcqnFz1WAAK2.undefined, referer: http://190.27.245.106/sipse/faces/autenticacion.xhtml
[Mon Dec 05 19:20:24.056404 2022] [proxy_http:error] [pid 13072:tid 20512] (OS 10054)An existing connection was forcibly closed by the remote host.  : [client 186.29.159.93:1278] AH01102: error reading status line from remote server 172.22.1.61:8080, referer: http://190.27.245.106/sipse/faces/autenticacion.xhtml
[Mon Dec 05 19:20:24.056404 2022] [proxy:error] [pid 13072:tid 20512] [client 186.29.159.93:1278] AH00898: Error reading from remote server returned by /sipse/faces/javax.faces.resource/jquery/jquery.js;jsessionid=IrBJKXX+ehK4wcqnFz1WAAK2.undefined, referer: http://190.27.245.106/sipse/faces/autenticacion.xhtml
[Mon Dec 05 19:20:24.056404 2022] [proxy_http:error] [pid 13072:tid 21088] (OS 10053)An established connection was aborted by the software in your host machine.  : [client 186.29.159.93:1279] AH01102: error reading status line from remote server 172.22.1.61:8080, referer: http://190.27.245.106/sipse/faces/autenticacion.xhtml
[Mon Dec 05 19:20:24.056404 2022] [proxy:error] [pid 13072:tid 21088] [client 186.29.159.93:1279] AH00898: Error reading from remote server returned by /sipse/faces/javax.faces.resource/jquery/jquery-plugins.js;jsessionid=IrBJKXX+ehK4wcqnFz1WAAK2.undefined, referer: http://190.27.245.106/sipse/faces/autenticacion.xhtml
[Mon Dec 05 19:40:47.285752 2022] [proxy_http:error] [pid 13072:tid 21088] (OS 10054)An existing connection was forcibly closed by the remote host.  : [client 201.245.192.253:45992] AH01102: error reading status line from remote server 172.22.1.16:18080
[Mon Dec 05 19:40:47.285752 2022] [proxy:error] [pid 13072:tid 21088] [client 201.245.192.253:45992] AH00898: Error reading from remote server returned by /kwsrmcab/Wsrmcab
[Mon Dec 05 19:51:58.149330 2022] [mpm_winnt:warn] [pid 13072:tid 21944] (OS 64)The specified network name is no longer available.  : AH00341: winnt_accept: Asynchronous AcceptEx failed.
[Mon Dec 05 20:03:10.870312 2022] [proxy_http:error] [pid 13072:tid 20512] (OS 10054)An existing connection was forcibly closed by the remote host.  : [client 201.245.192.253:50780] AH01102: error reading status line from remote server 172.22.1.16:18080
[Mon Dec 05 20:03:10.870312 2022] [proxy:error] [pid 13072:tid 20512] [client 201.245.192.253:50780] AH00898: Error reading from remote server returned by /kwsrmcab/Wsrmcab
[Mon Dec 05 20:10:10.916650 2022] [proxy_http:error] [pid 13072:tid 20656] (OS 10054)An existing connection was forcibly closed by the remote host.  : [client 201.245.192.253:53238] AH01102: error reading status line from remote server 172.22.1.16:18080
[Mon Dec 05 20:10:10.916650 2022] [proxy:error] [pid 13072:tid 20656] [client 201.245.192.253:53238] AH00898: Error reading from remote server returned by /kwsrmcab/Wsrmcab
[Mon Dec 05 20:18:18.167906 2022] [mpm_winnt:warn] [pid 13072:tid 21944] (OS 64)The specified network name is no longer available.  : AH00341: winnt_accept: Asynchronous AcceptEx failed.
[Mon Dec 05 20:22:08.783111 2022] [proxy_http:error] [pid 13072:tid 20800] (OS 10054)An existing connection was forcibly closed by the remote host.  : [client 201.245.192.253:57574] AH01102: error reading status line from remote server 172.22.1.16:18080
[Mon Dec 05 20:22:08.783111 2022] [proxy:error] [pid 13072:tid 20800] [client 201.245.192.253:57574] AH00898: Error reading from remote server returned by /kwsrmcab/Wsrmcab
[Mon Dec 05 20:46:29.710077 2022] [proxy_http:error] [pid 13072:tid 20488] (OS 10054)An existing connection was forcibly closed by the remote host.  : [client 191.156.158.11:1109] AH01102: error reading status line from remote server 172.22.1.61:8080, referer: http://190.27.245.106/sipse/faces/faces/autenticacion.xhtml
[Mon Dec 05 20:46:29.710077 2022] [proxy:error] [pid 13072:tid 20488] [client 191.156.158.11:1109] AH00898: Error reading from remote server returned by /sipse/css/custom_css_sg_prime_login.css, referer: http://190.27.245.106/sipse/faces/faces/autenticacion.xhtml
[Mon Dec 05 20:46:29.710077 2022] [proxy_http:error] [pid 13072:tid 20952] (OS 10054)An existing connection was forcibly closed by the remote host.  : [client 191.156.150.158:1105] AH01102: error reading status line from remote server 172.22.1.61:8080, referer: http://190.27.245.106/sipse/faces/faces/autenticacion.xhtml
[Mon Dec 05 20:53:54.452258 2022] [mpm_winnt:warn] [pid 13072:tid 21944] (OS 64)The specified network name is no longer available.  : AH00341: winnt_accept: Asynchronous AcceptEx failed.
[Mon Dec 05 21:16:07.958200 2022] [proxy_http:error] [pid 13072:tid 21028] (OS 10054)An existing connection was forcibly closed by the remote host.  : [client 201.245.192.253:48720] AH01102: error reading status line from remote server 172.22.1.16:18080
[Mon Dec 05 21:16:07.958200 2022] [proxy:error] [pid 13072:tid 21028] [client 201.245.192.253:48720] AH00898: Error reading from remote server returned by /kwsrmcab/Wsrmcab
[Mon Dec 05 21:18:34.411257 2022] [proxy_http:error] [pid 13072:tid 21004] (OS 10054)An existing connection was forcibly closed by the remote host.  : [client 191.156.150.158:1179] AH01102: error reading status line from remote server 172.22.1.61:8080, referer: http://190.27.245.106/sipse/faces/presentacion/financiero/solicitudProceso/consultarHistorialSolProceso.xhtml
[Mon Dec 05 21:18:34.411257 2022] [proxy:error] [pid 13072:tid 21004] [client 191.156.150.158:1179] AH00898: Error reading from remote server returned by /sipse/faces/javax.faces.resource/primefaces.css, referer: http://190.27.245.106/sipse/faces/presentacion/financiero/solicitudProceso/consultarHistorialSolProceso.xhtml
[Mon Dec 05 21:19:04.690910 2022] [proxy_http:error] [pid 13072:tid 20656] (OS 10054)An existing connection was forcibly closed by the remote host.  : [client 191.156.144.154:1188] AH01102: error reading status line from remote server 172.22.1.61:8080, referer: http://190.27.245.106/sipse/faces/presentacion/financiero/solicitudProceso/consultarSolicitudProceso.xhtml
[Mon Dec 05 21:19:04.690910 2022] [proxy:error] [pid 13072:tid 20656] [client 191.156.144.154:1188] AH00898: Error reading from remote server returned by /sipse/faces/javax.faces.resource/layout/layout.css, referer: http://190.27.245.106/sipse/faces/presentacion/financiero/solicitudProceso/consultarSolicitudProceso.xhtml
[Mon Dec 05 21:28:09.303467 2022] [proxy_http:error] [pid 13072:tid 21028] (OS 10054)An existing connection was forcibly closed by the remote host.  : [client 201.245.192.253:53074] AH01102: error reading status line from remote server 172.22.1.16:18080
[Mon Dec 05 21:28:09.303467 2022] [proxy:error] [pid 13072:tid 21028] [client 201.245.192.253:53074] AH00898: Error reading from remote server returned by /kwsrmcab/Wsrmcab
[Mon Dec 05 21:32:27.671121 2022] [mpm_winnt:warn] [pid 13072:tid 21944] (OS 64)The specified network name is no longer available.  : AH00341: winnt_accept: Asynchronous AcceptEx failed.
[Mon Dec 05 21:50:04.074776 2022] [proxy_http:error] [pid 13072:tid 21028] (OS 10054)An existing connection was forcibly closed by the remote host.  : [client 201.245.192.253:60896] AH01102: error reading status line from remote server 172.22.1.16:18080
[Mon Dec 05 21:50:04.074776 2022] [proxy:error] [pid 13072:tid 21028] [client 201.245.192.253:60896] AH00898: Error reading from remote server returned by /kwsrmcab/Wsrmcab
[Mon Dec 05 21:57:01.890310 2022] [proxy_http:error] [pid 13072:tid 20496] (OS 10054)An existing connection was forcibly closed by the remote host.  : [client 201.245.192.253:35202] AH01102: error reading status line from remote server 172.22.1.16:18080
[Mon Dec 05 21:57:01.890310 2022] [proxy:error] [pid 13072:tid 20496] [client 201.245.192.253:35202] AH00898: Error reading from remote server returned by /kwsrmcab/Wsrmcab
[Mon Dec 05 22:07:36.390225 2022] [mpm_winnt:warn] [pid 13072:tid 21944] (OS 64)The specified network name is no longer available.  : AH00341: winnt_accept: Asynchronous AcceptEx failed.
[Mon Dec 05 22:13:58.668896 2022] [proxy_http:error] [pid 13072:tid 21152] (OS 10054)An existing connection was forcibly closed by the remote host.  : [client 201.245.192.253:41274] AH01102: error reading status line from remote server 172.22.1.16:18080
[Mon Dec 05 22:13:58.668896 2022] [proxy:error] [pid 13072:tid 21152] [client 201.245.192.253:41274] AH00898: Error reading from remote server returned by /kwsrmcab/Wsrmcab
[Mon Dec 05 22:25:55.583755 2022] [proxy_http:error] [pid 13072:tid 20520] (OS 10054)An existing connection was forcibly closed by the remote host.  : [client 201.245.192.253:45564] AH01102: error reading status line from remote server 172.22.1.16:18080
[Mon Dec 05 22:25:55.583755 2022] [proxy:error] [pid 13072:tid 20520] [client 201.245.192.253:45564] AH00898: Error reading from remote server returned by /kwsrmcab/Wsrmcab
[Mon Dec 05 22:42:50.522538 2022] [proxy_http:error] [pid 13072:tid 20912] (OS 10054)An existing connection was forcibly closed by the remote host.  : [client 201.245.192.253:51612] AH01102: error reading status line from remote server 172.22.1.16:18080
[Mon Dec 05 22:42:50.522538 2022] [proxy:error] [pid 13072:tid 20912] [client 201.245.192.253:51612] AH00898: Error reading from remote server returned by /kwsrmcab/Wsrmcab
[Mon Dec 05 22:50:00.818094 2022] [proxy_http:error] [pid 13072:tid 21152] (OS 10054)An existing connection was forcibly closed by the remote host.  : [client 66.249.66.86:45315] AH01102: error reading status line from remote server 172.22.1.144:80
[Mon Dec 05 22:50:00.818094 2022] [proxy:error] [pid 13072:tid 21152] [client 66.249.66.86:45315] AH00898: Error reading from remote server returned by /Publicaciones/2022EE300585.pdf
[Mon Dec 05 22:55:34.752280 2022] [proxy_http:error] [pid 13072:tid 20912] (OS 10054)An existing connection was forcibly closed by the remote host.  : [client 66.249.66.85:48819] AH01102: error reading status line from remote server 172.22.1.144:80
[Mon Dec 05 23:15:12.975550 2022] [mpm_winnt:warn] [pid 13072:tid 21944] (OS 64)The specified network name is no longer available.  : AH00341: winnt_accept: Asynchronous AcceptEx failed.
[Mon Dec 05 23:22:56.670764 2022] [proxy_http:error] [pid 13072:tid 20444] (OS 10054)An existing connection was forcibly closed by the remote host.  : [client 66.249.66.86:55897] AH01102: error reading status line from remote server 172.22.1.144:80
[Mon Dec 05 23:22:56.670764 2022] [proxy:error] [pid 13072:tid 20444] [client 66.249.66.86:55897] AH00898: Error reading from remote server returned by /Publicaciones/2021EE261342.pdf
[Mon Dec 05 23:36:18.325972 2022] [mpm_winnt:warn] [pid 13072:tid 21944] (OS 64)The specified network name is no longer available.  : AH00341: winnt_accept: Asynchronous AcceptEx failed.
[Mon Dec 05 23:51:56.995221 2022] [mpm_winnt:warn] [pid 13072:tid 21944] (OS 64)The specified network name is no longer available.  : AH00341: winnt_accept: Asynchronous AcceptEx failed.
[Mon Dec 05 23:54:36.521101 2022] [proxy_http:error] [pid 13072:tid 20760] (OS 10054)An existing connection was forcibly closed by the remote host.  : [client 201.245.192.253:49116] AH01102: error reading status line from remote server 172.22.1.16:18080
[Mon Dec 05 23:54:36.521101 2022] [proxy:error] [pid 13072:tid 20760] [client 201.245.192.253:49116] AH00898: Error reading from remote server returned by /kwsrmcab/Wsrmcab

:: Command execute ::

Enter:
 
Select:
 

:: Search ::
regexp 

:: Upload ::
 
[ ok ]

:: Make Dir ::
 
[ ok ]
:: Make File ::
 
[ ok ]

:: Go Dir ::
 
:: Go File ::
 

--[ c99shell v. 1.0 pre-release build #13 powered by Captain Crunch Security Team | http://ccteam.ru | Generation time: 0.0468 ]--