!C99Shell v. 1.0 pre-release build #13!

Software: Apache. PHP/5.5.15 

uname -a: Windows NT SVR-DMZ 6.1 build 7600 (Windows Server 2008 R2 Enterprise Edition) i586 

SYSTEM 

Safe-mode: OFF (not secure)

E:\nuevo\apache\logs\   drwxrwxrwx
Free 8.02 GB of 239.26 GB (3.35%)
Detected drives: [ a ] [ c ] [ d ] [ e ] [ f ]
Home    Back    Forward    UPDIR    Refresh    Search    Buffer    Encoder    Tools    Proc.    FTP brute    Sec.    SQL    PHP-code    Update    Feedback    Self remove    Logout    


Viewing file:     error.2022.12.12.log (123.04 KB)      -rw-rw-rw-
Select action/file-type:
(+) | (+) | (+) | Code (+) | Session (+) | (+) | SDB (+) | (+) | (+) | (+) | (+) | (+) |
[Mon Dec 12 00:09:38.924011 2022] [mpm_winnt:warn] [pid 13072:tid 21944] (OS 64)The specified network name is no longer available.  : AH00341: winnt_accept: Asynchronous AcceptEx failed.
[Mon Dec 12 00:18:40.244962 2022] [core:error] [pid 13072:tid 20624] [client 192.241.197.198:34908] AH00135: Invalid method in request MGLNDD_190.27.245.106_80
[Mon Dec 12 00:24:53.101217 2022] [mpm_winnt:warn] [pid 13072:tid 21944] (OS 64)The specified network name is no longer available.  : AH00341: winnt_accept: Asynchronous AcceptEx failed.
[Mon Dec 12 00:32:24.347609 2022] [proxy_http:error] [pid 13072:tid 21152] (OS 10054)An existing connection was forcibly closed by the remote host.  : [client 185.119.81.102:55180] AH01102: error reading status line from remote server 192.168.175.18:80
[Mon Dec 12 00:32:24.347609 2022] [proxy:error] [pid 13072:tid 21152] [client 185.119.81.102:55180] AH00898: Error reading from remote server returned by /portaldeninos/wp-login.php
[Mon Dec 12 00:46:32.162299 2022] [mpm_winnt:warn] [pid 13072:tid 21944] (OS 64)The specified network name is no longer available.  : AH00341: winnt_accept: Asynchronous AcceptEx failed.
[Mon Dec 12 00:46:32.224699 2022] [proxy_http:error] [pid 13072:tid 21264] (OS 10054)An existing connection was forcibly closed by the remote host.  : [client 201.245.192.253:54432] AH01102: error reading status line from remote server 172.22.1.61:8080, referer: http://190.27.245.106/sipse/faces/faces/autenticacion.xhtml
[Mon Dec 12 00:46:32.224699 2022] [proxy:error] [pid 13072:tid 21264] [client 201.245.192.253:54432] AH00898: Error reading from remote server returned by /sipse/js/disable_browser_buttons.js, referer: http://190.27.245.106/sipse/faces/faces/autenticacion.xhtml
[Mon Dec 12 00:53:58.915883 2022] [proxy_http:error] [pid 13072:tid 21264] (OS 10054)An existing connection was forcibly closed by the remote host.  : [client 191.95.55.89:5306] AH01102: error reading status line from remote server 172.22.1.16:18080, referer: http://localhost/
[Mon Dec 12 00:53:58.915883 2022] [proxy:error] [pid 13072:tid 21264] [client 191.95.55.89:5306] AH00898: Error reading from remote server returned by /kwssiamovil/sm/acme/a, referer: http://localhost/
[Mon Dec 12 00:54:29.554337 2022] [proxy_http:error] [pid 13072:tid 21048] (OS 10054)An existing connection was forcibly closed by the remote host.  : [client 201.245.192.253:39286] AH01102: error reading status line from remote server 172.22.1.16:18080
[Mon Dec 12 00:54:29.554337 2022] [proxy:error] [pid 13072:tid 21048] [client 201.245.192.253:39286] AH00898: Error reading from remote server returned by /kwsrmcab/Wsrmcab
[Mon Dec 12 01:03:46.272515 2022] [proxy_http:error] [pid 13072:tid 20928] (OS 10054)An existing connection was forcibly closed by the remote host.  : [client 201.245.192.253:42636] AH01102: error reading status line from remote server 172.22.1.16:18080
[Mon Dec 12 01:03:46.272515 2022] [proxy:error] [pid 13072:tid 20928] [client 201.245.192.253:42636] AH00898: Error reading from remote server returned by /kwsrmcab/Wsrmcab
[Mon Dec 12 01:10:45.538851 2022] [mpm_winnt:warn] [pid 13072:tid 21944] (OS 64)The specified network name is no longer available.  : AH00341: winnt_accept: Asynchronous AcceptEx failed.
[Mon Dec 12 01:23:28.645392 2022] [mpm_winnt:warn] [pid 13072:tid 21944] (OS 64)The specified network name is no longer available.  : AH00341: winnt_accept: Asynchronous AcceptEx failed.
[Mon Dec 12 01:26:50.275746 2022] [proxy_http:error] [pid 13072:tid 20928] (OS 10054)An existing connection was forcibly closed by the remote host.  : [client 201.245.192.253:50984] AH01102: error reading status line from remote server 172.22.1.16:18080
[Mon Dec 12 01:26:50.275746 2022] [proxy:error] [pid 13072:tid 20928] [client 201.245.192.253:50984] AH00898: Error reading from remote server returned by /kwsrmcab/Wsrmcab
[Mon Dec 12 01:30:25.212923 2022] [mpm_winnt:warn] [pid 13072:tid 21944] (OS 64)The specified network name is no longer available.  : AH00341: winnt_accept: Asynchronous AcceptEx failed.
[Mon Dec 12 01:41:03.753245 2022] [mpm_winnt:warn] [pid 13072:tid 21944] (OS 64)The specified network name is no longer available.  : AH00341: winnt_accept: Asynchronous AcceptEx failed.
[Mon Dec 12 01:49:29.194133 2022] [mpm_winnt:warn] [pid 13072:tid 21944] (OS 64)The specified network name is no longer available.  : AH00341: winnt_accept: Asynchronous AcceptEx failed.
[Mon Dec 12 01:52:13.977222 2022] [mpm_winnt:warn] [pid 13072:tid 21944] (OS 64)The specified network name is no longer available.  : AH00341: winnt_accept: Asynchronous AcceptEx failed.
[Mon Dec 12 01:52:14.772823 2022] [proxy:error] [pid 13072:tid 20848] (OS 10061)No connection could be made because the target machine actively refused it.  : AH00957: HTTP: attempt to connect to 172.22.1.51:8399 (172.22.1.51) failed
[Mon Dec 12 01:52:14.772823 2022] [proxy:error] [pid 13072:tid 20848] AH00959: ap_proxy_connect_backend disabling worker for (172.22.1.51) for 60s
[Mon Dec 12 01:52:14.772823 2022] [proxy_http:error] [pid 13072:tid 20848] [client 152.61.192.232:41814] AH01114: HTTP: failed to make connection to backend: 172.22.1.51
[Mon Dec 12 01:52:14.991224 2022] [proxy:error] [pid 13072:tid 20848] AH00940: HTTP: disabled connection for (172.22.1.51)
[Mon Dec 12 01:52:15.240824 2022] [proxy:error] [pid 13072:tid 20848] AH00940: HTTP: disabled connection for (172.22.1.51)
[Mon Dec 12 02:04:18.114894 2022] [proxy:error] [pid 13072:tid 21264] (OS 10061)No connection could be made because the target machine actively refused it.  : AH00957: HTTP: attempt to connect to 172.22.1.51:8399 (172.22.1.51) failed
[Mon Dec 12 02:04:18.114894 2022] [proxy:error] [pid 13072:tid 21264] AH00959: ap_proxy_connect_backend disabling worker for (172.22.1.51) for 60s
[Mon Dec 12 02:04:18.114894 2022] [proxy_http:error] [pid 13072:tid 21264] [client 152.61.128.50:47071] AH01114: HTTP: failed to make connection to backend: 172.22.1.51
[Mon Dec 12 02:04:18.317694 2022] [proxy:error] [pid 13072:tid 21264] AH00940: HTTP: disabled connection for (172.22.1.51)
[Mon Dec 12 02:04:18.536095 2022] [proxy:error] [pid 13072:tid 21264] AH00940: HTTP: disabled connection for (172.22.1.51)
[Mon Dec 12 02:16:55.355824 2022] [mpm_winnt:warn] [pid 13072:tid 21944] (OS 64)The specified network name is no longer available.  : AH00341: winnt_accept: Asynchronous AcceptEx failed.
[Mon Dec 12 02:29:00.304697 2022] [proxy_http:error] [pid 13072:tid 20928] (OS 10054)An existing connection was forcibly closed by the remote host.  : [client 186.86.32.186:15750] AH01102: error reading status line from remote server 172.22.1.16:18080, referer: http://190.27.245.106/appsia/controlador
[Mon Dec 12 02:29:00.304697 2022] [proxy:error] [pid 13072:tid 20928] [client 186.86.32.186:15750] AH00898: Error reading from remote server returned by /appsia/scripts/validarIngreso.js, referer: http://190.27.245.106/appsia/controlador
[Mon Dec 12 02:30:16.339231 2022] [proxy_http:error] [pid 13072:tid 20544] (OS 10054)An existing connection was forcibly closed by the remote host.  : [client 201.245.192.253:45842] AH01102: error reading status line from remote server 172.22.1.16:18080
[Mon Dec 12 02:30:16.339231 2022] [proxy:error] [pid 13072:tid 20544] [client 201.245.192.253:45842] AH00898: Error reading from remote server returned by /kwsrmcab/Wsrmcab
[Mon Dec 12 02:31:13.170131 2022] [proxy_http:error] [pid 13072:tid 21264] (OS 10054)An existing connection was forcibly closed by the remote host.  : [client 42.236.10.117:62128] AH01102: error reading status line from remote server 172.22.1.16:18080, referer: http://baidu.com/
[Mon Dec 12 02:31:13.170131 2022] [proxy:error] [pid 13072:tid 21264] [client 42.236.10.117:62128] AH00898: Error reading from remote server returned by /appsia/controlador, referer: http://baidu.com/
[Mon Dec 12 02:31:20.158943 2022] [proxy_http:error] [pid 13072:tid 20544] (OS 10054)An existing connection was forcibly closed by the remote host.  : [client 27.115.124.38:46558] AH01102: error reading status line from remote server 172.22.1.16:18080, referer: http://190.27.245.106/appsia/controlador
[Mon Dec 12 02:39:02.356555 2022] [mpm_winnt:warn] [pid 13072:tid 21944] (OS 64)The specified network name is no longer available.  : AH00341: winnt_accept: Asynchronous AcceptEx failed.
[Mon Dec 12 02:45:34.463243 2022] [mpm_winnt:warn] [pid 13072:tid 21944] (OS 64)The specified network name is no longer available.  : AH00341: winnt_accept: Asynchronous AcceptEx failed.
[Mon Dec 12 02:54:23.584973 2022] [mpm_winnt:warn] [pid 13072:tid 21944] (OS 64)The specified network name is no longer available.  : AH00341: winnt_accept: Asynchronous AcceptEx failed.
[Mon Dec 12 02:54:37.578197 2022] [mpm_winnt:warn] [pid 13072:tid 21944] (OS 64)The specified network name is no longer available.  : AH00341: winnt_accept: Asynchronous AcceptEx failed.
[Mon Dec 12 03:02:27.232622 2022] [mpm_winnt:warn] [pid 13072:tid 21944] (OS 64)The specified network name is no longer available.  : AH00341: winnt_accept: Asynchronous AcceptEx failed.
[Mon Dec 12 03:05:41.796164 2022] [proxy_http:error] [pid 13072:tid 20964] (OS 10060)A connection attempt failed because the connected party did not properly respond after a period of time, or established connection failed because connected host has failed to respond.  : [client 201.245.192.253:50588] AH01102: error reading status line from remote server 172.22.1.16:18080
[Mon Dec 12 03:05:41.796164 2022] [proxy:error] [pid 13072:tid 20964] [client 201.245.192.253:50588] AH00898: Error reading from remote server returned by /kwsrmcab/Wsrmcab
[Mon Dec 12 03:10:24.967861 2022] [mpm_winnt:warn] [pid 13072:tid 21944] (OS 64)The specified network name is no longer available.  : AH00341: winnt_accept: Asynchronous AcceptEx failed.
[Mon Dec 12 03:29:26.531066 2022] [mpm_winnt:warn] [pid 13072:tid 21944] (OS 64)The specified network name is no longer available.  : AH00341: winnt_accept: Asynchronous AcceptEx failed.
[Mon Dec 12 03:43:21.460133 2022] [proxy_http:error] [pid 13072:tid 20656] (OS 10054)An existing connection was forcibly closed by the remote host.  : [client 201.245.192.253:43426] AH01102: error reading status line from remote server 172.22.1.16:18080
[Mon Dec 12 03:43:21.460133 2022] [proxy:error] [pid 13072:tid 20656] [client 201.245.192.253:43426] AH00898: Error reading from remote server returned by /kwsrmcab/Wsrmcab
[Mon Dec 12 03:45:03.187911 2022] [mpm_winnt:warn] [pid 13072:tid 21944] (OS 64)The specified network name is no longer available.  : AH00341: winnt_accept: Asynchronous AcceptEx failed.
[Mon Dec 12 03:58:53.109369 2022] [mpm_winnt:warn] [pid 13072:tid 21944] (OS 64)The specified network name is no longer available.  : AH00341: winnt_accept: Asynchronous AcceptEx failed.
[Mon Dec 12 04:01:20.841629 2022] [mpm_winnt:warn] [pid 13072:tid 21944] (OS 64)The specified network name is no longer available.  : AH00341: winnt_accept: Asynchronous AcceptEx failed.
[Mon Dec 12 04:15:27.392715 2022] [mpm_winnt:warn] [pid 13072:tid 21944] (OS 64)The specified network name is no longer available.  : AH00341: winnt_accept: Asynchronous AcceptEx failed.
[Mon Dec 12 04:20:10.985614 2022] [proxy_http:error] [pid 13072:tid 20964] (OS 10054)An existing connection was forcibly closed by the remote host.  : [client 201.245.192.253:56630] AH01102: error reading status line from remote server 172.22.1.16:18080
[Mon Dec 12 04:20:10.985614 2022] [proxy:error] [pid 13072:tid 20964] [client 201.245.192.253:56630] AH00898: Error reading from remote server returned by /kwsrmcab/Wsrmcab
[Mon Dec 12 04:33:24.543407 2022] [mpm_winnt:warn] [pid 13072:tid 21944] (OS 64)The specified network name is no longer available.  : AH00341: winnt_accept: Asynchronous AcceptEx failed.
[Mon Dec 12 04:40:14.948928 2022] [mpm_winnt:warn] [pid 13072:tid 21944] (OS 64)The specified network name is no longer available.  : AH00341: winnt_accept: Asynchronous AcceptEx failed.
[Mon Dec 12 04:59:13.750928 2022] [core:error] [pid 13072:tid 20964] [client 170.187.164.180:53778] AH00135: Invalid method in request HELP
[Mon Dec 12 04:59:13.938129 2022] [authz_core:error] [pid 13072:tid 20592] [client 170.187.164.180:53832] AH01630: client denied by server configuration: E:/nuevo/htdocs/server-status
[Mon Dec 12 04:59:14.140929 2022] [negotiation:error] [pid 13072:tid 20512] [client 170.187.164.180:53924] AH00690: no acceptable variant: E:/nuevo/apache/error/HTTP_NOT_FOUND.html.var
[Mon Dec 12 04:59:14.140929 2022] [negotiation:error] [pid 13072:tid 20964] [client 170.187.164.180:53908] AH00690: no acceptable variant: E:/nuevo/apache/error/HTTP_NOT_FOUND.html.var
[Mon Dec 12 05:11:59.618674 2022] [proxy_http:error] [pid 13072:tid 20984] (OS 10054)An existing connection was forcibly closed by the remote host.  : [client 201.245.192.253:46968] AH01102: error reading status line from remote server 172.22.1.16:18080
[Mon Dec 12 05:11:59.618674 2022] [proxy:error] [pid 13072:tid 20984] [client 201.245.192.253:46968] AH00898: Error reading from remote server returned by /kwsrmcab/Wsrmcab
[Mon Dec 12 05:15:51.497481 2022] [mpm_winnt:warn] [pid 13072:tid 21944] (OS 64)The specified network name is no longer available.  : AH00341: winnt_accept: Asynchronous AcceptEx failed.
[Mon Dec 12 05:35:34.977960 2022] [mpm_winnt:warn] [pid 13072:tid 21944] (OS 64)The specified network name is no longer available.  : AH00341: winnt_accept: Asynchronous AcceptEx failed.
[Mon Dec 12 05:49:47.035856 2022] [mpm_winnt:warn] [pid 13072:tid 21944] (OS 64)The specified network name is no longer available.  : AH00341: winnt_accept: Asynchronous AcceptEx failed.
[Mon Dec 12 06:05:55.563557 2022] [mpm_winnt:warn] [pid 13072:tid 21944] (OS 64)The specified network name is no longer available.  : AH00341: winnt_accept: Asynchronous AcceptEx failed.
[Mon Dec 12 06:08:27.929025 2022] [mpm_winnt:warn] [pid 13072:tid 21944] (OS 64)The specified network name is no longer available.  : AH00341: winnt_accept: Asynchronous AcceptEx failed.
[Mon Dec 12 06:21:13.874770 2022] [mpm_winnt:warn] [pid 13072:tid 21944] (OS 64)The specified network name is no longer available.  : AH00341: winnt_accept: Asynchronous AcceptEx failed.
[Mon Dec 12 06:25:53.817262 2022] [proxy_http:error] [pid 13072:tid 20672] (OS 10054)An existing connection was forcibly closed by the remote host.  : [client 201.245.192.253:45244] AH01102: error reading status line from remote server 172.22.1.16:18080
[Mon Dec 12 06:25:53.817262 2022] [proxy:error] [pid 13072:tid 20672] [client 201.245.192.253:45244] AH00898: Error reading from remote server returned by /kwsrmcab/Wsrmcab
[Mon Dec 12 06:28:11.409504 2022] [mpm_winnt:warn] [pid 13072:tid 21944] (OS 64)The specified network name is no longer available.  : AH00341: winnt_accept: Asynchronous AcceptEx failed.
[Mon Dec 12 06:28:53.435977 2022] [mpm_winnt:warn] [pid 13072:tid 21944] (OS 64)The specified network name is no longer available.  : AH00341: winnt_accept: Asynchronous AcceptEx failed.
[Mon Dec 12 06:42:49.769046 2022] [proxy_http:error] [pid 13072:tid 21048] (OS 10054)An existing connection was forcibly closed by the remote host.  : [client 201.245.192.253:51264] AH01102: error reading status line from remote server 172.22.1.16:18080
[Mon Dec 12 06:42:49.769046 2022] [proxy:error] [pid 13072:tid 21048] [client 201.245.192.253:51264] AH00898: Error reading from remote server returned by /kwsrmcab/Wsrmcab
[Mon Dec 12 07:50:42.468200 2022] [proxy_http:error] [pid 13072:tid 20672] (OS 10054)An existing connection was forcibly closed by the remote host.  : [client 201.245.192.253:47432] AH01102: error reading status line from remote server 172.22.1.16:18080
[Mon Dec 12 07:50:42.468200 2022] [proxy:error] [pid 13072:tid 20672] [client 201.245.192.253:47432] AH00898: Error reading from remote server returned by /kwsrmcab/Wsrmcab
[Mon Dec 12 08:09:14.640953 2022] [mpm_winnt:warn] [pid 13072:tid 21944] (OS 64)The specified network name is no longer available.  : AH00341: winnt_accept: Asynchronous AcceptEx failed.
[Mon Dec 12 08:10:35.605095 2022] [proxy_http:error] [pid 13072:tid 21280] (OS 10054)An existing connection was forcibly closed by the remote host.  : [client 201.245.192.253:57537] AH01102: error reading status line from remote server 172.22.1.61:8080, referer: http://190.27.245.106/sipse/faces/presentacion/financiero/solicitudProceso/solicitudProcesoOtrosPagos.xhtml
[Mon Dec 12 08:10:35.605095 2022] [proxy:error] [pid 13072:tid 21280] [client 201.245.192.253:57537] AH00898: Error reading from remote server returned by /sipse/faces/javax.faces.resource/primefaces.css, referer: http://190.27.245.106/sipse/faces/presentacion/financiero/solicitudProceso/solicitudProcesoOtrosPagos.xhtml
[Mon Dec 12 08:10:35.605095 2022] [proxy_http:error] [pid 13072:tid 20964] (OS 10054)An existing connection was forcibly closed by the remote host.  : [client 201.245.192.253:57538] AH01102: error reading status line from remote server 172.22.1.61:8080, referer: http://190.27.245.106/sipse/faces/presentacion/financiero/solicitudProceso/solicitudProcesoOtrosPagos.xhtml
[Mon Dec 12 08:10:35.605095 2022] [proxy:error] [pid 13072:tid 20964] [client 201.245.192.253:57538] AH00898: Error reading from remote server returned by /sipse/faces/javax.faces.resource/layout/layout.js, referer: http://190.27.245.106/sipse/faces/presentacion/financiero/solicitudProceso/solicitudProcesoOtrosPagos.xhtml
[Mon Dec 12 08:15:21.553597 2022] [mpm_winnt:warn] [pid 13072:tid 21944] (OS 64)The specified network name is no longer available.  : AH00341: winnt_accept: Asynchronous AcceptEx failed.
[Mon Dec 12 08:15:22.130799 2022] [mpm_winnt:warn] [pid 13072:tid 21944] (OS 64)The specified network name is no longer available.  : AH00341: winnt_accept: Asynchronous AcceptEx failed.
[Mon Dec 12 08:15:45.889640 2022] [mpm_winnt:warn] [pid 13072:tid 21944] (OS 64)The specified network name is no longer available.  : AH00341: winnt_accept: Asynchronous AcceptEx failed.
[Mon Dec 12 08:15:46.123641 2022] [mpm_winnt:warn] [pid 13072:tid 21944] (OS 64)The specified network name is no longer available.  : AH00341: winnt_accept: Asynchronous AcceptEx failed.
[Mon Dec 12 08:17:23.249411 2022] [mpm_winnt:warn] [pid 13072:tid 21944] (OS 64)The specified network name is no longer available.  : AH00341: winnt_accept: Asynchronous AcceptEx failed.
[Mon Dec 12 08:17:23.358611 2022] [mpm_winnt:warn] [pid 13072:tid 21944] (OS 64)The specified network name is no longer available.  : AH00341: winnt_accept: Asynchronous AcceptEx failed.
[Mon Dec 12 08:17:24.169813 2022] [mpm_winnt:warn] [pid 13072:tid 21944] (OS 64)The specified network name is no longer available.  : AH00341: winnt_accept: Asynchronous AcceptEx failed.
[Mon Dec 12 08:17:47.694654 2022] [mpm_winnt:warn] [pid 13072:tid 21944] (OS 64)The specified network name is no longer available.  : AH00341: winnt_accept: Asynchronous AcceptEx failed.
[Mon Dec 12 08:19:52.136073 2022] [mpm_winnt:warn] [pid 13072:tid 21944] (OS 64)The specified network name is no longer available.  : AH00341: winnt_accept: Asynchronous AcceptEx failed.
[Mon Dec 12 08:21:04.988201 2022] [mpm_winnt:warn] [pid 13072:tid 21944] (OS 64)The specified network name is no longer available.  : AH00341: winnt_accept: Asynchronous AcceptEx failed.
[Mon Dec 12 08:21:06.782204 2022] [mpm_winnt:warn] [pid 13072:tid 21944] (OS 64)The specified network name is no longer available.  : AH00341: winnt_accept: Asynchronous AcceptEx failed.
[Mon Dec 12 08:21:54.705488 2022] [mpm_winnt:warn] [pid 13072:tid 21944] (OS 64)The specified network name is no longer available.  : AH00341: winnt_accept: Asynchronous AcceptEx failed.
[Mon Dec 12 08:22:19.135131 2022] [mpm_winnt:warn] [pid 13072:tid 21944] (OS 64)The specified network name is no longer available.  : AH00341: winnt_accept: Asynchronous AcceptEx failed.
[Mon Dec 12 08:23:18.805236 2022] [mpm_winnt:warn] [pid 13072:tid 21944] (OS 64)The specified network name is no longer available.  : AH00341: winnt_accept: Asynchronous AcceptEx failed.
[Mon Dec 12 08:23:42.064877 2022] [mpm_winnt:warn] [pid 13072:tid 21944] (OS 64)The specified network name is no longer available.  : AH00341: winnt_accept: Asynchronous AcceptEx failed.
[Mon Dec 12 08:23:43.422079 2022] [mpm_winnt:warn] [pid 13072:tid 21944] (OS 64)The specified network name is no longer available.  : AH00341: winnt_accept: Asynchronous AcceptEx failed.
[Mon Dec 12 08:24:55.478606 2022] [mpm_winnt:warn] [pid 13072:tid 21944] (OS 64)The specified network name is no longer available.  : AH00341: winnt_accept: Asynchronous AcceptEx failed.
[Mon Dec 12 08:24:55.775006 2022] [mpm_winnt:warn] [pid 13072:tid 21944] (OS 64)The specified network name is no longer available.  : AH00341: winnt_accept: Asynchronous AcceptEx failed.
[Mon Dec 12 08:24:55.806206 2022] [mpm_winnt:warn] [pid 13072:tid 21944] (OS 64)The specified network name is no longer available.  : AH00341: winnt_accept: Asynchronous AcceptEx failed.
[Mon Dec 12 08:25:22.685053 2022] [mpm_winnt:warn] [pid 13072:tid 21944] (OS 64)The specified network name is no longer available.  : AH00341: winnt_accept: Asynchronous AcceptEx failed.
[Mon Dec 12 08:25:44.852692 2022] [mpm_winnt:warn] [pid 13072:tid 21944] (OS 64)The specified network name is no longer available.  : AH00341: winnt_accept: Asynchronous AcceptEx failed.
[Mon Dec 12 08:26:09.188735 2022] [mpm_winnt:warn] [pid 13072:tid 21944] (OS 64)The specified network name is no longer available.  : AH00341: winnt_accept: Asynchronous AcceptEx failed.
[Mon Dec 12 08:26:44.007996 2022] [mpm_winnt:warn] [pid 13072:tid 21944] (OS 64)The specified network name is no longer available.  : AH00341: winnt_accept: Asynchronous AcceptEx failed.
[Mon Dec 12 08:27:56.984924 2022] [mpm_winnt:warn] [pid 13072:tid 21944] (OS 64)The specified network name is no longer available.  : AH00341: winnt_accept: Asynchronous AcceptEx failed.
[Mon Dec 12 08:27:58.154926 2022] [mpm_winnt:warn] [pid 13072:tid 21944] (OS 64)The specified network name is no longer available.  : AH00341: winnt_accept: Asynchronous AcceptEx failed.
[Mon Dec 12 08:28:22.366169 2022] [mpm_winnt:warn] [pid 13072:tid 21944] (OS 64)The specified network name is no longer available.  : AH00341: winnt_accept: Asynchronous AcceptEx failed.
[Mon Dec 12 08:28:22.600169 2022] [mpm_winnt:warn] [pid 13072:tid 21944] (OS 64)The specified network name is no longer available.  : AH00341: winnt_accept: Asynchronous AcceptEx failed.
[Mon Dec 12 08:28:22.724970 2022] [mpm_winnt:warn] [pid 13072:tid 21944] (OS 64)The specified network name is no longer available.  : AH00341: winnt_accept: Asynchronous AcceptEx failed.
[Mon Dec 12 08:29:11.506255 2022] [mpm_winnt:warn] [pid 13072:tid 21944] (OS 64)The specified network name is no longer available.  : AH00341: winnt_accept: Asynchronous AcceptEx failed.
[Mon Dec 12 08:30:24.841984 2022] [mpm_winnt:warn] [pid 13072:tid 21944] (OS 64)The specified network name is no longer available.  : AH00341: winnt_accept: Asynchronous AcceptEx failed.
[Mon Dec 12 08:41:00.917501 2022] [mpm_winnt:warn] [pid 13072:tid 21944] (OS 64)The specified network name is no longer available.  : AH00341: winnt_accept: Asynchronous AcceptEx failed.
[Mon Dec 12 08:42:55.920903 2022] [mpm_winnt:warn] [pid 13072:tid 21944] (OS 64)The specified network name is no longer available.  : AH00341: winnt_accept: Asynchronous AcceptEx failed.
[Mon Dec 12 08:48:18.763470 2022] [proxy_http:error] [pid 13072:tid 21176] (OS 10054)An existing connection was forcibly closed by the remote host.  : [client 190.60.210.173:53306] AH01102: error reading status line from remote server 172.22.1.61:8080, referer: http://190.27.245.106/sipse/faces/faces/faces/autenticacion.xhtml
[Mon Dec 12 08:50:48.180533 2022] [proxy_http:error] [pid 13072:tid 20568] (OS 10054)An existing connection was forcibly closed by the remote host.  : [client 201.245.192.253:40780] AH01102: error reading status line from remote server 172.22.1.16:18080
[Mon Dec 12 08:50:48.180533 2022] [proxy:error] [pid 13072:tid 20568] [client 201.245.192.253:40780] AH00898: Error reading from remote server returned by /kwsrmcab/Wsrmcab
[Mon Dec 12 08:54:00.482070 2022] [proxy_http:error] [pid 13072:tid 20892] (OS 10054)An existing connection was forcibly closed by the remote host.  : [client 201.245.192.253:58661] AH01102: error reading status line from remote server 172.22.1.32:80, referer: http://nuevo.ambientebogota.gov.co/
[Mon Dec 12 08:54:00.482070 2022] [proxy:error] [pid 13072:tid 20892] [client 201.245.192.253:58661] AH00898: Error reading from remote server returned by /bsc_sda/, referer: http://nuevo.ambientebogota.gov.co/
[Mon Dec 12 08:57:22.580425 2022] [mpm_winnt:warn] [pid 13072:tid 21944] (OS 64)The specified network name is no longer available.  : AH00341: winnt_accept: Asynchronous AcceptEx failed.
[Mon Dec 12 08:57:29.631638 2022] [proxy_http:error] [pid 13072:tid 20892] (OS 10054)An existing connection was forcibly closed by the remote host.  : [client 201.245.192.253:62374] AH01102: error reading status line from remote server 172.22.1.61:8080, referer: http://190.27.245.106/sipse/faces/faces/faces/faces/autenticacion.xhtml
[Mon Dec 12 08:57:29.631638 2022] [proxy:error] [pid 13072:tid 20892] [client 201.245.192.253:62374] AH00898: Error reading from remote server returned by /sipse/faces/presentacion/financiero/modificacionContrato/cargarModifiacion.xhtml, referer: http://190.27.245.106/sipse/faces/faces/faces/faces/autenticacion.xhtml
[Mon Dec 12 08:57:46.557668 2022] [proxy_http:error] [pid 13072:tid 20512] (OS 10054)An existing connection was forcibly closed by the remote host.  : [client 201.245.192.253:43224] AH01102: error reading status line from remote server 172.22.1.16:18080
[Mon Dec 12 08:57:46.557668 2022] [proxy:error] [pid 13072:tid 20512] [client 201.245.192.253:43224] AH00898: Error reading from remote server returned by /kwsrmcab/Wsrmcab
[Mon Dec 12 08:57:46.557668 2022] [proxy_http:error] [pid 13072:tid 20632] (OS 10054)An existing connection was forcibly closed by the remote host.  : [client 201.245.192.253:49967] AH01102: error reading status line from remote server 172.22.1.61:8080, referer: http://190.27.245.106/sipse/faces/faces/autenticacion.xhtml
[Mon Dec 12 08:57:46.557668 2022] [proxy:error] [pid 13072:tid 20632] [client 201.245.192.253:49967] AH00898: Error reading from remote server returned by /sipse/faces/javax.faces.resource/layout/layout.css, referer: http://190.27.245.106/sipse/faces/faces/autenticacion.xhtml
[Mon Dec 12 08:57:46.557668 2022] [proxy_http:error] [pid 13072:tid 21028] (OS 10054)An existing connection was forcibly closed by the remote host.  : [client 201.245.192.253:49969] AH01102: error reading status line from remote server 172.22.1.61:8080, referer: http://190.27.245.106/sipse/faces/faces/autenticacion.xhtml
[Mon Dec 12 08:57:46.557668 2022] [proxy:error] [pid 13072:tid 21028] [client 201.245.192.253:49969] AH00898: Error reading from remote server returned by /sipse/faces/javax.faces.resource/jquery/jquery-plugins.js, referer: http://190.27.245.106/sipse/faces/faces/autenticacion.xhtml
[Mon Dec 12 09:02:53.940607 2022] [mpm_winnt:warn] [pid 13072:tid 21944] (OS 64)The specified network name is no longer available.  : AH00341: winnt_accept: Asynchronous AcceptEx failed.
[Mon Dec 12 09:04:06.745935 2022] [mpm_winnt:warn] [pid 13072:tid 21944] (OS 64)The specified network name is no longer available.  : AH00341: winnt_accept: Asynchronous AcceptEx failed.
[Mon Dec 12 09:04:06.917536 2022] [mpm_winnt:warn] [pid 13072:tid 21944] (OS 64)The specified network name is no longer available.  : AH00341: winnt_accept: Asynchronous AcceptEx failed.
[Mon Dec 12 09:04:31.191178 2022] [mpm_winnt:warn] [pid 13072:tid 21944] (OS 64)The specified network name is no longer available.  : AH00341: winnt_accept: Asynchronous AcceptEx failed.
[Mon Dec 12 09:05:19.566863 2022] [mpm_winnt:warn] [pid 13072:tid 21944] (OS 64)The specified network name is no longer available.  : AH00341: winnt_accept: Asynchronous AcceptEx failed.
[Mon Dec 12 09:07:05.381849 2022] [mpm_winnt:warn] [pid 13072:tid 21944] (OS 64)The specified network name is no longer available.  : AH00341: winnt_accept: Asynchronous AcceptEx failed.
[Mon Dec 12 09:07:29.343491 2022] [mpm_winnt:warn] [pid 13072:tid 21944] (OS 64)The specified network name is no longer available.  : AH00341: winnt_accept: Asynchronous AcceptEx failed.
[Mon Dec 12 09:07:32.447897 2022] [mpm_winnt:warn] [pid 13072:tid 21944] (OS 64)The specified network name is no longer available.  : AH00341: winnt_accept: Asynchronous AcceptEx failed.
[Mon Dec 12 09:08:17.110775 2022] [mpm_winnt:warn] [pid 13072:tid 21944] (OS 64)The specified network name is no longer available.  : AH00341: winnt_accept: Asynchronous AcceptEx failed.
[Mon Dec 12 09:09:04.878059 2022] [mpm_winnt:warn] [pid 13072:tid 21944] (OS 64)The specified network name is no longer available.  : AH00341: winnt_accept: Asynchronous AcceptEx failed.
[Mon Dec 12 09:09:43.940528 2022] [proxy_http:error] [pid 13072:tid 21264] (OS 10054)An existing connection was forcibly closed by the remote host.  : [client 201.245.192.253:47604] AH01102: error reading status line from remote server 172.22.1.16:18080
[Mon Dec 12 09:09:43.940528 2022] [proxy:error] [pid 13072:tid 21264] [client 201.245.192.253:47604] AH00898: Error reading from remote server returned by /kwsrmcab/Wsrmcab
[Mon Dec 12 09:15:08.842298 2022] [mpm_winnt:warn] [pid 13072:tid 21944] (OS 64)The specified network name is no longer available.  : AH00341: winnt_accept: Asynchronous AcceptEx failed.
[Mon Dec 12 09:15:09.076299 2022] [mpm_winnt:warn] [pid 13072:tid 21944] (OS 64)The specified network name is no longer available.  : AH00341: winnt_accept: Asynchronous AcceptEx failed.
[Mon Dec 12 09:15:32.164339 2022] [mpm_winnt:warn] [pid 13072:tid 21944] (OS 64)The specified network name is no longer available.  : AH00341: winnt_accept: Asynchronous AcceptEx failed.
[Mon Dec 12 09:15:56.547182 2022] [mpm_winnt:warn] [pid 13072:tid 21944] (OS 64)The specified network name is no longer available.  : AH00341: winnt_accept: Asynchronous AcceptEx failed.
[Mon Dec 12 09:15:57.124383 2022] [mpm_winnt:warn] [pid 13072:tid 21944] (OS 64)The specified network name is no longer available.  : AH00341: winnt_accept: Asynchronous AcceptEx failed.
[Mon Dec 12 09:15:58.185185 2022] [proxy_http:error] [pid 13072:tid 21120] (OS 10054)An existing connection was forcibly closed by the remote host.  : [client 201.245.192.253:62589] AH01102: error reading status line from remote server 172.22.1.61:8080, referer: http://190.27.245.106/sipse/faces/faces/faces/faces/autenticacion.xhtml
[Mon Dec 12 09:15:58.185185 2022] [proxy:error] [pid 13072:tid 21120] [client 201.245.192.253:62589] AH00898: Error reading from remote server returned by /sipse/faces/presentacion/financiero/modificacionContrato/cargarModifiacion.xhtml, referer: http://190.27.245.106/sipse/faces/faces/faces/faces/autenticacion.xhtml
[Mon Dec 12 09:15:58.809186 2022] [mpm_winnt:warn] [pid 13072:tid 21944] (OS 64)The specified network name is no longer available.  : AH00341: winnt_accept: Asynchronous AcceptEx failed.
[Mon Dec 12 09:16:20.618024 2022] [mpm_winnt:warn] [pid 13072:tid 21944] (OS 64)The specified network name is no longer available.  : AH00341: winnt_accept: Asynchronous AcceptEx failed.
[Mon Dec 12 09:16:40.960460 2022] [proxy_http:error] [pid 13072:tid 20736] (OS 10054)An existing connection was forcibly closed by the remote host.  : [client 201.245.192.253:62603] AH01102: error reading status line from remote server 172.22.1.61:8080, referer: http://190.27.245.106/sipse/faces/faces/faces/faces/autenticacion.xhtml
[Mon Dec 12 09:16:40.960460 2022] [proxy:error] [pid 13072:tid 20736] [client 201.245.192.253:62603] AH00898: Error reading from remote server returned by /sipse/faces/javax.faces.resource/primefaces.css, referer: http://190.27.245.106/sipse/faces/faces/faces/faces/autenticacion.xhtml
[Mon Dec 12 09:16:44.564066 2022] [mpm_winnt:warn] [pid 13072:tid 21944] (OS 64)The specified network name is no longer available.  : AH00341: winnt_accept: Asynchronous AcceptEx failed.
[Mon Dec 12 09:28:52.352145 2022] [proxy_http:error] [pid 13072:tid 20632] (OS 10054)An existing connection was forcibly closed by the remote host.  : [client 186.29.159.93:8270] AH01102: error reading status line from remote server 172.22.1.61:8080, referer: http://190.27.245.106/sipse/faces/presentacion/financiero/solicitudProceso/consultarHistorialSolProceso.xhtml
[Mon Dec 12 09:28:52.352145 2022] [proxy:error] [pid 13072:tid 20632] [client 186.29.159.93:8270] AH00898: Error reading from remote server returned by /sipse/faces/presentacion/financiero/solicitudProceso/consultarSolicitudProceso.xhtml, referer: http://190.27.245.106/sipse/faces/presentacion/financiero/solicitudProceso/consultarHistorialSolProceso.xhtml
[Mon Dec 12 09:28:53.490947 2022] [proxy_http:error] [pid 13072:tid 21300] (OS 10054)An existing connection was forcibly closed by the remote host.  : [client 201.245.192.253:62776] AH01102: error reading status line from remote server 172.22.1.61:8080, referer: http://190.27.245.106/sipse/faces/presentacion/financiero/solicitudProceso/consultarSolicitudProceso.xhtml
[Mon Dec 12 09:28:53.490947 2022] [proxy:error] [pid 13072:tid 21300] [client 201.245.192.253:62776] AH00898: Error reading from remote server returned by /sipse/faces/javax.faces.resource/primefaces.css, referer: http://190.27.245.106/sipse/faces/presentacion/financiero/solicitudProceso/consultarSolicitudProceso.xhtml
[Mon Dec 12 09:28:53.490947 2022] [proxy_http:error] [pid 13072:tid 20608] (OS 10054)An existing connection was forcibly closed by the remote host.  : [client 201.245.192.253:62777] AH01102: error reading status line from remote server 172.22.1.61:8080, referer: http://190.27.245.106/sipse/faces/presentacion/financiero/solicitudProceso/consultarSolicitudProceso.xhtml
[Mon Dec 12 09:28:53.490947 2022] [proxy:error] [pid 13072:tid 20608] [client 201.245.192.253:62777] AH00898: Error reading from remote server returned by /sipse/faces/javax.faces.resource/layout/layout.css, referer: http://190.27.245.106/sipse/faces/presentacion/financiero/solicitudProceso/consultarSolicitudProceso.xhtml
[Mon Dec 12 09:32:31.672930 2022] [proxy_http:error] [pid 13072:tid 20936] (OS 10054)An existing connection was forcibly closed by the remote host.  : [client 201.245.192.253:60853] AH01102: error reading status line from remote server 172.22.1.16:18080, referer: http://190.27.245.106/appsia/controlador
[Mon Dec 12 09:32:31.672930 2022] [proxy:error] [pid 13072:tid 20936] [client 201.245.192.253:60853] AH00898: Error reading from remote server returned by /appsia/controlador, referer: http://190.27.245.106/appsia/controlador
[Mon Dec 12 09:42:40.932000 2022] [mpm_winnt:warn] [pid 13072:tid 21944] (OS 64)The specified network name is no longer available.  : AH00341: winnt_accept: Asynchronous AcceptEx failed.
[Mon Dec 12 09:43:59.977339 2022] [proxy_http:error] [pid 13072:tid 20568] (OS 10053)An established connection was aborted by the software in your host machine.  : [client 201.245.192.253:60973] AH01102: error reading status line from remote server 172.22.1.16:18080, referer: http://190.27.245.106/appsia/controlador?comando=regresar&id=88152509&funcionario=EDGAR+ALBERTO+ROJAS&desde=88152509&hasta=88152509&version=88152509
[Mon Dec 12 09:48:05.506170 2022] [mpm_winnt:warn] [pid 13072:tid 21944] (OS 64)The specified network name is no longer available.  : AH00341: winnt_accept: Asynchronous AcceptEx failed.
[Mon Dec 12 09:48:35.052622 2022] [mpm_winnt:warn] [pid 13072:tid 21944] (OS 64)The specified network name is no longer available.  : AH00341: winnt_accept: Asynchronous AcceptEx failed.
[Mon Dec 12 09:52:33.452241 2022] [proxy_http:error] [pid 13072:tid 20728] (OS 10054)An existing connection was forcibly closed by the remote host.  : [client 201.245.192.253:61415] AH01102: error reading status line from remote server 172.22.1.61:8080, referer: http://190.27.245.106/sipse/faces/faces/faces/autenticacion.xhtml
[Mon Dec 12 09:52:33.452241 2022] [proxy:error] [pid 13072:tid 20728] [client 201.245.192.253:61415] AH00898: Error reading from remote server returned by /sipse/faces/presentacion/financiero/solicitudProceso/listarSolicitudProceso.xhtml, referer: http://190.27.245.106/sipse/faces/faces/faces/autenticacion.xhtml
[Mon Dec 12 09:54:26.287239 2022] [proxy_http:error] [pid 13072:tid 21028] (OS 10054)An existing connection was forcibly closed by the remote host.  : [client 201.245.192.253:61558] AH01102: error reading status line from remote server 172.22.1.61:8080, referer: http://190.27.245.106/sipse/faces/presentacion/financiero/cdp/expedirCdp.xhtml
[Mon Dec 12 09:54:26.287239 2022] [proxy:error] [pid 13072:tid 21028] [client 201.245.192.253:61558] AH00898: Error reading from remote server returned by /sipse/faces/javax.faces.resource/jquery/jquery-plugins.js, referer: http://190.27.245.106/sipse/faces/presentacion/financiero/cdp/expedirCdp.xhtml
[Mon Dec 12 10:05:34.998013 2022] [mpm_winnt:warn] [pid 13072:tid 21944] (OS 64)The specified network name is no longer available.  : AH00341: winnt_accept: Asynchronous AcceptEx failed.
[Mon Dec 12 10:07:13.231386 2022] [proxy_http:error] [pid 13072:tid 20584] (OS 10054)An existing connection was forcibly closed by the remote host.  : [client 167.0.159.36:49908] AH01102: error reading status line from remote server 172.22.1.61:8080, referer: http://190.27.245.106/sipse/faces/faces/faces/autenticacion.xhtml
[Mon Dec 12 10:07:13.231386 2022] [proxy:error] [pid 13072:tid 20584] [client 167.0.159.36:49908] AH00898: Error reading from remote server returned by /sipse/faces/presentacion/financiero/solicitudProceso/consultarSolicitudProceso.xhtml, referer: http://190.27.245.106/sipse/faces/faces/faces/autenticacion.xhtml
[Mon Dec 12 10:07:18.535395 2022] [proxy_http:error] [pid 13072:tid 20936] (OS 10054)An existing connection was forcibly closed by the remote host.  : [client 201.245.192.253:62019] AH01102: error reading status line from remote server 172.22.1.61:8080, referer: http://190.27.245.106/sipse/faces/faces/faces/autenticacion.xhtml
[Mon Dec 12 10:07:18.535395 2022] [proxy:error] [pid 13072:tid 20936] [client 201.245.192.253:62019] AH00898: Error reading from remote server returned by /sipse/faces/javax.faces.resource/layout/layout.css, referer: http://190.27.245.106/sipse/faces/faces/faces/autenticacion.xhtml
[Mon Dec 12 10:07:23.777004 2022] [proxy_http:error] [pid 13072:tid 21176] (OS 10054)An existing connection was forcibly closed by the remote host.  : [client 167.0.159.36:49915] AH01102: error reading status line from remote server 172.22.1.61:8080, referer: http://190.27.245.106/sipse/faces/faces/faces/autenticacion.xhtml
[Mon Dec 12 10:07:23.777004 2022] [proxy:error] [pid 13072:tid 21176] [client 167.0.159.36:49915] AH00898: Error reading from remote server returned by /sipse/faces/javax.faces.resource/jquery/jquery-plugins.js, referer: http://190.27.245.106/sipse/faces/faces/faces/autenticacion.xhtml
[Mon Dec 12 10:07:28.722213 2022] [proxy_http:error] [pid 13072:tid 20892] (OS 10054)An existing connection was forcibly closed by the remote host.  : [client 201.245.192.253:62025] AH01102: error reading status line from remote server 172.22.1.61:8080, referer: http://190.27.245.106/sipse/faces/presentacion/contratacion/contrato/registroPresupuestal/consultarActividadesRP.xhtml
[Mon Dec 12 10:07:28.722213 2022] [proxy_http:error] [pid 13072:tid 20640] (OS 10054)An existing connection was forcibly closed by the remote host.  : [client 201.245.192.253:62018] AH01102: error reading status line from remote server 172.22.1.61:8080, referer: http://190.27.245.106/sipse/faces/presentacion/contratacion/contrato/registroPresupuestal/consultarActividadesRP.xhtml
[Mon Dec 12 10:09:48.186458 2022] [proxy_http:error] [pid 13072:tid 20920] (OS 10054)An existing connection was forcibly closed by the remote host.  : [client 186.84.90.26:5717] AH01102: error reading status line from remote server 172.22.1.16:18080
[Mon Dec 12 10:09:48.186458 2022] [proxy:error] [pid 13072:tid 20920] [client 186.84.90.26:5717] AH00898: Error reading from remote server returned by /appsia/controlador
[Mon Dec 12 10:09:52.538866 2022] [proxy_http:error] [pid 13072:tid 20548] (OS 10054)An existing connection was forcibly closed by the remote host.  : [client 201.245.192.253:50059] AH01102: error reading status line from remote server 172.22.1.16:18080, referer: http://190.27.245.106/appsia/controlador
[Mon Dec 12 10:09:52.538866 2022] [proxy:error] [pid 13072:tid 20548] [client 201.245.192.253:50059] AH00898: Error reading from remote server returned by /appsia/scripts/validarIngreso.js, referer: http://190.27.245.106/appsia/controlador
[Mon Dec 12 10:13:12.765217 2022] [proxy:error] [pid 13072:tid 20936] (OS 10060)A connection attempt failed because the connected party did not properly respond after a period of time, or established connection failed because connected host has failed to respond.  : AH00957: HTTP: attempt to connect to 192.168.175.30:80 (192.168.175.30) failed
[Mon Dec 12 10:13:12.765217 2022] [proxy:error] [pid 13072:tid 20936] AH00959: ap_proxy_connect_backend disabling worker for (192.168.175.30) for 60s
[Mon Dec 12 10:13:12.765217 2022] [proxy_http:error] [pid 13072:tid 20936] [client 190.159.241.62:60733] AH01114: HTTP: failed to make connection to backend: 192.168.175.30
[Mon Dec 12 10:13:18.459227 2022] [proxy_http:error] [pid 13072:tid 20592] (OS 10053)An established connection was aborted by the software in your host machine.  : [client 201.245.192.253:63327] AH01102: error reading status line from remote server 172.22.1.61:8080, referer: http://190.27.245.106/sipse/faces/presentacion/financiero/solicitudProceso/consultarSolicitudProceso.xhtml
[Mon Dec 12 10:13:18.459227 2022] [proxy:error] [pid 13072:tid 20592] [client 201.245.192.253:63327] AH00898: Error reading from remote server returned by /sipse/faces/javax.faces.resource/primefaces.css, referer: http://190.27.245.106/sipse/faces/presentacion/financiero/solicitudProceso/consultarSolicitudProceso.xhtml
[Mon Dec 12 10:13:33.934455 2022] [proxy:error] [pid 13072:tid 20936] (OS 10060)A connection attempt failed because the connected party did not properly respond after a period of time, or established connection failed because connected host has failed to respond.  : AH00957: HTTP: attempt to connect to 172.22.1.61:8080 (172.22.1.61) failed
[Mon Dec 12 10:13:33.934455 2022] [proxy:error] [pid 13072:tid 20936] AH00959: ap_proxy_connect_backend disabling worker for (172.22.1.61) for 60s
[Mon Dec 12 10:13:33.934455 2022] [proxy_http:error] [pid 13072:tid 20936] [client 201.245.192.253:54114] AH01114: HTTP: failed to make connection to backend: 172.22.1.61
[Mon Dec 12 10:13:39.519264 2022] [proxy:error] [pid 13072:tid 20592] (OS 10060)A connection attempt failed because the connected party did not properly respond after a period of time, or established connection failed because connected host has failed to respond.  : AH00957: HTTP: attempt to connect to 172.22.1.61:8080 (172.22.1.61) failed
[Mon Dec 12 10:13:39.519264 2022] [proxy:error] [pid 13072:tid 20592] AH00959: ap_proxy_connect_backend disabling worker for (172.22.1.61) for 60s
[Mon Dec 12 10:13:39.519264 2022] [proxy_http:error] [pid 13072:tid 20592] [client 201.245.192.253:63327] AH01114: HTTP: failed to make connection to backend: 172.22.1.61, referer: http://190.27.245.106/sipse/faces/presentacion/financiero/solicitudProceso/consultarSolicitudProceso.xhtml
[Mon Dec 12 10:13:41.812468 2022] [proxy:error] [pid 13072:tid 20936] AH00940: HTTP: disabled connection for (172.22.1.61)
[Mon Dec 12 10:13:42.467670 2022] [proxy:error] [pid 13072:tid 20592] AH00940: HTTP: disabled connection for (192.168.175.30)
[Mon Dec 12 10:13:43.965272 2022] [proxy:error] [pid 13072:tid 20704] AH00940: HTTP: disabled connection for (172.22.1.61)
[Mon Dec 12 10:13:44.776474 2022] [proxy:error] [pid 13072:tid 21064] AH00940: HTTP: disabled connection for (172.22.1.61)
[Mon Dec 12 10:13:46.523677 2022] [proxy:error] [pid 13072:tid 20728] AH00940: HTTP: disabled connection for (172.22.1.61)
[Mon Dec 12 10:13:48.489280 2022] [proxy:error] [pid 13072:tid 21048] AH00940: HTTP: disabled connection for (172.22.1.61)
[Mon Dec 12 10:13:48.816881 2022] [proxy:error] [pid 13072:tid 20836] AH00940: HTTP: disabled connection for (172.22.1.61)
[Mon Dec 12 10:13:49.253682 2022] [proxy:error] [pid 13072:tid 21028] AH00940: HTTP: disabled connection for (172.22.1.61)
[Mon Dec 12 10:13:49.409682 2022] [proxy:error] [pid 13072:tid 20704] AH00940: HTTP: disabled connection for (172.22.1.61)
[Mon Dec 12 10:13:49.596882 2022] [proxy:error] [pid 13072:tid 20704] AH00940: HTTP: disabled connection for (172.22.1.61)
[Mon Dec 12 10:13:49.784082 2022] [proxy:error] [pid 13072:tid 20704] AH00940: HTTP: disabled connection for (172.22.1.61)
[Mon Dec 12 10:13:49.940083 2022] [proxy:error] [pid 13072:tid 20704] AH00940: HTTP: disabled connection for (172.22.1.61)
[Mon Dec 12 10:13:50.096083 2022] [proxy:error] [pid 13072:tid 20704] AH00940: HTTP: disabled connection for (172.22.1.61)
[Mon Dec 12 10:13:50.283283 2022] [proxy:error] [pid 13072:tid 20704] AH00940: HTTP: disabled connection for (172.22.1.61)
[Mon Dec 12 10:13:50.454884 2022] [proxy:error] [pid 13072:tid 21028] AH00940: HTTP: disabled connection for (172.22.1.61)
[Mon Dec 12 10:13:51.156885 2022] [proxy:error] [pid 13072:tid 21028] AH00940: HTTP: disabled connection for (172.22.1.61)
[Mon Dec 12 10:13:51.328485 2022] [proxy:error] [pid 13072:tid 21028] AH00940: HTTP: disabled connection for (172.22.1.61)
[Mon Dec 12 10:13:51.500085 2022] [proxy:error] [pid 13072:tid 21028] AH00940: HTTP: disabled connection for (172.22.1.61)
[Mon Dec 12 10:13:51.562486 2022] [proxy:error] [pid 13072:tid 21048] AH00940: HTTP: disabled connection for (172.22.1.61)
[Mon Dec 12 10:13:51.640486 2022] [proxy:error] [pid 13072:tid 21048] AH00940: HTTP: disabled connection for (172.22.1.61)
[Mon Dec 12 10:13:51.812086 2022] [proxy:error] [pid 13072:tid 21048] AH00940: HTTP: disabled connection for (172.22.1.61)
[Mon Dec 12 10:13:51.983686 2022] [proxy:error] [pid 13072:tid 21048] AH00940: HTTP: disabled connection for (172.22.1.61)
[Mon Dec 12 10:13:52.202087 2022] [proxy:error] [pid 13072:tid 21048] AH00940: HTTP: disabled connection for (172.22.1.61)
[Mon Dec 12 10:13:52.404887 2022] [proxy:error] [pid 13072:tid 21048] AH00940: HTTP: disabled connection for (172.22.1.61)
[Mon Dec 12 10:14:03.683707 2022] [proxy:error] [pid 13072:tid 20624] AH00940: HTTP: disabled connection for (172.22.1.61)
[Mon Dec 12 10:14:03.699307 2022] [proxy:error] [pid 13072:tid 21176] AH00940: HTTP: disabled connection for (172.22.1.61)
[Mon Dec 12 10:14:03.699307 2022] [proxy:error] [pid 13072:tid 21176] AH00940: HTTP: disabled connection for (172.22.1.61)
[Mon Dec 12 10:14:03.714907 2022] [proxy:error] [pid 13072:tid 21176] AH00940: HTTP: disabled connection for (172.22.1.61)
[Mon Dec 12 10:14:03.730507 2022] [proxy:error] [pid 13072:tid 21176] AH00940: HTTP: disabled connection for (172.22.1.61)
[Mon Dec 12 10:14:03.730507 2022] [proxy:error] [pid 13072:tid 21176] AH00940: HTTP: disabled connection for (172.22.1.61)
[Mon Dec 12 10:14:03.746107 2022] [proxy:error] [pid 13072:tid 21176] AH00940: HTTP: disabled connection for (172.22.1.61)
[Mon Dec 12 10:14:03.761707 2022] [proxy:error] [pid 13072:tid 21176] AH00940: HTTP: disabled connection for (172.22.1.61)
[Mon Dec 12 10:14:03.761707 2022] [proxy:error] [pid 13072:tid 21176] AH00940: HTTP: disabled connection for (172.22.1.61)
[Mon Dec 12 10:14:03.777307 2022] [proxy:error] [pid 13072:tid 21176] AH00940: HTTP: disabled connection for (172.22.1.61)
[Mon Dec 12 10:14:03.792907 2022] [proxy:error] [pid 13072:tid 21176] AH00940: HTTP: disabled connection for (172.22.1.61)
[Mon Dec 12 10:14:03.792907 2022] [proxy:error] [pid 13072:tid 21176] AH00940: HTTP: disabled connection for (172.22.1.61)
[Mon Dec 12 10:14:03.808507 2022] [proxy:error] [pid 13072:tid 21176] AH00940: HTTP: disabled connection for (172.22.1.61)
[Mon Dec 12 10:14:03.808507 2022] [proxy:error] [pid 13072:tid 21176] AH00940: HTTP: disabled connection for (172.22.1.61)
[Mon Dec 12 10:14:03.824107 2022] [proxy:error] [pid 13072:tid 21176] AH00940: HTTP: disabled connection for (172.22.1.61)
[Mon Dec 12 10:14:03.839707 2022] [proxy:error] [pid 13072:tid 21176] AH00940: HTTP: disabled connection for (172.22.1.61)
[Mon Dec 12 10:14:03.839707 2022] [proxy:error] [pid 13072:tid 21176] AH00940: HTTP: disabled connection for (172.22.1.61)
[Mon Dec 12 10:14:03.855307 2022] [proxy:error] [pid 13072:tid 21176] AH00940: HTTP: disabled connection for (172.22.1.61)
[Mon Dec 12 10:14:03.855307 2022] [proxy:error] [pid 13072:tid 21176] AH00940: HTTP: disabled connection for (172.22.1.61)
[Mon Dec 12 10:14:03.886507 2022] [proxy:error] [pid 13072:tid 21176] AH00940: HTTP: disabled connection for (172.22.1.61)
[Mon Dec 12 10:14:03.886507 2022] [proxy:error] [pid 13072:tid 21176] AH00940: HTTP: disabled connection for (172.22.1.61)
