!C99Shell v. 1.0 pre-release build #13!

Software: Apache. PHP/5.5.15 

uname -a: Windows NT SVR-DMZ 6.1 build 7600 (Windows Server 2008 R2 Enterprise Edition) i586 

SYSTEM 

Safe-mode: OFF (not secure)

E:\nuevo\apache\logs\   drwxrwxrwx
Free 8.02 GB of 239.26 GB (3.35%)
Detected drives: [ a ] [ c ] [ d ] [ e ] [ f ]
Home    Back    Forward    UPDIR    Refresh    Search    Buffer    Encoder    Tools    Proc.    FTP brute    Sec.    SQL    PHP-code    Update    Feedback    Self remove    Logout    


Viewing file:     error.2023.04.25.log (132.78 KB)      -rw-rw-rw-
Select action/file-type:
(+) | (+) | (+) | Code (+) | Session (+) | (+) | SDB (+) | (+) | (+) | (+) | (+) | (+) |
[Tue Apr 25 00:15:54.050291 2023] [cgi:error] [pid 13072:tid 17892] [client 92.118.39.82:40352] script not found or unable to stat: E:/nuevo/cgi-bin/downloadFlile.cgi
[Tue Apr 25 00:18:03.998519 2023] [mpm_winnt:warn] [pid 13072:tid 21944] (OS 64)The specified network name is no longer available.  : AH00341: winnt_accept: Asynchronous AcceptEx failed.
[Tue Apr 25 00:34:03.868205 2023] [mpm_winnt:warn] [pid 13072:tid 21944] (OS 64)The specified network name is no longer available.  : AH00341: winnt_accept: Asynchronous AcceptEx failed.
[Tue Apr 25 00:44:05.530062 2023] [cgi:error] [pid 13072:tid 18248] [client 193.32.162.159:49502] script not found or unable to stat: E:/nuevo/htdocs/dispatch.asp
[Tue Apr 25 00:56:25.142961 2023] [mpm_winnt:warn] [pid 13072:tid 21944] (OS 64)The specified network name is no longer available.  : AH00341: winnt_accept: Asynchronous AcceptEx failed.
[Tue Apr 25 01:17:05.485540 2023] [proxy:error] [pid 13072:tid 17892] (OS 10061)No connection could be made because the target machine actively refused it.  : AH00957: HTTP: attempt to connect to 172.22.1.51:8399 (172.22.1.51) failed
[Tue Apr 25 01:17:05.485540 2023] [proxy:error] [pid 13072:tid 17892] AH00959: ap_proxy_connect_backend disabling worker for (172.22.1.51) for 60s
[Tue Apr 25 01:17:05.485540 2023] [proxy_http:error] [pid 13072:tid 17892] [client 152.61.192.232:51403] AH01114: HTTP: failed to make connection to backend: 172.22.1.51
[Tue Apr 25 01:17:05.766340 2023] [proxy:error] [pid 13072:tid 17892] AH00940: HTTP: disabled connection for (172.22.1.51)
[Tue Apr 25 01:17:06.015941 2023] [proxy:error] [pid 13072:tid 17892] AH00940: HTTP: disabled connection for (172.22.1.51)
[Tue Apr 25 01:21:10.515170 2023] [mpm_winnt:warn] [pid 13072:tid 21944] (OS 64)The specified network name is no longer available.  : AH00341: winnt_accept: Asynchronous AcceptEx failed.
[Tue Apr 25 01:23:03.365768 2023] [mpm_winnt:warn] [pid 13072:tid 21944] (OS 64)The specified network name is no longer available.  : AH00341: winnt_accept: Asynchronous AcceptEx failed.
[Tue Apr 25 01:24:31.989524 2023] [proxy:error] [pid 13072:tid 18480] (OS 10061)No connection could be made because the target machine actively refused it.  : AH00957: HTTP: attempt to connect to 172.22.1.51:8399 (172.22.1.51) failed
[Tue Apr 25 01:24:31.989524 2023] [proxy:error] [pid 13072:tid 18480] AH00959: ap_proxy_connect_backend disabling worker for (172.22.1.51) for 60s
[Tue Apr 25 01:24:31.989524 2023] [proxy_http:error] [pid 13072:tid 18480] [client 152.61.128.50:48165] AH01114: HTTP: failed to make connection to backend: 172.22.1.51
[Tue Apr 25 01:24:32.270324 2023] [proxy:error] [pid 13072:tid 18480] AH00940: HTTP: disabled connection for (172.22.1.51)
[Tue Apr 25 01:24:32.519925 2023] [proxy:error] [pid 13072:tid 18480] AH00940: HTTP: disabled connection for (172.22.1.51)
[Tue Apr 25 01:30:11.648920 2023] [mpm_winnt:warn] [pid 13072:tid 21944] (OS 64)The specified network name is no longer available.  : AH00341: winnt_accept: Asynchronous AcceptEx failed.
[Tue Apr 25 01:38:00.304944 2023] [proxy:error] [pid 13072:tid 18244] (OS 10061)No connection could be made because the target machine actively refused it.  : AH00957: HTTP: attempt to connect to 172.22.1.16:18080 (172.22.1.16) failed
[Tue Apr 25 01:38:00.304944 2023] [proxy:error] [pid 13072:tid 18244] AH00959: ap_proxy_connect_backend disabling worker for (172.22.1.16) for 60s
[Tue Apr 25 01:38:00.304944 2023] [proxy_http:error] [pid 13072:tid 18244] [client 201.245.192.253:39232] AH01114: HTTP: failed to make connection to backend: 172.22.1.16
[Tue Apr 25 01:38:55.622641 2023] [proxy:error] [pid 13072:tid 18276] AH00940: HTTP: disabled connection for (172.22.1.16)
[Tue Apr 25 01:49:29.217754 2023] [authz_core:error] [pid 13072:tid 18244] [client 179.43.163.111:35194] AH01630: client denied by server configuration: E:/nuevo/phpMyAdmin/
[Tue Apr 25 02:33:27.275987 2023] [mpm_winnt:warn] [pid 13072:tid 21944] (OS 64)The specified network name is no longer available.  : AH00341: winnt_accept: Asynchronous AcceptEx failed.
[Tue Apr 25 04:25:55.832240 2023] [mpm_winnt:warn] [pid 13072:tid 21944] (OS 64)The specified network name is no longer available.  : AH00341: winnt_accept: Asynchronous AcceptEx failed.
[Tue Apr 25 05:11:53.839084 2023] [cgi:error] [pid 13072:tid 18248] [client 193.32.162.159:43948] script not found or unable to stat: E:/nuevo/htdocs/dispatch.asp
[Tue Apr 25 06:27:27.394247 2023] [mpm_winnt:warn] [pid 13072:tid 21944] (OS 64)The specified network name is no longer available.  : AH00341: winnt_accept: Asynchronous AcceptEx failed.
[Tue Apr 25 06:27:48.750685 2023] [mpm_winnt:warn] [pid 13072:tid 21944] (OS 64)The specified network name is no longer available.  : AH00341: winnt_accept: Asynchronous AcceptEx failed.
[Tue Apr 25 06:27:48.750685 2023] [mpm_winnt:warn] [pid 13072:tid 21944] (OS 64)The specified network name is no longer available.  : AH00341: winnt_accept: Asynchronous AcceptEx failed.
[Tue Apr 25 07:03:54.174888 2023] [mpm_winnt:warn] [pid 13072:tid 21944] (OS 64)The specified network name is no longer available.  : AH00341: winnt_accept: Asynchronous AcceptEx failed.
[Tue Apr 25 07:45:31.442874 2023] [mpm_winnt:warn] [pid 13072:tid 21944] (OS 64)The specified network name is no longer available.  : AH00341: winnt_accept: Asynchronous AcceptEx failed.
[Tue Apr 25 09:08:27.758015 2023] [mpm_winnt:warn] [pid 13072:tid 21944] (OS 64)The specified network name is no longer available.  : AH00341: winnt_accept: Asynchronous AcceptEx failed.
[Tue Apr 25 09:12:22.569627 2023] [mpm_winnt:warn] [pid 13072:tid 21944] (OS 64)The specified network name is no longer available.  : AH00341: winnt_accept: Asynchronous AcceptEx failed.
[Tue Apr 25 09:14:27.541447 2023] [mpm_winnt:warn] [pid 13072:tid 21944] (OS 64)The specified network name is no longer available.  : AH00341: winnt_accept: Asynchronous AcceptEx failed.
[Tue Apr 25 09:36:35.836980 2023] [mpm_winnt:warn] [pid 13072:tid 21944] (OS 64)The specified network name is no longer available.  : AH00341: winnt_accept: Asynchronous AcceptEx failed.
[Tue Apr 25 09:54:13.316037 2023] [mpm_winnt:warn] [pid 13072:tid 21944] (OS 64)The specified network name is no longer available.  : AH00341: winnt_accept: Asynchronous AcceptEx failed.
[Tue Apr 25 10:03:04.528170 2023] [mpm_winnt:warn] [pid 13072:tid 21944] (OS 64)The specified network name is no longer available.  : AH00341: winnt_accept: Asynchronous AcceptEx failed.
[Tue Apr 25 10:03:49.846250 2023] [core:error] [pid 13072:tid 18888] [client 107.170.231.13:42594] AH00135: Invalid method in request MGLNDD_190.27.245.106_80
[Tue Apr 25 10:40:34.254922 2023] [mpm_winnt:warn] [pid 13072:tid 21944] (OS 64)The specified network name is no longer available.  : AH00341: winnt_accept: Asynchronous AcceptEx failed.
[Tue Apr 25 11:12:45.335513 2023] [proxy_http:error] [pid 13072:tid 18528] (OS 10054)An existing connection was forcibly closed by the remote host.  : [client 186.102.4.64:44137] AH02609: read request body failed to 172.22.1.16:18080 (172.22.1.16) from 186.102.4.64 (), referer: http://localhost/visitForms
[Tue Apr 25 11:12:45.335513 2023] [proxy_http:error] [pid 13072:tid 18528] [client 186.102.4.64:44137] AH01097: pass request body failed to 172.22.1.16:18080 (172.22.1.16) from 186.102.4.64 (), referer: http://localhost/visitForms
[Tue Apr 25 11:21:01.322784 2023] [cgi:error] [pid 13072:tid 18332] [client 193.32.162.159:37054] script not found or unable to stat: E:/nuevo/htdocs/dispatch.asp
[Tue Apr 25 11:21:59.011686 2023] [mpm_winnt:warn] [pid 13072:tid 21944] (OS 64)The specified network name is no longer available.  : AH00341: winnt_accept: Asynchronous AcceptEx failed.
[Tue Apr 25 11:44:17.634437 2023] [mpm_winnt:warn] [pid 13072:tid 21944] (OS 64)The specified network name is no longer available.  : AH00341: winnt_accept: Asynchronous AcceptEx failed.
[Tue Apr 25 11:44:33.140864 2023] [mpm_winnt:warn] [pid 13072:tid 21944] (OS 64)The specified network name is no longer available.  : AH00341: winnt_accept: Asynchronous AcceptEx failed.
[Tue Apr 25 12:01:01.106199 2023] [mpm_winnt:warn] [pid 13072:tid 21944] (OS 64)The specified network name is no longer available.  : AH00341: winnt_accept: Asynchronous AcceptEx failed.
[Tue Apr 25 12:13:53.775557 2023] [proxy_http:error] [pid 13072:tid 20912] (70008)Partial results are valid but processing is incomplete: [client 201.245.192.253:57463] AH02609: read request body failed to 172.22.1.61:8080 (172.22.1.61) from 201.245.192.253 (), referer: http://190.27.245.106/sipse/faces/presentacion/financiero/solicitudProceso/consultarSolicitudProceso.xhtml
[Tue Apr 25 12:13:53.775557 2023] [proxy_http:error] [pid 13072:tid 20912] [client 201.245.192.253:57463] AH01097: pass request body failed to 172.22.1.61:8080 (172.22.1.61) from 201.245.192.253 (), referer: http://190.27.245.106/sipse/faces/presentacion/financiero/solicitudProceso/consultarSolicitudProceso.xhtml
[Tue Apr 25 13:11:51.567665 2023] [mpm_winnt:warn] [pid 13072:tid 21944] (OS 64)The specified network name is no longer available.  : AH00341: winnt_accept: Asynchronous AcceptEx failed.
[Tue Apr 25 13:21:17.801860 2023] [mpm_winnt:warn] [pid 13072:tid 21944] (OS 64)The specified network name is no longer available.  : AH00341: winnt_accept: Asynchronous AcceptEx failed.
[Tue Apr 25 13:35:12.933726 2023] [mpm_winnt:warn] [pid 13072:tid 21944] (OS 64)The specified network name is no longer available.  : AH00341: winnt_accept: Asynchronous AcceptEx failed.
[Tue Apr 25 14:14:28.054263 2023] [mpm_winnt:warn] [pid 13072:tid 21944] (OS 64)The specified network name is no longer available.  : AH00341: winnt_accept: Asynchronous AcceptEx failed.
[Tue Apr 25 14:16:43.197300 2023] [negotiation:error] [pid 13072:tid 18504] [client 213.186.1.154:11628] AH00690: no acceptable variant: E:/nuevo/apache/error/HTTP_NOT_FOUND.html.var
[Tue Apr 25 14:30:30.092353 2023] [mpm_winnt:warn] [pid 13072:tid 21944] (OS 64)The specified network name is no longer available.  : AH00341: winnt_accept: Asynchronous AcceptEx failed.
[Tue Apr 25 14:56:03.169445 2023] [mpm_winnt:warn] [pid 13072:tid 21944] (OS 64)The specified network name is no longer available.  : AH00341: winnt_accept: Asynchronous AcceptEx failed.
[Tue Apr 25 14:56:03.185045 2023] [mpm_winnt:warn] [pid 13072:tid 21944] (OS 64)The specified network name is no longer available.  : AH00341: winnt_accept: Asynchronous AcceptEx failed.
[Tue Apr 25 14:56:04.838648 2023] [mpm_winnt:warn] [pid 13072:tid 21944] (OS 64)The specified network name is no longer available.  : AH00341: winnt_accept: Asynchronous AcceptEx failed.
[Tue Apr 25 14:56:04.854248 2023] [mpm_winnt:warn] [pid 13072:tid 21944] (OS 64)The specified network name is no longer available.  : AH00341: winnt_accept: Asynchronous AcceptEx failed.
[Tue Apr 25 14:56:04.963449 2023] [mpm_winnt:warn] [pid 13072:tid 21944] (OS 64)The specified network name is no longer available.  : AH00341: winnt_accept: Asynchronous AcceptEx failed.
[Tue Apr 25 14:56:05.244249 2023] [mpm_winnt:warn] [pid 13072:tid 21944] (OS 64)The specified network name is no longer available.  : AH00341: winnt_accept: Asynchronous AcceptEx failed.
[Tue Apr 25 14:56:24.338683 2023] [mpm_winnt:warn] [pid 13072:tid 21944] (OS 64)The specified network name is no longer available.  : AH00341: winnt_accept: Asynchronous AcceptEx failed.
[Tue Apr 25 14:56:24.338683 2023] [mpm_winnt:warn] [pid 13072:tid 21944] (OS 64)The specified network name is no longer available.  : AH00341: winnt_accept: Asynchronous AcceptEx failed.
[Tue Apr 25 14:57:29.983598 2023] [mpm_winnt:warn] [pid 13072:tid 21944] (OS 64)The specified network name is no longer available.  : AH00341: winnt_accept: Asynchronous AcceptEx failed.
[Tue Apr 25 14:57:29.983598 2023] [mpm_winnt:warn] [pid 13072:tid 21944] (OS 64)The specified network name is no longer available.  : AH00341: winnt_accept: Asynchronous AcceptEx failed.
[Tue Apr 25 15:27:09.821924 2023] [cgi:error] [pid 13072:tid 18112] [client 193.32.162.159:52360] script not found or unable to stat: E:/nuevo/htdocs/dispatch.asp
[Tue Apr 25 16:55:23.784822 2023] [mpm_winnt:warn] [pid 13072:tid 21944] (OS 64)The specified network name is no longer available.  : AH00341: winnt_accept: Asynchronous AcceptEx failed.
[Tue Apr 25 17:06:17.332370 2023] [mpm_winnt:warn] [pid 13072:tid 21944] (OS 64)The specified network name is no longer available.  : AH00341: winnt_accept: Asynchronous AcceptEx failed.
[Tue Apr 25 17:37:28.025256 2023] [cgi:error] [pid 13072:tid 19096] [client 193.32.162.159:45222] script not found or unable to stat: E:/nuevo/htdocs/dispatch.asp
[Tue Apr 25 17:56:10.634428 2023] [mpm_winnt:warn] [pid 13072:tid 21944] (OS 64)The specified network name is no longer available.  : AH00341: winnt_accept: Asynchronous AcceptEx failed.
[Tue Apr 25 17:57:57.791016 2023] [proxy_http:error] [pid 13072:tid 18292] (OS 10053)An established connection was aborted by the software in your host machine.  : [client 201.245.192.253:65019] AH01102: error reading status line from remote server 172.22.1.61:8080, referer: http://190.27.245.106/sipse/faces/faces/autenticacion.xhtml
[Tue Apr 25 17:57:57.791016 2023] [proxy:error] [pid 13072:tid 18292] [client 201.245.192.253:65019] AH00898: Error reading from remote server returned by /sipse/faces/presentacion/financiero/solicitudProceso/consultar.xhtml, referer: http://190.27.245.106/sipse/faces/faces/autenticacion.xhtml
[Tue Apr 25 17:57:58.149817 2023] [proxy_http:error] [pid 13072:tid 19020] (OS 10053)An established connection was aborted by the software in your host machine.  : [client 190.109.20.167:62191] AH01102: error reading status line from remote server 172.22.1.61:8080
[Tue Apr 25 17:57:58.149817 2023] [proxy:error] [pid 13072:tid 19020] [client 190.109.20.167:62191] AH00898: Error reading from remote server returned by /reportes_sipse/jsp/inicio.jsp
[Tue Apr 25 17:57:59.850219 2023] [proxy_http:error] [pid 13072:tid 20356] (OS 10053)An established connection was aborted by the software in your host machine.  : [client 190.109.20.167:14076] AH01102: error reading status line from remote server 172.22.1.61:8080
[Tue Apr 25 17:57:59.850219 2023] [proxy:error] [pid 13072:tid 20356] [client 190.109.20.167:14076] AH00898: Error reading from remote server returned by /reportes_sipse/jsp/inicio.jsp
[Tue Apr 25 17:58:47.040302 2023] [proxy_http:error] [pid 13072:tid 20356] (OS 10053)An established connection was aborted by the software in your host machine.  : [client 201.245.192.253:63971] AH01102: error reading status line from remote server 172.22.1.61:8080, referer: http://190.27.245.106/sipse/faces/faces/autenticacion.xhtml
[Tue Apr 25 17:58:47.040302 2023] [proxy:error] [pid 13072:tid 20356] [client 201.245.192.253:63971] AH00898: Error reading from remote server returned by /sipse/faces/presentacion/financiero/solicitudProceso/listarSolicitudProceso.xhtml, referer: http://190.27.245.106/sipse/faces/faces/autenticacion.xhtml
[Tue Apr 25 17:59:20.829962 2023] [proxy_http:error] [pid 13072:tid 19120] (OS 10053)An established connection was aborted by the software in your host machine.  : [client 201.245.192.253:64024] AH01102: error reading status line from remote server 172.22.1.61:8080, referer: http://nuevo.ambientebogota.gov.co/
[Tue Apr 25 17:59:20.829962 2023] [proxy:error] [pid 13072:tid 19120] [client 201.245.192.253:64024] AH00898: Error reading from remote server returned by /sipse/faces/index.xhtml, referer: http://nuevo.ambientebogota.gov.co/
[Tue Apr 25 17:59:48.488810 2023] [proxy_http:error] [pid 13072:tid 19488] (OS 10053)An established connection was aborted by the software in your host machine.  : [client 190.109.20.167:40511] AH01102: error reading status line from remote server 172.22.1.61:8080
[Tue Apr 25 17:59:48.488810 2023] [proxy:error] [pid 13072:tid 19488] [client 190.109.20.167:40511] AH00898: Error reading from remote server returned by /reportes_sipse/jsp/inicio.jsp
[Tue Apr 25 18:00:15.788858 2023] [proxy_http:error] [pid 13072:tid 18004] (OS 10053)An established connection was aborted by the software in your host machine.  : [client 201.245.192.253:64034] AH01102: error reading status line from remote server 172.22.1.61:8080, referer: http://nuevo.ambientebogota.gov.co/
[Tue Apr 25 18:00:15.788858 2023] [proxy:error] [pid 13072:tid 18004] [client 201.245.192.253:64034] AH00898: Error reading from remote server returned by /sipse/faces/index.xhtml, referer: http://nuevo.ambientebogota.gov.co/
[Tue Apr 25 18:01:12.962959 2023] [proxy_http:error] [pid 13072:tid 19488] (OS 10053)An established connection was aborted by the software in your host machine.  : [client 201.245.192.253:64113] AH01102: error reading status line from remote server 172.22.1.61:8080, referer: http://nuevo.ambientebogota.gov.co/
[Tue Apr 25 18:01:12.962959 2023] [proxy:error] [pid 13072:tid 19488] [client 201.245.192.253:64113] AH00898: Error reading from remote server returned by /sipse/faces/index.xhtml, referer: http://nuevo.ambientebogota.gov.co/
[Tue Apr 25 18:03:22.661586 2023] [proxy_http:error] [pid 13072:tid 19020] (OS 10053)An established connection was aborted by the software in your host machine.  : [client 190.249.21.140:61969] AH01102: error reading status line from remote server 172.22.1.61:8080
[Tue Apr 25 18:03:22.661586 2023] [proxy:error] [pid 13072:tid 19020] [client 190.249.21.140:61969] AH00898: Error reading from remote server returned by /sipse/faces/index.xhtml
[Tue Apr 25 18:03:25.313591 2023] [proxy_http:error] [pid 13072:tid 19048] (OS 10053)An established connection was aborted by the software in your host machine.  : [client 190.249.21.140:61968] AH01102: error reading status line from remote server 172.22.1.61:8080
[Tue Apr 25 18:03:25.313591 2023] [proxy:error] [pid 13072:tid 19048] [client 190.249.21.140:61968] AH00898: Error reading from remote server returned by /sipse/faces/index.xhtml
[Tue Apr 25 18:04:23.564093 2023] [proxy_http:error] [pid 13072:tid 18004] (OS 10053)An established connection was aborted by the software in your host machine.  : [client 152.203.238.239:58531] AH01102: error reading status line from remote server 172.22.1.61:8080, referer: http://nuevo.ambientebogota.gov.co/
[Tue Apr 25 18:04:23.564093 2023] [proxy:error] [pid 13072:tid 18004] [client 152.203.238.239:58531] AH00898: Error reading from remote server returned by /sipse/faces/index.xhtml, referer: http://nuevo.ambientebogota.gov.co/
[Tue Apr 25 18:04:49.070138 2023] [proxy_http:error] [pid 13072:tid 18004] (OS 10053)An established connection was aborted by the software in your host machine.  : [client 152.203.238.239:58531] AH01102: error reading status line from remote server 172.22.1.61:8080, referer: http://nuevo.ambientebogota.gov.co/
[Tue Apr 25 18:05:08.024172 2023] [proxy_http:error] [pid 13072:tid 18864] (OS 10053)An established connection was aborted by the software in your host machine.  : [client 152.203.238.239:58530] AH01102: error reading status line from remote server 172.22.1.61:8080, referer: http://nuevo.ambientebogota.gov.co/
[Tue Apr 25 18:05:08.024172 2023] [proxy:error] [pid 13072:tid 18864] [client 152.203.238.239:58530] AH00898: Error reading from remote server returned by /sipse/faces/index.xhtml, referer: http://nuevo.ambientebogota.gov.co/
[Tue Apr 25 18:05:44.075835 2023] [proxy_http:error] [pid 13072:tid 18864] (OS 10053)An established connection was aborted by the software in your host machine.  : [client 152.203.238.239:58538] AH01102: error reading status line from remote server 172.22.1.61:8080, referer: http://nuevo.ambientebogota.gov.co/
[Tue Apr 25 18:05:44.075835 2023] [proxy:error] [pid 13072:tid 18864] [client 152.203.238.239:58538] AH00898: Error reading from remote server returned by /sipse/faces/index.xhtml, referer: http://nuevo.ambientebogota.gov.co/
[Tue Apr 25 18:06:58.862366 2023] [proxy_http:error] [pid 13072:tid 18716] (OS 10053)An established connection was aborted by the software in your host machine.  : [client 152.203.238.239:58549] AH01102: error reading status line from remote server 172.22.1.61:8080
[Tue Apr 25 18:06:58.862366 2023] [proxy:error] [pid 13072:tid 18716] [client 152.203.238.239:58549] AH00898: Error reading from remote server returned by /sipse/faces/index.xhtml
[Tue Apr 25 18:07:46.863651 2023] [proxy_http:error] [pid 13072:tid 18716] (OS 10053)An established connection was aborted by the software in your host machine.  : [client 201.245.192.253:49970] AH01102: error reading status line from remote server 172.22.1.61:8080, referer: http://190.27.245.106/sipse/faces/faces/faces/faces/autenticacion.xhtml
[Tue Apr 25 18:07:46.863651 2023] [proxy:error] [pid 13072:tid 18716] [client 201.245.192.253:49970] AH00898: Error reading from remote server returned by /sipse/faces/autenticacion.xhtml, referer: http://190.27.245.106/sipse/faces/faces/faces/faces/autenticacion.xhtml
[Tue Apr 25 18:08:05.864484 2023] [proxy_http:error] [pid 13072:tid 18716] (OS 10053)An established connection was aborted by the software in your host machine.  : [client 201.245.192.253:49970] AH01102: error reading status line from remote server 172.22.1.61:8080, referer: http://190.27.245.106/sipse/faces/faces/faces/faces/autenticacion.xhtml
[Tue Apr 25 18:08:10.638092 2023] [proxy_http:error] [pid 13072:tid 20964] (OS 10053)An established connection was aborted by the software in your host machine.  : [client 201.245.192.253:64180] AH01102: error reading status line from remote server 172.22.1.61:8080, referer: http://nuevo.ambientebogota.gov.co/
[Tue Apr 25 18:08:10.638092 2023] [proxy:error] [pid 13072:tid 20964] [client 201.245.192.253:64180] AH00898: Error reading from remote server returned by /sipse/faces/index.xhtml, referer: http://nuevo.ambientebogota.gov.co/
[Tue Apr 25 18:08:24.802917 2023] [proxy_http:error] [pid 13072:tid 18716] (OS 10053)An established connection was aborted by the software in your host machine.  : [client 201.245.192.253:49972] AH01102: error reading status line from remote server 172.22.1.61:8080, referer: http://190.27.245.106/sipse/faces/faces/faces/faces/autenticacion.xhtml
[Tue Apr 25 18:08:24.802917 2023] [proxy:error] [pid 13072:tid 18716] [client 201.245.192.253:49972] AH00898: Error reading from remote server returned by /sipse/faces/autenticacion.xhtml, referer: http://190.27.245.106/sipse/faces/faces/faces/faces/autenticacion.xhtml
[Tue Apr 25 18:08:35.785336 2023] [proxy_http:error] [pid 13072:tid 18316] (OS 10053)An established connection was aborted by the software in your host machine.  : [client 201.245.192.253:49989] AH01102: error reading status line from remote server 172.22.1.61:8080
[Tue Apr 25 18:08:35.785336 2023] [proxy:error] [pid 13072:tid 18316] [client 201.245.192.253:49989] AH00898: Error reading from remote server returned by /sipse/faces/faces/faces/autenticacion.xhtml
[Tue Apr 25 18:08:40.948946 2023] [proxy_http:error] [pid 13072:tid 18864] (OS 10053)An established connection was aborted by the software in your host machine.  : [client 201.245.192.253:49991] AH01102: error reading status line from remote server 172.22.1.61:8080
[Tue Apr 25 18:08:40.948946 2023] [proxy:error] [pid 13072:tid 18864] [client 201.245.192.253:49991] AH00898: Error reading from remote server returned by /sipse/faces/faces/faces/autenticacion.xhtml
[Tue Apr 25 18:08:47.516557 2023] [proxy_http:error] [pid 13072:tid 20964] (OS 10053)An established connection was aborted by the software in your host machine.  : [client 201.245.192.253:49992] AH01102: error reading status line from remote server 172.22.1.61:8080
[Tue Apr 25 18:08:47.516557 2023] [proxy:error] [pid 13072:tid 20964] [client 201.245.192.253:49992] AH00898: Error reading from remote server returned by /sipse/faces/faces/faces/autenticacion.xhtml
[Tue Apr 25 18:08:49.060960 2023] [proxy_http:error] [pid 13072:tid 19488] (OS 10053)An established connection was aborted by the software in your host machine.  : [client 201.245.192.253:49993] AH01102: error reading status line from remote server 172.22.1.61:8080
[Tue Apr 25 18:08:49.060960 2023] [proxy:error] [pid 13072:tid 19488] [client 201.245.192.253:49993] AH00898: Error reading from remote server returned by /sipse/faces/faces/faces/autenticacion.xhtml
[Tue Apr 25 18:08:49.216960 2023] [proxy_http:error] [pid 13072:tid 18716] (OS 10053)An established connection was aborted by the software in your host machine.  : [client 201.245.192.253:49994] AH01102: error reading status line from remote server 172.22.1.61:8080
[Tue Apr 25 18:08:49.216960 2023] [proxy:error] [pid 13072:tid 18716] [client 201.245.192.253:49994] AH00898: Error reading from remote server returned by /sipse/faces/faces/faces/autenticacion.xhtml
[Tue Apr 25 18:08:56.704973 2023] [proxy_http:error] [pid 13072:tid 18316] (OS 10053)An established connection was aborted by the software in your host machine.  : [client 186.30.38.60:52456] AH01102: error reading status line from remote server 172.22.1.61:8080, referer: http://nuevo.ambientebogota.gov.co/
[Tue Apr 25 18:08:56.704973 2023] [proxy:error] [pid 13072:tid 18316] [client 186.30.38.60:52456] AH00898: Error reading from remote server returned by /sipse/faces/index.xhtml, referer: http://nuevo.ambientebogota.gov.co/
[Tue Apr 25 18:08:56.876573 2023] [proxy_http:error] [pid 13072:tid 18420] (OS 10053)An established connection was aborted by the software in your host machine.  : [client 201.245.192.253:50012] AH01102: error reading status line from remote server 172.22.1.61:8080
[Tue Apr 25 18:08:56.876573 2023] [proxy:error] [pid 13072:tid 18420] [client 201.245.192.253:50012] AH00898: Error reading from remote server returned by /sipse/faces/faces/faces/autenticacion.xhtml
[Tue Apr 25 18:08:59.887379 2023] [proxy_http:error] [pid 13072:tid 19120] (OS 10053)An established connection was aborted by the software in your host machine.  : [client 201.245.192.253:50013] AH01102: error reading status line from remote server 172.22.1.61:8080
[Tue Apr 25 18:08:59.887379 2023] [proxy:error] [pid 13072:tid 19120] [client 201.245.192.253:50013] AH00898: Error reading from remote server returned by /sipse/faces/faces/faces/autenticacion.xhtml
[Tue Apr 25 18:09:00.043379 2023] [proxy_http:error] [pid 13072:tid 18864] (OS 10053)An established connection was aborted by the software in your host machine.  : [client 201.245.192.253:50014] AH01102: error reading status line from remote server 172.22.1.61:8080
[Tue Apr 25 18:09:00.043379 2023] [proxy:error] [pid 13072:tid 18864] [client 201.245.192.253:50014] AH00898: Error reading from remote server returned by /sipse/faces/faces/faces/autenticacion.xhtml
[Tue Apr 25 18:09:03.646985 2023] [proxy_http:error] [pid 13072:tid 18520] (OS 10053)An established connection was aborted by the software in your host machine.  : [client 201.245.192.253:50015] AH01102: error reading status line from remote server 172.22.1.61:8080
[Tue Apr 25 18:09:03.646985 2023] [proxy:error] [pid 13072:tid 18520] [client 201.245.192.253:50015] AH00898: Error reading from remote server returned by /sipse/faces/faces/index.xhtml
[Tue Apr 25 18:09:16.111407 2023] [proxy_http:error] [pid 13072:tid 18420] (OS 10053)An established connection was aborted by the software in your host machine.  : [client 201.245.192.253:50043] AH01102: error reading status line from remote server 172.22.1.61:8080
[Tue Apr 25 18:09:16.111407 2023] [proxy:error] [pid 13072:tid 18420] [client 201.245.192.253:50043] AH00898: Error reading from remote server returned by /sipse/faces/faces/faces/autenticacion.xhtml
[Tue Apr 25 18:09:21.259416 2023] [proxy_http:error] [pid 13072:tid 18864] (OS 10053)An established connection was aborted by the software in your host machine.  : [client 201.245.192.253:50044] AH01102: error reading status line from remote server 172.22.1.61:8080
[Tue Apr 25 18:09:21.259416 2023] [proxy:error] [pid 13072:tid 18864] [client 201.245.192.253:50044] AH00898: Error reading from remote server returned by /sipse/faces/faces/faces/autenticacion.xhtml
[Tue Apr 25 18:09:21.587017 2023] [proxy_http:error] [pid 13072:tid 19120] (OS 10053)An established connection was aborted by the software in your host machine.  : [client 201.245.192.253:50045] AH01102: error reading status line from remote server 172.22.1.61:8080
[Tue Apr 25 18:09:21.587017 2023] [proxy:error] [pid 13072:tid 19120] [client 201.245.192.253:50045] AH00898: Error reading from remote server returned by /sipse/faces/faces/faces/autenticacion.xhtml
[Tue Apr 25 18:09:24.067421 2023] [proxy_http:error] [pid 13072:tid 18184] (OS 10053)An established connection was aborted by the software in your host machine.  : [client 201.245.192.253:50046] AH01102: error reading status line from remote server 172.22.1.61:8080
[Tue Apr 25 18:09:24.067421 2023] [proxy:error] [pid 13072:tid 18184] [client 201.245.192.253:50046] AH00898: Error reading from remote server returned by /sipse/faces/faces/faces/autenticacion.xhtml
[Tue Apr 25 18:09:24.239022 2023] [proxy_http:error] [pid 13072:tid 19048] (OS 10053)An established connection was aborted by the software in your host machine.  : [client 201.245.192.253:50047] AH01102: error reading status line from remote server 172.22.1.61:8080
[Tue Apr 25 18:09:24.239022 2023] [proxy:error] [pid 13072:tid 19048] [client 201.245.192.253:50047] AH00898: Error reading from remote server returned by /sipse/faces/faces/faces/autenticacion.xhtml
[Tue Apr 25 18:09:25.299823 2023] [proxy_http:error] [pid 13072:tid 19488] (OS 10053)An established connection was aborted by the software in your host machine.  : [client 201.245.192.253:50048] AH01102: error reading status line from remote server 172.22.1.61:8080
[Tue Apr 25 18:09:25.299823 2023] [proxy:error] [pid 13072:tid 19488] [client 201.245.192.253:50048] AH00898: Error reading from remote server returned by /sipse/faces/faces/faces/autenticacion.xhtml
[Tue Apr 25 18:09:26.157825 2023] [proxy_http:error] [pid 13072:tid 18004] (OS 10053)An established connection was aborted by the software in your host machine.  : [client 201.245.192.253:50049] AH01102: error reading status line from remote server 172.22.1.61:8080
[Tue Apr 25 18:09:26.157825 2023] [proxy:error] [pid 13072:tid 18004] [client 201.245.192.253:50049] AH00898: Error reading from remote server returned by /sipse/faces/faces/faces/autenticacion.xhtml
[Tue Apr 25 18:09:33.755038 2023] [proxy_http:error] [pid 13072:tid 20268] (OS 10053)An established connection was aborted by the software in your host machine.  : [client 200.118.80.45:20890] AH01102: error reading status line from remote server 172.22.1.61:8080, referer: http://nuevo.ambientebogota.gov.co/
[Tue Apr 25 18:09:33.755038 2023] [proxy:error] [pid 13072:tid 20268] [client 200.118.80.45:20890] AH00898: Error reading from remote server returned by /sipse/faces/index.xhtml, referer: http://nuevo.ambientebogota.gov.co/
[Tue Apr 25 18:09:40.338250 2023] [proxy_http:error] [pid 13072:tid 18864] (OS 10053)An established connection was aborted by the software in your host machine.  : [client 201.245.192.253:50067] AH01102: error reading status line from remote server 172.22.1.61:8080
[Tue Apr 25 18:09:40.338250 2023] [proxy:error] [pid 13072:tid 18864] [client 201.245.192.253:50067] AH00898: Error reading from remote server returned by /sipse/faces/faces/faces/autenticacion.xhtml
[Tue Apr 25 18:09:43.645456 2023] [proxy_http:error] [pid 13072:tid 19048] (OS 10053)An established connection was aborted by the software in your host machine.  : [client 201.245.192.253:50068] AH01102: error reading status line from remote server 172.22.1.61:8080
[Tue Apr 25 18:09:43.645456 2023] [proxy:error] [pid 13072:tid 19048] [client 201.245.192.253:50068] AH00898: Error reading from remote server returned by /sipse/faces/faces/faces/autenticacion.xhtml
[Tue Apr 25 18:09:43.817056 2023] [proxy_http:error] [pid 13072:tid 18184] (OS 10053)An established connection was aborted by the software in your host machine.  : [client 201.245.192.253:50069] AH01102: error reading status line from remote server 172.22.1.61:8080
[Tue Apr 25 18:09:43.817056 2023] [proxy:error] [pid 13072:tid 18184] [client 201.245.192.253:50069] AH00898: Error reading from remote server returned by /sipse/faces/faces/faces/autenticacion.xhtml
[Tue Apr 25 18:10:04.705493 2023] [proxy_http:error] [pid 13072:tid 18184] (OS 10053)An established connection was aborted by the software in your host machine.  : [client 201.245.192.253:50087] AH01102: error reading status line from remote server 172.22.1.61:8080
[Tue Apr 25 18:10:04.705493 2023] [proxy:error] [pid 13072:tid 18184] [client 201.245.192.253:50087] AH00898: Error reading from remote server returned by /sipse/faces/faces/faces/autenticacion.xhtml
[Tue Apr 25 18:10:06.405896 2023] [proxy_http:error] [pid 13072:tid 19048] (OS 10053)An established connection was aborted by the software in your host machine.  : [client 201.245.192.253:50089] AH01102: error reading status line from remote server 172.22.1.61:8080
[Tue Apr 25 18:10:06.405896 2023] [proxy:error] [pid 13072:tid 19048] [client 201.245.192.253:50089] AH00898: Error reading from remote server returned by /sipse/faces/faces/faces/autenticacion.xhtml
[Tue Apr 25 18:10:06.577496 2023] [proxy_http:error] [pid 13072:tid 18420] (OS 10053)An established connection was aborted by the software in your host machine.  : [client 201.245.192.253:50090] AH01102: error reading status line from remote server 172.22.1.61:8080
[Tue Apr 25 18:10:06.577496 2023] [proxy:error] [pid 13072:tid 18420] [client 201.245.192.253:50090] AH00898: Error reading from remote server returned by /sipse/faces/faces/faces/autenticacion.xhtml
[Tue Apr 25 18:10:09.245101 2023] [proxy_http:error] [pid 13072:tid 18004] (OS 10053)An established connection was aborted by the software in your host machine.  : [client 201.245.192.253:50091] AH01102: error reading status line from remote server 172.22.1.61:8080
[Tue Apr 25 18:10:09.245101 2023] [proxy:error] [pid 13072:tid 18004] [client 201.245.192.253:50091] AH00898: Error reading from remote server returned by /sipse/faces/faces/faces/autenticacion.xhtml
[Tue Apr 25 18:10:09.541501 2023] [proxy_http:error] [pid 13072:tid 19488] (OS 10053)An established connection was aborted by the software in your host machine.  : [client 201.245.192.253:50092] AH01102: error reading status line from remote server 172.22.1.61:8080
[Tue Apr 25 18:10:09.541501 2023] [proxy:error] [pid 13072:tid 19488] [client 201.245.192.253:50092] AH00898: Error reading from remote server returned by /sipse/faces/faces/faces/autenticacion.xhtml
[Tue Apr 25 18:10:13.503908 2023] [proxy_http:error] [pid 13072:tid 18316] (OS 10053)An established connection was aborted by the software in your host machine.  : [client 201.245.192.253:50094] AH01102: error reading status line from remote server 172.22.1.61:8080
[Tue Apr 25 18:10:13.503908 2023] [proxy:error] [pid 13072:tid 18316] [client 201.245.192.253:50094] AH00898: Error reading from remote server returned by /sipse/faces/faces/faces/autenticacion.xhtml
[Tue Apr 25 18:10:13.706708 2023] [proxy_http:error] [pid 13072:tid 18332] (OS 10053)An established connection was aborted by the software in your host machine.  : [client 201.245.192.253:50095] AH01102: error reading status line from remote server 172.22.1.61:8080
[Tue Apr 25 18:10:13.706708 2023] [proxy:error] [pid 13072:tid 18332] [client 201.245.192.253:50095] AH00898: Error reading from remote server returned by /sipse/faces/faces/faces/autenticacion.xhtml
[Tue Apr 25 18:10:27.606333 2023] [proxy_http:error] [pid 13072:tid 19048] (OS 10053)An established connection was aborted by the software in your host machine.  : [client 201.245.192.253:50097] AH01102: error reading status line from remote server 172.22.1.61:8080
[Tue Apr 25 18:10:27.606333 2023] [proxy:error] [pid 13072:tid 19048] [client 201.245.192.253:50097] AH00898: Error reading from remote server returned by /sipse/faces/index.xhtml
[Tue Apr 25 18:10:32.520341 2023] [proxy_http:error] [pid 13072:tid 18420] (OS 10053)An established connection was aborted by the software in your host machine.  : [client 201.245.192.253:50098] AH01102: error reading status line from remote server 172.22.1.61:8080
[Tue Apr 25 18:10:32.520341 2023] [proxy:error] [pid 13072:tid 18420] [client 201.245.192.253:50098] AH00898: Error reading from remote server returned by /sipse/faces/index.xhtml
[Tue Apr 25 18:10:32.660742 2023] [proxy_http:error] [pid 13072:tid 18316] (OS 10053)An established connection was aborted by the software in your host machine.  : [client 201.245.192.253:50099] AH01102: error reading status line from remote server 172.22.1.61:8080
[Tue Apr 25 18:10:32.660742 2023] [proxy:error] [pid 13072:tid 18316] [client 201.245.192.253:50099] AH00898: Error reading from remote server returned by /sipse/faces/index.xhtml
[Tue Apr 25 18:10:38.058351 2023] [proxy_http:error] [pid 13072:tid 20964] (OS 10053)An established connection was aborted by the software in your host machine.  : [client 200.118.80.45:20876] AH01102: error reading status line from remote server 172.22.1.61:8080, referer: http://nuevo.ambientebogota.gov.co/
[Tue Apr 25 18:10:38.058351 2023] [proxy:error] [pid 13072:tid 20964] [client 200.118.80.45:20876] AH00898: Error reading from remote server returned by /sipse/faces/index.xhtml, referer: http://nuevo.ambientebogota.gov.co/
[Tue Apr 25 18:10:41.490357 2023] [proxy_http:error] [pid 13072:tid 18520] (OS 10053)An established connection was aborted by the software in your host machine.  : [client 201.245.192.253:50115] AH01102: error reading status line from remote server 172.22.1.61:8080
[Tue Apr 25 18:10:41.490357 2023] [proxy:error] [pid 13072:tid 18520] [client 201.245.192.253:50115] AH00898: Error reading from remote server returned by /sipse/faces/faces/faces/autenticacion.xhtml
[Tue Apr 25 18:10:43.689961 2023] [proxy_http:error] [pid 13072:tid 19488] (OS 10053)An established connection was aborted by the software in your host machine.  : [client 201.245.192.253:50116] AH01102: error reading status line from remote server 172.22.1.61:8080
[Tue Apr 25 18:10:43.689961 2023] [proxy:error] [pid 13072:tid 19488] [client 201.245.192.253:50116] AH00898: Error reading from remote server returned by /sipse/faces/faces/faces/autenticacion.xhtml
[Tue Apr 25 18:10:43.923962 2023] [proxy_http:error] [pid 13072:tid 18004] (OS 10053)An established connection was aborted by the software in your host machine.  : [client 201.245.192.253:50117] AH01102: error reading status line from remote server 172.22.1.61:8080
[Tue Apr 25 18:10:43.923962 2023] [proxy:error] [pid 13072:tid 18004] [client 201.245.192.253:50117] AH00898: Error reading from remote server returned by /sipse/faces/faces/faces/autenticacion.xhtml
[Tue Apr 25 18:10:53.533578 2023] [proxy_http:error] [pid 13072:tid 18316] (OS 10053)An established connection was aborted by the software in your host machine.  : [client 201.245.192.253:50118] AH01102: error reading status line from remote server 172.22.1.61:8080
[Tue Apr 25 18:10:53.533578 2023] [proxy:error] [pid 13072:tid 18316] [client 201.245.192.253:50118] AH00898: Error reading from remote server returned by /sipse/faces/faces/faces/autenticacion.xhtml
[Tue Apr 25 18:10:55.998383 2023] [proxy_http:error] [pid 13072:tid 18420] (OS 10053)An established connection was aborted by the software in your host machine.  : [client 201.245.192.253:50119] AH01102: error reading status line from remote server 172.22.1.61:8080
[Tue Apr 25 18:10:55.998383 2023] [proxy:error] [pid 13072:tid 18420] [client 201.245.192.253:50119] AH00898: Error reading from remote server returned by /sipse/faces/faces/faces/autenticacion.xhtml
[Tue Apr 25 18:10:56.169983 2023] [proxy_http:error] [pid 13072:tid 19048] (OS 10053)An established connection was aborted by the software in your host machine.  : [client 201.245.192.253:50120] AH01102: error reading status line from remote server 172.22.1.61:8080
[Tue Apr 25 18:10:56.169983 2023] [proxy:error] [pid 13072:tid 19048] [client 201.245.192.253:50120] AH00898: Error reading from remote server returned by /sipse/faces/faces/faces/autenticacion.xhtml
[Tue Apr 25 18:11:22.066029 2023] [proxy_http:error] [pid 13072:tid 18184] (OS 10053)An established connection was aborted by the software in your host machine.  : [client 201.245.192.253:50186] AH01102: error reading status line from remote server 172.22.1.61:8080
[Tue Apr 25 18:11:22.066029 2023] [proxy:error] [pid 13072:tid 18184] [client 201.245.192.253:50186] AH00898: Error reading from remote server returned by /sipse/faces/faces/faces/autenticacion.xhtml
[Tue Apr 25 18:11:22.190829 2023] [proxy_http:error] [pid 13072:tid 19120] (OS 10053)An established connection was aborted by the software in your host machine.  : [client 201.245.192.253:50187] AH01102: error reading status line from remote server 172.22.1.61:8080
[Tue Apr 25 18:11:22.190829 2023] [proxy:error] [pid 13072:tid 19120] [client 201.245.192.253:50187] AH00898: Error reading from remote server returned by /sipse/faces/faces/faces/autenticacion.xhtml
[Tue Apr 25 18:11:31.348045 2023] [proxy_http:error] [pid 13072:tid 18716] (OS 10053)An established connection was aborted by the software in your host machine.  : [client 201.245.192.253:50188] AH01102: error reading status line from remote server 172.22.1.61:8080
[Tue Apr 25 18:11:31.348045 2023] [proxy:error] [pid 13072:tid 18716] [client 201.245.192.253:50188] AH00898: Error reading from remote server returned by /sipse/faces/faces/index.xhtml
[Tue Apr 25 18:11:31.472845 2023] [proxy_http:error] [pid 13072:tid 18004] (OS 10053)An established connection was aborted by the software in your host machine.  : [client 201.245.192.253:50189] AH01102: error reading status line from remote server 172.22.1.61:8080
[Tue Apr 25 18:11:31.472845 2023] [proxy:error] [pid 13072:tid 18004] [client 201.245.192.253:50189] AH00898: Error reading from remote server returned by /sipse/faces/faces/index.xhtml
[Tue Apr 25 18:11:49.334876 2023] [proxy_http:error] [pid 13072:tid 18184] (OS 10053)An established connection was aborted by the software in your host machine.  : [client 201.245.192.253:50191] AH01102: error reading status line from remote server 172.22.1.61:8080
[Tue Apr 25 18:11:49.334876 2023] [proxy:error] [pid 13072:tid 18184] [client 201.245.192.253:50191] AH00898: Error reading from remote server returned by /sipse/faces/faces/faces/autenticacion.xhtml
[Tue Apr 25 18:11:49.475277 2023] [proxy_http:error] [pid 13072:tid 19488] (OS 10053)An established connection was aborted by the software in your host machine.  : [client 201.245.192.253:50192] AH01102: error reading status line from remote server 172.22.1.61:8080
[Tue Apr 25 18:11:49.475277 2023] [proxy:error] [pid 13072:tid 19488] [client 201.245.192.253:50192] AH00898: Error reading from remote server returned by /sipse/faces/faces/faces/autenticacion.xhtml
[Tue Apr 25 18:12:14.170120 2023] [proxy_http:error] [pid 13072:tid 20964] (OS 10054)An existing connection was forcibly closed by the remote host.  : [client 200.118.80.45:20876] AH01102: error reading status line from remote server 172.22.1.61:8080, referer: http://nuevo.ambientebogota.gov.co/
[Tue Apr 25 18:12:33.202153 2023] [proxy_http:error] [pid 13072:tid 20964] (OS 10053)An established connection was aborted by the software in your host machine.  : [client 200.118.80.45:30552] AH01102: error reading status line from remote server 172.22.1.61:8080, referer: http://nuevo.ambientebogota.gov.co/
[Tue Apr 25 18:12:33.202153 2023] [proxy:error] [pid 13072:tid 20964] [client 200.118.80.45:30552] AH00898: Error reading from remote server returned by /sipse/faces/index.xhtml, referer: http://nuevo.ambientebogota.gov.co/
[Tue Apr 25 18:12:33.467354 2023] [proxy_http:error] [pid 13072:tid 18184] (OS 10053)An established connection was aborted by the software in your host machine.  : [client 201.245.192.253:50215] AH01102: error reading status line from remote server 172.22.1.61:8080
[Tue Apr 25 18:12:33.467354 2023] [proxy:error] [pid 13072:tid 18184] [client 201.245.192.253:50215] AH00898: Error reading from remote server returned by /sipse/faces/faces/faces/autenticacion.xhtml
[Tue Apr 25 18:12:47.444978 2023] [proxy_http:error] [pid 13072:tid 19120] (OS 10053)An established connection was aborted by the software in your host machine.  : [client 201.245.192.253:50227] AH01102: error reading status line from remote server 172.22.1.61:8080
[Tue Apr 25 18:12:47.444978 2023] [proxy:error] [pid 13072:tid 19120] [client 201.245.192.253:50227] AH00898: Error reading from remote server returned by /sipse/faces/presentacion/financiero/solicitudProceso/solicitudProcesoOtrosPagos.xhtml
[Tue Apr 25 18:12:47.460578 2023] [proxy_http:error] [pid 13072:tid 18332] (OS 10053)An established connection was aborted by the software in your host machine.  : [client 201.245.192.253:50225] AH01102: error reading status line from remote server 172.22.1.61:8080
[Tue Apr 25 18:12:47.460578 2023] [proxy:error] [pid 13072:tid 18332] [client 201.245.192.253:50225] AH00898: Error reading from remote server returned by /sipse/faces/presentacion/financiero/solicitudProceso/solicitudProcesoOtrosPagos.xhtml
[Tue Apr 25 18:13:18.395433 2023] [proxy_http:error] [pid 13072:tid 19488] (OS 10053)An established connection was aborted by the software in your host machine.  : [client 201.245.192.253:50258] AH01102: error reading status line from remote server 172.22.1.61:8080
[Tue Apr 25 18:13:18.395433 2023] [proxy:error] [pid 13072:tid 19488] [client 201.245.192.253:50258] AH00898: Error reading from remote server returned by /sipse/faces/faces/faces/autenticacion.xhtml
[Tue Apr 25 18:13:18.535833 2023] [proxy_http:error] [pid 13072:tid 19048] (OS 10053)An established connection was aborted by the software in your host machine.  : [client 201.245.192.253:50259] AH01102: error reading status line from remote server 172.22.1.61:8080
[Tue Apr 25 18:13:18.535833 2023] [proxy:error] [pid 13072:tid 19048] [client 201.245.192.253:50259] AH00898: Error reading from remote server returned by /sipse/faces/faces/faces/autenticacion.xhtml
[Tue Apr 25 18:13:53.448694 2023] [proxy_http:error] [pid 13072:tid 18864] (OS 10053)An established connection was aborted by the software in your host machine.  : [client 201.245.192.253:50284] AH01102: error reading status line from remote server 172.22.1.61:8080
[Tue Apr 25 18:13:53.448694 2023] [proxy:error] [pid 13072:tid 18864] [client 201.245.192.253:50284] AH00898: Error reading from remote server returned by /sipse/faces/faces/faces/autenticacion.xhtml
[Tue Apr 25 18:13:53.620295 2023] [proxy_http:error] [pid 13072:tid 19488] (OS 10053)An established connection was aborted by the software in your host machine.  : [client 201.245.192.253:50285] AH01102: error reading status line from remote server 172.22.1.61:8080
[Tue Apr 25 18:13:53.620295 2023] [proxy:error] [pid 13072:tid 19488] [client 201.245.192.253:50285] AH00898: Error reading from remote server returned by /sipse/faces/faces/faces/autenticacion.xhtml
[Tue Apr 25 18:14:01.981909 2023] [proxy_http:error] [pid 13072:tid 18332] (OS 10053)An established connection was aborted by the software in your host machine.  : [client 201.245.192.253:50286] AH01102: error reading status line from remote server 172.22.1.61:8080
[Tue Apr 25 18:14:01.981909 2023] [proxy:error] [pid 13072:tid 18332] [client 201.245.192.253:50286] AH00898: Error reading from remote server returned by /sipse/faces/faces/faces/autenticacion.xhtml
[Tue Apr 25 18:14:02.169110 2023] [proxy_http:error] [pid 13072:tid 20268] (OS 10053)An established connection was aborted by the software in your host machine.  : [client 201.245.192.253:50287] AH01102: error reading status line from remote server 172.22.1.61:8080
[Tue Apr 25 18:14:02.169110 2023] [proxy:error] [pid 13072:tid 20268] [client 201.245.192.253:50287] AH00898: Error reading from remote server returned by /sipse/faces/faces/faces/autenticacion.xhtml
[Tue Apr 25 18:14:54.429202 2023] [proxy_http:error] [pid 13072:tid 18132] (OS 10053)An established connection was aborted by the software in your host machine.  : [client 191.156.144.23:38432] AH01102: error reading status line from remote server 172.22.1.61:8080
[Tue Apr 25 18:14:54.429202 2023] [proxy:error] [pid 13072:tid 18132] [client 191.156.144.23:38432] AH00898: Error reading from remote server returned by /sipse/faces/presentacion/sistema/reporte/listarReportes.xhtml
[Tue Apr 25 18:15:20.762048 2023] [proxy_http:error] [pid 13072:tid 18864] (OS 10053)An established connection was aborted by the software in your host machine.  : [client 191.156.159.114:33900] AH01102: error reading status line from remote server 172.22.1.61:8080
[Tue Apr 25 18:15:20.762048 2023] [proxy:error] [pid 13072:tid 18864] [client 191.156.159.114:33900] AH00898: Error reading from remote server returned by /sipse/faces/presentacion/sistema/reporte/listarReportes.xhtml
