!C99Shell v. 1.0 pre-release build #13!

Software: Apache. PHP/5.5.15 

uname -a: Windows NT SVR-DMZ 6.1 build 7600 (Windows Server 2008 R2 Enterprise Edition) i586 

SYSTEM 

Safe-mode: OFF (not secure)

E:\nuevo\apache\logs\   drwxrwxrwx
Free 8.02 GB of 239.26 GB (3.35%)
Detected drives: [ a ] [ c ] [ d ] [ e ] [ f ]
Home    Back    Forward    UPDIR    Refresh    Search    Buffer    Encoder    Tools    Proc.    FTP brute    Sec.    SQL    PHP-code    Update    Feedback    Self remove    Logout    


Viewing file:     error.2023.12.28.log (479.85 KB)      -rw-rw-rw-
Select action/file-type:
(+) | (+) | (+) | Code (+) | Session (+) | (+) | SDB (+) | (+) | (+) | (+) | (+) | (+) |
[Thu Dec 28 00:24:10.995578 2023] [mpm_winnt:warn] [pid 12004:tid 21868] (OS 64)The specified network name is no longer available.  : AH00341: winnt_accept: Asynchronous AcceptEx failed.
[Thu Dec 28 01:33:38.995299 2023] [mpm_winnt:warn] [pid 12004:tid 21868] (OS 64)The specified network name is no longer available.  : AH00341: winnt_accept: Asynchronous AcceptEx failed.
[Thu Dec 28 01:36:00.222347 2023] [proxy:error] [pid 12004:tid 21476] (OS 10061)No connection could be made because the target machine actively refused it.  : AH00957: HTTP: attempt to connect to 172.22.1.16:18080 (172.22.1.16) failed
[Thu Dec 28 01:36:00.222347 2023] [proxy:error] [pid 12004:tid 21476] AH00959: ap_proxy_connect_backend disabling worker for (172.22.1.16) for 60s
[Thu Dec 28 01:36:00.222347 2023] [proxy_http:error] [pid 12004:tid 21476] [client 201.245.192.253:55232] AH01114: HTTP: failed to make connection to backend: 172.22.1.16
[Thu Dec 28 01:36:00.237947 2023] [proxy:error] [pid 12004:tid 21476] AH00940: HTTP: disabled connection for (172.22.1.16)
[Thu Dec 28 02:19:09.998495 2023] [proxy:error] [pid 12004:tid 21288] (OS 10061)No connection could be made because the target machine actively refused it.  : AH00957: HTTP: attempt to connect to 172.22.1.51:8399 (172.22.1.51) failed
[Thu Dec 28 02:19:09.998495 2023] [proxy:error] [pid 12004:tid 21288] AH00959: ap_proxy_connect_backend disabling worker for (172.22.1.51) for 60s
[Thu Dec 28 02:19:09.998495 2023] [proxy_http:error] [pid 12004:tid 21288] [client 152.61.128.50:49442] AH01114: HTTP: failed to make connection to backend: 172.22.1.51
[Thu Dec 28 02:19:10.248096 2023] [proxy:error] [pid 12004:tid 21288] AH00940: HTTP: disabled connection for (172.22.1.51)
[Thu Dec 28 02:19:10.513296 2023] [proxy:error] [pid 12004:tid 21288] AH00940: HTTP: disabled connection for (172.22.1.51)
[Thu Dec 28 02:32:10.467866 2023] [mpm_winnt:warn] [pid 12004:tid 21868] (OS 64)The specified network name is no longer available.  : AH00341: winnt_accept: Asynchronous AcceptEx failed.
[Thu Dec 28 02:44:52.622805 2023] [proxy:error] [pid 12004:tid 21372] (OS 10061)No connection could be made because the target machine actively refused it.  : AH00957: HTTP: attempt to connect to 172.22.1.51:8399 (172.22.1.51) failed
[Thu Dec 28 02:44:52.622805 2023] [proxy:error] [pid 12004:tid 21372] AH00959: ap_proxy_connect_backend disabling worker for (172.22.1.51) for 60s
[Thu Dec 28 02:44:52.622805 2023] [proxy_http:error] [pid 12004:tid 21372] [client 152.61.192.232:34831] AH01114: HTTP: failed to make connection to backend: 172.22.1.51
[Thu Dec 28 02:44:52.903605 2023] [proxy:error] [pid 12004:tid 21372] AH00940: HTTP: disabled connection for (172.22.1.51)
[Thu Dec 28 02:44:53.215606 2023] [proxy:error] [pid 12004:tid 21372] AH00940: HTTP: disabled connection for (172.22.1.51)
[Thu Dec 28 03:03:13.423138 2023] [core:error] [pid 12004:tid 21108] [client 35.216.190.15:41706] AH00135: Invalid method in request HELP
[Thu Dec 28 03:03:14.499540 2023] [authz_core:error] [pid 12004:tid 21108] [client 35.216.190.15:41720] AH01630: client denied by server configuration: E:/nuevo/htdocs/server-status
[Thu Dec 28 04:02:18.139364 2023] [mpm_winnt:warn] [pid 12004:tid 21868] (OS 64)The specified network name is no longer available.  : AH00341: winnt_accept: Asynchronous AcceptEx failed.
[Thu Dec 28 04:43:35.392515 2023] [mpm_winnt:warn] [pid 12004:tid 21868] (OS 64)The specified network name is no longer available.  : AH00341: winnt_accept: Asynchronous AcceptEx failed.
[Thu Dec 28 05:02:56.830155 2023] [mpm_winnt:warn] [pid 12004:tid 21868] (OS 64)The specified network name is no longer available.  : AH00341: winnt_accept: Asynchronous AcceptEx failed.
[Thu Dec 28 05:05:08.275986 2023] [mpm_winnt:warn] [pid 12004:tid 21868] (OS 64)The specified network name is no longer available.  : AH00341: winnt_accept: Asynchronous AcceptEx failed.
[Thu Dec 28 05:05:43.750448 2023] [mpm_winnt:warn] [pid 12004:tid 21868] (OS 64)The specified network name is no longer available.  : AH00341: winnt_accept: Asynchronous AcceptEx failed.
[Thu Dec 28 05:13:46.493296 2023] [mpm_winnt:warn] [pid 12004:tid 21868] (OS 64)The specified network name is no longer available.  : AH00341: winnt_accept: Asynchronous AcceptEx failed.
[Thu Dec 28 05:19:15.295074 2023] [mpm_winnt:warn] [pid 12004:tid 21868] (OS 64)The specified network name is no longer available.  : AH00341: winnt_accept: Asynchronous AcceptEx failed.
[Thu Dec 28 05:38:01.819853 2023] [mpm_winnt:warn] [pid 12004:tid 21868] (OS 64)The specified network name is no longer available.  : AH00341: winnt_accept: Asynchronous AcceptEx failed.
[Thu Dec 28 06:11:36.313791 2023] [mpm_winnt:warn] [pid 12004:tid 21868] (OS 64)The specified network name is no longer available.  : AH00341: winnt_accept: Asynchronous AcceptEx failed.
[Thu Dec 28 06:26:59.585812 2023] [mpm_winnt:warn] [pid 12004:tid 21868] (OS 64)The specified network name is no longer available.  : AH00341: winnt_accept: Asynchronous AcceptEx failed.
[Thu Dec 28 06:56:32.684927 2023] [mpm_winnt:warn] [pid 12004:tid 21868] (OS 64)The specified network name is no longer available.  : AH00341: winnt_accept: Asynchronous AcceptEx failed.
[Thu Dec 28 06:56:37.973336 2023] [mpm_winnt:warn] [pid 12004:tid 21868] (OS 64)The specified network name is no longer available.  : AH00341: winnt_accept: Asynchronous AcceptEx failed.
[Thu Dec 28 06:57:02.278179 2023] [mpm_winnt:warn] [pid 12004:tid 21868] (OS 64)The specified network name is no longer available.  : AH00341: winnt_accept: Asynchronous AcceptEx failed.
[Thu Dec 28 07:00:04.923299 2023] [mpm_winnt:warn] [pid 12004:tid 21868] (OS 64)The specified network name is no longer available.  : AH00341: winnt_accept: Asynchronous AcceptEx failed.
[Thu Dec 28 07:19:12.898116 2023] [mpm_winnt:warn] [pid 12004:tid 21868] (OS 64)The specified network name is no longer available.  : AH00341: winnt_accept: Asynchronous AcceptEx failed.
[Thu Dec 28 07:22:37.274075 2023] [mpm_winnt:warn] [pid 12004:tid 21868] (OS 64)The specified network name is no longer available.  : AH00341: winnt_accept: Asynchronous AcceptEx failed.
[Thu Dec 28 07:42:33.140975 2023] [mpm_winnt:warn] [pid 12004:tid 21868] (OS 64)The specified network name is no longer available.  : AH00341: winnt_accept: Asynchronous AcceptEx failed.
[Thu Dec 28 08:25:44.804727 2023] [mpm_winnt:warn] [pid 12004:tid 21868] (OS 64)The specified network name is no longer available.  : AH00341: winnt_accept: Asynchronous AcceptEx failed.
[Thu Dec 28 08:58:37.147391 2023] [mpm_winnt:warn] [pid 12004:tid 21868] (OS 64)The specified network name is no longer available.  : AH00341: winnt_accept: Asynchronous AcceptEx failed.
[Thu Dec 28 09:33:23.432656 2023] [mpm_winnt:warn] [pid 12004:tid 21868] (OS 64)The specified network name is no longer available.  : AH00341: winnt_accept: Asynchronous AcceptEx failed.
[Thu Dec 28 09:36:24.252573 2023] [mpm_winnt:warn] [pid 12004:tid 21868] (OS 64)The specified network name is no longer available.  : AH00341: winnt_accept: Asynchronous AcceptEx failed.
[Thu Dec 28 09:56:53.347532 2023] [mpm_winnt:warn] [pid 12004:tid 21868] (OS 64)The specified network name is no longer available.  : AH00341: winnt_accept: Asynchronous AcceptEx failed.
[Thu Dec 28 10:12:15.043951 2023] [negotiation:error] [pid 12004:tid 21388] [client 172.22.2.4:58756] AH00690: no acceptable variant: E:/nuevo/apache/error/HTTP_NOT_FOUND.html.var
[Thu Dec 28 10:45:57.899504 2023] [mpm_winnt:warn] [pid 12004:tid 21868] (OS 64)The specified network name is no longer available.  : AH00341: winnt_accept: Asynchronous AcceptEx failed.
[Thu Dec 28 11:15:50.171052 2023] [proxy_http:error] [pid 12004:tid 21464] (OS 10053)An established connection was aborted by the software in your host machine.  : [client 190.84.43.161:54039] AH01102: error reading status line from remote server 172.22.1.61:8080, referer: http://190.27.245.106/sipse/faces/presentacion/financiero/solicitudProceso/consultarSolicitudProceso.xhtml
[Thu Dec 28 11:15:50.171052 2023] [proxy:error] [pid 12004:tid 21464] [client 190.84.43.161:54039] AH00898: Error reading from remote server returned by /sipse/faces/presentacion/financiero/solicitudProceso/listarSolicitudProceso.xhtml, referer: http://190.27.245.106/sipse/faces/presentacion/financiero/solicitudProceso/consultarSolicitudProceso.xhtml
[Thu Dec 28 11:16:01.481072 2023] [proxy_http:error] [pid 12004:tid 21336] (OS 10053)An established connection was aborted by the software in your host machine.  : [client 201.245.192.253:62304] AH01102: error reading status line from remote server 172.22.1.61:8080, referer: http://190.27.245.106/sipse/faces/presentacion/financiero/solicitudAnulacion/consultarSolicitudAnulacion.xhtml
[Thu Dec 28 11:16:01.481072 2023] [proxy:error] [pid 12004:tid 21336] [client 201.245.192.253:62304] AH00898: Error reading from remote server returned by /sipse/faces/presentacion/financiero/solicitudProceso/consultar.xhtml, referer: http://190.27.245.106/sipse/faces/presentacion/financiero/solicitudAnulacion/consultarSolicitudAnulacion.xhtml
[Thu Dec 28 11:16:04.757078 2023] [proxy_http:error] [pid 12004:tid 21384] (OS 10053)An established connection was aborted by the software in your host machine.  : [client 201.245.192.253:51908] AH01102: error reading status line from remote server 172.22.1.61:8080, referer: http://190.27.245.106/sipse/faces/presentacion/financiero/solicitudAnulacion/solicitudAnulacion.xhtml
[Thu Dec 28 11:16:04.757078 2023] [proxy:error] [pid 12004:tid 21384] [client 201.245.192.253:51908] AH00898: Error reading from remote server returned by /sipse/faces/javax.faces.resource/fileupload/fileupload.css, referer: http://190.27.245.106/sipse/faces/presentacion/financiero/solicitudAnulacion/solicitudAnulacion.xhtml
[Thu Dec 28 11:16:06.863081 2023] [proxy_http:error] [pid 12004:tid 21304] (OS 10053)An established connection was aborted by the software in your host machine.  : [client 201.245.192.253:51911] AH01102: error reading status line from remote server 172.22.1.61:8080, referer: http://190.27.245.106/sipse/faces/presentacion/financiero/solicitudAnulacion/solicitudAnulacion.xhtml
[Thu Dec 28 11:16:06.863081 2023] [proxy:error] [pid 12004:tid 21304] [client 201.245.192.253:51911] AH00898: Error reading from remote server returned by /sipse/faces/presentacion/financiero/solicitudAnulacion/registrarSolicitudAnulacion.xhtml, referer: http://190.27.245.106/sipse/faces/presentacion/financiero/solicitudAnulacion/solicitudAnulacion.xhtml
[Thu Dec 28 11:16:16.129498 2023] [proxy_http:error] [pid 12004:tid 21144] (OS 10053)An established connection was aborted by the software in your host machine.  : [client 201.245.192.253:59566] AH01102: error reading status line from remote server 172.22.1.16:18080
[Thu Dec 28 11:16:16.129498 2023] [proxy:error] [pid 12004:tid 21144] [client 201.245.192.253:59566] AH00898: Error reading from remote server returned by /kwsrmcab/Wsrmcab
[Thu Dec 28 11:32:31.599211 2023] [proxy_http:error] [pid 12004:tid 21084] (OS 10053)An established connection was aborted by the software in your host machine.  : [client 186.102.5.240:4728] AH01102: error reading status line from remote server 172.22.1.16:18080, referer: http://localhost/
[Thu Dec 28 11:32:31.599211 2023] [proxy:error] [pid 12004:tid 21084] [client 186.102.5.240:4728] AH00898: Error reading from remote server returned by /kwssiamovil/sm/acme/a, referer: http://localhost/
[Thu Dec 28 11:42:01.639812 2023] [negotiation:error] [pid 12004:tid 21180] [client 172.22.2.4:39046] AH00690: no acceptable variant: E:/nuevo/apache/error/HTTP_NOT_FOUND.html.var
[Thu Dec 28 11:48:09.082857 2023] [mpm_winnt:warn] [pid 12004:tid 21868] (OS 64)The specified network name is no longer available.  : AH00341: winnt_accept: Asynchronous AcceptEx failed.
[Thu Dec 28 12:15:10.502905 2023] [proxy_http:error] [pid 12004:tid 21108] (OS 10060)A connection attempt failed because the connected party did not properly respond after a period of time, or established connection failed because connected host has failed to respond.  : [client 190.66.241.120:54213] AH01095: prefetch request body failed to 172.22.1.61:8080 (172.22.1.61) from 190.66.241.120 (), referer: http://190.27.245.106/sipse/faces/presentacion/financiero/solicitudProceso/consultarSolicitudProceso.xhtml
[Thu Dec 28 13:23:17.351284 2023] [mpm_winnt:warn] [pid 12004:tid 21868] (OS 64)The specified network name is no longer available.  : AH00341: winnt_accept: Asynchronous AcceptEx failed.
[Thu Dec 28 14:11:31.655567 2023] [mpm_winnt:warn] [pid 12004:tid 21868] (OS 64)The specified network name is no longer available.  : AH00341: winnt_accept: Asynchronous AcceptEx failed.
[Thu Dec 28 15:06:18.082139 2023] [mpm_winnt:warn] [pid 12004:tid 21868] (OS 64)The specified network name is no longer available.  : AH00341: winnt_accept: Asynchronous AcceptEx failed.
[Thu Dec 28 15:11:58.069137 2023] [mpm_winnt:warn] [pid 12004:tid 21868] (OS 64)The specified network name is no longer available.  : AH00341: winnt_accept: Asynchronous AcceptEx failed.
[Thu Dec 28 15:30:07.840251 2023] [mpm_winnt:warn] [pid 12004:tid 21868] (OS 64)The specified network name is no longer available.  : AH00341: winnt_accept: Asynchronous AcceptEx failed.
[Thu Dec 28 15:36:39.619339 2023] [proxy_http:error] [pid 12004:tid 21200] (20014)Internal error: [client 167.0.138.203:45576] AH01102: error reading status line from remote server 172.22.1.16:18080, referer: http://localhost/
[Thu Dec 28 15:36:39.619339 2023] [proxy:error] [pid 12004:tid 21200] [client 167.0.138.203:45576] AH00898: Error reading from remote server returned by /kwssiamovil/sm/ldap/au, referer: http://localhost/
[Thu Dec 28 16:18:55.559793 2023] [proxy_http:error] [pid 12004:tid 20864] (OS 10053)An established connection was aborted by the software in your host machine.  : [client 186.102.41.221:17664] AH01102: error reading status line from remote server 172.22.1.16:18080, referer: http://localhost/login
[Thu Dec 28 16:18:55.559793 2023] [proxy:error] [pid 12004:tid 20864] [client 186.102.41.221:17664] AH00898: Error reading from remote server returned by /kwssiamovil/sm/ldap/au, referer: http://localhost/login
[Thu Dec 28 16:18:56.480195 2023] [proxy_http:error] [pid 12004:tid 20980] (OS 10053)An established connection was aborted by the software in your host machine.  : [client 186.102.41.221:17665] AH01102: error reading status line from remote server 172.22.1.16:18080, referer: http://localhost/login
[Thu Dec 28 16:18:56.480195 2023] [proxy:error] [pid 12004:tid 20980] [client 186.102.41.221:17665] AH00898: Error reading from remote server returned by /kwssiamovil/sm/ldap/au, referer: http://localhost/login
[Thu Dec 28 16:18:57.540996 2023] [proxy_http:error] [pid 12004:tid 21052] (OS 10053)An established connection was aborted by the software in your host machine.  : [client 186.102.41.221:17669] AH01102: error reading status line from remote server 172.22.1.16:18080, referer: http://localhost/login
[Thu Dec 28 16:18:57.540996 2023] [proxy:error] [pid 12004:tid 21052] [client 186.102.41.221:17669] AH00898: Error reading from remote server returned by /kwssiamovil/sm/ldap/au, referer: http://localhost/login
[Thu Dec 28 16:18:58.554998 2023] [proxy_http:error] [pid 12004:tid 20784] (OS 10053)An established connection was aborted by the software in your host machine.  : [client 186.102.41.221:17672] AH01102: error reading status line from remote server 172.22.1.16:18080, referer: http://localhost/login
[Thu Dec 28 16:18:58.554998 2023] [proxy:error] [pid 12004:tid 20784] [client 186.102.41.221:17672] AH00898: Error reading from remote server returned by /kwssiamovil/sm/ldap/au, referer: http://localhost/login
[Thu Dec 28 16:19:14.560626 2023] [proxy_http:error] [pid 12004:tid 20864] (OS 10053)An established connection was aborted by the software in your host machine.  : [client 186.102.41.221:17664] AH01102: error reading status line from remote server 172.22.1.16:18080, referer: http://localhost/login
[Thu Dec 28 16:19:15.605828 2023] [proxy_http:error] [pid 12004:tid 20980] (OS 10053)An established connection was aborted by the software in your host machine.  : [client 186.102.41.221:17665] AH01102: error reading status line from remote server 172.22.1.16:18080, referer: http://localhost/login
[Thu Dec 28 16:19:23.125041 2023] [proxy_http:error] [pid 12004:tid 20784] (OS 10053)An established connection was aborted by the software in your host machine.  : [client 186.102.41.221:17672] AH01102: error reading status line from remote server 172.22.1.16:18080, referer: http://localhost/login
[Thu Dec 28 16:19:26.042246 2023] [proxy_http:error] [pid 12004:tid 21324] (OS 10053)An established connection was aborted by the software in your host machine.  : [client 186.102.41.221:17714] AH01102: error reading status line from remote server 172.22.1.16:18080, referer: http://localhost/login
[Thu Dec 28 16:19:26.042246 2023] [proxy:error] [pid 12004:tid 21324] [client 186.102.41.221:17714] AH00898: Error reading from remote server returned by /kwssiamovil/sm/ldap/au, referer: http://localhost/login
[Thu Dec 28 16:19:33.639460 2023] [proxy_http:error] [pid 12004:tid 20864] (OS 10053)An established connection was aborted by the software in your host machine.  : [client 186.102.41.221:17735] AH01102: error reading status line from remote server 172.22.1.16:18080, referer: http://localhost/login
[Thu Dec 28 16:19:33.639460 2023] [proxy:error] [pid 12004:tid 20864] [client 186.102.41.221:17735] AH00898: Error reading from remote server returned by /kwssiamovil/sm/ldap/au, referer: http://localhost/login
[Thu Dec 28 16:19:34.622262 2023] [proxy_http:error] [pid 12004:tid 20980] (OS 10053)An established connection was aborted by the software in your host machine.  : [client 186.102.41.221:17737] AH01102: error reading status line from remote server 172.22.1.16:18080, referer: http://localhost/login
[Thu Dec 28 16:19:34.622262 2023] [proxy:error] [pid 12004:tid 20980] [client 186.102.41.221:17737] AH00898: Error reading from remote server returned by /kwssiamovil/sm/ldap/au, referer: http://localhost/login
[Thu Dec 28 16:19:42.266275 2023] [proxy_http:error] [pid 12004:tid 20784] (OS 10053)An established connection was aborted by the software in your host machine.  : [client 186.102.41.221:17740] AH01102: error reading status line from remote server 172.22.1.16:18080, referer: http://localhost/login
[Thu Dec 28 16:19:42.266275 2023] [proxy:error] [pid 12004:tid 20784] [client 186.102.41.221:17740] AH00898: Error reading from remote server returned by /kwssiamovil/sm/ldap/au, referer: http://localhost/login
[Thu Dec 28 16:20:18.224338 2023] [proxy_http:error] [pid 12004:tid 20980] (OS 10053)An established connection was aborted by the software in your host machine.  : [client 201.245.192.253:44892] AH01102: error reading status line from remote server 172.22.1.16:18080
[Thu Dec 28 16:20:18.224338 2023] [proxy:error] [pid 12004:tid 20980] [client 201.245.192.253:44892] AH00898: Error reading from remote server returned by /kwsrmcab/Wsrmcab
[Thu Dec 28 16:20:37.162771 2023] [proxy_http:error] [pid 12004:tid 20748] (OS 10053)An established connection was aborted by the software in your host machine.  : [client 201.245.192.253:44896] AH01102: error reading status line from remote server 172.22.1.16:18080
[Thu Dec 28 16:20:37.162771 2023] [proxy:error] [pid 12004:tid 20748] [client 201.245.192.253:44896] AH00898: Error reading from remote server returned by /kwsrmcab/Wsrmcab
[Thu Dec 28 16:20:54.463202 2023] [proxy_http:error] [pid 12004:tid 21052] (OS 10053)An established connection was aborted by the software in your host machine.  : [client 186.102.41.221:17793] AH01102: error reading status line from remote server 172.22.1.16:18080, referer: http://localhost/login
[Thu Dec 28 16:20:54.463202 2023] [proxy:error] [pid 12004:tid 21052] [client 186.102.41.221:17793] AH00898: Error reading from remote server returned by /kwssiamovil/sm/ldap/au, referer: http://localhost/login
[Thu Dec 28 16:20:56.553605 2023] [proxy_http:error] [pid 12004:tid 20748] (OS 10053)An established connection was aborted by the software in your host machine.  : [client 186.102.41.221:17796] AH01102: error reading status line from remote server 172.22.1.16:18080, referer: http://localhost/login
[Thu Dec 28 16:20:56.553605 2023] [proxy:error] [pid 12004:tid 20748] [client 186.102.41.221:17796] AH00898: Error reading from remote server returned by /kwssiamovil/sm/ldap/au, referer: http://localhost/login
[Thu Dec 28 16:20:58.035608 2023] [proxy_http:error] [pid 12004:tid 20824] (OS 10053)An established connection was aborted by the software in your host machine.  : [client 186.102.41.221:17797] AH01102: error reading status line from remote server 172.22.1.16:18080, referer: http://localhost/login
[Thu Dec 28 16:20:58.035608 2023] [proxy:error] [pid 12004:tid 20824] [client 186.102.41.221:17797] AH00898: Error reading from remote server returned by /kwssiamovil/sm/ldap/au, referer: http://localhost/login
[Thu Dec 28 16:21:02.778016 2023] [proxy_http:error] [pid 12004:tid 20912] (OS 10053)An established connection was aborted by the software in your host machine.  : [client 186.102.41.221:17798] AH01102: error reading status line from remote server 172.22.1.16:18080, referer: http://localhost/login
[Thu Dec 28 16:21:02.778016 2023] [proxy:error] [pid 12004:tid 20912] [client 186.102.41.221:17798] AH00898: Error reading from remote server returned by /kwssiamovil/sm/ldap/au, referer: http://localhost/login
[Thu Dec 28 16:21:13.464035 2023] [proxy_http:error] [pid 12004:tid 21052] (OS 10053)An established connection was aborted by the software in your host machine.  : [client 186.102.41.221:17793] AH01102: error reading status line from remote server 172.22.1.16:18080, referer: http://localhost/login
[Thu Dec 28 16:21:15.694839 2023] [proxy_http:error] [pid 12004:tid 20748] (OS 10053)An established connection was aborted by the software in your host machine.  : [client 186.102.41.221:17796] AH01102: error reading status line from remote server 172.22.1.16:18080, referer: http://localhost/login
[Thu Dec 28 16:21:17.020841 2023] [proxy_http:error] [pid 12004:tid 20824] (OS 10053)An established connection was aborted by the software in your host machine.  : [client 186.102.41.221:17797] AH01102: error reading status line from remote server 172.22.1.16:18080, referer: http://localhost/login
[Thu Dec 28 16:21:21.810050 2023] [proxy_http:error] [pid 12004:tid 20912] (OS 10053)An established connection was aborted by the software in your host machine.  : [client 186.102.41.221:17798] AH01102: error reading status line from remote server 172.22.1.16:18080, referer: http://localhost/login
[Thu Dec 28 16:21:32.464869 2023] [proxy_http:error] [pid 12004:tid 21052] (OS 10053)An established connection was aborted by the software in your host machine.  : [client 186.102.41.221:17836] AH01102: error reading status line from remote server 172.22.1.16:18080, referer: http://localhost/login
[Thu Dec 28 16:21:32.464869 2023] [proxy:error] [pid 12004:tid 21052] [client 186.102.41.221:17836] AH00898: Error reading from remote server returned by /kwssiamovil/sm/ldap/au, referer: http://localhost/login
[Thu Dec 28 16:21:34.695672 2023] [proxy_http:error] [pid 12004:tid 20748] (OS 10053)An established connection was aborted by the software in your host machine.  : [client 186.102.41.221:17841] AH01102: error reading status line from remote server 172.22.1.16:18080, referer: http://localhost/login
[Thu Dec 28 16:21:34.695672 2023] [proxy:error] [pid 12004:tid 20748] [client 186.102.41.221:17841] AH00898: Error reading from remote server returned by /kwssiamovil/sm/ldap/au, referer: http://localhost/login
[Thu Dec 28 16:21:36.021675 2023] [proxy_http:error] [pid 12004:tid 20824] (OS 10053)An established connection was aborted by the software in your host machine.  : [client 186.102.41.221:17843] AH01102: error reading status line from remote server 172.22.1.16:18080, referer: http://localhost/login
[Thu Dec 28 16:21:36.021675 2023] [proxy:error] [pid 12004:tid 20824] [client 186.102.41.221:17843] AH00898: Error reading from remote server returned by /kwssiamovil/sm/ldap/au, referer: http://localhost/login
[Thu Dec 28 16:21:40.810883 2023] [proxy_http:error] [pid 12004:tid 20912] (OS 10053)An established connection was aborted by the software in your host machine.  : [client 186.102.41.221:17851] AH01102: error reading status line from remote server 172.22.1.16:18080, referer: http://localhost/login
[Thu Dec 28 16:21:40.810883 2023] [proxy:error] [pid 12004:tid 20912] [client 186.102.41.221:17851] AH00898: Error reading from remote server returned by /kwssiamovil/sm/ldap/au, referer: http://localhost/login
[Thu Dec 28 16:21:51.434502 2023] [proxy_http:error] [pid 12004:tid 21052] (OS 10053)An established connection was aborted by the software in your host machine.  : [client 186.102.41.221:17836] AH01102: error reading status line from remote server 172.22.1.16:18080, referer: http://localhost/login
[Thu Dec 28 16:21:53.680906 2023] [proxy_http:error] [pid 12004:tid 20748] (OS 10053)An established connection was aborted by the software in your host machine.  : [client 186.102.41.221:17841] AH01102: error reading status line from remote server 172.22.1.16:18080, referer: http://localhost/login
[Thu Dec 28 16:21:55.022508 2023] [proxy_http:error] [pid 12004:tid 20824] (OS 10053)An established connection was aborted by the software in your host machine.  : [client 186.102.41.221:17843] AH01102: error reading status line from remote server 172.22.1.16:18080, referer: http://localhost/login
[Thu Dec 28 16:23:13.818247 2023] [proxy_http:error] [pid 12004:tid 21052] (OS 10053)An established connection was aborted by the software in your host machine.  : [client 186.102.92.195:60628] AH01102: error reading status line from remote server 172.22.1.16:18080, referer: http://localhost/login
[Thu Dec 28 16:23:13.818247 2023] [proxy:error] [pid 12004:tid 21052] [client 186.102.92.195:60628] AH00898: Error reading from remote server returned by /kwssiamovil/sm/ldap/au, referer: http://localhost/login
[Thu Dec 28 16:23:15.815050 2023] [proxy_http:error] [pid 12004:tid 21060] (OS 10053)An established connection was aborted by the software in your host machine.  : [client 186.102.92.195:60630] AH01102: error reading status line from remote server 172.22.1.16:18080, referer: http://localhost/login
[Thu Dec 28 16:23:15.815050 2023] [proxy:error] [pid 12004:tid 21060] [client 186.102.92.195:60630] AH00898: Error reading from remote server returned by /kwssiamovil/sm/ldap/au, referer: http://localhost/login
[Thu Dec 28 16:23:22.195461 2023] [proxy_http:error] [pid 12004:tid 20732] (OS 10053)An established connection was aborted by the software in your host machine.  : [client 186.102.92.195:60641] AH01102: error reading status line from remote server 172.22.1.16:18080, referer: http://localhost/login
[Thu Dec 28 16:23:22.195461 2023] [proxy:error] [pid 12004:tid 20732] [client 186.102.92.195:60641] AH00898: Error reading from remote server returned by /kwssiamovil/sm/ldap/au, referer: http://localhost/login
[Thu Dec 28 16:23:22.476262 2023] [proxy_http:error] [pid 12004:tid 20944] (OS 10053)An established connection was aborted by the software in your host machine.  : [client 186.102.92.195:60642] AH01102: error reading status line from remote server 172.22.1.16:18080, referer: http://localhost/login
[Thu Dec 28 16:23:22.476262 2023] [proxy:error] [pid 12004:tid 20944] [client 186.102.92.195:60642] AH00898: Error reading from remote server returned by /kwssiamovil/sm/ldap/au, referer: http://localhost/login
[Thu Dec 28 16:23:23.006663 2023] [proxy_http:error] [pid 12004:tid 21272] (OS 10053)An established connection was aborted by the software in your host machine.  : [client 186.102.92.195:60643] AH01102: error reading status line from remote server 172.22.1.16:18080, referer: http://localhost/login
[Thu Dec 28 16:23:23.006663 2023] [proxy:error] [pid 12004:tid 21272] [client 186.102.92.195:60643] AH00898: Error reading from remote server returned by /kwssiamovil/sm/ldap/au, referer: http://localhost/login
[Thu Dec 28 16:23:32.444679 2023] [proxy_http:error] [pid 12004:tid 20832] (OS 10053)An established connection was aborted by the software in your host machine.  : [client 201.245.192.253:45068] AH01102: error reading status line from remote server 172.22.1.16:18080
[Thu Dec 28 16:23:32.444679 2023] [proxy:error] [pid 12004:tid 20832] [client 201.245.192.253:45068] AH00898: Error reading from remote server returned by /appsia/controlador
[Thu Dec 28 16:23:33.053080 2023] [proxy_http:error] [pid 12004:tid 21052] (OS 10053)An established connection was aborted by the software in your host machine.  : [client 186.102.92.195:60628] AH01102: error reading status line from remote server 172.22.1.16:18080, referer: http://localhost/login
[Thu Dec 28 16:23:34.893884 2023] [proxy_http:error] [pid 12004:tid 21060] (OS 10053)An established connection was aborted by the software in your host machine.  : [client 186.102.92.195:60630] AH01102: error reading status line from remote server 172.22.1.16:18080, referer: http://localhost/login
[Thu Dec 28 16:23:35.408684 2023] [proxy_http:error] [pid 12004:tid 20980] (OS 10053)An established connection was aborted by the software in your host machine.  : [client 201.245.192.253:49348] AH01102: error reading status line from remote server 172.22.1.16:18080
[Thu Dec 28 16:23:35.408684 2023] [proxy:error] [pid 12004:tid 20980] [client 201.245.192.253:49348] AH00898: Error reading from remote server returned by /kwsrmcab/Wsrmcab
[Thu Dec 28 16:23:41.211895 2023] [proxy_http:error] [pid 12004:tid 20732] (OS 10053)An established connection was aborted by the software in your host machine.  : [client 186.102.92.195:60641] AH01102: error reading status line from remote server 172.22.1.16:18080, referer: http://localhost/login
[Thu Dec 28 16:23:41.586295 2023] [proxy_http:error] [pid 12004:tid 20944] (OS 10053)An established connection was aborted by the software in your host machine.  : [client 186.102.92.195:60642] AH01102: error reading status line from remote server 172.22.1.16:18080, referer: http://localhost/login
[Thu Dec 28 16:23:54.253518 2023] [proxy_http:error] [pid 12004:tid 20832] (OS 10053)An established connection was aborted by the software in your host machine.  : [client 201.245.192.253:45080] AH01102: error reading status line from remote server 172.22.1.16:18080
[Thu Dec 28 16:23:54.253518 2023] [proxy:error] [pid 12004:tid 20832] [client 201.245.192.253:45080] AH00898: Error reading from remote server returned by /appsia/controlador
[Thu Dec 28 16:24:40.257998 2023] [proxy_http:error] [pid 12004:tid 20812] (OS 10054)An existing connection was forcibly closed by the remote host.  : [client 186.102.92.195:60645] AH01102: error reading status line from remote server 172.22.1.16:18080, referer: http://localhost/login
[Thu Dec 28 16:24:40.257998 2023] [proxy:error] [pid 12004:tid 20812] [client 186.102.92.195:60645] AH00898: Error reading from remote server returned by /kwssiamovil/sm/ldap/au, referer: http://localhost/login
[Thu Dec 28 16:24:55.124824 2023] [proxy_http:error] [pid 12004:tid 20836] (OS 10053)An established connection was aborted by the software in your host machine.  : [client 186.102.100.129:14470] AH01102: error reading status line from remote server 172.22.1.16:18080, referer: http://localhost/login
[Thu Dec 28 16:24:55.124824 2023] [proxy:error] [pid 12004:tid 20836] [client 186.102.100.129:14470] AH00898: Error reading from remote server returned by /kwssiamovil/sm/ldap/au, referer: http://localhost/login
[Thu Dec 28 16:24:57.184028 2023] [proxy_http:error] [pid 12004:tid 21324] (OS 10053)An established connection was aborted by the software in your host machine.  : [client 186.102.100.129:14471] AH01102: error reading status line from remote server 172.22.1.16:18080, referer: http://localhost/login
[Thu Dec 28 16:24:57.184028 2023] [proxy:error] [pid 12004:tid 21324] [client 186.102.100.129:14471] AH00898: Error reading from remote server returned by /kwssiamovil/sm/ldap/au, referer: http://localhost/login
[Thu Dec 28 16:24:58.088830 2023] [proxy_http:error] [pid 12004:tid 20980] (OS 10053)An established connection was aborted by the software in your host machine.  : [client 186.102.100.129:14472] AH01102: error reading status line from remote server 172.22.1.16:18080, referer: http://localhost/login
[Thu Dec 28 16:24:58.088830 2023] [proxy:error] [pid 12004:tid 20980] [client 186.102.100.129:14472] AH00898: Error reading from remote server returned by /kwssiamovil/sm/ldap/au, referer: http://localhost/login
[Thu Dec 28 16:24:58.806431 2023] [proxy_http:error] [pid 12004:tid 20748] (OS 10053)An established connection was aborted by the software in your host machine.  : [client 186.102.100.129:14473] AH01102: error reading status line from remote server 172.22.1.16:18080, referer: http://localhost/login
[Thu Dec 28 16:24:58.806431 2023] [proxy:error] [pid 12004:tid 20748] [client 186.102.100.129:14473] AH00898: Error reading from remote server returned by /kwssiamovil/sm/ldap/au, referer: http://localhost/login
[Thu Dec 28 16:24:59.102831 2023] [proxy_http:error] [pid 12004:tid 21272] (OS 10054)An existing connection was forcibly closed by the remote host.  : [client 186.102.92.195:60643] AH01102: error reading status line from remote server 172.22.1.16:18080, referer: http://localhost/login
[Thu Dec 28 16:24:59.446032 2023] [proxy_http:error] [pid 12004:tid 20872] (OS 10053)An established connection was aborted by the software in your host machine.  : [client 186.102.100.129:14474] AH01102: error reading status line from remote server 172.22.1.16:18080, referer: http://localhost/login
[Thu Dec 28 16:24:59.446032 2023] [proxy:error] [pid 12004:tid 20872] [client 186.102.100.129:14474] AH00898: Error reading from remote server returned by /kwssiamovil/sm/ldap/au, referer: http://localhost/login
[Thu Dec 28 16:25:00.038833 2023] [proxy_http:error] [pid 12004:tid 20740] (OS 10053)An established connection was aborted by the software in your host machine.  : [client 186.102.100.129:14475] AH01102: error reading status line from remote server 172.22.1.16:18080, referer: http://localhost/login
[Thu Dec 28 16:25:00.038833 2023] [proxy:error] [pid 12004:tid 20740] [client 186.102.100.129:14475] AH00898: Error reading from remote server returned by /kwssiamovil/sm/ldap/au, referer: http://localhost/login
[Thu Dec 28 16:25:14.203658 2023] [proxy_http:error] [pid 12004:tid 20836] (OS 10053)An established connection was aborted by the software in your host machine.  : [client 186.102.100.129:14470] AH01102: error reading status line from remote server 172.22.1.16:18080, referer: http://localhost/login
[Thu Dec 28 16:25:16.216062 2023] [proxy_http:error] [pid 12004:tid 21324] (OS 10053)An established connection was aborted by the software in your host machine.  : [client 186.102.100.129:14471] AH01102: error reading status line from remote server 172.22.1.16:18080, referer: http://localhost/login
[Thu Dec 28 16:25:17.386064 2023] [proxy_http:error] [pid 12004:tid 20980] (OS 10053)An established connection was aborted by the software in your host machine.  : [client 186.102.100.129:14472] AH01102: error reading status line from remote server 172.22.1.16:18080, referer: http://localhost/login
[Thu Dec 28 16:25:17.885264 2023] [proxy_http:error] [pid 12004:tid 20748] (OS 10053)An established connection was aborted by the software in your host machine.  : [client 186.102.100.129:14492] AH01102: error reading status line from remote server 172.22.1.16:18080, referer: http://localhost/login
[Thu Dec 28 16:25:17.885264 2023] [proxy:error] [pid 12004:tid 20748] [client 186.102.100.129:14492] AH00898: Error reading from remote server returned by /kwssiamovil/sm/ldap/au, referer: http://localhost/login
[Thu Dec 28 16:25:18.493666 2023] [proxy_http:error] [pid 12004:tid 20872] (OS 10053)An established connection was aborted by the software in your host machine.  : [client 186.102.100.129:14474] AH01102: error reading status line from remote server 172.22.1.16:18080, referer: http://localhost/login
[Thu Dec 28 16:25:19.055267 2023] [proxy_http:error] [pid 12004:tid 20740] (OS 10053)An established connection was aborted by the software in your host machine.  : [client 186.102.100.129:14475] AH01102: error reading status line from remote server 172.22.1.16:18080, referer: http://localhost/login
[Thu Dec 28 16:25:33.266891 2023] [proxy_http:error] [pid 12004:tid 20836] (OS 10053)An established connection was aborted by the software in your host machine.  : [client 186.102.100.129:14511] AH01102: error reading status line from remote server 172.22.1.16:18080, referer: http://localhost/login
[Thu Dec 28 16:25:33.266891 2023] [proxy:error] [pid 12004:tid 20836] [client 186.102.100.129:14511] AH00898: Error reading from remote server returned by /kwssiamovil/sm/ldap/au, referer: http://localhost/login
[Thu Dec 28 16:25:35.326095 2023] [proxy_http:error] [pid 12004:tid 21324] (OS 10053)An established connection was aborted by the software in your host machine.  : [client 186.102.100.129:14512] AH01102: error reading status line from remote server 172.22.1.16:18080, referer: http://localhost/login
[Thu Dec 28 16:25:35.326095 2023] [proxy:error] [pid 12004:tid 21324] [client 186.102.100.129:14512] AH00898: Error reading from remote server returned by /kwssiamovil/sm/ldap/au, referer: http://localhost/login
[Thu Dec 28 16:25:36.418097 2023] [proxy_http:error] [pid 12004:tid 20980] (OS 10053)An established connection was aborted by the software in your host machine.  : [client 186.102.100.129:14517] AH01102: error reading status line from remote server 172.22.1.16:18080, referer: http://localhost/login
[Thu Dec 28 16:25:36.418097 2023] [proxy:error] [pid 12004:tid 20980] [client 186.102.100.129:14517] AH00898: Error reading from remote server returned by /kwssiamovil/sm/ldap/au, referer: http://localhost/login
[Thu Dec 28 16:25:37.510099 2023] [proxy_http:error] [pid 12004:tid 20748] (OS 10053)An established connection was aborted by the software in your host machine.  : [client 186.102.100.129:14492] AH01102: error reading status line from remote server 172.22.1.16:18080, referer: http://localhost/login
[Thu Dec 28 16:25:38.087300 2023] [proxy_http:error] [pid 12004:tid 20740] (OS 10053)An established connection was aborted by the software in your host machine.  : [client 186.102.100.129:14523] AH01102: error reading status line from remote server 172.22.1.16:18080, referer: http://localhost/login
[Thu Dec 28 16:25:38.087300 2023] [proxy:error] [pid 12004:tid 20740] [client 186.102.100.129:14523] AH00898: Error reading from remote server returned by /kwssiamovil/sm/ldap/au, referer: http://localhost/login
[Thu Dec 28 16:25:56.526532 2023] [proxy_http:error] [pid 12004:tid 20980] (OS 10053)An established connection was aborted by the software in your host machine.  : [client 186.102.100.129:14517] AH01102: error reading status line from remote server 172.22.1.16:18080, referer: http://localhost/login
[Thu Dec 28 16:26:07.976952 2023] [proxy_http:error] [pid 12004:tid 20872] (OS 10053)An established connection was aborted by the software in your host machine.  : [client 201.245.192.253:44930] AH01102: error reading status line from remote server 172.22.1.16:18080
[Thu Dec 28 16:26:07.976952 2023] [proxy:error] [pid 12004:tid 20872] [client 201.245.192.253:44930] AH00898: Error reading from remote server returned by /kwsrmcab/Wsrmcab
[Thu Dec 28 16:26:15.277765 2023] [proxy_http:error] [pid 12004:tid 20740] (OS 10053)An established connection was aborted by the software in your host machine.  : [client 201.245.192.253:33136] AH01102: error reading status line from remote server 172.22.1.16:18080
[Thu Dec 28 16:26:15.277765 2023] [proxy:error] [pid 12004:tid 20740] [client 201.245.192.253:33136] AH00898: Error reading from remote server returned by /kwsrmcab/Wsrmcab
[Thu Dec 28 16:26:15.948566 2023] [proxy_http:error] [pid 12004:tid 20980] (OS 10053)An established connection was aborted by the software in your host machine.  : [client 186.102.100.129:14581] AH01102: error reading status line from remote server 172.22.1.16:18080, referer: http://localhost/login
[Thu Dec 28 16:26:15.948566 2023] [proxy:error] [pid 12004:tid 20980] [client 186.102.100.129:14581] AH00898: Error reading from remote server returned by /kwssiamovil/sm/ldap/au, referer: http://localhost/login
[Thu Dec 28 16:26:26.930986 2023] [proxy_http:error] [pid 12004:tid 20832] (OS 10053)An established connection was aborted by the software in your host machine.  : [client 201.245.192.253:44932] AH01102: error reading status line from remote server 172.22.1.16:18080
[Thu Dec 28 16:26:26.930986 2023] [proxy:error] [pid 12004:tid 20832] [client 201.245.192.253:44932] AH00898: Error reading from remote server returned by /kwsrmcab/Wsrmcab
[Thu Dec 28 16:26:34.247399 2023] [proxy_http:error] [pid 12004:tid 21272] (OS 10053)An established connection was aborted by the software in your host machine.  : [client 201.245.192.253:33140] AH01102: error reading status line from remote server 172.22.1.16:18080
[Thu Dec 28 16:26:34.247399 2023] [proxy:error] [pid 12004:tid 21272] [client 201.245.192.253:33140] AH00898: Error reading from remote server returned by /kwsrmcab/Wsrmcab
[Thu Dec 28 16:26:46.087819 2023] [proxy_http:error] [pid 12004:tid 20832] (OS 10053)An established connection was aborted by the software in your host machine.  : [client 201.245.192.253:59326] AH01102: error reading status line from remote server 172.22.1.16:18080
[Thu Dec 28 16:26:46.087819 2023] [proxy:error] [pid 12004:tid 20832] [client 201.245.192.253:59326] AH00898: Error reading from remote server returned by /appsia/controlador
[Thu Dec 28 16:26:50.065826 2023] [proxy_http:error] [pid 12004:tid 21052] (OS 10053)An established connection was aborted by the software in your host machine.  : [client 201.245.192.253:59327] AH01102: error reading status line from remote server 172.22.1.16:18080
[Thu Dec 28 16:26:50.065826 2023] [proxy:error] [pid 12004:tid 21052] [client 201.245.192.253:59327] AH00898: Error reading from remote server returned by /appsia/controlador
[Thu Dec 28 16:28:34.086809 2023] [proxy_http:error] [pid 12004:tid 21040] (OS 10053)An established connection was aborted by the software in your host machine.  : [client 201.245.192.253:50972] AH01102: error reading status line from remote server 172.22.1.16:18080
[Thu Dec 28 16:28:34.086809 2023] [proxy:error] [pid 12004:tid 21040] [client 201.245.192.253:50972] AH00898: Error reading from remote server returned by /kwsrmcab/Wsrmcab
[Thu Dec 28 16:28:43.400025 2023] [proxy_http:error] [pid 12004:tid 21052] (OS 10053)An established connection was aborted by the software in your host machine.  : [client 201.245.192.253:51707] AH01102: error reading status line from remote server 172.22.1.16:18080
[Thu Dec 28 16:28:43.400025 2023] [proxy:error] [pid 12004:tid 21052] [client 201.245.192.253:51707] AH00898: Error reading from remote server returned by /appsia/controlador
[Thu Dec 28 16:29:05.240064 2023] [proxy_http:error] [pid 12004:tid 21052] (OS 10053)An established connection was aborted by the software in your host machine.  : [client 201.245.192.253:51707] AH01102: error reading status line from remote server 172.22.1.16:18080
[Thu Dec 28 16:29:24.537298 2023] [proxy_http:error] [pid 12004:tid 20944] (OS 10053)An established connection was aborted by the software in your host machine.  : [client 201.245.192.253:51709] AH01102: error reading status line from remote server 172.22.1.16:18080
[Thu Dec 28 16:29:24.537298 2023] [proxy:error] [pid 12004:tid 20944] [client 201.245.192.253:51709] AH00898: Error reading from remote server returned by /appsia/controlador
[Thu Dec 28 16:30:18.575793 2023] [proxy_http:error] [pid 12004:tid 20812] (OS 10053)An established connection was aborted by the software in your host machine.  : [client 201.245.192.253:44960] AH01102: error reading status line from remote server 172.22.1.16:18080
[Thu Dec 28 16:30:18.575793 2023] [proxy:error] [pid 12004:tid 20812] [client 201.245.192.253:44960] AH00898: Error reading from remote server returned by /kwsrmcab/Wsrmcab
[Thu Dec 28 16:30:37.529826 2023] [proxy_http:error] [pid 12004:tid 20824] (OS 10053)An established connection was aborted by the software in your host machine.  : [client 201.245.192.253:44964] AH01102: error reading status line from remote server 172.22.1.16:18080
[Thu Dec 28 16:30:37.529826 2023] [proxy:error] [pid 12004:tid 20824] [client 201.245.192.253:44964] AH00898: Error reading from remote server returned by /kwsrmcab/Wsrmcab
[Thu Dec 28 16:32:30.349224 2023] [proxy_http:error] [pid 12004:tid 20832] (OS 10053)An established connection was aborted by the software in your host machine.  : [client 45.162.126.44:55158] AH01102: error reading status line from remote server 172.22.1.16:18080
[Thu Dec 28 16:32:30.349224 2023] [proxy:error] [pid 12004:tid 20832] [client 45.162.126.44:55158] AH00898: Error reading from remote server returned by /kwsrmcab/Wsrmcab
[Thu Dec 28 16:33:13.779700 2023] [proxy_http:error] [pid 12004:tid 21424] (OS 10053)An established connection was aborted by the software in your host machine.  : [client 181.78.79.131:60646] AH01102: error reading status line from remote server 172.22.1.16:18080
[Thu Dec 28 16:33:13.779700 2023] [proxy:error] [pid 12004:tid 21424] [client 181.78.79.131:60646] AH00898: Error reading from remote server returned by /kwsrmcab/Wsrmcab
[Thu Dec 28 16:33:17.414507 2023] [proxy_http:error] [pid 12004:tid 20824] (OS 10053)An established connection was aborted by the software in your host machine.  : [client 181.78.79.131:60647] AH01102: error reading status line from remote server 172.22.1.16:18080
[Thu Dec 28 16:33:17.414507 2023] [proxy:error] [pid 12004:tid 20824] [client 181.78.79.131:60647] AH00898: Error reading from remote server returned by /kwsrmcab/Wsrmcab
[Thu Dec 28 16:33:32.858534 2023] [proxy_http:error] [pid 12004:tid 21424] (OS 10053)An established connection was aborted by the software in your host machine.  : [client 201.245.192.253:52596] AH01102: error reading status line from remote server 172.22.1.16:18080
[Thu Dec 28 16:33:32.858534 2023] [proxy:error] [pid 12004:tid 21424] [client 201.245.192.253:52596] AH00898: Error reading from remote server returned by /kwsrmcab/Wsrmcab
[Thu Dec 28 16:33:44.761355 2023] [proxy_http:error] [pid 12004:tid 20912] (OS 10053)An established connection was aborted by the software in your host machine.  : [client 45.162.126.44:55186] AH01102: error reading status line from remote server 172.22.1.16:18080
[Thu Dec 28 16:33:44.761355 2023] [proxy:error] [pid 12004:tid 20912] [client 45.162.126.44:55186] AH00898: Error reading from remote server returned by /kwsrmcab/Wsrmcab
[Thu Dec 28 16:34:56.349880 2023] [proxy_http:error] [pid 12004:tid 21272] (OS 10053)An established connection was aborted by the software in your host machine.  : [client 152.202.85.222:46766] AH01102: error reading status line from remote server 172.22.1.16:18080, referer: http://localhost/
[Thu Dec 28 16:34:56.349880 2023] [proxy:error] [pid 12004:tid 21272] [client 152.202.85.222:46766] AH00898: Error reading from remote server returned by /kwssiamovil/sm/ldap/au, referer: http://localhost/
[Thu Dec 28 16:35:02.418291 2023] [proxy_http:error] [pid 12004:tid 21308] (OS 10053)An established connection was aborted by the software in your host machine.  : [client 152.202.85.222:46768] AH01102: error reading status line from remote server 172.22.1.16:18080, referer: http://localhost/
[Thu Dec 28 16:35:02.418291 2023] [proxy:error] [pid 12004:tid 21308] [client 152.202.85.222:46768] AH00898: Error reading from remote server returned by /kwssiamovil/sm/ldap/au, referer: http://localhost/
[Thu Dec 28 16:35:07.301100 2023] [proxy_http:error] [pid 12004:tid 20832] (OS 10053)An established connection was aborted by the software in your host machine.  : [client 152.202.85.222:46770] AH01102: error reading status line from remote server 172.22.1.16:18080, referer: http://localhost/
[Thu Dec 28 16:35:07.301100 2023] [proxy:error] [pid 12004:tid 20832] [client 152.202.85.222:46770] AH00898: Error reading from remote server returned by /kwssiamovil/sm/ldap/au, referer: http://localhost/
[Thu Dec 28 16:35:09.282303 2023] [proxy_http:error] [pid 12004:tid 20852] (OS 10053)An established connection was aborted by the software in your host machine.  : [client 152.202.85.222:46772] AH01102: error reading status line from remote server 172.22.1.16:18080, referer: http://localhost/
[Thu Dec 28 16:35:09.282303 2023] [proxy:error] [pid 12004:tid 20852] [client 152.202.85.222:46772] AH00898: Error reading from remote server returned by /kwssiamovil/sm/ldap/au, referer: http://localhost/
