[Thu Dec 28 19:43:02.018103 2023] [proxy_http:error] [pid 12004:tid 21472] (OS 10053)An established connection was aborted by the software in your host machine.  : [client 186.81.156.115:35214] AH01102: error reading status line from remote server 172.22.1.16:18080, referer: http://localhost/
[Thu Dec 28 19:43:02.033703 2023] [proxy_http:error] [pid 12004:tid 21368] (OS 10053)An established connection was aborted by the software in your host machine.  : [client 186.81.156.115:35212] AH01102: error reading status line from remote server 172.22.1.16:18080, referer: http://localhost/
[Thu Dec 28 19:43:02.236503 2023] [proxy:error] [pid 12004:tid 21368] AH00940: HTTP: disabled connection for (172.22.1.16)
[Thu Dec 28 19:43:02.252103 2023] [proxy:error] [pid 12004:tid 21472] AH00940: HTTP: disabled connection for (172.22.1.16)
[Thu Dec 28 19:43:59.972204 2023] [proxy_http:error] [pid 12004:tid 20948] (OS 10054)An existing connection was forcibly closed by the remote host.  : [client 186.81.156.115:35216] AH01102: error reading status line from remote server 172.22.1.16:18080, referer: http://localhost/
[Thu Dec 28 19:43:59.972204 2023] [proxy:error] [pid 12004:tid 20948] [client 186.81.156.115:35216] AH00898: Error reading from remote server returned by /kwssiamovil/sm/des/ldap/au, referer: http://localhost/
[Thu Dec 28 19:44:05.993815 2023] [proxy_http:error] [pid 12004:tid 20804] (OS 10054)An existing connection was forcibly closed by the remote host.  : [client 186.81.156.115:35218] AH01102: error reading status line from remote server 172.22.1.16:18080, referer: http://localhost/
[Thu Dec 28 19:44:05.993815 2023] [proxy:error] [pid 12004:tid 20804] [client 186.81.156.115:35218] AH00898: Error reading from remote server returned by /kwssiamovil/sm/des/ldap/au, referer: http://localhost/
[Thu Dec 28 19:44:06.025015 2023] [proxy_http:error] [pid 12004:tid 20768] (OS 10054)An existing connection was forcibly closed by the remote host.  : [client 186.81.156.115:35222] AH01102: error reading status line from remote server 172.22.1.16:18080, referer: http://localhost/
[Thu Dec 28 19:44:06.025015 2023] [proxy:error] [pid 12004:tid 20768] [client 186.81.156.115:35222] AH00898: Error reading from remote server returned by /kwssiamovil/sm/des/ldap/au, referer: http://localhost/
[Thu Dec 28 19:47:49.136607 2023] [proxy_http:error] [pid 12004:tid 21472] (OS 10053)An established connection was aborted by the software in your host machine.  : [client 201.245.192.253:59700] AH01102: error reading status line from remote server 172.22.1.16:18080
[Thu Dec 28 19:47:49.136607 2023] [proxy:error] [pid 12004:tid 21472] [client 201.245.192.253:59700] AH00898: Error reading from remote server returned by /kwsrmcab/Wsrmcab
[Thu Dec 28 19:50:04.186044 2023] [proxy_http:error] [pid 12004:tid 20948] (OS 10053)An established connection was aborted by the software in your host machine.  : [client 191.156.42.108:59228] AH01102: error reading status line from remote server 172.22.1.16:18080, referer: http://localhost/
[Thu Dec 28 19:50:04.186044 2023] [proxy:error] [pid 12004:tid 20948] [client 191.156.42.108:59228] AH00898: Error reading from remote server returned by /kwssiamovil/sm/ldap/au, referer: http://localhost/
[Thu Dec 28 19:50:47.117320 2023] [core:error] [pid 12004:tid 21228] [client 45.33.97.204:48708] AH00135: Invalid method in request HELP
[Thu Dec 28 19:50:47.257720 2023] [core:error] [pid 12004:tid 21228] [client 45.33.97.204:48724] AH00135: Invalid method in request \x1b\x84\xd5\xb0]\xf4\xc4\x93\xc50\xc2X\x8c\xda\xb1\xd7\xac\xafn\x1d\xe1\x1e\x1a3*\x85\xb7\x1d'\xb1\xc9k\xbf\xf0\xbc
[Thu Dec 28 19:50:50.689726 2023] [core:error] [pid 12004:tid 21368] [client 45.33.97.204:34126] AH00126: Invalid URI in request \xbd\xff\x9e\xffE\xff\x9e\xff\xbd\xff\x9e\xff\xa4\xff\x86\xff\xc4\xff\xbe\xff\xc7\xff\xdb\xff\xee\xffx\\d9\xff\xed\xff\xa4\xff\x9d\xff\xcf\xff\xd8\xff\xe5\xff\x04\xff\x12\xff0\xff\xb1\xff\xbd\xff\xe7\xff\xe2\xff\xdd\xff\xdc\xff\xde\xff\xc8\xff\xcc\xff\xbe\xff\xf8\xff&\xff\x01\xff\x0f\xff\xf5\xff\x06\xff\xff\xff\xf7\xff!\xff\xde\xff\x02\xff&\xff\x0c\xff\x01\xff\xf5\xff
[Thu Dec 28 19:52:46.956730 2023] [proxy_http:error] [pid 12004:tid 20948] (OS 10053)An established connection was aborted by the software in your host machine.  : [client 201.245.192.253:33096] AH01102: error reading status line from remote server 172.22.1.16:18080
[Thu Dec 28 19:52:46.956730 2023] [proxy:error] [pid 12004:tid 20948] [client 201.245.192.253:33096] AH00898: Error reading from remote server returned by /kwsrmcab/Wsrmcab
[Thu Dec 28 19:57:46.165256 2023] [proxy_http:error] [pid 12004:tid 21352] (OS 10053)An established connection was aborted by the software in your host machine.  : [client 201.245.192.253:34744] AH01102: error reading status line from remote server 172.22.1.16:18080
[Thu Dec 28 19:57:46.165256 2023] [proxy:error] [pid 12004:tid 21352] [client 201.245.192.253:34744] AH00898: Error reading from remote server returned by /kwsrmcab/Wsrmcab
[Thu Dec 28 20:00:44.598369 2023] [proxy_http:error] [pid 12004:tid 21128] (OS 10053)An established connection was aborted by the software in your host machine.  : [client 190.146.168.87:53564] AH01102: error reading status line from remote server 172.22.1.16:18080, referer: http://localhost/
[Thu Dec 28 20:00:44.598369 2023] [proxy:error] [pid 12004:tid 21128] [client 190.146.168.87:53564] AH00898: Error reading from remote server returned by /kwssiamovil/sm/des/ldap/au, referer: http://localhost/
[Thu Dec 28 20:00:45.705971 2023] [proxy_http:error] [pid 12004:tid 21228] (OS 10053)An established connection was aborted by the software in your host machine.  : [client 190.146.168.87:53566] AH01102: error reading status line from remote server 172.22.1.16:18080, referer: http://localhost/
[Thu Dec 28 20:00:45.705971 2023] [proxy:error] [pid 12004:tid 21228] [client 190.146.168.87:53566] AH00898: Error reading from remote server returned by /kwssiamovil/sm/des/ldap/au, referer: http://localhost/
[Thu Dec 28 20:00:45.924371 2023] [proxy_http:error] [pid 12004:tid 20948] (OS 10053)An established connection was aborted by the software in your host machine.  : [client 190.146.168.87:53568] AH01102: error reading status line from remote server 172.22.1.16:18080, referer: http://localhost/
[Thu Dec 28 20:00:45.924371 2023] [proxy:error] [pid 12004:tid 20948] [client 190.146.168.87:53568] AH00898: Error reading from remote server returned by /kwssiamovil/sm/des/ldap/au, referer: http://localhost/
[Thu Dec 28 20:01:00.011196 2023] [proxy_http:error] [pid 12004:tid 20892] (OS 10053)An established connection was aborted by the software in your host machine.  : [client 190.146.168.87:53570] AH01102: error reading status line from remote server 172.22.1.16:18080, referer: http://localhost/
[Thu Dec 28 20:01:00.011196 2023] [proxy:error] [pid 12004:tid 20892] [client 190.146.168.87:53570] AH00898: Error reading from remote server returned by /kwssiamovil/sm/des/ldap/au, referer: http://localhost/
[Thu Dec 28 20:02:43.158577 2023] [proxy_http:error] [pid 12004:tid 20892] (OS 10053)An established connection was aborted by the software in your host machine.  : [client 201.245.192.253:36390] AH01102: error reading status line from remote server 172.22.1.16:18080
[Thu Dec 28 20:02:43.158577 2023] [proxy:error] [pid 12004:tid 20892] [client 201.245.192.253:36390] AH00898: Error reading from remote server returned by /kwsrmcab/Wsrmcab
[Thu Dec 28 20:07:44.301506 2023] [proxy_http:error] [pid 12004:tid 21228] (OS 10053)An established connection was aborted by the software in your host machine.  : [client 201.245.192.253:38014] AH01102: error reading status line from remote server 172.22.1.16:18080
[Thu Dec 28 20:07:44.301506 2023] [proxy:error] [pid 12004:tid 21228] [client 201.245.192.253:38014] AH00898: Error reading from remote server returned by /kwsrmcab/Wsrmcab
[Thu Dec 28 20:10:25.106589 2023] [proxy_http:error] [pid 12004:tid 21368] (OS 10053)An established connection was aborted by the software in your host machine.  : [client 190.146.168.87:53576] AH01102: error reading status line from remote server 172.22.1.16:18080, referer: http://localhost/
[Thu Dec 28 20:10:25.106589 2023] [proxy:error] [pid 12004:tid 21368] [client 190.146.168.87:53576] AH00898: Error reading from remote server returned by /kwssiamovil/sm/des/ldap/au, referer: http://localhost/
[Thu Dec 28 20:10:26.214191 2023] [proxy_http:error] [pid 12004:tid 21128] (OS 10053)An established connection was aborted by the software in your host machine.  : [client 190.146.168.87:53578] AH01102: error reading status line from remote server 172.22.1.16:18080, referer: http://localhost/
[Thu Dec 28 20:10:26.214191 2023] [proxy:error] [pid 12004:tid 21128] [client 190.146.168.87:53578] AH00898: Error reading from remote server returned by /kwssiamovil/sm/des/ldap/au, referer: http://localhost/
[Thu Dec 28 20:10:51.548635 2023] [proxy_http:error] [pid 12004:tid 21128] (OS 10053)An established connection was aborted by the software in your host machine.  : [client 190.27.105.145:43826] AH01102: error reading status line from remote server 172.22.1.16:18080, referer: http://localhost/
[Thu Dec 28 20:10:51.548635 2023] [proxy:error] [pid 12004:tid 21128] [client 190.27.105.145:43826] AH00898: Error reading from remote server returned by /kwssiamovil/sm/ldap/au, referer: http://localhost/
[Thu Dec 28 20:10:53.046238 2023] [proxy_http:error] [pid 12004:tid 21368] (OS 10053)An established connection was aborted by the software in your host machine.  : [client 190.27.105.145:43828] AH01102: error reading status line from remote server 172.22.1.16:18080, referer: http://localhost/
[Thu Dec 28 20:10:53.046238 2023] [proxy:error] [pid 12004:tid 21368] [client 190.27.105.145:43828] AH00898: Error reading from remote server returned by /kwssiamovil/sm/ldap/au, referer: http://localhost/
[Thu Dec 28 20:10:54.153840 2023] [proxy_http:error] [pid 12004:tid 20948] (OS 10053)An established connection was aborted by the software in your host machine.  : [client 190.27.105.145:43830] AH01102: error reading status line from remote server 172.22.1.16:18080, referer: http://localhost/
[Thu Dec 28 20:10:54.153840 2023] [proxy:error] [pid 12004:tid 20948] [client 190.27.105.145:43830] AH00898: Error reading from remote server returned by /kwssiamovil/sm/ldap/au, referer: http://localhost/
[Thu Dec 28 20:12:42.745630 2023] [proxy_http:error] [pid 12004:tid 21368] (OS 10053)An established connection was aborted by the software in your host machine.  : [client 201.245.192.253:39640] AH01102: error reading status line from remote server 172.22.1.16:18080
[Thu Dec 28 20:12:42.745630 2023] [proxy:error] [pid 12004:tid 21368] [client 201.245.192.253:39640] AH00898: Error reading from remote server returned by /kwsrmcab/Wsrmcab
[Thu Dec 28 20:16:16.247605 2023] [proxy_http:error] [pid 12004:tid 21352] (OS 10053)An established connection was aborted by the software in your host machine.  : [client 201.245.192.253:34648] AH01102: error reading status line from remote server 172.22.1.16:18080
[Thu Dec 28 20:16:16.247605 2023] [proxy:error] [pid 12004:tid 21352] [client 201.245.192.253:34648] AH00898: Error reading from remote server returned by /kwsrmcab/Wsrmcab
[Thu Dec 28 20:16:35.186039 2023] [proxy_http:error] [pid 12004:tid 20892] (OS 10053)An established connection was aborted by the software in your host machine.  : [client 201.245.192.253:34654] AH01102: error reading status line from remote server 172.22.1.16:18080
[Thu Dec 28 20:16:35.186039 2023] [proxy:error] [pid 12004:tid 20892] [client 201.245.192.253:34654] AH00898: Error reading from remote server returned by /kwsrmcab/Wsrmcab
[Thu Dec 28 20:17:39.021351 2023] [proxy_http:error] [pid 12004:tid 21212] (OS 10053)An established connection was aborted by the software in your host machine.  : [client 201.245.192.253:41266] AH01102: error reading status line from remote server 172.22.1.16:18080
[Thu Dec 28 20:17:39.021351 2023] [proxy:error] [pid 12004:tid 21212] [client 201.245.192.253:41266] AH00898: Error reading from remote server returned by /kwsrmcab/Wsrmcab
[Thu Dec 28 20:19:52.713586 2023] [mpm_winnt:warn] [pid 12004:tid 21868] (OS 64)The specified network name is no longer available.  : AH00341: winnt_accept: Asynchronous AcceptEx failed.
[Thu Dec 28 20:20:19.966833 2023] [proxy_http:error] [pid 12004:tid 21104] (OS 10053)An established connection was aborted by the software in your host machine.  : [client 201.245.192.253:46896] AH01102: error reading status line from remote server 172.22.1.16:18080
[Thu Dec 28 20:20:19.966833 2023] [proxy:error] [pid 12004:tid 21104] [client 201.245.192.253:46896] AH00898: Error reading from remote server returned by /kwsrmcab/Wsrmcab
[Thu Dec 28 20:20:29.950851 2023] [proxy_http:error] [pid 12004:tid 20948] (OS 10053)An established connection was aborted by the software in your host machine.  : [client 191.156.42.127:59906] AH01102: error reading status line from remote server 172.22.1.16:18080, referer: http://localhost/
[Thu Dec 28 20:20:29.950851 2023] [proxy:error] [pid 12004:tid 20948] [client 191.156.42.127:59906] AH00898: Error reading from remote server returned by /kwssiamovil/sm/ldap/au, referer: http://localhost/
[Thu Dec 28 20:20:38.905267 2023] [proxy_http:error] [pid 12004:tid 20968] (OS 10053)An established connection was aborted by the software in your host machine.  : [client 201.245.192.253:46902] AH01102: error reading status line from remote server 172.22.1.16:18080
[Thu Dec 28 20:20:38.905267 2023] [proxy:error] [pid 12004:tid 20968] [client 201.245.192.253:46902] AH00898: Error reading from remote server returned by /kwsrmcab/Wsrmcab
[Thu Dec 28 20:22:40.039479 2023] [proxy_http:error] [pid 12004:tid 21472] (OS 10053)An established connection was aborted by the software in your host machine.  : [client 201.245.192.253:42900] AH01102: error reading status line from remote server 172.22.1.16:18080
[Thu Dec 28 20:22:40.039479 2023] [proxy:error] [pid 12004:tid 21472] [client 201.245.192.253:42900] AH00898: Error reading from remote server returned by /kwsrmcab/Wsrmcab
[Thu Dec 28 20:26:17.020261 2023] [proxy_http:error] [pid 12004:tid 21156] (OS 10053)An established connection was aborted by the software in your host machine.  : [client 201.245.192.253:34682] AH01102: error reading status line from remote server 172.22.1.16:18080
[Thu Dec 28 20:26:17.020261 2023] [proxy:error] [pid 12004:tid 21156] [client 201.245.192.253:34682] AH00898: Error reading from remote server returned by /kwsrmcab/Wsrmcab
[Thu Dec 28 20:26:35.989894 2023] [proxy_http:error] [pid 12004:tid 20800] (OS 10053)An established connection was aborted by the software in your host machine.  : [client 201.245.192.253:34690] AH01102: error reading status line from remote server 172.22.1.16:18080
[Thu Dec 28 20:26:35.989894 2023] [proxy:error] [pid 12004:tid 20800] [client 201.245.192.253:34690] AH00898: Error reading from remote server returned by /kwsrmcab/Wsrmcab
[Thu Dec 28 20:27:36.752001 2023] [proxy_http:error] [pid 12004:tid 21104] (OS 10053)An established connection was aborted by the software in your host machine.  : [client 201.245.192.253:44524] AH01102: error reading status line from remote server 172.22.1.16:18080
[Thu Dec 28 20:27:36.752001 2023] [proxy:error] [pid 12004:tid 21104] [client 201.245.192.253:44524] AH00898: Error reading from remote server returned by /kwsrmcab/Wsrmcab
[Thu Dec 28 20:28:26.484888 2023] [proxy_http:error] [pid 12004:tid 20892] (OS 10053)An established connection was aborted by the software in your host machine.  : [client 191.156.45.200:60384] AH01102: error reading status line from remote server 172.22.1.16:18080, referer: http://localhost/
[Thu Dec 28 20:28:26.484888 2023] [proxy:error] [pid 12004:tid 20892] [client 191.156.45.200:60384] AH00898: Error reading from remote server returned by /kwssiamovil/sm/ldap/au, referer: http://localhost/
[Thu Dec 28 20:30:19.694287 2023] [proxy_http:error] [pid 12004:tid 21484] (OS 10053)An established connection was aborted by the software in your host machine.  : [client 201.245.192.253:47004] AH01102: error reading status line from remote server 172.22.1.16:18080
[Thu Dec 28 20:30:19.694287 2023] [proxy:error] [pid 12004:tid 21484] [client 201.245.192.253:47004] AH00898: Error reading from remote server returned by /kwsrmcab/Wsrmcab
[Thu Dec 28 20:30:38.632720 2023] [proxy_http:error] [pid 12004:tid 21280] (OS 10053)An established connection was aborted by the software in your host machine.  : [client 201.245.192.253:47008] AH01102: error reading status line from remote server 172.22.1.16:18080
[Thu Dec 28 20:30:38.632720 2023] [proxy:error] [pid 12004:tid 21280] [client 201.245.192.253:47008] AH00898: Error reading from remote server returned by /kwsrmcab/Wsrmcab
[Thu Dec 28 20:32:38.269330 2023] [proxy_http:error] [pid 12004:tid 21148] (OS 10053)An established connection was aborted by the software in your host machine.  : [client 201.245.192.253:46148] AH01102: error reading status line from remote server 172.22.1.16:18080
[Thu Dec 28 20:32:38.269330 2023] [proxy:error] [pid 12004:tid 21148] [client 201.245.192.253:46148] AH00898: Error reading from remote server returned by /kwsrmcab/Wsrmcab
[Thu Dec 28 20:34:03.929081 2023] [proxy_http:error] [pid 12004:tid 20804] (OS 10053)An established connection was aborted by the software in your host machine.  : [client 186.102.100.147:27859] AH01102: error reading status line from remote server 172.22.1.16:18080, referer: http://localhost/
[Thu Dec 28 20:34:03.929081 2023] [proxy:error] [pid 12004:tid 20804] [client 186.102.100.147:27859] AH00898: Error reading from remote server returned by /kwssiamovil/sm/ldap/au, referer: http://localhost/
[Thu Dec 28 20:34:05.067883 2023] [proxy_http:error] [pid 12004:tid 21148] (OS 10053)An established connection was aborted by the software in your host machine.  : [client 186.102.100.147:27864] AH01102: error reading status line from remote server 172.22.1.16:18080, referer: http://localhost/
[Thu Dec 28 20:34:05.067883 2023] [proxy:error] [pid 12004:tid 21148] [client 186.102.100.147:27864] AH00898: Error reading from remote server returned by /kwssiamovil/sm/ldap/au, referer: http://localhost/
[Thu Dec 28 20:34:05.941484 2023] [proxy_http:error] [pid 12004:tid 20892] (OS 10053)An established connection was aborted by the software in your host machine.  : [client 186.102.100.147:27865] AH01102: error reading status line from remote server 172.22.1.16:18080, referer: http://localhost/
[Thu Dec 28 20:34:05.941484 2023] [proxy:error] [pid 12004:tid 20892] [client 186.102.100.147:27865] AH00898: Error reading from remote server returned by /kwssiamovil/sm/ldap/au, referer: http://localhost/
[Thu Dec 28 20:34:06.659085 2023] [proxy_http:error] [pid 12004:tid 20948] (OS 10053)An established connection was aborted by the software in your host machine.  : [client 186.102.100.147:27866] AH01102: error reading status line from remote server 172.22.1.16:18080, referer: http://localhost/
[Thu Dec 28 20:34:06.659085 2023] [proxy:error] [pid 12004:tid 20948] [client 186.102.100.147:27866] AH00898: Error reading from remote server returned by /kwssiamovil/sm/ldap/au, referer: http://localhost/
[Thu Dec 28 20:34:06.830686 2023] [proxy_http:error] [pid 12004:tid 21128] (OS 10053)An established connection was aborted by the software in your host machine.  : [client 186.102.100.147:27868] AH01102: error reading status line from remote server 172.22.1.16:18080, referer: http://localhost/
[Thu Dec 28 20:34:06.830686 2023] [proxy:error] [pid 12004:tid 21128] [client 186.102.100.147:27868] AH00898: Error reading from remote server returned by /kwssiamovil/sm/ldap/au, referer: http://localhost/
[Thu Dec 28 20:34:23.335515 2023] [proxy_http:error] [pid 12004:tid 20804] (OS 10053)An established connection was aborted by the software in your host machine.  : [client 186.102.100.147:27859] AH01102: error reading status line from remote server 172.22.1.16:18080, referer: http://localhost/
[Thu Dec 28 20:34:24.115516 2023] [proxy_http:error] [pid 12004:tid 21148] (OS 10053)An established connection was aborted by the software in your host machine.  : [client 186.102.100.147:27864] AH01102: error reading status line from remote server 172.22.1.16:18080, referer: http://localhost/
[Thu Dec 28 20:34:24.973518 2023] [proxy_http:error] [pid 12004:tid 20892] (OS 10053)An established connection was aborted by the software in your host machine.  : [client 186.102.100.147:27865] AH01102: error reading status line from remote server 172.22.1.16:18080, referer: http://localhost/
[Thu Dec 28 20:34:25.971919 2023] [proxy_http:error] [pid 12004:tid 20948] (OS 10053)An established connection was aborted by the software in your host machine.  : [client 186.102.100.147:27866] AH01102: error reading status line from remote server 172.22.1.16:18080, referer: http://localhost/
[Thu Dec 28 20:34:43.225550 2023] [proxy_http:error] [pid 12004:tid 21148] (OS 10053)An established connection was aborted by the software in your host machine.  : [client 186.102.100.147:27884] AH01102: error reading status line from remote server 172.22.1.16:18080, referer: http://localhost/
[Thu Dec 28 20:34:43.225550 2023] [proxy:error] [pid 12004:tid 21148] [client 186.102.100.147:27884] AH00898: Error reading from remote server returned by /kwssiamovil/sm/ldap/au, referer: http://localhost/
[Thu Dec 28 20:34:43.537550 2023] [proxy_http:error] [pid 12004:tid 20804] (OS 10053)An established connection was aborted by the software in your host machine.  : [client 186.102.100.147:27885] AH01102: error reading status line from remote server 172.22.1.16:18080, referer: http://localhost/
[Thu Dec 28 20:34:43.537550 2023] [proxy:error] [pid 12004:tid 20804] [client 186.102.100.147:27885] AH00898: Error reading from remote server returned by /kwssiamovil/sm/ldap/au, referer: http://localhost/
[Thu Dec 28 20:34:45.019553 2023] [proxy_http:error] [pid 12004:tid 20948] (OS 10053)An established connection was aborted by the software in your host machine.  : [client 186.102.100.147:27888] AH01102: error reading status line from remote server 172.22.1.16:18080, referer: http://localhost/
[Thu Dec 28 20:34:45.019553 2023] [proxy:error] [pid 12004:tid 20948] [client 186.102.100.147:27888] AH00898: Error reading from remote server returned by /kwssiamovil/sm/ldap/au, referer: http://localhost/
[Thu Dec 28 20:35:03.583585 2023] [proxy_http:error] [pid 12004:tid 21148] (OS 10053)An established connection was aborted by the software in your host machine.  : [client 186.102.100.147:27884] AH01102: error reading status line from remote server 172.22.1.16:18080, referer: http://localhost/
[Thu Dec 28 20:35:22.958819 2023] [proxy_http:error] [pid 12004:tid 21148] (OS 10053)An established connection was aborted by the software in your host machine.  : [client 186.102.100.147:27893] AH01102: error reading status line from remote server 172.22.1.16:18080, referer: http://localhost/
[Thu Dec 28 20:35:22.958819 2023] [proxy:error] [pid 12004:tid 21148] [client 186.102.100.147:27893] AH00898: Error reading from remote server returned by /kwssiamovil/sm/ldap/au, referer: http://localhost/
[Thu Dec 28 20:35:23.972821 2023] [proxy_http:error] [pid 12004:tid 21368] (OS 10054)An existing connection was forcibly closed by the remote host.  : [client 186.102.100.147:27867] AH01102: error reading status line from remote server 172.22.1.16:18080, referer: http://localhost/
[Thu Dec 28 20:35:23.972821 2023] [proxy:error] [pid 12004:tid 21368] [client 186.102.100.147:27867] AH00898: Error reading from remote server returned by /kwssiamovil/sm/ldap/au, referer: http://localhost/
[Thu Dec 28 20:35:43.192055 2023] [proxy_http:error] [pid 12004:tid 21128] (OS 10054)An existing connection was forcibly closed by the remote host.  : [client 186.102.100.147:27868] AH01102: error reading status line from remote server 172.22.1.16:18080, referer: http://localhost/
[Thu Dec 28 20:36:01.163287 2023] [proxy_http:error] [pid 12004:tid 20892] (OS 10054)An existing connection was forcibly closed by the remote host.  : [client 186.102.100.147:27887] AH01102: error reading status line from remote server 172.22.1.16:18080, referer: http://localhost/
[Thu Dec 28 20:36:01.163287 2023] [proxy:error] [pid 12004:tid 20892] [client 186.102.100.147:27887] AH00898: Error reading from remote server returned by /kwssiamovil/sm/ldap/au, referer: http://localhost/
[Thu Dec 28 20:36:14.345310 2023] [proxy_http:error] [pid 12004:tid 21352] (OS 10053)An established connection was aborted by the software in your host machine.  : [client 201.245.192.253:34722] AH01102: error reading status line from remote server 172.22.1.16:18080
[Thu Dec 28 20:36:14.345310 2023] [proxy:error] [pid 12004:tid 21352] [client 201.245.192.253:34722] AH00898: Error reading from remote server returned by /kwsrmcab/Wsrmcab
[Thu Dec 28 20:36:33.283743 2023] [proxy_http:error] [pid 12004:tid 21148] (OS 10053)An established connection was aborted by the software in your host machine.  : [client 201.245.192.253:34728] AH01102: error reading status line from remote server 172.22.1.16:18080
[Thu Dec 28 20:36:33.283743 2023] [proxy:error] [pid 12004:tid 21148] [client 201.245.192.253:34728] AH00898: Error reading from remote server returned by /kwsrmcab/Wsrmcab
[Thu Dec 28 20:37:35.247052 2023] [proxy_http:error] [pid 12004:tid 20804] (OS 10053)An established connection was aborted by the software in your host machine.  : [client 201.245.192.253:47776] AH01102: error reading status line from remote server 172.22.1.16:18080
[Thu Dec 28 20:37:35.247052 2023] [proxy:error] [pid 12004:tid 20804] [client 201.245.192.253:47776] AH00898: Error reading from remote server returned by /kwsrmcab/Wsrmcab
[Thu Dec 28 20:40:20.076941 2023] [proxy_http:error] [pid 12004:tid 20892] (OS 10053)An established connection was aborted by the software in your host machine.  : [client 201.245.192.253:47094] AH01102: error reading status line from remote server 172.22.1.16:18080
[Thu Dec 28 20:40:20.076941 2023] [proxy:error] [pid 12004:tid 20892] [client 201.245.192.253:47094] AH00898: Error reading from remote server returned by /kwsrmcab/Wsrmcab
[Thu Dec 28 20:40:39.015375 2023] [proxy_http:error] [pid 12004:tid 20804] (OS 10053)An established connection was aborted by the software in your host machine.  : [client 201.245.192.253:47100] AH01102: error reading status line from remote server 172.22.1.16:18080
[Thu Dec 28 20:40:39.015375 2023] [proxy:error] [pid 12004:tid 20804] [client 201.245.192.253:47100] AH00898: Error reading from remote server returned by /kwsrmcab/Wsrmcab
[Thu Dec 28 20:42:36.639581 2023] [proxy_http:error] [pid 12004:tid 21368] (OS 10053)An established connection was aborted by the software in your host machine.  : [client 201.245.192.253:49404] AH01102: error reading status line from remote server 172.22.1.16:18080
[Thu Dec 28 20:42:36.639581 2023] [proxy:error] [pid 12004:tid 21368] [client 201.245.192.253:49404] AH00898: Error reading from remote server returned by /kwsrmcab/Wsrmcab
[Thu Dec 28 20:45:10.284251 2023] [proxy_http:error] [pid 12004:tid 21368] (OS 10053)An established connection was aborted by the software in your host machine.  : [client 190.146.168.87:53678] AH01102: error reading status line from remote server 172.22.1.16:18080, referer: http://localhost/
[Thu Dec 28 20:45:10.284251 2023] [proxy:error] [pid 12004:tid 21368] [client 190.146.168.87:53678] AH00898: Error reading from remote server returned by /kwssiamovil/sm/des/ldap/au, referer: http://localhost/
[Thu Dec 28 20:45:12.717855 2023] [proxy_http:error] [pid 12004:tid 20892] (OS 10053)An established connection was aborted by the software in your host machine.  : [client 190.146.168.87:53680] AH01102: error reading status line from remote server 172.22.1.16:18080, referer: http://localhost/
[Thu Dec 28 20:45:12.717855 2023] [proxy:error] [pid 12004:tid 20892] [client 190.146.168.87:53680] AH00898: Error reading from remote server returned by /kwssiamovil/sm/des/ldap/au, referer: http://localhost/
[Thu Dec 28 20:45:13.248256 2023] [proxy_http:error] [pid 12004:tid 20768] (OS 10053)An established connection was aborted by the software in your host machine.  : [client 190.146.168.87:53682] AH01102: error reading status line from remote server 172.22.1.16:18080, referer: http://localhost/
[Thu Dec 28 20:45:13.248256 2023] [proxy:error] [pid 12004:tid 20768] [client 190.146.168.87:53682] AH00898: Error reading from remote server returned by /kwssiamovil/sm/des/ldap/au, referer: http://localhost/
[Thu Dec 28 20:47:11.792864 2023] [proxy_http:error] [pid 12004:tid 20892] (OS 10053)An established connection was aborted by the software in your host machine.  : [client 186.29.229.30:37774] AH01102: error reading status line from remote server 172.22.1.16:18080
[Thu Dec 28 20:47:11.792864 2023] [proxy:error] [pid 12004:tid 20892] [client 186.29.229.30:37774] AH00898: Error reading from remote server returned by /kwssiamovil/sm/cjson/pre
[Thu Dec 28 20:47:32.587701 2023] [proxy_http:error] [pid 12004:tid 21044] (OS 10053)An established connection was aborted by the software in your host machine.  : [client 201.245.192.253:51032] AH01102: error reading status line from remote server 172.22.1.16:18080
[Thu Dec 28 20:47:32.587701 2023] [proxy:error] [pid 12004:tid 21044] [client 201.245.192.253:51032] AH00898: Error reading from remote server returned by /kwsrmcab/Wsrmcab
[Thu Dec 28 20:48:59.994655 2023] [mpm_winnt:warn] [pid 12004:tid 21868] (OS 64)The specified network name is no longer available.  : AH00341: winnt_accept: Asynchronous AcceptEx failed.
[Thu Dec 28 20:49:57.527556 2023] [mpm_winnt:warn] [pid 12004:tid 21868] (OS 64)The specified network name is no longer available.  : AH00341: winnt_accept: Asynchronous AcceptEx failed.
[Thu Dec 28 20:52:33.683830 2023] [proxy_http:error] [pid 12004:tid 21484] (OS 10053)An established connection was aborted by the software in your host machine.  : [client 201.245.192.253:52656] AH01102: error reading status line from remote server 172.22.1.16:18080
[Thu Dec 28 20:52:33.683830 2023] [proxy:error] [pid 12004:tid 21484] [client 201.245.192.253:52656] AH00898: Error reading from remote server returned by /kwsrmcab/Wsrmcab
[Thu Dec 28 20:57:32.439955 2023] [proxy_http:error] [pid 12004:tid 20892] (OS 10053)An established connection was aborted by the software in your host machine.  : [client 201.245.192.253:54278] AH01102: error reading status line from remote server 172.22.1.16:18080
[Thu Dec 28 20:57:32.439955 2023] [proxy:error] [pid 12004:tid 20892] [client 201.245.192.253:54278] AH00898: Error reading from remote server returned by /kwsrmcab/Wsrmcab
[Thu Dec 28 20:58:06.635215 2023] [proxy_http:error] [pid 12004:tid 20920] (OS 10053)An established connection was aborted by the software in your host machine.  : [client 186.29.229.30:63240] AH01102: error reading status line from remote server 172.22.1.16:18080
[Thu Dec 28 20:58:06.635215 2023] [proxy:error] [pid 12004:tid 20920] [client 186.29.229.30:63240] AH00898: Error reading from remote server returned by /kwssiamovil/sm/des/cjson/pre
[Thu Dec 28 20:58:10.691222 2023] [proxy_http:error] [pid 12004:tid 20892] (OS 10053)An established connection was aborted by the software in your host machine.  : [client 186.29.229.30:63241] AH01102: error reading status line from remote server 172.22.1.16:18080
[Thu Dec 28 20:58:10.691222 2023] [proxy:error] [pid 12004:tid 20892] [client 186.29.229.30:63241] AH00898: Error reading from remote server returned by /kwssiamovil/sm/des/cjson/pre
[Thu Dec 28 20:58:49.020489 2023] [proxy_http:error] [pid 12004:tid 20892] (OS 10053)An established connection was aborted by the software in your host machine.  : [client 201.245.192.253:58428] AH01102: error reading status line from remote server 172.22.1.16:18080
[Thu Dec 28 20:58:49.020489 2023] [proxy:error] [pid 12004:tid 20892] [client 201.245.192.253:58428] AH00898: Error reading from remote server returned by /kwsrmcab/Wsrmcab
[Thu Dec 28 21:02:31.071279 2023] [proxy_http:error] [pid 12004:tid 21484] (OS 10053)An established connection was aborted by the software in your host machine.  : [client 201.245.192.253:55912] AH01102: error reading status line from remote server 172.22.1.16:18080
[Thu Dec 28 21:02:31.071279 2023] [proxy:error] [pid 12004:tid 21484] [client 201.245.192.253:55912] AH00898: Error reading from remote server returned by /kwsrmcab/Wsrmcab
[Thu Dec 28 21:03:44.609808 2023] [proxy_http:error] [pid 12004:tid 20920] (OS 10053)An established connection was aborted by the software in your host machine.  : [client 191.156.47.121:60622] AH01102: error reading status line from remote server 172.22.1.16:18080, referer: http://localhost/
[Thu Dec 28 21:03:44.609808 2023] [proxy:error] [pid 12004:tid 20920] [client 191.156.47.121:60622] AH00898: Error reading from remote server returned by /kwssiamovil/sm/ldap/au, referer: http://localhost/
[Thu Dec 28 21:07:08.580167 2023] [proxy:error] [pid 12004:tid 20768] (OS 10061)No connection could be made because the target machine actively refused it.  : AH00957: HTTP: attempt to connect to 172.22.1.16:18080 (172.22.1.16) failed
[Thu Dec 28 21:07:08.580167 2023] [proxy:error] [pid 12004:tid 20768] AH00959: ap_proxy_connect_backend disabling worker for (172.22.1.16) for 60s
[Thu Dec 28 21:07:08.580167 2023] [proxy_http:error] [pid 12004:tid 20768] [client 201.245.192.253:57552] AH01114: HTTP: failed to make connection to backend: 172.22.1.16
[Thu Dec 28 21:07:10.935771 2023] [proxy_http:error] [pid 12004:tid 21368] (OS 10053)An established connection was aborted by the software in your host machine.  : [client 201.245.192.253:58567] AH01102: error reading status line from remote server 172.22.1.16:18080
[Thu Dec 28 21:07:10.935771 2023] [proxy:error] [pid 12004:tid 21368] [client 201.245.192.253:58567] AH00898: Error reading from remote server returned by /kwsrmcab/Wsrmcab
[Thu Dec 28 21:07:20.280187 2023] [proxy:error] [pid 12004:tid 20948] (OS 10061)No connection could be made because the target machine actively refused it.  : AH00957: HTTP: attempt to connect to 172.22.1.16:18080 (172.22.1.16) failed
[Thu Dec 28 21:07:20.280187 2023] [proxy:error] [pid 12004:tid 20948] AH00959: ap_proxy_connect_backend disabling worker for (172.22.1.16) for 60s
[Thu Dec 28 21:07:20.280187 2023] [proxy_http:error] [pid 12004:tid 20948] [client 186.29.229.30:49945] AH01114: HTTP: failed to make connection to backend: 172.22.1.16
[Thu Dec 28 21:07:23.010192 2023] [proxy:error] [pid 12004:tid 21044] AH00940: HTTP: disabled connection for (172.22.1.16)
[Thu Dec 28 21:09:32.209619 2023] [mpm_winnt:warn] [pid 12004:tid 21868] (OS 64)The specified network name is no longer available.  : AH00341: winnt_accept: Asynchronous AcceptEx failed.
[Thu Dec 28 21:09:35.953625 2023] [mpm_winnt:warn] [pid 12004:tid 21868] (OS 64)The specified network name is no longer available.  : AH00341: winnt_accept: Asynchronous AcceptEx failed.
[Thu Dec 28 21:10:03.550074 2023] [mpm_winnt:warn] [pid 12004:tid 21868] (OS 64)The specified network name is no longer available.  : AH00341: winnt_accept: Asynchronous AcceptEx failed.
[Thu Dec 28 21:11:59.957478 2023] [mpm_winnt:warn] [pid 12004:tid 21868] (OS 64)The specified network name is no longer available.  : AH00341: winnt_accept: Asynchronous AcceptEx failed.
[Thu Dec 28 21:12:07.180291 2023] [proxy:error] [pid 12004:tid 21472] (OS 10061)No connection could be made because the target machine actively refused it.  : AH00957: HTTP: attempt to connect to 172.22.1.16:18080 (172.22.1.16) failed
[Thu Dec 28 21:12:07.180291 2023] [proxy:error] [pid 12004:tid 21472] AH00959: ap_proxy_connect_backend disabling worker for (172.22.1.16) for 60s
[Thu Dec 28 21:12:07.180291 2023] [proxy_http:error] [pid 12004:tid 21472] [client 201.245.192.253:59184] AH01114: HTTP: failed to make connection to backend: 172.22.1.16
[Thu Dec 28 21:15:55.876693 2023] [proxy:error] [pid 12004:tid 20788] (OS 10061)No connection could be made because the target machine actively refused it.  : AH00957: HTTP: attempt to connect to 172.22.1.16:18080 (172.22.1.16) failed
[Thu Dec 28 21:15:55.876693 2023] [proxy:error] [pid 12004:tid 20788] AH00959: ap_proxy_connect_backend disabling worker for (172.22.1.16) for 60s
[Thu Dec 28 21:15:55.876693 2023] [proxy_http:error] [pid 12004:tid 20788] [client 201.245.192.253:35024] AH01114: HTTP: failed to make connection to backend: 172.22.1.16
[Thu Dec 28 21:15:55.876693 2023] [proxy:error] [pid 12004:tid 20788] AH00940: HTTP: disabled connection for (172.22.1.16)
[Thu Dec 28 21:15:57.405495 2023] [proxy:error] [pid 12004:tid 20788] (OS 10061)No connection could be made because the target machine actively refused it.  : AH00957: HTTP: attempt to connect to 172.22.1.16:18080 (172.22.1.16) failed
[Thu Dec 28 21:15:57.405495 2023] [proxy:error] [pid 12004:tid 20788] AH00959: ap_proxy_connect_backend disabling worker for (172.22.1.16) for 60s
[Thu Dec 28 21:15:57.405495 2023] [proxy_http:error] [pid 12004:tid 20788] [client 186.29.229.30:50284] AH01114: HTTP: failed to make connection to backend: 172.22.1.16
[Thu Dec 28 21:16:04.175907 2023] [proxy:error] [pid 12004:tid 21148] AH00940: HTTP: disabled connection for (172.22.1.16)
[Thu Dec 28 21:17:25.623650 2023] [proxy:error] [pid 12004:tid 21352] (OS 10060)A connection attempt failed because the connected party did not properly respond after a period of time, or established connection failed because connected host has failed to respond.  : AH00957: HTTP: attempt to connect to 172.22.1.16:18080 (172.22.1.16) failed
[Thu Dec 28 21:17:25.623650 2023] [proxy:error] [pid 12004:tid 21352] AH00959: ap_proxy_connect_backend disabling worker for (172.22.1.16) for 60s
[Thu Dec 28 21:17:25.623650 2023] [proxy_http:error] [pid 12004:tid 21352] [client 201.245.192.253:60824] AH01114: HTTP: failed to make connection to backend: 172.22.1.16
[Thu Dec 28 21:19:59.346320 2023] [proxy:error] [pid 12004:tid 21484] (OS 10061)No connection could be made because the target machine actively refused it.  : AH00957: HTTP: attempt to connect to 172.22.1.16:18080 (172.22.1.16) failed
[Thu Dec 28 21:19:59.346320 2023] [proxy:error] [pid 12004:tid 21484] AH00959: ap_proxy_connect_backend disabling worker for (172.22.1.16) for 60s
[Thu Dec 28 21:19:59.346320 2023] [proxy_http:error] [pid 12004:tid 21484] [client 201.245.192.253:47318] AH01114: HTTP: failed to make connection to backend: 172.22.1.16
[Thu Dec 28 21:19:59.346320 2023] [proxy:error] [pid 12004:tid 21484] AH00940: HTTP: disabled connection for (172.22.1.16)
[Thu Dec 28 21:20:26.084767 2023] [proxy:error] [pid 12004:tid 20800] AH00940: HTTP: disabled connection for (172.22.1.16)
[Thu Dec 28 21:20:49.578409 2023] [proxy:error] [pid 12004:tid 21484] AH00940: HTTP: disabled connection for (172.22.1.16)
[Thu Dec 28 21:37:07.263326 2023] [proxy_http:error] [pid 12004:tid 21372] (20014)Internal error: [client 191.95.50.213:19727] AH01102: error reading status line from remote server 172.22.1.61:8080, referer: http://190.27.245.106/sipse/faces/faces/autenticacion.xhtml
[Thu Dec 28 21:47:39.189236 2023] [mpm_winnt:warn] [pid 12004:tid 21868] (OS 64)The specified network name is no longer available.  : AH00341: winnt_accept: Asynchronous AcceptEx failed.
[Thu Dec 28 21:59:42.453306 2023] [proxy_http:error] [pid 12004:tid 20948] (OS 10054)An existing connection was forcibly closed by the remote host.  : [client 191.95.50.213:19758] AH01095: prefetch request body failed to 172.22.1.61:8080 (172.22.1.61) from 191.95.50.213 (), referer: http://190.27.245.106/sipse/faces/presentacion/contratacion/contratista/listarContratista.xhtml
[Thu Dec 28 22:03:43.582930 2023] [mpm_winnt:warn] [pid 12004:tid 21868] (OS 64)The specified network name is no longer available.  : AH00341: winnt_accept: Asynchronous AcceptEx failed.
[Thu Dec 28 22:11:31.630552 2023] [proxy_http:error] [pid 12004:tid 21044] (20014)Internal error: [client 191.95.50.213:19717] AH01102: error reading status line from remote server 172.22.1.61:8080, referer: http://190.27.245.106/sipse/faces/faces/autenticacion.xhtml
[Thu Dec 28 22:11:31.630552 2023] [proxy:error] [pid 12004:tid 21044] [client 191.95.50.213:19717] AH00898: Error reading from remote server returned by /sipse/faces/autenticacion.xhtml, referer: http://190.27.245.106/sipse/faces/faces/autenticacion.xhtml
[Thu Dec 28 22:27:49.377869 2023] [mpm_winnt:warn] [pid 12004:tid 21868] (OS 64)The specified network name is no longer available.  : AH00341: winnt_accept: Asynchronous AcceptEx failed.
[Thu Dec 28 23:24:33.615848 2023] [mpm_winnt:warn] [pid 12004:tid 21868] (OS 64)The specified network name is no longer available.  : AH00341: winnt_accept: Asynchronous AcceptEx failed.
[Thu Dec 28 23:31:36.298591 2023] [mpm_winnt:warn] [pid 12004:tid 21868] (OS 64)The specified network name is no longer available.  : AH00341: winnt_accept: Asynchronous AcceptEx failed.
[Thu Dec 28 23:40:52.470767 2023] [mpm_winnt:warn] [pid 12004:tid 21868] (OS 64)The specified network name is no longer available.  : AH00341: winnt_accept: Asynchronous AcceptEx failed.
[Thu Dec 28 23:41:15.512008 2023] [mpm_winnt:warn] [pid 12004:tid 21868] (OS 64)The specified network name is no longer available.  : AH00341: winnt_accept: Asynchronous AcceptEx failed.

:: Command execute ::

Enter:
 
Select:
 

:: Search ::
regexp 

:: Upload ::
 
[ ok ]

:: Make Dir ::
 
[ ok ]
:: Make File ::
 
[ ok ]

:: Go Dir ::
 
:: Go File ::
 

--[ c99shell v. 1.0 pre-release build #13 powered by Captain Crunch Security Team | http://ccteam.ru | Generation time: 0.078 ]--