!C99Shell v. 1.0 pre-release build #13!

Software: Apache. PHP/5.5.15 

uname -a: Windows NT SVR-DMZ 6.1 build 7600 (Windows Server 2008 R2 Enterprise Edition) i586 

SYSTEM 

Safe-mode: OFF (not secure)

E:\nuevo\apache\logs\   drwxrwxrwx
Free 9.41 GB of 239.26 GB (3.93%)
Detected drives: [ a ] [ c ] [ d ] [ e ] [ f ]
Home    Back    Forward    UPDIR    Refresh    Search    Buffer    Encoder    Tools    Proc.    FTP brute    Sec.    SQL    PHP-code    Update    Feedback    Self remove    Logout    


Viewing file:     error.2024.01.21.log (35.92 KB)      -rw-rw-rw-
Select action/file-type:
(+) | (+) | (+) | Code (+) | Session (+) | (+) | SDB (+) | (+) | (+) | (+) | (+) | (+) |
[Sun Jan 21 00:06:20.584237 2024] [mpm_winnt:warn] [pid 12004:tid 21868] (OS 64)The specified network name is no longer available.  : AH00341: winnt_accept: Asynchronous AcceptEx failed.
[Sun Jan 21 00:13:05.888548 2024] [mpm_winnt:warn] [pid 12004:tid 21868] (OS 64)The specified network name is no longer available.  : AH00341: winnt_accept: Asynchronous AcceptEx failed.
[Sun Jan 21 00:34:21.565189 2024] [mpm_winnt:warn] [pid 12004:tid 21868] (OS 64)The specified network name is no longer available.  : AH00341: winnt_accept: Asynchronous AcceptEx failed.
[Sun Jan 21 00:37:02.713472 2024] [proxy:error] [pid 12004:tid 21472] (OS 10061)No connection could be made because the target machine actively refused it.  : AH00957: HTTP: attempt to connect to 192.168.175.18:80 (192.168.175.18) failed
[Sun Jan 21 00:37:02.713472 2024] [proxy:error] [pid 12004:tid 21472] AH00959: ap_proxy_connect_backend disabling worker for (192.168.175.18) for 60s
[Sun Jan 21 00:37:02.713472 2024] [proxy_http:error] [pid 12004:tid 21472] [client 47.128.126.167:27060] AH01114: HTTP: failed to make connection to backend: 192.168.175.18
[Sun Jan 21 01:35:07.525593 2024] [proxy_http:error] [pid 12004:tid 21128] (20014)Internal error: [client 201.245.192.253:34170] AH01102: error reading status line from remote server 172.22.1.16:18080
[Sun Jan 21 01:35:07.525593 2024] [proxy:error] [pid 12004:tid 21128] [client 201.245.192.253:34170] AH00898: Error reading from remote server returned by /kwsrmcab/Wsrmcab
[Sun Jan 21 01:41:13.627036 2024] [mpm_winnt:warn] [pid 12004:tid 21868] (OS 64)The specified network name is no longer available.  : AH00341: winnt_accept: Asynchronous AcceptEx failed.
[Sun Jan 21 01:50:48.285245 2024] [mpm_winnt:warn] [pid 12004:tid 21868] (OS 64)The specified network name is no longer available.  : AH00341: winnt_accept: Asynchronous AcceptEx failed.
[Sun Jan 21 02:22:49.756220 2024] [proxy:error] [pid 12004:tid 21360] (OS 10061)No connection could be made because the target machine actively refused it.  : AH00957: HTTP: attempt to connect to 172.22.1.51:8399 (172.22.1.51) failed
[Sun Jan 21 02:22:49.756220 2024] [proxy:error] [pid 12004:tid 21360] AH00959: ap_proxy_connect_backend disabling worker for (172.22.1.51) for 60s
[Sun Jan 21 02:22:49.756220 2024] [proxy_http:error] [pid 12004:tid 21360] [client 152.61.128.50:58278] AH01114: HTTP: failed to make connection to backend: 172.22.1.51
[Sun Jan 21 02:22:49.990220 2024] [proxy:error] [pid 12004:tid 21360] AH00940: HTTP: disabled connection for (172.22.1.51)
[Sun Jan 21 02:22:50.239821 2024] [proxy:error] [pid 12004:tid 21360] AH00940: HTTP: disabled connection for (172.22.1.51)
[Sun Jan 21 02:29:34.140130 2024] [mpm_winnt:warn] [pid 12004:tid 21868] (OS 64)The specified network name is no longer available.  : AH00341: winnt_accept: Asynchronous AcceptEx failed.
[Sun Jan 21 03:48:39.746466 2024] [negotiation:error] [pid 12004:tid 21028] [client 172.22.2.4:32986] AH00690: no acceptable variant: E:/nuevo/apache/error/HTTP_NOT_FOUND.html.var
[Sun Jan 21 03:55:57.639235 2024] [mpm_winnt:warn] [pid 12004:tid 21868] (OS 64)The specified network name is no longer available.  : AH00341: winnt_accept: Asynchronous AcceptEx failed.
[Sun Jan 21 04:07:59.000102 2024] [negotiation:error] [pid 12004:tid 21400] [client 172.22.2.4:33078] AH00690: no acceptable variant: E:/nuevo/apache/error/HTTP_NOT_FOUND.html.var
[Sun Jan 21 04:45:23.095243 2024] [mpm_winnt:warn] [pid 12004:tid 21868] (OS 64)The specified network name is no longer available.  : AH00341: winnt_accept: Asynchronous AcceptEx failed.
[Sun Jan 21 05:01:55.100986 2024] [mpm_winnt:warn] [pid 12004:tid 21868] (OS 64)The specified network name is no longer available.  : AH00341: winnt_accept: Asynchronous AcceptEx failed.
[Sun Jan 21 05:09:21.370969 2024] [mpm_winnt:warn] [pid 12004:tid 21868] (OS 64)The specified network name is no longer available.  : AH00341: winnt_accept: Asynchronous AcceptEx failed.
[Sun Jan 21 05:40:05.668609 2024] [proxy:error] [pid 12004:tid 20992] (OS 10061)No connection could be made because the target machine actively refused it.  : AH00957: HTTP: attempt to connect to 192.168.175.18:80 (192.168.175.18) failed
[Sun Jan 21 05:40:05.668609 2024] [proxy:error] [pid 12004:tid 20992] AH00959: ap_proxy_connect_backend disabling worker for (192.168.175.18) for 60s
[Sun Jan 21 05:40:05.668609 2024] [proxy_http:error] [pid 12004:tid 20992] [client 51.222.253.7:36596] AH01114: HTTP: failed to make connection to backend: 192.168.175.18
[Sun Jan 21 05:40:06.526610 2024] [proxy:error] [pid 12004:tid 20992] AH00940: HTTP: disabled connection for (192.168.175.18)
[Sun Jan 21 05:40:11.456219 2024] [proxy:error] [pid 12004:tid 21004] AH00940: HTTP: disabled connection for (192.168.175.18)
[Sun Jan 21 05:45:24.907569 2024] [mpm_winnt:warn] [pid 12004:tid 21868] (OS 64)The specified network name is no longer available.  : AH00341: winnt_accept: Asynchronous AcceptEx failed.
[Sun Jan 21 05:46:26.402877 2024] [mpm_winnt:warn] [pid 12004:tid 21868] (OS 64)The specified network name is no longer available.  : AH00341: winnt_accept: Asynchronous AcceptEx failed.
[Sun Jan 21 06:18:08.389418 2024] [proxy:error] [pid 12004:tid 20948] (OS 10061)No connection could be made because the target machine actively refused it.  : AH00957: HTTP: attempt to connect to 192.168.175.18:80 (192.168.175.18) failed
[Sun Jan 21 06:18:08.389418 2024] [proxy:error] [pid 12004:tid 20948] AH00959: ap_proxy_connect_backend disabling worker for (192.168.175.18) for 60s
[Sun Jan 21 06:18:08.389418 2024] [proxy_http:error] [pid 12004:tid 20948] [client 40.77.167.75:52867] AH01114: HTTP: failed to make connection to backend: 192.168.175.18
[Sun Jan 21 06:53:59.414796 2024] [mpm_winnt:warn] [pid 12004:tid 21868] (OS 64)The specified network name is no longer available.  : AH00341: winnt_accept: Asynchronous AcceptEx failed.
[Sun Jan 21 07:23:43.964331 2024] [proxy:error] [pid 12004:tid 20992] (OS 10061)No connection could be made because the target machine actively refused it.  : AH00957: HTTP: attempt to connect to 192.168.175.18:80 (192.168.175.18) failed
[Sun Jan 21 07:23:43.964331 2024] [proxy:error] [pid 12004:tid 20992] AH00959: ap_proxy_connect_backend disabling worker for (192.168.175.18) for 60s
[Sun Jan 21 07:23:43.964331 2024] [proxy_http:error] [pid 12004:tid 20992] [client 136.243.228.179:30664] AH01114: HTTP: failed to make connection to backend: 192.168.175.18
[Sun Jan 21 07:27:33.659134 2024] [mpm_winnt:warn] [pid 12004:tid 21868] (OS 64)The specified network name is no longer available.  : AH00341: winnt_accept: Asynchronous AcceptEx failed.
[Sun Jan 21 07:40:06.922057 2024] [proxy:error] [pid 12004:tid 21028] (OS 10061)No connection could be made because the target machine actively refused it.  : AH00957: HTTP: attempt to connect to 192.168.175.18:80 (192.168.175.18) failed
[Sun Jan 21 07:40:06.922057 2024] [proxy:error] [pid 12004:tid 21028] AH00959: ap_proxy_connect_backend disabling worker for (192.168.175.18) for 60s
[Sun Jan 21 07:40:06.922057 2024] [proxy_http:error] [pid 12004:tid 21028] [client 52.167.144.15:64470] AH01114: HTTP: failed to make connection to backend: 192.168.175.18
[Sun Jan 21 08:10:35.120468 2024] [mpm_winnt:warn] [pid 12004:tid 21868] (OS 64)The specified network name is no longer available.  : AH00341: winnt_accept: Asynchronous AcceptEx failed.
[Sun Jan 21 08:22:50.209359 2024] [proxy:error] [pid 12004:tid 20768] (OS 10061)No connection could be made because the target machine actively refused it.  : AH00957: HTTP: attempt to connect to 192.168.175.18:80 (192.168.175.18) failed
[Sun Jan 21 08:22:50.209359 2024] [proxy:error] [pid 12004:tid 20768] AH00959: ap_proxy_connect_backend disabling worker for (192.168.175.18) for 60s
[Sun Jan 21 08:22:50.209359 2024] [proxy_http:error] [pid 12004:tid 20768] [client 52.167.144.216:28178] AH01114: HTTP: failed to make connection to backend: 192.168.175.18
[Sun Jan 21 08:47:38.826374 2024] [mpm_winnt:warn] [pid 12004:tid 21868] (OS 64)The specified network name is no longer available.  : AH00341: winnt_accept: Asynchronous AcceptEx failed.
[Sun Jan 21 08:55:51.132039 2024] [mpm_winnt:warn] [pid 12004:tid 21868] (OS 64)The specified network name is no longer available.  : AH00341: winnt_accept: Asynchronous AcceptEx failed.
[Sun Jan 21 09:05:22.701442 2024] [mpm_winnt:warn] [pid 12004:tid 21868] (OS 64)The specified network name is no longer available.  : AH00341: winnt_accept: Asynchronous AcceptEx failed.
[Sun Jan 21 09:30:25.530082 2024] [proxy:error] [pid 12004:tid 20768] (OS 10061)No connection could be made because the target machine actively refused it.  : AH00957: HTTP: attempt to connect to 192.168.175.18:80 (192.168.175.18) failed
[Sun Jan 21 09:30:25.530082 2024] [proxy:error] [pid 12004:tid 20768] AH00959: ap_proxy_connect_backend disabling worker for (192.168.175.18) for 60s
[Sun Jan 21 09:30:25.530082 2024] [proxy_http:error] [pid 12004:tid 20768] [client 47.128.48.59:29224] AH01114: HTTP: failed to make connection to backend: 192.168.175.18
[Sun Jan 21 09:40:02.777896 2024] [mpm_winnt:warn] [pid 12004:tid 21868] (OS 64)The specified network name is no longer available.  : AH00341: winnt_accept: Asynchronous AcceptEx failed.
[Sun Jan 21 09:49:22.787680 2024] [mpm_winnt:warn] [pid 12004:tid 21868] (OS 64)The specified network name is no longer available.  : AH00341: winnt_accept: Asynchronous AcceptEx failed.
[Sun Jan 21 10:04:05.874031 2024] [mpm_winnt:warn] [pid 12004:tid 21868] (OS 64)The specified network name is no longer available.  : AH00341: winnt_accept: Asynchronous AcceptEx failed.
[Sun Jan 21 10:10:36.233516 2024] [mpm_winnt:warn] [pid 12004:tid 21868] (OS 64)The specified network name is no longer available.  : AH00341: winnt_accept: Asynchronous AcceptEx failed.
[Sun Jan 21 10:10:39.759122 2024] [mpm_winnt:warn] [pid 12004:tid 21868] (OS 64)The specified network name is no longer available.  : AH00341: winnt_accept: Asynchronous AcceptEx failed.
[Sun Jan 21 10:11:49.491245 2024] [mpm_winnt:warn] [pid 12004:tid 21868] (OS 64)The specified network name is no longer available.  : AH00341: winnt_accept: Asynchronous AcceptEx failed.
[Sun Jan 21 10:12:02.532868 2024] [mpm_winnt:warn] [pid 12004:tid 21868] (OS 64)The specified network name is no longer available.  : AH00341: winnt_accept: Asynchronous AcceptEx failed.
[Sun Jan 21 10:12:05.840074 2024] [mpm_winnt:warn] [pid 12004:tid 21868] (OS 64)The specified network name is no longer available.  : AH00341: winnt_accept: Asynchronous AcceptEx failed.
[Sun Jan 21 10:12:13.125286 2024] [mpm_winnt:warn] [pid 12004:tid 21868] (OS 64)The specified network name is no longer available.  : AH00341: winnt_accept: Asynchronous AcceptEx failed.
[Sun Jan 21 10:12:17.415294 2024] [mpm_winnt:warn] [pid 12004:tid 21868] (OS 64)The specified network name is no longer available.  : AH00341: winnt_accept: Asynchronous AcceptEx failed.
[Sun Jan 21 10:33:37.818743 2024] [mpm_winnt:warn] [pid 12004:tid 21868] (OS 64)The specified network name is no longer available.  : AH00341: winnt_accept: Asynchronous AcceptEx failed.
[Sun Jan 21 10:34:49.750469 2024] [core:error] [pid 12004:tid 21472] [client 104.248.223.152:56080] AH00135: Invalid method in request HELP
[Sun Jan 21 10:34:50.031270 2024] [core:error] [pid 12004:tid 21472] [client 104.248.223.152:56086] AH00135: Invalid method in request \x1b\x84\xd5\xb0]\xf4\xc4\x93\xc50\xc2X\x8c\xda\xb1\xd7\xac\xafn\x1d\xe1\x1e\x1a3*\x85\xb7\x1d'\xb1\xc9k\xbf\xf0\xbc
[Sun Jan 21 10:34:53.822076 2024] [core:error] [pid 12004:tid 21472] [client 104.248.223.152:56108] AH00126: Invalid URI in request \xbd\xff\x9e\xffE\xff\x9e\xff\xbd\xff\x9e\xff\xa4\xff\x86\xff\xc4\xff\xbe\xff\xc7\xff\xdb\xff\xee\xffx\\d9\xff\xed\xff\xa4\xff\x9d\xff\xcf\xff\xd8\xff\xe5\xff\x04\xff\x12\xff0\xff\xb1\xff\xbd\xff\xe7\xff\xe2\xff\xdd\xff\xdc\xff\xde\xff\xc8\xff\xcc\xff\xbe\xff\xf8\xff&\xff\x01\xff\x0f\xff\xf5\xff\x06\xff\xff\xff\xf7\xff!\xff\xde\xff\x02\xff&\xff\x0c\xff\x01\xff\xf5\xff
[Sun Jan 21 10:35:23.836529 2024] [proxy:error] [pid 12004:tid 21472] (OS 10061)No connection could be made because the target machine actively refused it.  : AH00957: HTTP: attempt to connect to 192.168.175.18:80 (192.168.175.18) failed
[Sun Jan 21 10:35:23.836529 2024] [proxy:error] [pid 12004:tid 21472] AH00959: ap_proxy_connect_backend disabling worker for (192.168.175.18) for 60s
[Sun Jan 21 10:35:23.836529 2024] [proxy_http:error] [pid 12004:tid 21472] [client 52.167.144.18:60134] AH01114: HTTP: failed to make connection to backend: 192.168.175.18
[Sun Jan 21 11:11:44.127559 2024] [mpm_winnt:warn] [pid 12004:tid 21868] (OS 64)The specified network name is no longer available.  : AH00341: winnt_accept: Asynchronous AcceptEx failed.
[Sun Jan 21 11:25:09.291773 2024] [mpm_winnt:warn] [pid 12004:tid 21868] (OS 64)The specified network name is no longer available.  : AH00341: winnt_accept: Asynchronous AcceptEx failed.
[Sun Jan 21 11:45:32.333921 2024] [mpm_winnt:warn] [pid 12004:tid 21868] (OS 64)The specified network name is no longer available.  : AH00341: winnt_accept: Asynchronous AcceptEx failed.
[Sun Jan 21 11:45:35.687927 2024] [mpm_winnt:warn] [pid 12004:tid 21868] (OS 64)The specified network name is no longer available.  : AH00341: winnt_accept: Asynchronous AcceptEx failed.
[Sun Jan 21 11:45:58.947568 2024] [mpm_winnt:warn] [pid 12004:tid 21868] (OS 64)The specified network name is no longer available.  : AH00341: winnt_accept: Asynchronous AcceptEx failed.
[Sun Jan 21 11:59:21.038576 2024] [proxy:error] [pid 12004:tid 21128] (OS 10061)No connection could be made because the target machine actively refused it.  : AH00957: HTTP: attempt to connect to 192.168.175.18:80 (192.168.175.18) failed
[Sun Jan 21 11:59:21.038576 2024] [proxy:error] [pid 12004:tid 21128] AH00959: ap_proxy_connect_backend disabling worker for (192.168.175.18) for 60s
[Sun Jan 21 11:59:21.038576 2024] [proxy_http:error] [pid 12004:tid 21128] [client 40.77.167.53:64788] AH01114: HTTP: failed to make connection to backend: 192.168.175.18
[Sun Jan 21 12:02:19.924091 2024] [proxy:error] [pid 12004:tid 21028] (OS 10061)No connection could be made because the target machine actively refused it.  : AH00957: HTTP: attempt to connect to 192.168.175.18:80 (192.168.175.18) failed
[Sun Jan 21 12:02:19.924091 2024] [proxy:error] [pid 12004:tid 21028] AH00959: ap_proxy_connect_backend disabling worker for (192.168.175.18) for 60s
[Sun Jan 21 12:02:19.924091 2024] [proxy_http:error] [pid 12004:tid 21028] [client 66.249.66.165:62812] AH01114: HTTP: failed to make connection to backend: 192.168.175.18
[Sun Jan 21 12:02:20.048891 2024] [proxy:error] [pid 12004:tid 21028] AH00940: HTTP: disabled connection for (192.168.175.18)
[Sun Jan 21 12:02:43.012131 2024] [mpm_winnt:warn] [pid 12004:tid 21868] (OS 64)The specified network name is no longer available.  : AH00341: winnt_accept: Asynchronous AcceptEx failed.
[Sun Jan 21 12:28:50.721285 2024] [mpm_winnt:warn] [pid 12004:tid 21868] (OS 64)The specified network name is no longer available.  : AH00341: winnt_accept: Asynchronous AcceptEx failed.
[Sun Jan 21 13:15:20.957785 2024] [mpm_winnt:warn] [pid 12004:tid 21868] (OS 64)The specified network name is no longer available.  : AH00341: winnt_accept: Asynchronous AcceptEx failed.
[Sun Jan 21 14:08:33.206992 2024] [negotiation:error] [pid 12004:tid 21452] [client 172.22.2.4:48192] AH00690: no acceptable variant: E:/nuevo/apache/error/HTTP_NOT_FOUND.html.var
[Sun Jan 21 14:08:54.391830 2024] [negotiation:error] [pid 12004:tid 21452] [client 172.22.2.4:48444] AH00690: no acceptable variant: E:/nuevo/apache/error/HTTP_NOT_FOUND.html.var
[Sun Jan 21 14:32:18.862296 2024] [proxy:error] [pid 12004:tid 20948] (OS 10061)No connection could be made because the target machine actively refused it.  : AH00957: HTTP: attempt to connect to 192.168.175.18:80 (192.168.175.18) failed
[Sun Jan 21 14:32:18.862296 2024] [proxy:error] [pid 12004:tid 20948] AH00959: ap_proxy_connect_backend disabling worker for (192.168.175.18) for 60s
[Sun Jan 21 14:32:18.862296 2024] [proxy_http:error] [pid 12004:tid 20948] [client 66.249.66.165:35809] AH01114: HTTP: failed to make connection to backend: 192.168.175.18
[Sun Jan 21 14:48:34.878011 2024] [mpm_winnt:warn] [pid 12004:tid 21868] (OS 64)The specified network name is no longer available.  : AH00341: winnt_accept: Asynchronous AcceptEx failed.
[Sun Jan 21 15:30:45.748456 2024] [mpm_winnt:warn] [pid 12004:tid 21868] (OS 64)The specified network name is no longer available.  : AH00341: winnt_accept: Asynchronous AcceptEx failed.
[Sun Jan 21 15:30:45.748456 2024] [mpm_winnt:warn] [pid 12004:tid 21868] (OS 64)The specified network name is no longer available.  : AH00341: winnt_accept: Asynchronous AcceptEx failed.
[Sun Jan 21 15:30:56.902476 2024] [mpm_winnt:warn] [pid 12004:tid 21868] (OS 64)The specified network name is no longer available.  : AH00341: winnt_accept: Asynchronous AcceptEx failed.
[Sun Jan 21 15:33:59.235596 2024] [mpm_winnt:warn] [pid 12004:tid 21868] (OS 64)The specified network name is no longer available.  : AH00341: winnt_accept: Asynchronous AcceptEx failed.
[Sun Jan 21 15:51:50.567477 2024] [cgi:error] [pid 12004:tid 20768] [client 18.170.63.100:50540] script not found or unable to stat: E:/nuevo/cgi-bin/login.cgi
[Sun Jan 21 16:00:27.349585 2024] [proxy:error] [pid 12004:tid 21128] (OS 10061)No connection could be made because the target machine actively refused it.  : AH00957: HTTP: attempt to connect to 192.168.175.18:80 (192.168.175.18) failed
[Sun Jan 21 16:00:27.349585 2024] [proxy:error] [pid 12004:tid 21128] AH00959: ap_proxy_connect_backend disabling worker for (192.168.175.18) for 60s
[Sun Jan 21 16:00:27.349585 2024] [proxy_http:error] [pid 12004:tid 21128] [client 185.191.171.4:17676] AH01114: HTTP: failed to make connection to backend: 192.168.175.18
[Sun Jan 21 16:01:33.150501 2024] [proxy:error] [pid 12004:tid 21128] (OS 10061)No connection could be made because the target machine actively refused it.  : AH00957: HTTP: attempt to connect to 192.168.175.18:80 (192.168.175.18) failed
[Sun Jan 21 16:01:33.150501 2024] [proxy:error] [pid 12004:tid 21128] AH00959: ap_proxy_connect_backend disabling worker for (192.168.175.18) for 60s
[Sun Jan 21 16:01:33.150501 2024] [proxy_http:error] [pid 12004:tid 21128] [client 186.154.36.254:4781] AH01114: HTTP: failed to make connection to backend: 192.168.175.18, referer: https://duckduckgo.com/
[Sun Jan 21 16:03:22.771893 2024] [proxy:error] [pid 12004:tid 21452] (OS 10061)No connection could be made because the target machine actively refused it.  : AH00957: HTTP: attempt to connect to 192.168.175.18:80 (192.168.175.18) failed
[Sun Jan 21 16:03:22.771893 2024] [proxy:error] [pid 12004:tid 21452] AH00959: ap_proxy_connect_backend disabling worker for (192.168.175.18) for 60s
[Sun Jan 21 16:03:22.771893 2024] [proxy_http:error] [pid 12004:tid 21452] [client 20.197.209.11:51898] AH01114: HTTP: failed to make connection to backend: 192.168.175.18
[Sun Jan 21 16:09:26.626932 2024] [proxy:error] [pid 12004:tid 21080] (OS 10061)No connection could be made because the target machine actively refused it.  : AH00957: HTTP: attempt to connect to 192.168.175.18:80 (192.168.175.18) failed
[Sun Jan 21 16:09:26.626932 2024] [proxy:error] [pid 12004:tid 21080] AH00959: ap_proxy_connect_backend disabling worker for (192.168.175.18) for 60s
[Sun Jan 21 16:09:26.626932 2024] [proxy_http:error] [pid 12004:tid 21080] [client 66.249.66.166:42792] AH01114: HTTP: failed to make connection to backend: 192.168.175.18
[Sun Jan 21 16:09:31.884142 2024] [mpm_winnt:warn] [pid 12004:tid 21868] (OS 64)The specified network name is no longer available.  : AH00341: winnt_accept: Asynchronous AcceptEx failed.
[Sun Jan 21 16:30:05.253508 2024] [mpm_winnt:warn] [pid 12004:tid 21868] (OS 64)The specified network name is no longer available.  : AH00341: winnt_accept: Asynchronous AcceptEx failed.
[Sun Jan 21 16:35:05.647635 2024] [mpm_winnt:warn] [pid 12004:tid 21868] (OS 64)The specified network name is no longer available.  : AH00341: winnt_accept: Asynchronous AcceptEx failed.
[Sun Jan 21 16:36:15.379758 2024] [mpm_winnt:warn] [pid 12004:tid 21868] (OS 64)The specified network name is no longer available.  : AH00341: winnt_accept: Asynchronous AcceptEx failed.
[Sun Jan 21 16:37:07.686650 2024] [mpm_winnt:warn] [pid 12004:tid 21868] (OS 64)The specified network name is no longer available.  : AH00341: winnt_accept: Asynchronous AcceptEx failed.
[Sun Jan 21 16:43:30.994923 2024] [proxy:error] [pid 12004:tid 21060] (OS 10061)No connection could be made because the target machine actively refused it.  : AH00957: HTTP: attempt to connect to 192.168.175.18:80 (192.168.175.18) failed
[Sun Jan 21 16:43:30.994923 2024] [proxy:error] [pid 12004:tid 21060] AH00959: ap_proxy_connect_backend disabling worker for (192.168.175.18) for 60s
[Sun Jan 21 16:43:30.994923 2024] [proxy_http:error] [pid 12004:tid 21060] [client 52.167.144.228:10741] AH01114: HTTP: failed to make connection to backend: 192.168.175.18
[Sun Jan 21 16:44:33.925434 2024] [proxy:error] [pid 12004:tid 21400] (OS 10061)No connection could be made because the target machine actively refused it.  : AH00957: HTTP: attempt to connect to 192.168.175.18:80 (192.168.175.18) failed
[Sun Jan 21 16:44:33.925434 2024] [proxy:error] [pid 12004:tid 21400] AH00959: ap_proxy_connect_backend disabling worker for (192.168.175.18) for 60s
[Sun Jan 21 16:44:33.925434 2024] [proxy_http:error] [pid 12004:tid 21400] [client 20.210.58.96:1024] AH01114: HTTP: failed to make connection to backend: 192.168.175.18
[Sun Jan 21 16:53:51.486013 2024] [proxy:error] [pid 12004:tid 20768] (OS 10061)No connection could be made because the target machine actively refused it.  : AH00957: HTTP: attempt to connect to 192.168.175.18:80 (192.168.175.18) failed
[Sun Jan 21 16:53:51.486013 2024] [proxy:error] [pid 12004:tid 20768] AH00959: ap_proxy_connect_backend disabling worker for (192.168.175.18) for 60s
[Sun Jan 21 16:53:51.486013 2024] [proxy_http:error] [pid 12004:tid 20768] [client 40.77.167.52:64350] AH01114: HTTP: failed to make connection to backend: 192.168.175.18
[Sun Jan 21 16:53:52.406415 2024] [mpm_winnt:warn] [pid 12004:tid 21868] (OS 64)The specified network name is no longer available.  : AH00341: winnt_accept: Asynchronous AcceptEx failed.
[Sun Jan 21 17:07:43.404274 2024] [proxy:error] [pid 12004:tid 20992] (OS 10061)No connection could be made because the target machine actively refused it.  : AH00957: HTTP: attempt to connect to 192.168.175.18:80 (192.168.175.18) failed
[Sun Jan 21 17:07:43.404274 2024] [proxy:error] [pid 12004:tid 20992] AH00959: ap_proxy_connect_backend disabling worker for (192.168.175.18) for 60s
[Sun Jan 21 17:07:43.404274 2024] [proxy_http:error] [pid 12004:tid 20992] [client 52.167.144.212:10136] AH01114: HTTP: failed to make connection to backend: 192.168.175.18
[Sun Jan 21 17:16:23.992788 2024] [proxy:error] [pid 12004:tid 21452] (OS 10061)No connection could be made because the target machine actively refused it.  : AH00957: HTTP: attempt to connect to 192.168.175.18:80 (192.168.175.18) failed
[Sun Jan 21 17:16:23.992788 2024] [proxy:error] [pid 12004:tid 21452] AH00959: ap_proxy_connect_backend disabling worker for (192.168.175.18) for 60s
[Sun Jan 21 17:16:23.992788 2024] [proxy_http:error] [pid 12004:tid 21452] [client 66.249.66.167:45832] AH01114: HTTP: failed to make connection to backend: 192.168.175.18
[Sun Jan 21 17:28:10.518029 2024] [proxy:error] [pid 12004:tid 21004] (OS 10061)No connection could be made because the target machine actively refused it.  : AH00957: HTTP: attempt to connect to 192.168.175.18:80 (192.168.175.18) failed
[Sun Jan 21 17:28:10.518029 2024] [proxy:error] [pid 12004:tid 21004] AH00959: ap_proxy_connect_backend disabling worker for (192.168.175.18) for 60s
[Sun Jan 21 17:28:10.518029 2024] [proxy_http:error] [pid 12004:tid 21004] [client 40.77.167.8:4938] AH01114: HTTP: failed to make connection to backend: 192.168.175.18
[Sun Jan 21 17:49:42.512299 2024] [mpm_winnt:warn] [pid 12004:tid 21868] (OS 64)The specified network name is no longer available.  : AH00341: winnt_accept: Asynchronous AcceptEx failed.
[Sun Jan 21 18:22:04.388109 2024] [mpm_winnt:warn] [pid 12004:tid 21868] (OS 64)The specified network name is no longer available.  : AH00341: winnt_accept: Asynchronous AcceptEx failed.
[Sun Jan 21 18:23:31.607863 2024] [mpm_winnt:warn] [pid 12004:tid 21868] (OS 64)The specified network name is no longer available.  : AH00341: winnt_accept: Asynchronous AcceptEx failed.
[Sun Jan 21 18:23:47.878691 2024] [mpm_winnt:warn] [pid 12004:tid 21868] (OS 64)The specified network name is no longer available.  : AH00341: winnt_accept: Asynchronous AcceptEx failed.
[Sun Jan 21 18:42:03.624616 2024] [mpm_winnt:warn] [pid 12004:tid 21868] (OS 64)The specified network name is no longer available.  : AH00341: winnt_accept: Asynchronous AcceptEx failed.
[Sun Jan 21 19:32:18.064710 2024] [mpm_winnt:warn] [pid 12004:tid 21868] (OS 64)The specified network name is no longer available.  : AH00341: winnt_accept: Asynchronous AcceptEx failed.
[Sun Jan 21 19:33:37.640450 2024] [mpm_winnt:warn] [pid 12004:tid 21868] (OS 64)The specified network name is no longer available.  : AH00341: winnt_accept: Asynchronous AcceptEx failed.
[Sun Jan 21 19:33:46.470066 2024] [mpm_winnt:warn] [pid 12004:tid 21868] (OS 64)The specified network name is no longer available.  : AH00341: winnt_accept: Asynchronous AcceptEx failed.
[Sun Jan 21 19:33:50.354472 2024] [mpm_winnt:warn] [pid 12004:tid 21868] (OS 64)The specified network name is no longer available.  : AH00341: winnt_accept: Asynchronous AcceptEx failed.
[Sun Jan 21 19:33:53.630478 2024] [mpm_winnt:warn] [pid 12004:tid 21868] (OS 64)The specified network name is no longer available.  : AH00341: winnt_accept: Asynchronous AcceptEx failed.
[Sun Jan 21 19:37:35.821668 2024] [mpm_winnt:warn] [pid 12004:tid 21868] (OS 64)The specified network name is no longer available.  : AH00341: winnt_accept: Asynchronous AcceptEx failed.
[Sun Jan 21 19:37:42.139680 2024] [mpm_winnt:warn] [pid 12004:tid 21868] (OS 64)The specified network name is no longer available.  : AH00341: winnt_accept: Asynchronous AcceptEx failed.
[Sun Jan 21 19:37:42.451680 2024] [mpm_winnt:warn] [pid 12004:tid 21868] (OS 64)The specified network name is no longer available.  : AH00341: winnt_accept: Asynchronous AcceptEx failed.
[Sun Jan 21 19:38:05.992121 2024] [mpm_winnt:warn] [pid 12004:tid 21868] (OS 64)The specified network name is no longer available.  : AH00341: winnt_accept: Asynchronous AcceptEx failed.
[Sun Jan 21 19:45:38.736117 2024] [mpm_winnt:warn] [pid 12004:tid 21868] (OS 64)The specified network name is no longer available.  : AH00341: winnt_accept: Asynchronous AcceptEx failed.
[Sun Jan 21 19:50:20.706612 2024] [proxy:error] [pid 12004:tid 21044] (OS 10061)No connection could be made because the target machine actively refused it.  : AH00957: HTTP: attempt to connect to 192.168.175.18:80 (192.168.175.18) failed
[Sun Jan 21 19:50:20.706612 2024] [proxy:error] [pid 12004:tid 21044] AH00959: ap_proxy_connect_backend disabling worker for (192.168.175.18) for 60s
[Sun Jan 21 19:50:20.706612 2024] [proxy_http:error] [pid 12004:tid 21044] [client 185.191.171.14:12064] AH01114: HTTP: failed to make connection to backend: 192.168.175.18
[Sun Jan 21 19:58:17.147049 2024] [proxy:error] [pid 12004:tid 21004] (OS 10061)No connection could be made because the target machine actively refused it.  : AH00957: HTTP: attempt to connect to 192.168.175.18:80 (192.168.175.18) failed
[Sun Jan 21 19:58:17.147049 2024] [proxy:error] [pid 12004:tid 21004] AH00959: ap_proxy_connect_backend disabling worker for (192.168.175.18) for 60s
[Sun Jan 21 19:58:17.147049 2024] [proxy_http:error] [pid 12004:tid 21004] [client 40.77.167.28:8460] AH01114: HTTP: failed to make connection to backend: 192.168.175.18
[Sun Jan 21 20:01:59.619039 2024] [mpm_winnt:warn] [pid 12004:tid 21868] (OS 64)The specified network name is no longer available.  : AH00341: winnt_accept: Asynchronous AcceptEx failed.
[Sun Jan 21 20:02:03.597046 2024] [mpm_winnt:warn] [pid 12004:tid 21868] (OS 64)The specified network name is no longer available.  : AH00341: winnt_accept: Asynchronous AcceptEx failed.
[Sun Jan 21 20:02:04.111847 2024] [mpm_winnt:warn] [pid 12004:tid 21868] (OS 64)The specified network name is no longer available.  : AH00341: winnt_accept: Asynchronous AcceptEx failed.
[Sun Jan 21 20:03:33.297204 2024] [mpm_winnt:warn] [pid 12004:tid 21868] (OS 64)The specified network name is no longer available.  : AH00341: winnt_accept: Asynchronous AcceptEx failed.
[Sun Jan 21 20:03:43.796022 2024] [mpm_winnt:warn] [pid 12004:tid 21868] (OS 64)The specified network name is no longer available.  : AH00341: winnt_accept: Asynchronous AcceptEx failed.
[Sun Jan 21 20:03:58.740849 2024] [proxy:error] [pid 12004:tid 21128] (OS 10061)No connection could be made because the target machine actively refused it.  : AH00957: HTTP: attempt to connect to 192.168.175.18:80 (192.168.175.18) failed
[Sun Jan 21 20:03:58.740849 2024] [proxy:error] [pid 12004:tid 21128] AH00959: ap_proxy_connect_backend disabling worker for (192.168.175.18) for 60s
[Sun Jan 21 20:03:58.740849 2024] [proxy_http:error] [pid 12004:tid 21128] [client 52.167.144.198:23143] AH01114: HTTP: failed to make connection to backend: 192.168.175.18
[Sun Jan 21 20:19:48.626517 2024] [mpm_winnt:warn] [pid 12004:tid 21868] (OS 64)The specified network name is no longer available.  : AH00341: winnt_accept: Asynchronous AcceptEx failed.
[Sun Jan 21 20:21:08.810658 2024] [mpm_winnt:warn] [pid 12004:tid 21868] (OS 64)The specified network name is no longer available.  : AH00341: winnt_accept: Asynchronous AcceptEx failed.
[Sun Jan 21 20:21:24.488685 2024] [mpm_winnt:warn] [pid 12004:tid 21868] (OS 64)The specified network name is no longer available.  : AH00341: winnt_accept: Asynchronous AcceptEx failed.
[Sun Jan 21 20:21:36.219906 2024] [mpm_winnt:warn] [pid 12004:tid 21868] (OS 64)The specified network name is no longer available.  : AH00341: winnt_accept: Asynchronous AcceptEx failed.
[Sun Jan 21 20:22:33.690407 2024] [mpm_winnt:warn] [pid 12004:tid 21868] (OS 64)The specified network name is no longer available.  : AH00341: winnt_accept: Asynchronous AcceptEx failed.
[Sun Jan 21 20:33:38.501175 2024] [proxy:error] [pid 12004:tid 21004] (OS 10061)No connection could be made because the target machine actively refused it.  : AH00957: HTTP: attempt to connect to 192.168.175.18:80 (192.168.175.18) failed
[Sun Jan 21 20:33:38.501175 2024] [proxy:error] [pid 12004:tid 21004] AH00959: ap_proxy_connect_backend disabling worker for (192.168.175.18) for 60s
[Sun Jan 21 20:33:38.501175 2024] [proxy_http:error] [pid 12004:tid 21004] [client 66.249.66.165:49292] AH01114: HTTP: failed to make connection to backend: 192.168.175.18
[Sun Jan 21 20:54:25.224164 2024] [proxy:error] [pid 12004:tid 21452] (OS 10061)No connection could be made because the target machine actively refused it.  : AH00957: HTTP: attempt to connect to 192.168.175.18:80 (192.168.175.18) failed
[Sun Jan 21 20:54:25.224164 2024] [proxy:error] [pid 12004:tid 21452] AH00959: ap_proxy_connect_backend disabling worker for (192.168.175.18) for 60s
[Sun Jan 21 20:54:25.224164 2024] [proxy_http:error] [pid 12004:tid 21452] [client 40.77.167.235:49673] AH01114: HTTP: failed to make connection to backend: 192.168.175.18
[Sun Jan 21 20:58:02.797747 2024] [mpm_winnt:warn] [pid 12004:tid 21868] (OS 64)The specified network name is no longer available.  : AH00341: winnt_accept: Asynchronous AcceptEx failed.
[Sun Jan 21 21:04:55.886472 2024] [proxy:error] [pid 12004:tid 20968] (OS 10061)No connection could be made because the target machine actively refused it.  : AH00957: HTTP: attempt to connect to 192.168.175.18:80 (192.168.175.18) failed
[Sun Jan 21 21:04:55.886472 2024] [proxy:error] [pid 12004:tid 20968] AH00959: ap_proxy_connect_backend disabling worker for (192.168.175.18) for 60s
[Sun Jan 21 21:04:55.886472 2024] [proxy_http:error] [pid 12004:tid 20968] [client 40.77.167.41:54158] AH01114: HTTP: failed to make connection to backend: 192.168.175.18
[Sun Jan 21 21:16:29.167290 2024] [mpm_winnt:warn] [pid 12004:tid 21868] (OS 64)The specified network name is no longer available.  : AH00341: winnt_accept: Asynchronous AcceptEx failed.
[Sun Jan 21 21:45:12.673917 2024] [mpm_winnt:warn] [pid 12004:tid 21868] (OS 64)The specified network name is no longer available.  : AH00341: winnt_accept: Asynchronous AcceptEx failed.
[Sun Jan 21 21:51:44.359405 2024] [mpm_winnt:warn] [pid 12004:tid 21868] (OS 64)The specified network name is no longer available.  : AH00341: winnt_accept: Asynchronous AcceptEx failed.
[Sun Jan 21 21:55:36.331812 2024] [proxy:error] [pid 12004:tid 20892] (OS 10061)No connection could be made because the target machine actively refused it.  : AH00957: HTTP: attempt to connect to 192.168.175.18:80 (192.168.175.18) failed
[Sun Jan 21 21:55:36.331812 2024] [proxy:error] [pid 12004:tid 20892] AH00959: ap_proxy_connect_backend disabling worker for (192.168.175.18) for 60s
[Sun Jan 21 21:55:36.331812 2024] [proxy_http:error] [pid 12004:tid 20892] [client 85.208.96.210:12668] AH01114: HTTP: failed to make connection to backend: 192.168.175.18
[Sun Jan 21 22:05:00.210403 2024] [mpm_winnt:warn] [pid 12004:tid 21868] (OS 64)The specified network name is no longer available.  : AH00341: winnt_accept: Asynchronous AcceptEx failed.
[Sun Jan 21 22:33:41.798227 2024] [mpm_winnt:warn] [pid 12004:tid 21868] (OS 64)The specified network name is no longer available.  : AH00341: winnt_accept: Asynchronous AcceptEx failed.
[Sun Jan 21 22:35:49.063250 2024] [mpm_winnt:warn] [pid 12004:tid 21868] (OS 64)The specified network name is no longer available.  : AH00341: winnt_accept: Asynchronous AcceptEx failed.
[Sun Jan 21 22:37:31.664630 2024] [mpm_winnt:warn] [pid 12004:tid 21868] (OS 64)The specified network name is no longer available.  : AH00341: winnt_accept: Asynchronous AcceptEx failed.
[Sun Jan 21 22:37:35.330637 2024] [mpm_winnt:warn] [pid 12004:tid 21868] (OS 64)The specified network name is no longer available.  : AH00341: winnt_accept: Asynchronous AcceptEx failed.
[Sun Jan 21 22:37:39.495844 2024] [mpm_winnt:warn] [pid 12004:tid 21868] (OS 64)The specified network name is no longer available.  : AH00341: winnt_accept: Asynchronous AcceptEx failed.
[Sun Jan 21 22:55:39.048940 2024] [negotiation:error] [pid 12004:tid 21360] [client 172.22.2.4:42438] AH00690: no acceptable variant: E:/nuevo/apache/error/HTTP_NOT_FOUND.html.var
[Sun Jan 21 23:07:19.989371 2024] [proxy:error] [pid 12004:tid 20948] (OS 10061)No connection could be made because the target machine actively refused it.  : AH00957: HTTP: attempt to connect to 192.168.175.18:80 (192.168.175.18) failed
[Sun Jan 21 23:07:19.989371 2024] [proxy:error] [pid 12004:tid 20948] AH00959: ap_proxy_connect_backend disabling worker for (192.168.175.18) for 60s
[Sun Jan 21 23:07:19.989371 2024] [proxy_http:error] [pid 12004:tid 20948] [client 52.167.144.181:1506] AH01114: HTTP: failed to make connection to backend: 192.168.175.18
[Sun Jan 21 23:13:39.288438 2024] [proxy:error] [pid 12004:tid 21472] (OS 10061)No connection could be made because the target machine actively refused it.  : AH00957: HTTP: attempt to connect to 192.168.175.18:80 (192.168.175.18) failed
[Sun Jan 21 23:13:39.288438 2024] [proxy:error] [pid 12004:tid 21472] AH00959: ap_proxy_connect_backend disabling worker for (192.168.175.18) for 60s
[Sun Jan 21 23:13:39.288438 2024] [proxy_http:error] [pid 12004:tid 21472] [client 40.77.167.8:6215] AH01114: HTTP: failed to make connection to backend: 192.168.175.18
[Sun Jan 21 23:13:57.836870 2024] [negotiation:error] [pid 12004:tid 20948] [client 172.22.2.4:42616] AH00690: no acceptable variant: E:/nuevo/apache/error/HTTP_NOT_FOUND.html.var
[Sun Jan 21 23:16:51.558775 2024] [mpm_winnt:warn] [pid 12004:tid 21868] (OS 64)The specified network name is no longer available.  : AH00341: winnt_accept: Asynchronous AcceptEx failed.
[Sun Jan 21 23:28:06.259960 2024] [mpm_winnt:warn] [pid 12004:tid 21868] (OS 64)The specified network name is no longer available.  : AH00341: winnt_accept: Asynchronous AcceptEx failed.
[Sun Jan 21 23:31:26.018311 2024] [mpm_winnt:warn] [pid 12004:tid 21868] (OS 64)The specified network name is no longer available.  : AH00341: winnt_accept: Asynchronous AcceptEx failed.

:: Command execute ::

Enter:
 
Select:
 

:: Search ::
regexp 

:: Upload ::
 
[ ok ]

:: Make Dir ::
 
[ ok ]
:: Make File ::
 
[ ok ]

:: Go Dir ::
 
:: Go File ::
 

--[ c99shell v. 1.0 pre-release build #13 powered by Captain Crunch Security Team | http://ccteam.ru | Generation time: 0.0624 ]--