!C99Shell v. 1.0 pre-release build #13!

Software: Apache. PHP/5.5.15 

uname -a: Windows NT SVR-DMZ 6.1 build 7600 (Windows Server 2008 R2 Enterprise Edition) i586 

SYSTEM 

Safe-mode: OFF (not secure)

E:\nuevo\apache\logs\   drwxrwxrwx
Free 9.41 GB of 239.26 GB (3.93%)
Detected drives: [ a ] [ c ] [ d ] [ e ] [ f ]
Home    Back    Forward    UPDIR    Refresh    Search    Buffer    Encoder    Tools    Proc.    FTP brute    Sec.    SQL    PHP-code    Update    Feedback    Self remove    Logout    


Viewing file:     error.2024.02.17.log (31.33 KB)      -rw-rw-rw-
Select action/file-type:
(+) | (+) | (+) | Code (+) | Session (+) | (+) | SDB (+) | (+) | (+) | (+) | (+) | (+) |
[Sat Feb 17 00:04:55.461437 2024] [mpm_winnt:warn] [pid 12004:tid 21868] (OS 64)The specified network name is no longer available.  : AH00341: winnt_accept: Asynchronous AcceptEx failed.
[Sat Feb 17 00:13:47.515972 2024] [cgi:error] [pid 12004:tid 21128] [client 185.224.128.10:44988] script not found or unable to stat: E:/nuevo/cgi-bin/luci
[Sat Feb 17 00:13:47.531572 2024] [cgi:error] [pid 12004:tid 21128] [client 185.224.128.10:44988] script not found or unable to stat: E:/nuevo/cgi-bin/luci
[Sat Feb 17 00:21:34.065991 2024] [mpm_winnt:warn] [pid 12004:tid 21868] (OS 64)The specified network name is no longer available.  : AH00341: winnt_accept: Asynchronous AcceptEx failed.
[Sat Feb 17 00:25:38.315620 2024] [mpm_winnt:warn] [pid 12004:tid 21868] (OS 64)The specified network name is no longer available.  : AH00341: winnt_accept: Asynchronous AcceptEx failed.
[Sat Feb 17 00:58:35.946693 2024] [mpm_winnt:warn] [pid 12004:tid 21868] (OS 64)The specified network name is no longer available.  : AH00341: winnt_accept: Asynchronous AcceptEx failed.
[Sat Feb 17 02:23:04.879197 2024] [mpm_winnt:warn] [pid 12004:tid 21868] (OS 64)The specified network name is no longer available.  : AH00341: winnt_accept: Asynchronous AcceptEx failed.
[Sat Feb 17 02:34:09.190763 2024] [mpm_winnt:warn] [pid 12004:tid 21868] (OS 64)The specified network name is no longer available.  : AH00341: winnt_accept: Asynchronous AcceptEx failed.
[Sat Feb 17 02:56:46.361947 2024] [proxy:error] [pid 12004:tid 21168] (OS 10061)No connection could be made because the target machine actively refused it.  : AH00957: HTTP: attempt to connect to 172.22.1.51:8399 (172.22.1.51) failed
[Sat Feb 17 02:56:46.361947 2024] [proxy:error] [pid 12004:tid 21168] AH00959: ap_proxy_connect_backend disabling worker for (172.22.1.51) for 60s
[Sat Feb 17 02:56:46.361947 2024] [proxy_http:error] [pid 12004:tid 21168] [client 152.61.128.50:47277] AH01114: HTTP: failed to make connection to backend: 172.22.1.51
[Sat Feb 17 02:56:46.611548 2024] [proxy:error] [pid 12004:tid 21168] AH00940: HTTP: disabled connection for (172.22.1.51)
[Sat Feb 17 02:56:46.861148 2024] [proxy:error] [pid 12004:tid 21168] AH00940: HTTP: disabled connection for (172.22.1.51)
[Sat Feb 17 03:14:14.995789 2024] [mpm_winnt:warn] [pid 12004:tid 21868] (OS 64)The specified network name is no longer available.  : AH00341: winnt_accept: Asynchronous AcceptEx failed.
[Sat Feb 17 03:14:18.427795 2024] [mpm_winnt:warn] [pid 12004:tid 21868] (OS 64)The specified network name is no longer available.  : AH00341: winnt_accept: Asynchronous AcceptEx failed.
[Sat Feb 17 03:14:43.715439 2024] [mpm_winnt:warn] [pid 12004:tid 21868] (OS 64)The specified network name is no longer available.  : AH00341: winnt_accept: Asynchronous AcceptEx failed.
[Sat Feb 17 03:53:13.081096 2024] [mpm_winnt:warn] [pid 12004:tid 21868] (OS 64)The specified network name is no longer available.  : AH00341: winnt_accept: Asynchronous AcceptEx failed.
[Sat Feb 17 04:23:53.572328 2024] [mpm_winnt:warn] [pid 12004:tid 21868] (OS 64)The specified network name is no longer available.  : AH00341: winnt_accept: Asynchronous AcceptEx failed.
[Sat Feb 17 04:39:32.662778 2024] [mpm_winnt:warn] [pid 12004:tid 21868] (OS 64)The specified network name is no longer available.  : AH00341: winnt_accept: Asynchronous AcceptEx failed.
[Sat Feb 17 04:40:26.342472 2024] [proxy:error] [pid 12004:tid 21168] (OS 10061)No connection could be made because the target machine actively refused it.  : AH00957: HTTP: attempt to connect to 172.22.1.51:8399 (172.22.1.51) failed
[Sat Feb 17 04:40:26.342472 2024] [proxy:error] [pid 12004:tid 21168] AH00959: ap_proxy_connect_backend disabling worker for (172.22.1.51) for 60s
[Sat Feb 17 04:40:26.342472 2024] [proxy_http:error] [pid 12004:tid 21168] [client 66.249.73.102:42861] AH01114: HTTP: failed to make connection to backend: 172.22.1.51
[Sat Feb 17 04:54:14.469926 2024] [cgi:error] [pid 12004:tid 21256] [client 185.224.128.10:54464] script not found or unable to stat: E:/nuevo/cgi-bin/luci
[Sat Feb 17 04:54:14.469926 2024] [cgi:error] [pid 12004:tid 21256] [client 185.224.128.10:54464] script not found or unable to stat: E:/nuevo/cgi-bin/luci
[Sat Feb 17 05:04:47.675039 2024] [mpm_winnt:warn] [pid 12004:tid 21868] (OS 64)The specified network name is no longer available.  : AH00341: winnt_accept: Asynchronous AcceptEx failed.
[Sat Feb 17 05:16:08.351034 2024] [mpm_winnt:warn] [pid 12004:tid 21868] (OS 64)The specified network name is no longer available.  : AH00341: winnt_accept: Asynchronous AcceptEx failed.
[Sat Feb 17 05:27:01.430581 2024] [mpm_winnt:warn] [pid 12004:tid 21868] (OS 64)The specified network name is no longer available.  : AH00341: winnt_accept: Asynchronous AcceptEx failed.
[Sat Feb 17 06:09:37.760271 2024] [mpm_winnt:warn] [pid 12004:tid 21868] (OS 64)The specified network name is no longer available.  : AH00341: winnt_accept: Asynchronous AcceptEx failed.
[Sat Feb 17 06:21:56.936370 2024] [mpm_winnt:warn] [pid 12004:tid 21868] (OS 64)The specified network name is no longer available.  : AH00341: winnt_accept: Asynchronous AcceptEx failed.
[Sat Feb 17 06:28:30.509461 2024] [mpm_winnt:warn] [pid 12004:tid 21868] (OS 64)The specified network name is no longer available.  : AH00341: winnt_accept: Asynchronous AcceptEx failed.
[Sat Feb 17 06:50:48.508211 2024] [mpm_winnt:warn] [pid 12004:tid 21868] (OS 64)The specified network name is no longer available.  : AH00341: winnt_accept: Asynchronous AcceptEx failed.
[Sat Feb 17 06:52:02.561541 2024] [mpm_winnt:warn] [pid 12004:tid 21868] (OS 64)The specified network name is no longer available.  : AH00341: winnt_accept: Asynchronous AcceptEx failed.
[Sat Feb 17 07:01:48.935371 2024] [mpm_winnt:warn] [pid 12004:tid 21868] (OS 64)The specified network name is no longer available.  : AH00341: winnt_accept: Asynchronous AcceptEx failed.
[Sat Feb 17 07:48:45.379918 2024] [mpm_winnt:warn] [pid 12004:tid 21868] (OS 64)The specified network name is no longer available.  : AH00341: winnt_accept: Asynchronous AcceptEx failed.
[Sat Feb 17 08:42:29.796381 2024] [mpm_winnt:warn] [pid 12004:tid 21868] (OS 64)The specified network name is no longer available.  : AH00341: winnt_accept: Asynchronous AcceptEx failed.
[Sat Feb 17 08:54:49.846081 2024] [mpm_winnt:warn] [pid 12004:tid 21868] (OS 64)The specified network name is no longer available.  : AH00341: winnt_accept: Asynchronous AcceptEx failed.
[Sat Feb 17 09:16:24.273954 2024] [mpm_winnt:warn] [pid 12004:tid 21868] (OS 64)The specified network name is no longer available.  : AH00341: winnt_accept: Asynchronous AcceptEx failed.
[Sat Feb 17 09:16:27.534360 2024] [mpm_winnt:warn] [pid 12004:tid 21868] (OS 64)The specified network name is no longer available.  : AH00341: winnt_accept: Asynchronous AcceptEx failed.
[Sat Feb 17 09:16:51.464802 2024] [mpm_winnt:warn] [pid 12004:tid 21868] (OS 64)The specified network name is no longer available.  : AH00341: winnt_accept: Asynchronous AcceptEx failed.
[Sat Feb 17 10:13:38.760387 2024] [mpm_winnt:warn] [pid 12004:tid 21868] (OS 64)The specified network name is no longer available.  : AH00341: winnt_accept: Asynchronous AcceptEx failed.
[Sat Feb 17 10:41:32.783727 2024] [proxy_http:error] [pid 12004:tid 21316] (70008)Partial results are valid but processing is incomplete: [client 191.156.230.226:5786] AH02609: read request body failed to 172.22.1.61:8080 (172.22.1.61) from 191.156.230.226 (), referer: http://190.27.245.106/sipse/faces/presentacion/financiero/solicitudProceso/consultarSolicitudProceso.xhtml
[Sat Feb 17 10:41:32.783727 2024] [proxy_http:error] [pid 12004:tid 21316] [client 191.156.230.226:5786] AH01097: pass request body failed to 172.22.1.61:8080 (172.22.1.61) from 191.156.230.226 (), referer: http://190.27.245.106/sipse/faces/presentacion/financiero/solicitudProceso/consultarSolicitudProceso.xhtml
[Sat Feb 17 10:48:39.335276 2024] [cgi:error] [pid 12004:tid 21400] [client 185.224.128.10:41606] script not found or unable to stat: E:/nuevo/cgi-bin/luci
[Sat Feb 17 10:48:39.335276 2024] [cgi:error] [pid 12004:tid 21400] [client 185.224.128.10:41606] script not found or unable to stat: E:/nuevo/cgi-bin/luci
[Sat Feb 17 10:56:01.611653 2024] [mpm_winnt:warn] [pid 12004:tid 21868] (OS 64)The specified network name is no longer available.  : AH00341: winnt_accept: Asynchronous AcceptEx failed.
[Sat Feb 17 11:30:40.408904 2024] [mpm_winnt:warn] [pid 12004:tid 21868] (OS 64)The specified network name is no longer available.  : AH00341: winnt_accept: Asynchronous AcceptEx failed.
[Sat Feb 17 11:30:40.518104 2024] [mpm_winnt:warn] [pid 12004:tid 21868] (OS 64)The specified network name is no longer available.  : AH00341: winnt_accept: Asynchronous AcceptEx failed.
[Sat Feb 17 11:45:41.060886 2024] [mpm_winnt:warn] [pid 12004:tid 21868] (OS 64)The specified network name is no longer available.  : AH00341: winnt_accept: Asynchronous AcceptEx failed.
[Sat Feb 17 11:58:20.688620 2024] [proxy_http:error] [pid 12004:tid 21060] (70008)Partial results are valid but processing is incomplete: [client 191.156.49.45:62180] AH02609: read request body failed to 172.22.1.61:8080 (172.22.1.61) from 191.156.49.45 (), referer: http://190.27.245.106/sipse/faces/presentacion/financiero/solicitudProceso/consultarSolicitudProceso.xhtml
[Sat Feb 17 11:58:20.688620 2024] [proxy_http:error] [pid 12004:tid 21060] [client 191.156.49.45:62180] AH01097: pass request body failed to 172.22.1.61:8080 (172.22.1.61) from 191.156.49.45 (), referer: http://190.27.245.106/sipse/faces/presentacion/financiero/solicitudProceso/consultarSolicitudProceso.xhtml
[Sat Feb 17 12:36:56.824688 2024] [mpm_winnt:warn] [pid 12004:tid 21868] (OS 64)The specified network name is no longer available.  : AH00341: winnt_accept: Asynchronous AcceptEx failed.
[Sat Feb 17 13:32:24.544533 2024] [proxy_http:error] [pid 12004:tid 20968] (OS 10060)A connection attempt failed because the connected party did not properly respond after a period of time, or established connection failed because connected host has failed to respond.  : [client 191.156.54.133:62145] AH01095: prefetch request body failed to 172.22.1.61:8080 (172.22.1.61) from 191.156.54.133 (), referer: http://190.27.245.106/sipse/faces/presentacion/financiero/estudioPrevio/personalSolicitado/asociarExperienciaContratista.xhtml
[Sat Feb 17 13:32:38.007357 2024] [core:error] [pid 12004:tid 21044] (20024)The given path is misformatted or contained invalid characters: [client 147.45.47.104:47706] AH00127: Cannot map GET /BLA/boletinlegal/admin/index.php:cpenagos:Secreta2020 HTTP/1.1 to file
[Sat Feb 17 13:42:56.829244 2024] [proxy_http:error] [pid 12004:tid 21256] (OS 10060)A connection attempt failed because the connected party did not properly respond after a period of time, or established connection failed because connected host has failed to respond.  : [client 191.156.52.19:62243] AH01095: prefetch request body failed to 172.22.1.61:8080 (172.22.1.61) from 191.156.52.19 (), referer: http://190.27.245.106/sipse/faces/presentacion/sistema/anexos/cargarAnexoSolicitudProceso.xhtml
[Sat Feb 17 13:49:26.455528 2024] [proxy_http:error] [pid 12004:tid 21452] (OS 10060)A connection attempt failed because the connected party did not properly respond after a period of time, or established connection failed because connected host has failed to respond.  : [client 191.156.49.45:62377] AH01095: prefetch request body failed to 172.22.1.61:8080 (172.22.1.61) from 191.156.49.45 (), referer: http://190.27.245.106/sipse/faces/autenticacion.xhtml
[Sat Feb 17 14:18:28.884989 2024] [mpm_winnt:warn] [pid 12004:tid 21868] (OS 64)The specified network name is no longer available.  : AH00341: winnt_accept: Asynchronous AcceptEx failed.
[Sat Feb 17 14:27:26.680333 2024] [mpm_winnt:warn] [pid 12004:tid 21868] (OS 64)The specified network name is no longer available.  : AH00341: winnt_accept: Asynchronous AcceptEx failed.
[Sat Feb 17 14:59:56.324958 2024] [proxy_http:error] [pid 12004:tid 21128] (OS 10054)An existing connection was forcibly closed by the remote host.  : [client 191.156.225.129:49304] AH01095: prefetch request body failed to 172.22.1.61:8080 (172.22.1.61) from 191.156.225.129 (), referer: http://190.27.245.106/sipse/faces/presentacion/financiero/estudioPrevio/personalSolicitado/asociarExperienciaContratista.xhtml
[Sat Feb 17 15:36:42.855233 2024] [core:error] [pid 12004:tid 21368] (20024)The given path is misformatted or contained invalid characters: [client 172.22.2.4:55084] AH00127: Cannot map GET /BLA/boletinlegal/Circulares/024%09/CIRCULAR%20No.%2000003%20DEL%2016%20DE%20FEBRERO%20DEL%202024%09.pdf HTTP/1.1 to file, referer: https://boletinlegal.ambientebogota.gov.co/#
[Sat Feb 17 15:36:45.632038 2024] [core:error] [pid 12004:tid 21256] (20024)The given path is misformatted or contained invalid characters: [client 172.22.2.4:55072] AH00127: Cannot map GET /BLA/boletinlegal/Circulares/024%09/CIRCULAR%20No.%2000003%20DEL%2016%20DE%20FEBRERO%20DEL%202024%09.pdf HTTP/1.1 to file, referer: https://boletinlegal.ambientebogota.gov.co/#
[Sat Feb 17 15:36:49.001644 2024] [core:error] [pid 12004:tid 21256] (20024)The given path is misformatted or contained invalid characters: [client 172.22.2.4:55072] AH00127: Cannot map GET /BLA/boletinlegal/Circulares/024%09/CIRCULAR%20No.%2000003%20DEL%2016%20DE%20FEBRERO%20DEL%202024%09.pdf HTTP/1.1 to file, referer: https://boletinlegal.ambientebogota.gov.co/#
[Sat Feb 17 15:36:54.040453 2024] [core:error] [pid 12004:tid 21256] (20024)The given path is misformatted or contained invalid characters: [client 172.22.2.4:55072] AH00127: Cannot map GET /BLA/boletinlegal/Circulares/024%09/CIRCULAR%20No.%2000003%20DEL%2016%20DE%20FEBRERO%20DEL%202024%09.pdf HTTP/1.1 to file, referer: https://boletinlegal.ambientebogota.gov.co/#
[Sat Feb 17 15:36:59.016862 2024] [core:error] [pid 12004:tid 21256] (20024)The given path is misformatted or contained invalid characters: [client 172.22.2.4:55072] AH00127: Cannot map GET /BLA/boletinlegal/Circulares/024%09/CIRCULAR%20No.%2000003%20DEL%2016%20DE%20FEBRERO%20DEL%202024%09.pdf HTTP/1.1 to file, referer: https://boletinlegal.ambientebogota.gov.co/#
[Sat Feb 17 15:49:33.153386 2024] [core:error] [pid 12004:tid 21128] (20024)The given path is misformatted or contained invalid characters: [client 147.45.47.104:53810] AH00127: Cannot map GET /BLA/boletinlegal/admin/index.php:cpenagos:12273396 HTTP/1.1 to file
[Sat Feb 17 15:57:24.071413 2024] [mpm_winnt:warn] [pid 12004:tid 21868] (OS 64)The specified network name is no longer available.  : AH00341: winnt_accept: Asynchronous AcceptEx failed.
[Sat Feb 17 16:28:07.011850 2024] [core:error] [pid 12004:tid 21068] [client 152.32.142.250:11170] AH00126: Invalid URI in request t3 12.1.2
[Sat Feb 17 16:30:12.451671 2024] [core:error] [pid 12004:tid 21168] (20024)The given path is misformatted or contained invalid characters: [client 147.45.47.104:58132] AH00127: Cannot map GET /BLA/boletinlegal/admin/index.php:12273396:12273396 HTTP/1.1 to file
[Sat Feb 17 16:34:45.140149 2024] [proxy_http:error] [pid 12004:tid 21096] (OS 10060)A connection attempt failed because the connected party did not properly respond after a period of time, or established connection failed because connected host has failed to respond.  : [client 191.156.225.129:49338] AH01095: prefetch request body failed to 172.22.1.61:8080 (172.22.1.61) from 191.156.225.129 (), referer: http://190.27.245.106/sipse/faces/presentacion/financiero/estudioPrevio/personalSolicitado/asociarExperienciaContratista.xhtml
[Sat Feb 17 16:36:16.041509 2024] [core:error] [pid 12004:tid 21256] (20024)The given path is misformatted or contained invalid characters: [client 172.22.2.4:58358] AH00127: Cannot map GET /BLA/boletinlegal/Circulares/024%09/CIRCULAR%20No.%2000003%20DEL%2016%20DE%20FEBRERO%20DEL%202024%09.pdf HTTP/1.1 to file, referer: https://boletinlegal.ambientebogota.gov.co/#
[Sat Feb 17 16:36:19.832316 2024] [core:error] [pid 12004:tid 21256] (20024)The given path is misformatted or contained invalid characters: [client 172.22.2.4:58358] AH00127: Cannot map GET /BLA/boletinlegal/Circulares/024%09/CIRCULAR%20No.%2000003%20DEL%2016%20DE%20FEBRERO%20DEL%202024%09.pdf HTTP/1.1 to file, referer: https://boletinlegal.ambientebogota.gov.co/#
[Sat Feb 17 16:36:22.421920 2024] [core:error] [pid 12004:tid 21256] (20024)The given path is misformatted or contained invalid characters: [client 172.22.2.4:58358] AH00127: Cannot map GET /BLA/boletinlegal/Circulares/024%09/CIRCULAR%20No.%2000003%20DEL%2016%20DE%20FEBRERO%20DEL%202024%09.pdf HTTP/1.1 to file, referer: https://boletinlegal.ambientebogota.gov.co/#
[Sat Feb 17 16:36:25.214325 2024] [core:error] [pid 12004:tid 21256] (20024)The given path is misformatted or contained invalid characters: [client 172.22.2.4:58358] AH00127: Cannot map GET /BLA/boletinlegal/Circulares/024%09/CIRCULAR%20No.%2000003%20DEL%2016%20DE%20FEBRERO%20DEL%202024%09.pdf HTTP/1.1 to file, referer: https://boletinlegal.ambientebogota.gov.co/#
[Sat Feb 17 16:36:27.398329 2024] [core:error] [pid 12004:tid 21256] (20024)The given path is misformatted or contained invalid characters: [client 172.22.2.4:58358] AH00127: Cannot map GET /BLA/boletinlegal/Circulares/024%09/CIRCULAR%20No.%2000003%20DEL%2016%20DE%20FEBRERO%20DEL%202024%09.pdf HTTP/1.1 to file, referer: https://boletinlegal.ambientebogota.gov.co/#
[Sat Feb 17 17:04:36.506896 2024] [mpm_winnt:warn] [pid 12004:tid 21868] (OS 64)The specified network name is no longer available.  : AH00341: winnt_accept: Asynchronous AcceptEx failed.
[Sat Feb 17 17:30:15.574399 2024] [mpm_winnt:warn] [pid 12004:tid 21868] (OS 64)The specified network name is no longer available.  : AH00341: winnt_accept: Asynchronous AcceptEx failed.
[Sat Feb 17 17:36:19.710239 2024] [core:error] [pid 12004:tid 21256] (20024)The given path is misformatted or contained invalid characters: [client 172.22.2.4:33296] AH00127: Cannot map GET /BLA/boletinlegal/Circulares/024%09/CIRCULAR%20No.%2000003%20DEL%2016%20DE%20FEBRERO%20DEL%202024%09.pdf HTTP/1.1 to file, referer: https://boletinlegal.ambientebogota.gov.co/#
[Sat Feb 17 17:36:22.471443 2024] [core:error] [pid 12004:tid 21256] (20024)The given path is misformatted or contained invalid characters: [client 172.22.2.4:33296] AH00127: Cannot map GET /BLA/boletinlegal/Circulares/024%09/CIRCULAR%20No.%2000003%20DEL%2016%20DE%20FEBRERO%20DEL%202024%09.pdf HTTP/1.1 to file, referer: https://boletinlegal.ambientebogota.gov.co/#
[Sat Feb 17 17:36:25.295048 2024] [core:error] [pid 12004:tid 21256] (20024)The given path is misformatted or contained invalid characters: [client 172.22.2.4:33296] AH00127: Cannot map GET /BLA/boletinlegal/Circulares/024%09/CIRCULAR%20No.%2000003%20DEL%2016%20DE%20FEBRERO%20DEL%202024%09.pdf HTTP/1.1 to file, referer: https://boletinlegal.ambientebogota.gov.co/#
[Sat Feb 17 17:36:27.775453 2024] [core:error] [pid 12004:tid 21256] (20024)The given path is misformatted or contained invalid characters: [client 172.22.2.4:33296] AH00127: Cannot map GET /BLA/boletinlegal/Circulares/024%09/CIRCULAR%20No.%2000003%20DEL%2016%20DE%20FEBRERO%20DEL%202024%09.pdf HTTP/1.1 to file, referer: https://boletinlegal.ambientebogota.gov.co/#
[Sat Feb 17 17:36:30.911058 2024] [core:error] [pid 12004:tid 21256] (20024)The given path is misformatted or contained invalid characters: [client 172.22.2.4:33296] AH00127: Cannot map GET /BLA/boletinlegal/Circulares/024%09/CIRCULAR%20No.%2000003%20DEL%2016%20DE%20FEBRERO%20DEL%202024%09.pdf HTTP/1.1 to file, referer: https://boletinlegal.ambientebogota.gov.co/#
[Sat Feb 17 18:38:42.624813 2024] [mpm_winnt:warn] [pid 12004:tid 21868] (OS 64)The specified network name is no longer available.  : AH00341: winnt_accept: Asynchronous AcceptEx failed.
[Sat Feb 17 18:39:26.273689 2024] [core:error] [pid 12004:tid 21444] (20024)The given path is misformatted or contained invalid characters: [client 172.22.2.4:37832] AH00127: Cannot map GET /BLA/boletinlegal/Circulares/024%09/CIRCULAR%20No.%2000003%20DEL%2016%20DE%20FEBRERO%20DEL%202024%09.pdf HTTP/1.1 to file, referer: https://boletinlegal.ambientebogota.gov.co/#
[Sat Feb 17 18:39:29.783696 2024] [core:error] [pid 12004:tid 20968] (20024)The given path is misformatted or contained invalid characters: [client 172.22.2.4:37830] AH00127: Cannot map GET /BLA/boletinlegal/Circulares/024%09/CIRCULAR%20No.%2000003%20DEL%2016%20DE%20FEBRERO%20DEL%202024%09.pdf HTTP/1.1 to file, referer: https://boletinlegal.ambientebogota.gov.co/#
[Sat Feb 17 18:39:33.168901 2024] [core:error] [pid 12004:tid 21444] (20024)The given path is misformatted or contained invalid characters: [client 172.22.2.4:37832] AH00127: Cannot map GET /BLA/boletinlegal/Circulares/024%09/CIRCULAR%20No.%2000003%20DEL%2016%20DE%20FEBRERO%20DEL%202024%09.pdf HTTP/1.1 to file, referer: https://boletinlegal.ambientebogota.gov.co/#
[Sat Feb 17 18:39:36.616508 2024] [core:error] [pid 12004:tid 21444] (20024)The given path is misformatted or contained invalid characters: [client 172.22.2.4:37832] AH00127: Cannot map GET /BLA/boletinlegal/Circulares/024%09/CIRCULAR%20No.%2000003%20DEL%2016%20DE%20FEBRERO%20DEL%202024%09.pdf HTTP/1.1 to file, referer: https://boletinlegal.ambientebogota.gov.co/#
[Sat Feb 17 18:39:39.986113 2024] [core:error] [pid 12004:tid 20968] (20024)The given path is misformatted or contained invalid characters: [client 172.22.2.4:37830] AH00127: Cannot map GET /BLA/boletinlegal/Circulares/024%09/CIRCULAR%20No.%2000003%20DEL%2016%20DE%20FEBRERO%20DEL%202024%09.pdf HTTP/1.1 to file, referer: https://boletinlegal.ambientebogota.gov.co/#
[Sat Feb 17 19:12:07.399934 2024] [mpm_winnt:warn] [pid 12004:tid 21868] (OS 64)The specified network name is no longer available.  : AH00341: winnt_accept: Asynchronous AcceptEx failed.
[Sat Feb 17 19:36:09.201266 2024] [core:error] [pid 12004:tid 21228] (20024)The given path is misformatted or contained invalid characters: [client 172.22.2.4:39710] AH00127: Cannot map GET /BLA/boletinlegal/Circulares/024%09/CIRCULAR%20No.%2000003%20DEL%2016%20DE%20FEBRERO%20DEL%202024%09.pdf HTTP/1.1 to file, referer: https://boletinlegal.ambientebogota.gov.co/#
[Sat Feb 17 19:36:11.260470 2024] [core:error] [pid 12004:tid 21228] (20024)The given path is misformatted or contained invalid characters: [client 172.22.2.4:39710] AH00127: Cannot map GET /BLA/boletinlegal/Circulares/024%09/CIRCULAR%20No.%2000003%20DEL%2016%20DE%20FEBRERO%20DEL%202024%09.pdf HTTP/1.1 to file, referer: https://boletinlegal.ambientebogota.gov.co/#
[Sat Feb 17 19:36:13.678474 2024] [core:error] [pid 12004:tid 21228] (20024)The given path is misformatted or contained invalid characters: [client 172.22.2.4:39710] AH00127: Cannot map GET /BLA/boletinlegal/Circulares/024%09/CIRCULAR%20No.%2000003%20DEL%2016%20DE%20FEBRERO%20DEL%202024%09.pdf HTTP/1.1 to file, referer: https://boletinlegal.ambientebogota.gov.co/#
[Sat Feb 17 19:36:16.829680 2024] [core:error] [pid 12004:tid 21228] (20024)The given path is misformatted or contained invalid characters: [client 172.22.2.4:39710] AH00127: Cannot map GET /BLA/boletinlegal/Circulares/024%09/CIRCULAR%20No.%2000003%20DEL%2016%20DE%20FEBRERO%20DEL%202024%09.pdf HTTP/1.1 to file, referer: https://boletinlegal.ambientebogota.gov.co/#
[Sat Feb 17 19:36:20.885687 2024] [core:error] [pid 12004:tid 21228] (20024)The given path is misformatted or contained invalid characters: [client 172.22.2.4:39710] AH00127: Cannot map GET /BLA/boletinlegal/Circulares/024%09/CIRCULAR%20No.%2000003%20DEL%2016%20DE%20FEBRERO%20DEL%202024%09.pdf HTTP/1.1 to file, referer: https://boletinlegal.ambientebogota.gov.co/#
[Sat Feb 17 19:49:21.027457 2024] [mpm_winnt:warn] [pid 12004:tid 21868] (OS 64)The specified network name is no longer available.  : AH00341: winnt_accept: Asynchronous AcceptEx failed.
[Sat Feb 17 20:19:00.288582 2024] [mpm_winnt:warn] [pid 12004:tid 21868] (OS 64)The specified network name is no longer available.  : AH00341: winnt_accept: Asynchronous AcceptEx failed.
[Sat Feb 17 20:31:53.238740 2024] [mpm_winnt:warn] [pid 12004:tid 21868] (OS 64)The specified network name is no longer available.  : AH00341: winnt_accept: Asynchronous AcceptEx failed.
[Sat Feb 17 20:36:02.745578 2024] [core:error] [pid 12004:tid 21316] (20024)The given path is misformatted or contained invalid characters: [client 172.22.2.4:42962] AH00127: Cannot map GET /BLA/boletinlegal/Circulares/024%09/CIRCULAR%20No.%2000003%20DEL%2016%20DE%20FEBRERO%20DEL%202024%09.pdf HTTP/1.1 to file, referer: https://boletinlegal.ambientebogota.gov.co/#
[Sat Feb 17 20:36:06.895185 2024] [core:error] [pid 12004:tid 21316] (20024)The given path is misformatted or contained invalid characters: [client 172.22.2.4:42962] AH00127: Cannot map GET /BLA/boletinlegal/Circulares/024%09/CIRCULAR%20No.%2000003%20DEL%2016%20DE%20FEBRERO%20DEL%202024%09.pdf HTTP/1.1 to file, referer: https://boletinlegal.ambientebogota.gov.co/#
[Sat Feb 17 20:36:10.139991 2024] [core:error] [pid 12004:tid 21316] (20024)The given path is misformatted or contained invalid characters: [client 172.22.2.4:42962] AH00127: Cannot map GET /BLA/boletinlegal/Circulares/024%09/CIRCULAR%20No.%2000003%20DEL%2016%20DE%20FEBRERO%20DEL%202024%09.pdf HTTP/1.1 to file, referer: https://boletinlegal.ambientebogota.gov.co/#
[Sat Feb 17 20:36:14.336398 2024] [core:error] [pid 12004:tid 21316] (20024)The given path is misformatted or contained invalid characters: [client 172.22.2.4:42962] AH00127: Cannot map GET /BLA/boletinlegal/Circulares/024%09/CIRCULAR%20No.%2000003%20DEL%2016%20DE%20FEBRERO%20DEL%202024%09.pdf HTTP/1.1 to file, referer: https://boletinlegal.ambientebogota.gov.co/#
[Sat Feb 17 20:36:18.330005 2024] [core:error] [pid 12004:tid 21316] (20024)The given path is misformatted or contained invalid characters: [client 172.22.2.4:42962] AH00127: Cannot map GET /BLA/boletinlegal/Circulares/024%09/CIRCULAR%20No.%2000003%20DEL%2016%20DE%20FEBRERO%20DEL%202024%09.pdf HTTP/1.1 to file, referer: https://boletinlegal.ambientebogota.gov.co/#
[Sat Feb 17 21:19:56.966205 2024] [mpm_winnt:warn] [pid 12004:tid 21868] (OS 64)The specified network name is no longer available.  : AH00341: winnt_accept: Asynchronous AcceptEx failed.
[Sat Feb 17 21:37:27.019649 2024] [core:error] [pid 12004:tid 21444] (20024)The given path is misformatted or contained invalid characters: [client 172.22.2.4:46206] AH00127: Cannot map GET /BLA/boletinlegal/Circulares/024%09/CIRCULAR%20No.%2000003%20DEL%2016%20DE%20FEBRERO%20DEL%202024%09.pdf HTTP/1.1 to file, referer: https://boletinlegal.ambientebogota.gov.co/#
[Sat Feb 17 21:37:31.044456 2024] [core:error] [pid 12004:tid 21516] (20024)The given path is misformatted or contained invalid characters: [client 172.22.2.4:46204] AH00127: Cannot map GET /BLA/boletinlegal/Circulares/024%09/CIRCULAR%20No.%2000003%20DEL%2016%20DE%20FEBRERO%20DEL%202024%09.pdf HTTP/1.1 to file, referer: https://boletinlegal.ambientebogota.gov.co/#
[Sat Feb 17 21:37:34.648063 2024] [core:error] [pid 12004:tid 21444] (20024)The given path is misformatted or contained invalid characters: [client 172.22.2.4:46206] AH00127: Cannot map GET /BLA/boletinlegal/Circulares/024%09/CIRCULAR%20No.%2000003%20DEL%2016%20DE%20FEBRERO%20DEL%202024%09.pdf HTTP/1.1 to file, referer: https://boletinlegal.ambientebogota.gov.co/#
[Sat Feb 17 21:37:38.111269 2024] [core:error] [pid 12004:tid 21444] (20024)The given path is misformatted or contained invalid characters: [client 172.22.2.4:46206] AH00127: Cannot map GET /BLA/boletinlegal/Circulares/024%09/CIRCULAR%20No.%2000003%20DEL%2016%20DE%20FEBRERO%20DEL%202024%09.pdf HTTP/1.1 to file, referer: https://boletinlegal.ambientebogota.gov.co/#
[Sat Feb 17 21:37:42.416876 2024] [core:error] [pid 12004:tid 21516] (20024)The given path is misformatted or contained invalid characters: [client 172.22.2.4:46204] AH00127: Cannot map GET /BLA/boletinlegal/Circulares/024%09/CIRCULAR%20No.%2000003%20DEL%2016%20DE%20FEBRERO%20DEL%202024%09.pdf HTTP/1.1 to file, referer: https://boletinlegal.ambientebogota.gov.co/#
[Sat Feb 17 22:36:08.133034 2024] [core:error] [pid 12004:tid 21060] (20024)The given path is misformatted or contained invalid characters: [client 172.22.2.4:47740] AH00127: Cannot map GET /BLA/boletinlegal/Circulares/024%09/CIRCULAR%20No.%2000003%20DEL%2016%20DE%20FEBRERO%20DEL%202024%09.pdf HTTP/1.1 to file, referer: https://boletinlegal.ambientebogota.gov.co/#
[Sat Feb 17 22:36:11.159439 2024] [core:error] [pid 12004:tid 21060] (20024)The given path is misformatted or contained invalid characters: [client 172.22.2.4:47740] AH00127: Cannot map GET /BLA/boletinlegal/Circulares/024%09/CIRCULAR%20No.%2000003%20DEL%2016%20DE%20FEBRERO%20DEL%202024%09.pdf HTTP/1.1 to file, referer: https://boletinlegal.ambientebogota.gov.co/#
[Sat Feb 17 22:36:14.887845 2024] [core:error] [pid 12004:tid 21316] (20024)The given path is misformatted or contained invalid characters: [client 172.22.2.4:47748] AH00127: Cannot map GET /BLA/boletinlegal/Circulares/024%09/CIRCULAR%20No.%2000003%20DEL%2016%20DE%20FEBRERO%20DEL%202024%09.pdf HTTP/1.1 to file, referer: https://boletinlegal.ambientebogota.gov.co/#
[Sat Feb 17 22:36:19.645854 2024] [core:error] [pid 12004:tid 21316] (20024)The given path is misformatted or contained invalid characters: [client 172.22.2.4:47748] AH00127: Cannot map GET /BLA/boletinlegal/Circulares/024%09/CIRCULAR%20No.%2000003%20DEL%2016%20DE%20FEBRERO%20DEL%202024%09.pdf HTTP/1.1 to file, referer: https://boletinlegal.ambientebogota.gov.co/#
[Sat Feb 17 22:36:25.105863 2024] [core:error] [pid 12004:tid 21316] (20024)The given path is misformatted or contained invalid characters: [client 172.22.2.4:47748] AH00127: Cannot map GET /BLA/boletinlegal/Circulares/024%09/CIRCULAR%20No.%2000003%20DEL%2016%20DE%20FEBRERO%20DEL%202024%09.pdf HTTP/1.1 to file, referer: https://boletinlegal.ambientebogota.gov.co/#
[Sat Feb 17 23:22:06.904279 2024] [mpm_winnt:warn] [pid 12004:tid 21868] (OS 64)The specified network name is no longer available.  : AH00341: winnt_accept: Asynchronous AcceptEx failed.
[Sat Feb 17 23:37:18.772681 2024] [core:error] [pid 12004:tid 21452] (20024)The given path is misformatted or contained invalid characters: [client 172.22.2.4:50306] AH00127: Cannot map GET /BLA/boletinlegal/Circulares/024%09/CIRCULAR%20No.%2000003%20DEL%2016%20DE%20FEBRERO%20DEL%202024%09.pdf HTTP/1.1 to file, referer: https://boletinlegal.ambientebogota.gov.co/#
[Sat Feb 17 23:37:21.970686 2024] [core:error] [pid 12004:tid 21452] (20024)The given path is misformatted or contained invalid characters: [client 172.22.2.4:50306] AH00127: Cannot map GET /BLA/boletinlegal/Circulares/024%09/CIRCULAR%20No.%2000003%20DEL%2016%20DE%20FEBRERO%20DEL%202024%09.pdf HTTP/1.1 to file, referer: https://boletinlegal.ambientebogota.gov.co/#
[Sat Feb 17 23:37:25.059492 2024] [core:error] [pid 12004:tid 21452] (20024)The given path is misformatted or contained invalid characters: [client 172.22.2.4:50306] AH00127: Cannot map GET /BLA/boletinlegal/Circulares/024%09/CIRCULAR%20No.%2000003%20DEL%2016%20DE%20FEBRERO%20DEL%202024%09.pdf HTTP/1.1 to file, referer: https://boletinlegal.ambientebogota.gov.co/#
[Sat Feb 17 23:37:28.538298 2024] [core:error] [pid 12004:tid 21452] (20024)The given path is misformatted or contained invalid characters: [client 172.22.2.4:50306] AH00127: Cannot map GET /BLA/boletinlegal/Circulares/024%09/CIRCULAR%20No.%2000003%20DEL%2016%20DE%20FEBRERO%20DEL%202024%09.pdf HTTP/1.1 to file, referer: https://boletinlegal.ambientebogota.gov.co/#
[Sat Feb 17 23:37:31.237103 2024] [core:error] [pid 12004:tid 21452] (20024)The given path is misformatted or contained invalid characters: [client 172.22.2.4:50306] AH00127: Cannot map GET /BLA/boletinlegal/Circulares/024%09/CIRCULAR%20No.%2000003%20DEL%2016%20DE%20FEBRERO%20DEL%202024%09.pdf HTTP/1.1 to file, referer: https://boletinlegal.ambientebogota.gov.co/#

:: Command execute ::

Enter:
 
Select:
 

:: Search ::
regexp 

:: Upload ::
 
[ ok ]

:: Make Dir ::
 
[ ok ]
:: Make File ::
 
[ ok ]

:: Go Dir ::
 
:: Go File ::
 

--[ c99shell v. 1.0 pre-release build #13 powered by Captain Crunch Security Team | http://ccteam.ru | Generation time: 0.0624 ]--