!C99Shell v. 1.0 pre-release build #13!

Software: Apache. PHP/5.5.15 

uname -a: Windows NT SVR-DMZ 6.1 build 7600 (Windows Server 2008 R2 Enterprise Edition) i586 

SYSTEM 

Safe-mode: OFF (not secure)

E:\nuevo\apache\logs\   drwxrwxrwx
Free 5.02 GB of 239.26 GB (2.1%)
Detected drives: [ a ] [ c ] [ d ] [ e ] [ f ]
Home    Back    Forward    UPDIR    Refresh    Search    Buffer    Encoder    Tools    Proc.    FTP brute    Sec.    SQL    PHP-code    Update    Feedback    Self remove    Logout    


Viewing file:     error.2024.03.09.log (48.28 KB)      -rw-rw-rw-
Select action/file-type:
(+) | (+) | (+) | Code (+) | Session (+) | (+) | SDB (+) | (+) | (+) | (+) | (+) | (+) |
[Sat Mar 09 00:12:48.939670 2024] [mpm_winnt:warn] [pid 12004:tid 21868] (OS 64)The specified network name is no longer available.  : AH00341: winnt_accept: Asynchronous AcceptEx failed.
[Sat Mar 09 00:40:50.154623 2024] [mpm_winnt:warn] [pid 12004:tid 21868] (OS 64)The specified network name is no longer available.  : AH00341: winnt_accept: Asynchronous AcceptEx failed.
[Sat Mar 09 00:53:59.079208 2024] [proxy_http:error] [pid 12004:tid 21344] (OS 10053)An established connection was aborted by the software in your host machine.  : [client 201.245.192.253:36780] AH01102: error reading status line from remote server 172.22.1.16:18080
[Sat Mar 09 00:53:59.079208 2024] [proxy:error] [pid 12004:tid 21344] [client 201.245.192.253:36780] AH00898: Error reading from remote server returned by /kwsrmcab/Wsrmcab
[Sat Mar 09 00:54:15.630837 2024] [proxy_http:error] [pid 12004:tid 21044] (OS 10060)A connection attempt failed because the connected party did not properly respond after a period of time, or established connection failed because connected host has failed to respond.  : [client 186.102.3.196:1131] AH01102: error reading status line from remote server 172.22.1.16:18080, referer: http://localhost/
[Sat Mar 09 00:54:15.630837 2024] [proxy:error] [pid 12004:tid 21044] [client 186.102.3.196:1131] AH00898: Error reading from remote server returned by /kwssiamovil/sm/setfile/f, referer: http://localhost/
[Sat Mar 09 00:58:57.585732 2024] [proxy_http:error] [pid 12004:tid 21344] (OS 10053)An established connection was aborted by the software in your host machine.  : [client 201.245.192.253:38340] AH01102: error reading status line from remote server 172.22.1.16:18080
[Sat Mar 09 00:58:57.585732 2024] [proxy:error] [pid 12004:tid 21344] [client 201.245.192.253:38340] AH00898: Error reading from remote server returned by /kwsrmcab/Wsrmcab
[Sat Mar 09 00:59:09.784954 2024] [proxy_http:error] [pid 12004:tid 21128] (OS 10060)A connection attempt failed because the connected party did not properly respond after a period of time, or established connection failed because connected host has failed to respond.  : [client 186.102.3.196:1133] AH01102: error reading status line from remote server 172.22.1.16:18080, referer: http://localhost/
[Sat Mar 09 00:59:09.784954 2024] [proxy:error] [pid 12004:tid 21128] [client 186.102.3.196:1133] AH00898: Error reading from remote server returned by /kwssiamovil/sm/setfile/f, referer: http://localhost/
[Sat Mar 09 01:02:50.010541 2024] [mpm_winnt:warn] [pid 12004:tid 21868] (OS 64)The specified network name is no longer available.  : AH00341: winnt_accept: Asynchronous AcceptEx failed.
[Sat Mar 09 01:03:56.747458 2024] [proxy_http:error] [pid 12004:tid 21044] (OS 10053)An established connection was aborted by the software in your host machine.  : [client 201.245.192.253:39908] AH01102: error reading status line from remote server 172.22.1.16:18080
[Sat Mar 09 01:03:56.747458 2024] [proxy:error] [pid 12004:tid 21044] [client 201.245.192.253:39908] AH00898: Error reading from remote server returned by /kwsrmcab/Wsrmcab
[Sat Mar 09 01:08:55.753183 2024] [proxy_http:error] [pid 12004:tid 21044] (OS 10053)An established connection was aborted by the software in your host machine.  : [client 201.245.192.253:41478] AH01102: error reading status line from remote server 172.22.1.16:18080
[Sat Mar 09 01:08:55.753183 2024] [proxy:error] [pid 12004:tid 21044] [client 201.245.192.253:41478] AH00898: Error reading from remote server returned by /kwsrmcab/Wsrmcab
[Sat Mar 09 01:11:04.235009 2024] [proxy_http:error] [pid 12004:tid 21440] (OS 10060)A connection attempt failed because the connected party did not properly respond after a period of time, or established connection failed because connected host has failed to respond.  : [client 186.102.100.147:5197] AH01102: error reading status line from remote server 172.22.1.16:18080, referer: http://localhost/
[Sat Mar 09 01:11:04.235009 2024] [proxy:error] [pid 12004:tid 21440] [client 186.102.100.147:5197] AH00898: Error reading from remote server returned by /kwssiamovil/sm/acme/u, referer: http://localhost/
[Sat Mar 09 01:13:53.152105 2024] [proxy_http:error] [pid 12004:tid 21156] (OS 10053)An established connection was aborted by the software in your host machine.  : [client 201.245.192.253:43050] AH01102: error reading status line from remote server 172.22.1.16:18080
[Sat Mar 09 01:13:53.152105 2024] [proxy:error] [pid 12004:tid 21156] [client 201.245.192.253:43050] AH00898: Error reading from remote server returned by /kwsrmcab/Wsrmcab
[Sat Mar 09 01:15:51.805914 2024] [proxy:error] [pid 12004:tid 21416] (70007)The timeout specified has expired: [client 186.102.3.196:1141] AH01084: pass request body failed to 172.22.1.16:18080 (172.22.1.16), referer: http://localhost/
[Sat Mar 09 01:15:51.805914 2024] [proxy_http:error] [pid 12004:tid 21416] [client 186.102.3.196:1141] AH01097: pass request body failed to 172.22.1.16:18080 (172.22.1.16) from 186.102.3.196 (), referer: http://localhost/
[Sat Mar 09 01:18:52.298231 2024] [proxy_http:error] [pid 12004:tid 21156] (OS 10053)An established connection was aborted by the software in your host machine.  : [client 201.245.192.253:44616] AH01102: error reading status line from remote server 172.22.1.16:18080
[Sat Mar 09 01:18:52.298231 2024] [proxy:error] [pid 12004:tid 21156] [client 201.245.192.253:44616] AH00898: Error reading from remote server returned by /kwsrmcab/Wsrmcab
[Sat Mar 09 01:20:18.394782 2024] [proxy_http:error] [pid 12004:tid 21440] (OS 10053)An established connection was aborted by the software in your host machine.  : [client 201.245.192.253:54336] AH01102: error reading status line from remote server 172.22.1.16:18080
[Sat Mar 09 01:20:18.394782 2024] [proxy:error] [pid 12004:tid 21440] [client 201.245.192.253:54336] AH00898: Error reading from remote server returned by /kwsrmcab/Wsrmcab
[Sat Mar 09 01:20:37.364415 2024] [proxy_http:error] [pid 12004:tid 21044] (OS 10053)An established connection was aborted by the software in your host machine.  : [client 201.245.192.253:54338] AH01102: error reading status line from remote server 172.22.1.16:18080
[Sat Mar 09 01:20:37.364415 2024] [proxy:error] [pid 12004:tid 21044] [client 201.245.192.253:54338] AH00898: Error reading from remote server returned by /kwsrmcab/Wsrmcab
[Sat Mar 09 01:20:39.517219 2024] [proxy_http:error] [pid 12004:tid 21344] (OS 10053)An established connection was aborted by the software in your host machine.  : [client 201.245.192.253:49260] AH01102: error reading status line from remote server 172.22.1.16:18080
[Sat Mar 09 01:20:39.517219 2024] [proxy:error] [pid 12004:tid 21344] [client 201.245.192.253:49260] AH00898: Error reading from remote server returned by /kwsrmcab/Wsrmcab
[Sat Mar 09 01:20:58.611653 2024] [proxy_http:error] [pid 12004:tid 21044] (OS 10053)An established connection was aborted by the software in your host machine.  : [client 201.245.192.253:49268] AH01102: error reading status line from remote server 172.22.1.16:18080
[Sat Mar 09 01:20:58.611653 2024] [proxy:error] [pid 12004:tid 21044] [client 201.245.192.253:49268] AH00898: Error reading from remote server returned by /kwsrmcab/Wsrmcab
[Sat Mar 09 01:23:50.898355 2024] [proxy_http:error] [pid 12004:tid 21204] (OS 10053)An established connection was aborted by the software in your host machine.  : [client 201.245.192.253:46176] AH01102: error reading status line from remote server 172.22.1.16:18080
[Sat Mar 09 01:23:50.898355 2024] [proxy:error] [pid 12004:tid 21204] [client 201.245.192.253:46176] AH00898: Error reading from remote server returned by /kwsrmcab/Wsrmcab
[Sat Mar 09 01:27:11.311907 2024] [proxy_http:error] [pid 12004:tid 21368] (OS 10060)A connection attempt failed because the connected party did not properly respond after a period of time, or established connection failed because connected host has failed to respond.  : [client 186.102.101.57:9685] AH01102: error reading status line from remote server 172.22.1.16:18080, referer: http://localhost/
[Sat Mar 09 01:27:11.311907 2024] [proxy:error] [pid 12004:tid 21368] [client 186.102.101.57:9685] AH00898: Error reading from remote server returned by /kwssiamovil/sm/acme/a, referer: http://localhost/
[Sat Mar 09 01:28:49.748080 2024] [proxy_http:error] [pid 12004:tid 21156] (OS 10053)An established connection was aborted by the software in your host machine.  : [client 201.245.192.253:47742] AH01102: error reading status line from remote server 172.22.1.16:18080
[Sat Mar 09 01:28:49.748080 2024] [proxy:error] [pid 12004:tid 21156] [client 201.245.192.253:47742] AH00898: Error reading from remote server returned by /kwsrmcab/Wsrmcab
[Sat Mar 09 01:29:29.590550 2024] [proxy_http:error] [pid 12004:tid 21028] (OS 10060)A connection attempt failed because the connected party did not properly respond after a period of time, or established connection failed because connected host has failed to respond.  : [client 186.102.101.57:9688] AH01102: error reading status line from remote server 172.22.1.16:18080, referer: http://localhost/
[Sat Mar 09 01:29:29.590550 2024] [proxy:error] [pid 12004:tid 21028] [client 186.102.101.57:9688] AH00898: Error reading from remote server returned by /kwssiamovil/sm/ldap/au, referer: http://localhost/
[Sat Mar 09 01:29:31.306553 2024] [proxy_http:error] [pid 12004:tid 21484] (OS 10060)A connection attempt failed because the connected party did not properly respond after a period of time, or established connection failed because connected host has failed to respond.  : [client 186.102.101.57:9689] AH01102: error reading status line from remote server 172.22.1.16:18080, referer: http://localhost/
[Sat Mar 09 01:29:31.306553 2024] [proxy:error] [pid 12004:tid 21484] [client 186.102.101.57:9689] AH00898: Error reading from remote server returned by /kwssiamovil/sm/ldap/au, referer: http://localhost/
[Sat Mar 09 01:29:32.070955 2024] [proxy_http:error] [pid 12004:tid 21452] (OS 10060)A connection attempt failed because the connected party did not properly respond after a period of time, or established connection failed because connected host has failed to respond.  : [client 186.102.101.57:9690] AH01102: error reading status line from remote server 172.22.1.16:18080, referer: http://localhost/
[Sat Mar 09 01:29:32.070955 2024] [proxy:error] [pid 12004:tid 21452] [client 186.102.101.57:9690] AH00898: Error reading from remote server returned by /kwssiamovil/sm/ldap/au, referer: http://localhost/
[Sat Mar 09 01:30:17.810235 2024] [proxy_http:error] [pid 12004:tid 21452] (OS 10053)An established connection was aborted by the software in your host machine.  : [client 201.245.192.253:54380] AH01102: error reading status line from remote server 172.22.1.16:18080
[Sat Mar 09 01:30:17.810235 2024] [proxy:error] [pid 12004:tid 21452] [client 201.245.192.253:54380] AH00898: Error reading from remote server returned by /kwsrmcab/Wsrmcab
[Sat Mar 09 01:30:36.748668 2024] [proxy_http:error] [pid 12004:tid 21484] (OS 10053)An established connection was aborted by the software in your host machine.  : [client 201.245.192.253:54386] AH01102: error reading status line from remote server 172.22.1.16:18080
[Sat Mar 09 01:30:36.748668 2024] [proxy:error] [pid 12004:tid 21484] [client 201.245.192.253:54386] AH00898: Error reading from remote server returned by /kwsrmcab/Wsrmcab
[Sat Mar 09 01:30:39.463073 2024] [proxy_http:error] [pid 12004:tid 21028] (OS 10053)An established connection was aborted by the software in your host machine.  : [client 201.245.192.253:49322] AH01102: error reading status line from remote server 172.22.1.16:18080
[Sat Mar 09 01:30:39.463073 2024] [proxy:error] [pid 12004:tid 21028] [client 201.245.192.253:49322] AH00898: Error reading from remote server returned by /kwsrmcab/Wsrmcab
[Sat Mar 09 01:30:58.557506 2024] [proxy_http:error] [pid 12004:tid 21452] (OS 10053)An established connection was aborted by the software in your host machine.  : [client 201.245.192.253:49330] AH01102: error reading status line from remote server 172.22.1.16:18080
[Sat Mar 09 01:30:58.557506 2024] [proxy:error] [pid 12004:tid 21452] [client 201.245.192.253:49330] AH00898: Error reading from remote server returned by /kwsrmcab/Wsrmcab
[Sat Mar 09 01:33:26.180566 2024] [proxy_http:error] [pid 12004:tid 21220] (OS 10060)A connection attempt failed because the connected party did not properly respond after a period of time, or established connection failed because connected host has failed to respond.  : [client 186.102.91.143:10315] AH01102: error reading status line from remote server 172.22.1.16:18080, referer: http://localhost/
[Sat Mar 09 01:33:26.180566 2024] [proxy:error] [pid 12004:tid 21220] [client 186.102.91.143:10315] AH00898: Error reading from remote server returned by /kwssiamovil/sm/cjson/pre, referer: http://localhost/
[Sat Mar 09 01:33:48.847406 2024] [proxy_http:error] [pid 12004:tid 21028] (OS 10053)An established connection was aborted by the software in your host machine.  : [client 201.245.192.253:49308] AH01102: error reading status line from remote server 172.22.1.16:18080
[Sat Mar 09 01:33:48.847406 2024] [proxy:error] [pid 12004:tid 21028] [client 201.245.192.253:49308] AH00898: Error reading from remote server returned by /kwsrmcab/Wsrmcab
[Sat Mar 09 01:33:56.366619 2024] [proxy_http:error] [pid 12004:tid 21200] (OS 10060)A connection attempt failed because the connected party did not properly respond after a period of time, or established connection failed because connected host has failed to respond.  : [client 201.245.192.253:46172] AH01102: error reading status line from remote server 172.22.1.16:18080
[Sat Mar 09 01:33:56.366619 2024] [proxy:error] [pid 12004:tid 21200] [client 201.245.192.253:46172] AH00898: Error reading from remote server returned by /kwsrmcab/Wsrmcab
[Sat Mar 09 01:33:58.831423 2024] [proxy:error] [pid 12004:tid 21444] (70007)The timeout specified has expired: [client 152.201.218.159:54132] AH01084: pass request body failed to 172.22.1.16:18080 (172.22.1.16), referer: http://localhost/
[Sat Mar 09 01:33:58.831423 2024] [proxy_http:error] [pid 12004:tid 21444] [client 152.201.218.159:54132] AH01097: pass request body failed to 172.22.1.16:18080 (172.22.1.16) from 152.201.218.159 (), referer: http://localhost/
[Sat Mar 09 01:35:25.130775 2024] [proxy_http:error] [pid 12004:tid 21168] (OS 10054)An existing connection was forcibly closed by the remote host.  : [client 201.245.192.253:54158] AH01102: error reading status line from remote server 172.22.1.16:18080
[Sat Mar 09 01:35:25.130775 2024] [proxy:error] [pid 12004:tid 21168] [client 201.245.192.253:54158] AH00898: Error reading from remote server returned by /kwsrmcab/Wsrmcab
[Sat Mar 09 01:35:25.130775 2024] [proxy_http:error] [pid 12004:tid 21060] (OS 10054)An existing connection was forcibly closed by the remote host.  : [client 201.245.192.253:54164] AH01102: error reading status line from remote server 172.22.1.16:18080
[Sat Mar 09 01:35:25.130775 2024] [proxy:error] [pid 12004:tid 21060] [client 201.245.192.253:54164] AH00898: Error reading from remote server returned by /kwsrmcab/Wsrmcab
[Sat Mar 09 01:35:25.146375 2024] [proxy_http:error] [pid 12004:tid 21296] (OS 10054)An existing connection was forcibly closed by the remote host.  : [client 201.245.192.253:33650] AH01102: error reading status line from remote server 172.22.1.16:18080
[Sat Mar 09 01:35:25.146375 2024] [proxy:error] [pid 12004:tid 21296] [client 201.245.192.253:33650] AH00898: Error reading from remote server returned by /kwsrmcab/Wsrmcab
[Sat Mar 09 01:35:25.146375 2024] [proxy_http:error] [pid 12004:tid 21004] (OS 10054)An existing connection was forcibly closed by the remote host.  : [client 201.245.192.253:60316] AH01102: error reading status line from remote server 172.22.1.16:18080
[Sat Mar 09 01:35:25.146375 2024] [proxy:error] [pid 12004:tid 21004] [client 201.245.192.253:60316] AH00898: Error reading from remote server returned by /kwsrmcab/Wsrmcab
[Sat Mar 09 01:35:25.146375 2024] [proxy_http:error] [pid 12004:tid 20872] (OS 10054)An existing connection was forcibly closed by the remote host.  : [client 201.245.192.253:35214] AH01102: error reading status line from remote server 172.22.1.16:18080
[Sat Mar 09 01:35:25.146375 2024] [proxy:error] [pid 12004:tid 20872] [client 201.245.192.253:35214] AH00898: Error reading from remote server returned by /kwsrmcab/Wsrmcab
[Sat Mar 09 01:35:25.130775 2024] [proxy_http:error] [pid 12004:tid 20768] (OS 10054)An existing connection was forcibly closed by the remote host.  : [client 201.245.192.253:48940] AH01102: error reading status line from remote server 172.22.1.16:18080
[Sat Mar 09 01:35:25.146375 2024] [proxy:error] [pid 12004:tid 20768] [client 201.245.192.253:48940] AH00898: Error reading from remote server returned by /kwsrmcab/Wsrmcab
[Sat Mar 09 01:35:25.146375 2024] [proxy_http:error] [pid 12004:tid 21104] (OS 10054)An existing connection was forcibly closed by the remote host.  : [client 201.245.192.253:48964] AH01102: error reading status line from remote server 172.22.1.16:18080
[Sat Mar 09 01:35:25.146375 2024] [proxy:error] [pid 12004:tid 21104] [client 201.245.192.253:48964] AH00898: Error reading from remote server returned by /kwsrmcab/Wsrmcab
[Sat Mar 09 01:38:55.122744 2024] [proxy_http:error] [pid 12004:tid 21148] (OS 10060)A connection attempt failed because the connected party did not properly respond after a period of time, or established connection failed because connected host has failed to respond.  : [client 201.245.192.253:47758] AH01102: error reading status line from remote server 172.22.1.16:18080
[Sat Mar 09 01:38:55.122744 2024] [proxy:error] [pid 12004:tid 21148] [client 201.245.192.253:47758] AH00898: Error reading from remote server returned by /kwsrmcab/Wsrmcab
[Sat Mar 09 01:39:49.052038 2024] [proxy_http:error] [pid 12004:tid 20920] (OS 10060)A connection attempt failed because the connected party did not properly respond after a period of time, or established connection failed because connected host has failed to respond.  : [client 186.102.3.196:1427] AH01102: error reading status line from remote server 172.22.1.16:18080, referer: http://localhost/
[Sat Mar 09 01:39:49.052038 2024] [proxy:error] [pid 12004:tid 20920] [client 186.102.3.196:1427] AH00898: Error reading from remote server returned by /kwssiamovil/sm/ldap/au, referer: http://localhost/
[Sat Mar 09 01:39:55.713250 2024] [proxy_http:error] [pid 12004:tid 21080] (OS 10060)A connection attempt failed because the connected party did not properly respond after a period of time, or established connection failed because connected host has failed to respond.  : [client 186.102.3.196:1436] AH01102: error reading status line from remote server 172.22.1.16:18080, referer: http://localhost/
[Sat Mar 09 01:39:55.713250 2024] [proxy:error] [pid 12004:tid 21080] [client 186.102.3.196:1436] AH00898: Error reading from remote server returned by /kwssiamovil/sm/ldap/au, referer: http://localhost/
[Sat Mar 09 01:42:02.151472 2024] [proxy_http:error] [pid 12004:tid 21384] (OS 10060)A connection attempt failed because the connected party did not properly respond after a period of time, or established connection failed because connected host has failed to respond.  : [client 186.102.3.196:1437] AH01102: error reading status line from remote server 172.22.1.16:18080, referer: http://localhost/
[Sat Mar 09 01:42:02.151472 2024] [proxy:error] [pid 12004:tid 21384] [client 186.102.3.196:1437] AH00898: Error reading from remote server returned by /kwssiamovil/sm/ldap/au, referer: http://localhost/
[Sat Mar 09 01:42:04.803477 2024] [proxy_http:error] [pid 12004:tid 21352] (OS 10060)A connection attempt failed because the connected party did not properly respond after a period of time, or established connection failed because connected host has failed to respond.  : [client 186.102.3.196:1438] AH01102: error reading status line from remote server 172.22.1.16:18080, referer: http://localhost/
[Sat Mar 09 01:42:04.803477 2024] [proxy:error] [pid 12004:tid 21352] [client 186.102.3.196:1438] AH00898: Error reading from remote server returned by /kwssiamovil/sm/ldap/au, referer: http://localhost/
[Sat Mar 09 01:42:05.879879 2024] [proxy_http:error] [pid 12004:tid 20936] (OS 10060)A connection attempt failed because the connected party did not properly respond after a period of time, or established connection failed because connected host has failed to respond.  : [client 186.102.3.196:1439] AH01102: error reading status line from remote server 172.22.1.16:18080, referer: http://localhost/
[Sat Mar 09 01:42:05.879879 2024] [proxy:error] [pid 12004:tid 20936] [client 186.102.3.196:1439] AH00898: Error reading from remote server returned by /kwssiamovil/sm/ldap/au, referer: http://localhost/
[Sat Mar 09 01:42:06.784680 2024] [proxy_http:error] [pid 12004:tid 21288] (OS 10060)A connection attempt failed because the connected party did not properly respond after a period of time, or established connection failed because connected host has failed to respond.  : [client 186.102.3.196:1440] AH01102: error reading status line from remote server 172.22.1.16:18080, referer: http://localhost/
[Sat Mar 09 01:42:06.784680 2024] [proxy:error] [pid 12004:tid 21288] [client 186.102.3.196:1440] AH00898: Error reading from remote server returned by /kwssiamovil/sm/ldap/au, referer: http://localhost/
[Sat Mar 09 01:43:53.800868 2024] [proxy_http:error] [pid 12004:tid 21068] (OS 10060)A connection attempt failed because the connected party did not properly respond after a period of time, or established connection failed because connected host has failed to respond.  : [client 201.245.192.253:49332] AH01102: error reading status line from remote server 172.22.1.16:18080
[Sat Mar 09 01:43:53.800868 2024] [proxy:error] [pid 12004:tid 21068] [client 201.245.192.253:49332] AH00898: Error reading from remote server returned by /kwsrmcab/Wsrmcab
[Sat Mar 09 01:48:51.964192 2024] [proxy_http:error] [pid 12004:tid 21256] (OS 10060)A connection attempt failed because the connected party did not properly respond after a period of time, or established connection failed because connected host has failed to respond.  : [client 201.245.192.253:50906] AH01102: error reading status line from remote server 172.22.1.16:18080
[Sat Mar 09 01:48:51.964192 2024] [proxy:error] [pid 12004:tid 21256] [client 201.245.192.253:50906] AH00898: Error reading from remote server returned by /kwsrmcab/Wsrmcab
[Sat Mar 09 01:53:50.907517 2024] [proxy_http:error] [pid 12004:tid 21096] (OS 10060)A connection attempt failed because the connected party did not properly respond after a period of time, or established connection failed because connected host has failed to respond.  : [client 201.245.192.253:52466] AH01102: error reading status line from remote server 172.22.1.16:18080
[Sat Mar 09 01:53:50.907517 2024] [proxy:error] [pid 12004:tid 21096] [client 201.245.192.253:52466] AH00898: Error reading from remote server returned by /kwsrmcab/Wsrmcab
[Sat Mar 09 01:58:50.662043 2024] [proxy_http:error] [pid 12004:tid 21116] (OS 10060)A connection attempt failed because the connected party did not properly respond after a period of time, or established connection failed because connected host has failed to respond.  : [client 201.245.192.253:54026] AH01102: error reading status line from remote server 172.22.1.16:18080
[Sat Mar 09 01:58:50.662043 2024] [proxy:error] [pid 12004:tid 21116] [client 201.245.192.253:54026] AH00898: Error reading from remote server returned by /kwsrmcab/Wsrmcab
[Sat Mar 09 01:59:59.629765 2024] [proxy_http:error] [pid 12004:tid 21280] (OS 10060)A connection attempt failed because the connected party did not properly respond after a period of time, or established connection failed because connected host has failed to respond.  : [client 201.245.192.253:54066] AH01102: error reading status line from remote server 172.22.1.16:18080
[Sat Mar 09 01:59:59.629765 2024] [proxy:error] [pid 12004:tid 21280] [client 201.245.192.253:54066] AH00898: Error reading from remote server returned by /kwsrmcab/Wsrmcab
[Sat Mar 09 02:00:20.455801 2024] [proxy_http:error] [pid 12004:tid 20800] (OS 10060)A connection attempt failed because the connected party did not properly respond after a period of time, or established connection failed because connected host has failed to respond.  : [client 201.245.192.253:46972] AH01102: error reading status line from remote server 172.22.1.16:18080
[Sat Mar 09 02:00:20.455801 2024] [proxy:error] [pid 12004:tid 20800] [client 201.245.192.253:46972] AH00898: Error reading from remote server returned by /kwsrmcab/Wsrmcab
[Sat Mar 09 02:00:59.643070 2024] [proxy_http:error] [pid 12004:tid 20788] (OS 10060)A connection attempt failed because the connected party did not properly respond after a period of time, or established connection failed because connected host has failed to respond.  : [client 201.245.192.253:54072] AH01102: error reading status line from remote server 172.22.1.16:18080
[Sat Mar 09 02:00:59.643070 2024] [proxy:error] [pid 12004:tid 20788] [client 201.245.192.253:54072] AH00898: Error reading from remote server returned by /kwsrmcab/Wsrmcab
[Sat Mar 09 02:01:20.671907 2024] [proxy_http:error] [pid 12004:tid 21228] (OS 10060)A connection attempt failed because the connected party did not properly respond after a period of time, or established connection failed because connected host has failed to respond.  : [client 201.245.192.253:47516] AH01102: error reading status line from remote server 172.22.1.16:18080
[Sat Mar 09 02:01:20.671907 2024] [proxy:error] [pid 12004:tid 21228] [client 201.245.192.253:47516] AH00898: Error reading from remote server returned by /kwsrmcab/Wsrmcab
[Sat Mar 09 02:03:49.433768 2024] [proxy_http:error] [pid 12004:tid 21472] (OS 10060)A connection attempt failed because the connected party did not properly respond after a period of time, or established connection failed because connected host has failed to respond.  : [client 201.245.192.253:55604] AH01102: error reading status line from remote server 172.22.1.16:18080
[Sat Mar 09 02:03:49.433768 2024] [proxy:error] [pid 12004:tid 21472] [client 201.245.192.253:55604] AH00898: Error reading from remote server returned by /kwsrmcab/Wsrmcab
[Sat Mar 09 02:08:47.409892 2024] [proxy_http:error] [pid 12004:tid 21360] (OS 10060)A connection attempt failed because the connected party did not properly respond after a period of time, or established connection failed because connected host has failed to respond.  : [client 201.245.192.253:57172] AH01102: error reading status line from remote server 172.22.1.16:18080
[Sat Mar 09 02:08:47.409892 2024] [proxy:error] [pid 12004:tid 21360] [client 201.245.192.253:57172] AH00898: Error reading from remote server returned by /kwsrmcab/Wsrmcab
[Sat Mar 09 02:09:59.528818 2024] [proxy_http:error] [pid 12004:tid 21500] (OS 10060)A connection attempt failed because the connected party did not properly respond after a period of time, or established connection failed because connected host has failed to respond.  : [client 201.245.192.253:54114] AH01102: error reading status line from remote server 172.22.1.16:18080
[Sat Mar 09 02:09:59.528818 2024] [proxy:error] [pid 12004:tid 21500] [client 201.245.192.253:54114] AH00898: Error reading from remote server returned by /kwsrmcab/Wsrmcab
[Sat Mar 09 02:10:20.713655 2024] [proxy_http:error] [pid 12004:tid 20948] (OS 10060)A connection attempt failed because the connected party did not properly respond after a period of time, or established connection failed because connected host has failed to respond.  : [client 201.245.192.253:48840] AH01102: error reading status line from remote server 172.22.1.16:18080
[Sat Mar 09 02:10:20.713655 2024] [proxy:error] [pid 12004:tid 20948] [client 201.245.192.253:48840] AH00898: Error reading from remote server returned by /kwsrmcab/Wsrmcab
[Sat Mar 09 02:10:59.510924 2024] [proxy_http:error] [pid 12004:tid 20992] (OS 10060)A connection attempt failed because the connected party did not properly respond after a period of time, or established connection failed because connected host has failed to respond.  : [client 201.245.192.253:54118] AH01102: error reading status line from remote server 172.22.1.16:18080
[Sat Mar 09 02:10:59.510924 2024] [proxy:error] [pid 12004:tid 20992] [client 201.245.192.253:54118] AH00898: Error reading from remote server returned by /kwsrmcab/Wsrmcab
[Sat Mar 09 02:11:20.945361 2024] [proxy_http:error] [pid 12004:tid 20956] (OS 10060)A connection attempt failed because the connected party did not properly respond after a period of time, or established connection failed because connected host has failed to respond.  : [client 201.245.192.253:48850] AH01102: error reading status line from remote server 172.22.1.16:18080
[Sat Mar 09 02:11:20.945361 2024] [proxy:error] [pid 12004:tid 20956] [client 201.245.192.253:48850] AH00898: Error reading from remote server returned by /kwsrmcab/Wsrmcab
[Sat Mar 09 02:13:46.056816 2024] [proxy_http:error] [pid 12004:tid 21136] (OS 10060)A connection attempt failed because the connected party did not properly respond after a period of time, or established connection failed because connected host has failed to respond.  : [client 201.245.192.253:58746] AH01102: error reading status line from remote server 172.22.1.16:18080
[Sat Mar 09 02:13:46.056816 2024] [proxy:error] [pid 12004:tid 21136] [client 201.245.192.253:58746] AH00898: Error reading from remote server returned by /kwsrmcab/Wsrmcab
[Sat Mar 09 02:18:39.571332 2024] [mpm_winnt:warn] [pid 12004:tid 21868] (OS 64)The specified network name is no longer available.  : AH00341: winnt_accept: Asynchronous AcceptEx failed.
[Sat Mar 09 02:21:15.977206 2024] [mpm_winnt:warn] [pid 12004:tid 21868] (OS 64)The specified network name is no longer available.  : AH00341: winnt_accept: Asynchronous AcceptEx failed.
[Sat Mar 09 02:29:19.921256 2024] [mpm_winnt:warn] [pid 12004:tid 21868] (OS 64)The specified network name is no longer available.  : AH00341: winnt_accept: Asynchronous AcceptEx failed.
[Sat Mar 09 02:38:04.035377 2024] [proxy:error] [pid 12004:tid 21360] (OS 10061)No connection could be made because the target machine actively refused it.  : AH00957: HTTP: attempt to connect to 172.22.1.51:8399 (172.22.1.51) failed
[Sat Mar 09 02:38:04.035377 2024] [proxy:error] [pid 12004:tid 21360] AH00959: ap_proxy_connect_backend disabling worker for (172.22.1.51) for 60s
[Sat Mar 09 02:38:04.035377 2024] [proxy_http:error] [pid 12004:tid 21360] [client 152.61.128.50:32999] AH01114: HTTP: failed to make connection to backend: 172.22.1.51
[Sat Mar 09 02:38:04.269377 2024] [proxy:error] [pid 12004:tid 21360] AH00940: HTTP: disabled connection for (172.22.1.51)
[Sat Mar 09 02:38:04.534578 2024] [proxy:error] [pid 12004:tid 21360] AH00940: HTTP: disabled connection for (172.22.1.51)
[Sat Mar 09 02:44:02.149606 2024] [mpm_winnt:warn] [pid 12004:tid 21868] (OS 64)The specified network name is no longer available.  : AH00341: winnt_accept: Asynchronous AcceptEx failed.
[Sat Mar 09 03:18:28.451235 2024] [proxy_http:error] [pid 12004:tid 21416] (OS 10060)A connection attempt failed because the connected party did not properly respond after a period of time, or established connection failed because connected host has failed to respond.  : [client 201.245.192.253:50888] AH01102: error reading status line from remote server 172.22.1.16:18080
[Sat Mar 09 03:18:28.451235 2024] [proxy:error] [pid 12004:tid 21416] [client 201.245.192.253:50888] AH00898: Error reading from remote server returned by /kwsrmcab/Wsrmcab
[Sat Mar 09 03:19:59.726995 2024] [proxy_http:error] [pid 12004:tid 21080] (OS 10060)A connection attempt failed because the connected party did not properly respond after a period of time, or established connection failed because connected host has failed to respond.  : [client 201.245.192.253:54428] AH01102: error reading status line from remote server 172.22.1.16:18080
[Sat Mar 09 03:19:59.726995 2024] [proxy:error] [pid 12004:tid 21080] [client 201.245.192.253:54428] AH00898: Error reading from remote server returned by /kwsrmcab/Wsrmcab
[Sat Mar 09 03:20:20.880633 2024] [proxy_http:error] [pid 12004:tid 21148] (OS 10060)A connection attempt failed because the connected party did not properly respond after a period of time, or established connection failed because connected host has failed to respond.  : [client 201.245.192.253:49390] AH01102: error reading status line from remote server 172.22.1.16:18080
[Sat Mar 09 03:20:20.880633 2024] [proxy:error] [pid 12004:tid 21148] [client 201.245.192.253:49390] AH00898: Error reading from remote server returned by /kwsrmcab/Wsrmcab
[Sat Mar 09 05:44:46.992254 2024] [mpm_winnt:warn] [pid 12004:tid 21868] (OS 64)The specified network name is no longer available.  : AH00341: winnt_accept: Asynchronous AcceptEx failed.
[Sat Mar 09 05:46:59.888887 2024] [mpm_winnt:warn] [pid 12004:tid 21868] (OS 64)The specified network name is no longer available.  : AH00341: winnt_accept: Asynchronous AcceptEx failed.
[Sat Mar 09 06:42:13.506307 2024] [mpm_winnt:warn] [pid 12004:tid 21868] (OS 64)The specified network name is no longer available.  : AH00341: winnt_accept: Asynchronous AcceptEx failed.
[Sat Mar 09 07:28:58.235234 2024] [mpm_winnt:warn] [pid 12004:tid 21868] (OS 64)The specified network name is no longer available.  : AH00341: winnt_accept: Asynchronous AcceptEx failed.
[Sat Mar 09 07:48:04.930848 2024] [mpm_winnt:warn] [pid 12004:tid 21868] (OS 64)The specified network name is no longer available.  : AH00341: winnt_accept: Asynchronous AcceptEx failed.
[Sat Mar 09 08:18:35.360063 2024] [authz_core:error] [pid 12004:tid 21352] [client 152.32.215.244:53578] AH01630: client denied by server configuration: E:/nuevo/phpMyAdmin/index.php
[Sat Mar 09 09:18:11.791144 2024] [mpm_winnt:warn] [pid 12004:tid 21868] (OS 64)The specified network name is no longer available.  : AH00341: winnt_accept: Asynchronous AcceptEx failed.
[Sat Mar 09 09:19:18.824462 2024] [mpm_winnt:warn] [pid 12004:tid 21868] (OS 64)The specified network name is no longer available.  : AH00341: winnt_accept: Asynchronous AcceptEx failed.
[Sat Mar 09 10:06:53.723076 2024] [mpm_winnt:warn] [pid 12004:tid 21868] (OS 64)The specified network name is no longer available.  : AH00341: winnt_accept: Asynchronous AcceptEx failed.
[Sat Mar 09 10:07:16.779917 2024] [mpm_winnt:warn] [pid 12004:tid 21868] (OS 64)The specified network name is no longer available.  : AH00341: winnt_accept: Asynchronous AcceptEx failed.
[Sat Mar 09 10:07:40.616759 2024] [mpm_winnt:warn] [pid 12004:tid 21868] (OS 64)The specified network name is no longer available.  : AH00341: winnt_accept: Asynchronous AcceptEx failed.
[Sat Mar 09 10:08:03.455199 2024] [mpm_winnt:warn] [pid 12004:tid 21868] (OS 64)The specified network name is no longer available.  : AH00341: winnt_accept: Asynchronous AcceptEx failed.
[Sat Mar 09 10:08:24.546436 2024] [mpm_winnt:warn] [pid 12004:tid 21868] (OS 64)The specified network name is no longer available.  : AH00341: winnt_accept: Asynchronous AcceptEx failed.
[Sat Mar 09 10:08:43.640869 2024] [mpm_winnt:warn] [pid 12004:tid 21868] (OS 64)The specified network name is no longer available.  : AH00341: winnt_accept: Asynchronous AcceptEx failed.
[Sat Mar 09 10:08:55.200490 2024] [mpm_winnt:warn] [pid 12004:tid 21868] (OS 64)The specified network name is no longer available.  : AH00341: winnt_accept: Asynchronous AcceptEx failed.
[Sat Mar 09 10:09:13.717722 2024] [mpm_winnt:warn] [pid 12004:tid 21868] (OS 64)The specified network name is no longer available.  : AH00341: winnt_accept: Asynchronous AcceptEx failed.
[Sat Mar 09 10:09:32.765356 2024] [mpm_winnt:warn] [pid 12004:tid 21868] (OS 64)The specified network name is no longer available.  : AH00341: winnt_accept: Asynchronous AcceptEx failed.
[Sat Mar 09 10:09:52.218590 2024] [mpm_winnt:warn] [pid 12004:tid 21868] (OS 64)The specified network name is no longer available.  : AH00341: winnt_accept: Asynchronous AcceptEx failed.
[Sat Mar 09 10:10:11.703024 2024] [mpm_winnt:warn] [pid 12004:tid 21868] (OS 64)The specified network name is no longer available.  : AH00341: winnt_accept: Asynchronous AcceptEx failed.
[Sat Mar 09 10:10:33.418262 2024] [mpm_winnt:warn] [pid 12004:tid 21868] (OS 64)The specified network name is no longer available.  : AH00341: winnt_accept: Asynchronous AcceptEx failed.
[Sat Mar 09 10:10:53.885498 2024] [mpm_winnt:warn] [pid 12004:tid 21868] (OS 64)The specified network name is no longer available.  : AH00341: winnt_accept: Asynchronous AcceptEx failed.
[Sat Mar 09 10:11:11.435529 2024] [mpm_winnt:warn] [pid 12004:tid 21868] (OS 64)The specified network name is no longer available.  : AH00341: winnt_accept: Asynchronous AcceptEx failed.
[Sat Mar 09 10:11:30.249162 2024] [mpm_winnt:warn] [pid 12004:tid 21868] (OS 64)The specified network name is no longer available.  : AH00341: winnt_accept: Asynchronous AcceptEx failed.
[Sat Mar 09 10:11:52.370001 2024] [mpm_winnt:warn] [pid 12004:tid 21868] (OS 64)The specified network name is no longer available.  : AH00341: winnt_accept: Asynchronous AcceptEx failed.
[Sat Mar 09 10:12:14.085239 2024] [mpm_winnt:warn] [pid 12004:tid 21868] (OS 64)The specified network name is no longer available.  : AH00341: winnt_accept: Asynchronous AcceptEx failed.
[Sat Mar 09 10:12:34.973676 2024] [mpm_winnt:warn] [pid 12004:tid 21868] (OS 64)The specified network name is no longer available.  : AH00341: winnt_accept: Asynchronous AcceptEx failed.
[Sat Mar 09 10:12:51.509705 2024] [mpm_winnt:warn] [pid 12004:tid 21868] (OS 64)The specified network name is no longer available.  : AH00341: winnt_accept: Asynchronous AcceptEx failed.
[Sat Mar 09 10:12:55.456512 2024] [mpm_winnt:warn] [pid 12004:tid 21868] (OS 64)The specified network name is no longer available.  : AH00341: winnt_accept: Asynchronous AcceptEx failed.
[Sat Mar 09 10:13:08.357734 2024] [mpm_winnt:warn] [pid 12004:tid 21868] (OS 64)The specified network name is no longer available.  : AH00341: winnt_accept: Asynchronous AcceptEx failed.
[Sat Mar 09 10:13:23.661361 2024] [mpm_winnt:warn] [pid 12004:tid 21868] (OS 64)The specified network name is no longer available.  : AH00341: winnt_accept: Asynchronous AcceptEx failed.
[Sat Mar 09 10:13:42.240994 2024] [mpm_winnt:warn] [pid 12004:tid 21868] (OS 64)The specified network name is no longer available.  : AH00341: winnt_accept: Asynchronous AcceptEx failed.
[Sat Mar 09 10:14:03.659831 2024] [mpm_winnt:warn] [pid 12004:tid 21868] (OS 64)The specified network name is no longer available.  : AH00341: winnt_accept: Asynchronous AcceptEx failed.
[Sat Mar 09 10:16:20.581272 2024] [proxy_http:error] [pid 12004:tid 21416] (OS 10060)A connection attempt failed because the connected party did not properly respond after a period of time, or established connection failed because connected host has failed to respond.  : [client 201.245.192.253:41066] AH01102: error reading status line from remote server 172.22.1.16:18080
[Sat Mar 09 10:16:20.581272 2024] [proxy:error] [pid 12004:tid 21416] [client 201.245.192.253:41066] AH00898: Error reading from remote server returned by /kwsrmcab/Wsrmcab
[Sat Mar 09 10:17:29.018592 2024] [proxy_http:error] [pid 12004:tid 21360] (OS 10060)A connection attempt failed because the connected party did not properly respond after a period of time, or established connection failed because connected host has failed to respond.  : [client 201.245.192.253:41396] AH01102: error reading status line from remote server 172.22.1.16:18080
[Sat Mar 09 10:17:29.018592 2024] [proxy:error] [pid 12004:tid 21360] [client 201.245.192.253:41396] AH00898: Error reading from remote server returned by /kwsrmcab/Wsrmcab
[Sat Mar 09 10:18:37.221912 2024] [proxy_http:error] [pid 12004:tid 20992] (OS 10060)A connection attempt failed because the connected party did not properly respond after a period of time, or established connection failed because connected host has failed to respond.  : [client 201.245.192.253:41748] AH01102: error reading status line from remote server 172.22.1.16:18080
[Sat Mar 09 10:18:37.221912 2024] [proxy:error] [pid 12004:tid 20992] [client 201.245.192.253:41748] AH00898: Error reading from remote server returned by /kwsrmcab/Wsrmcab
[Sat Mar 09 10:19:46.688834 2024] [proxy_http:error] [pid 12004:tid 21352] (OS 10060)A connection attempt failed because the connected party did not properly respond after a period of time, or established connection failed because connected host has failed to respond.  : [client 201.245.192.253:42142] AH01102: error reading status line from remote server 172.22.1.16:18080
[Sat Mar 09 10:19:46.688834 2024] [proxy:error] [pid 12004:tid 21352] [client 201.245.192.253:42142] AH00898: Error reading from remote server returned by /kwsrmcab/Wsrmcab
[Sat Mar 09 10:19:58.030054 2024] [proxy_http:error] [pid 12004:tid 20788] (OS 10060)A connection attempt failed because the connected party did not properly respond after a period of time, or established connection failed because connected host has failed to respond.  : [client 201.245.192.253:56394] AH01102: error reading status line from remote server 172.22.1.16:18080
[Sat Mar 09 10:19:58.030054 2024] [proxy:error] [pid 12004:tid 20788] [client 201.245.192.253:56394] AH00898: Error reading from remote server returned by /kwsrmcab/Wsrmcab
[Sat Mar 09 10:20:19.292891 2024] [proxy_http:error] [pid 12004:tid 21004] (OS 10060)A connection attempt failed because the connected party did not properly respond after a period of time, or established connection failed because connected host has failed to respond.  : [client 201.245.192.253:54698] AH01102: error reading status line from remote server 172.22.1.16:18080
[Sat Mar 09 10:20:19.292891 2024] [proxy:error] [pid 12004:tid 21004] [client 201.245.192.253:54698] AH00898: Error reading from remote server returned by /kwsrmcab/Wsrmcab
[Sat Mar 09 10:20:55.812555 2024] [proxy_http:error] [pid 12004:tid 21080] (OS 10060)A connection attempt failed because the connected party did not properly respond after a period of time, or established connection failed because connected host has failed to respond.  : [client 201.245.192.253:42540] AH01102: error reading status line from remote server 172.22.1.16:18080
[Sat Mar 09 10:20:55.812555 2024] [proxy:error] [pid 12004:tid 21080] [client 201.245.192.253:42540] AH00898: Error reading from remote server returned by /kwsrmcab/Wsrmcab
[Sat Mar 09 10:20:58.090159 2024] [proxy_http:error] [pid 12004:tid 20768] (OS 10060)A connection attempt failed because the connected party did not properly respond after a period of time, or established connection failed because connected host has failed to respond.  : [client 201.245.192.253:56400] AH01102: error reading status line from remote server 172.22.1.16:18080
[Sat Mar 09 10:20:58.090159 2024] [proxy:error] [pid 12004:tid 20768] [client 201.245.192.253:56400] AH00898: Error reading from remote server returned by /kwsrmcab/Wsrmcab
[Sat Mar 09 10:21:19.508997 2024] [proxy_http:error] [pid 12004:tid 20920] (OS 10060)A connection attempt failed because the connected party did not properly respond after a period of time, or established connection failed because connected host has failed to respond.  : [client 201.245.192.253:54742] AH01102: error reading status line from remote server 172.22.1.16:18080
[Sat Mar 09 10:21:19.508997 2024] [proxy:error] [pid 12004:tid 20920] [client 201.245.192.253:54742] AH00898: Error reading from remote server returned by /kwsrmcab/Wsrmcab
[Sat Mar 09 10:26:04.318697 2024] [proxy_http:error] [pid 12004:tid 21256] (OS 10060)A connection attempt failed because the connected party did not properly respond after a period of time, or established connection failed because connected host has failed to respond.  : [client 201.245.192.253:44168] AH01102: error reading status line from remote server 172.22.1.16:18080
[Sat Mar 09 10:26:04.318697 2024] [proxy:error] [pid 12004:tid 21256] [client 201.245.192.253:44168] AH00898: Error reading from remote server returned by /kwsrmcab/Wsrmcab
[Sat Mar 09 10:31:02.232421 2024] [proxy_http:error] [pid 12004:tid 21116] (OS 10060)A connection attempt failed because the connected party did not properly respond after a period of time, or established connection failed because connected host has failed to respond.  : [client 201.245.192.253:45730] AH01102: error reading status line from remote server 172.22.1.16:18080
[Sat Mar 09 10:31:02.232421 2024] [proxy:error] [pid 12004:tid 21116] [client 201.245.192.253:45730] AH00898: Error reading from remote server returned by /kwsrmcab/Wsrmcab
[Sat Mar 09 10:36:01.300546 2024] [proxy_http:error] [pid 12004:tid 21068] (OS 10060)A connection attempt failed because the connected party did not properly respond after a period of time, or established connection failed because connected host has failed to respond.  : [client 201.245.192.253:47294] AH01102: error reading status line from remote server 172.22.1.16:18080
[Sat Mar 09 10:36:01.300546 2024] [proxy:error] [pid 12004:tid 21068] [client 201.245.192.253:47294] AH00898: Error reading from remote server returned by /kwsrmcab/Wsrmcab
[Sat Mar 09 10:45:54.070387 2024] [mpm_winnt:warn] [pid 12004:tid 21868] (OS 64)The specified network name is no longer available.  : AH00341: winnt_accept: Asynchronous AcceptEx failed.
[Sat Mar 09 11:55:22.709709 2024] [mpm_winnt:warn] [pid 12004:tid 21868] (OS 64)The specified network name is no longer available.  : AH00341: winnt_accept: Asynchronous AcceptEx failed.
[Sat Mar 09 11:55:25.907714 2024] [mpm_winnt:warn] [pid 12004:tid 21868] (OS 64)The specified network name is no longer available.  : AH00341: winnt_accept: Asynchronous AcceptEx failed.
[Sat Mar 09 11:55:49.026955 2024] [mpm_winnt:warn] [pid 12004:tid 21868] (OS 64)The specified network name is no longer available.  : AH00341: winnt_accept: Asynchronous AcceptEx failed.
[Sat Mar 09 13:55:12.497137 2024] [mpm_winnt:warn] [pid 12004:tid 21868] (OS 64)The specified network name is no longer available.  : AH00341: winnt_accept: Asynchronous AcceptEx failed.
[Sat Mar 09 14:47:31.378650 2024] [mpm_winnt:warn] [pid 12004:tid 21868] (OS 64)The specified network name is no longer available.  : AH00341: winnt_accept: Asynchronous AcceptEx failed.
[Sat Mar 09 16:03:10.253422 2024] [mpm_winnt:warn] [pid 12004:tid 21868] (OS 64)The specified network name is no longer available.  : AH00341: winnt_accept: Asynchronous AcceptEx failed.
[Sat Mar 09 16:19:01.355893 2024] [mpm_winnt:warn] [pid 12004:tid 21868] (OS 64)The specified network name is no longer available.  : AH00341: winnt_accept: Asynchronous AcceptEx failed.
[Sat Mar 09 16:39:12.245620 2024] [mpm_winnt:warn] [pid 12004:tid 21868] (OS 64)The specified network name is no longer available.  : AH00341: winnt_accept: Asynchronous AcceptEx failed.
[Sat Mar 09 19:28:48.408693 2024] [mpm_winnt:warn] [pid 12004:tid 21868] (OS 64)The specified network name is no longer available.  : AH00341: winnt_accept: Asynchronous AcceptEx failed.
[Sat Mar 09 19:38:50.663351 2024] [mpm_winnt:warn] [pid 12004:tid 21868] (OS 64)The specified network name is no longer available.  : AH00341: winnt_accept: Asynchronous AcceptEx failed.
[Sat Mar 09 19:52:48.400422 2024] [mpm_winnt:warn] [pid 12004:tid 21868] (OS 64)The specified network name is no longer available.  : AH00341: winnt_accept: Asynchronous AcceptEx failed.
[Sat Mar 09 20:16:27.176114 2024] [mpm_winnt:warn] [pid 12004:tid 21868] (OS 64)The specified network name is no longer available.  : AH00341: winnt_accept: Asynchronous AcceptEx failed.
[Sat Mar 09 20:19:02.318387 2024] [mpm_winnt:warn] [pid 12004:tid 21868] (OS 64)The specified network name is no longer available.  : AH00341: winnt_accept: Asynchronous AcceptEx failed.
[Sat Mar 09 20:33:20.756694 2024] [mpm_winnt:warn] [pid 12004:tid 21868] (OS 64)The specified network name is no longer available.  : AH00341: winnt_accept: Asynchronous AcceptEx failed.
[Sat Mar 09 20:35:50.080157 2024] [mpm_winnt:warn] [pid 12004:tid 21868] (OS 64)The specified network name is no longer available.  : AH00341: winnt_accept: Asynchronous AcceptEx failed.
[Sat Mar 09 20:49:53.807639 2024] [mpm_winnt:warn] [pid 12004:tid 21868] (OS 64)The specified network name is no longer available.  : AH00341: winnt_accept: Asynchronous AcceptEx failed.
[Sat Mar 09 21:57:37.755177 2024] [mpm_winnt:warn] [pid 12004:tid 21868] (OS 64)The specified network name is no longer available.  : AH00341: winnt_accept: Asynchronous AcceptEx failed.
[Sat Mar 09 22:28:10.415196 2024] [mpm_winnt:warn] [pid 12004:tid 21868] (OS 64)The specified network name is no longer available.  : AH00341: winnt_accept: Asynchronous AcceptEx failed.
[Sat Mar 09 22:43:43.546434 2024] [mpm_winnt:warn] [pid 12004:tid 21868] (OS 64)The specified network name is no longer available.  : AH00341: winnt_accept: Asynchronous AcceptEx failed.

:: Command execute ::

Enter:
 
Select:
 

:: Search ::
regexp 

:: Upload ::
 
