!C99Shell v. 1.0 pre-release build #13!

Software: Apache. PHP/5.5.15 

uname -a: Windows NT SVR-DMZ 6.1 build 7600 (Windows Server 2008 R2 Enterprise Edition) i586 

SYSTEM 

Safe-mode: OFF (not secure)

E:\nuevo\apache\logs\   drwxrwxrwx
Free 8.02 GB of 239.26 GB (3.35%)
Detected drives: [ a ] [ c ] [ d ] [ e ] [ f ]
Home    Back    Forward    UPDIR    Refresh    Search    Buffer    Encoder    Tools    Proc.    FTP brute    Sec.    SQL    PHP-code    Update    Feedback    Self remove    Logout    


Viewing file:     error.2024.05.30.log (28.21 KB)      -rw-rw-rw-
Select action/file-type:
(+) | (+) | (+) | Code (+) | Session (+) | (+) | SDB (+) | (+) | (+) | (+) | (+) | (+) |
[Thu May 30 00:19:08.564718 2024] [mpm_winnt:warn] [pid 516:tid 21824] (OS 64)The specified network name is no longer available.  : AH00341: winnt_accept: Asynchronous AcceptEx failed.
[Thu May 30 01:09:48.387057 2024] [mpm_winnt:warn] [pid 516:tid 21824] (OS 64)The specified network name is no longer available.  : AH00341: winnt_accept: Asynchronous AcceptEx failed.
[Thu May 30 01:11:19.054417 2024] [cgi:error] [pid 516:tid 21328] [client 179.43.185.130:37326] script not found or unable to stat: E:/nuevo/cgi-bin/luci
[Thu May 30 01:22:04.568951 2024] [mpm_winnt:warn] [pid 516:tid 21824] (OS 64)The specified network name is no longer available.  : AH00341: winnt_accept: Asynchronous AcceptEx failed.
[Thu May 30 01:24:11.724774 2024] [mpm_winnt:warn] [pid 516:tid 21824] (OS 64)The specified network name is no longer available.  : AH00341: winnt_accept: Asynchronous AcceptEx failed.
[Thu May 30 01:25:24.654902 2024] [proxy:error] [pid 516:tid 21360] (OS 10061)No connection could be made because the target machine actively refused it.  : AH00957: HTTP: attempt to connect to 172.22.1.51:8399 (172.22.1.51) failed
[Thu May 30 01:25:24.654902 2024] [proxy:error] [pid 516:tid 21360] AH00959: ap_proxy_connect_backend disabling worker for (172.22.1.51) for 60s
[Thu May 30 01:25:24.654902 2024] [proxy_http:error] [pid 516:tid 21360] [client 152.61.128.50:48283] AH01114: HTTP: failed to make connection to backend: 172.22.1.51
[Thu May 30 01:25:24.904502 2024] [proxy:error] [pid 516:tid 21360] AH00940: HTTP: disabled connection for (172.22.1.51)
[Thu May 30 01:25:25.154103 2024] [proxy:error] [pid 516:tid 21360] AH00940: HTTP: disabled connection for (172.22.1.51)
[Thu May 30 01:28:37.252840 2024] [core:error] [pid 516:tid 20824] (20024)The given path is misformatted or contained invalid characters: [client 47.128.19.105:55726] AH00127: Cannot map GET /BLA/resoluciones/AUTOS%202021/server_user_groups.php%27%20%20%20%20%20.%20PMA_URL_getCommon(%20%20%20%20%20array(%20%20%20%20%20%27deleteUserGroup%27%20=%3E%20%20%20%201,%20%27userGroup%27%20=%3E%20%20%20%20$groupName%20%20%20%20%20)%20%20%20%20%20)%20%20%20%20%20.%20%27 HTTP/1.1 to file
[Thu May 30 01:34:39.454276 2024] [proxy_http:error] [pid 516:tid 21060] (20014)Internal error: [client 201.245.192.253:43862] AH01102: error reading status line from remote server 172.22.1.16:18080
[Thu May 30 01:34:39.454276 2024] [proxy:error] [pid 516:tid 21060] [client 201.245.192.253:43862] AH00898: Error reading from remote server returned by /kwsrmcab/Wsrmcab
[Thu May 30 01:34:39.454276 2024] [proxy_http:error] [pid 516:tid 21516] (OS 10054)An existing connection was forcibly closed by the remote host.  : [client 201.245.192.253:51001] AH01102: error reading status line from remote server 172.22.1.16:18080
[Thu May 30 01:34:39.454276 2024] [proxy:error] [pid 516:tid 21516] [client 201.245.192.253:51001] AH00898: Error reading from remote server returned by /kwsrmcab/Wsrmcab
[Thu May 30 01:34:40.733479 2024] [proxy:error] [pid 516:tid 21516] (OS 10061)No connection could be made because the target machine actively refused it.  : AH00957: HTTP: attempt to connect to 172.22.1.16:18080 (172.22.1.16) failed
[Thu May 30 01:34:40.733479 2024] [proxy:error] [pid 516:tid 21516] AH00959: ap_proxy_connect_backend disabling worker for (172.22.1.16) for 60s
[Thu May 30 01:34:40.733479 2024] [proxy_http:error] [pid 516:tid 21516] [client 201.245.192.253:51030] AH01114: HTTP: failed to make connection to backend: 172.22.1.16
[Thu May 30 01:35:37.720379 2024] [proxy:error] [pid 516:tid 21328] AH00940: HTTP: disabled connection for (172.22.1.16)
[Thu May 30 01:39:40.441205 2024] [mpm_winnt:warn] [pid 516:tid 21824] (OS 64)The specified network name is no longer available.  : AH00341: winnt_accept: Asynchronous AcceptEx failed.
[Thu May 30 01:45:00.647368 2024] [cgi:error] [pid 516:tid 20784] [client 179.43.185.130:45048] script not found or unable to stat: E:/nuevo/cgi-bin/luci
[Thu May 30 02:08:38.455858 2024] [cgi:error] [pid 516:tid 21260] [client 84.54.51.37:58306] script not found or unable to stat: E:/nuevo/cgi-bin/luci
[Thu May 30 02:25:33.082640 2024] [mpm_winnt:warn] [pid 516:tid 21824] (OS 64)The specified network name is no longer available.  : AH00341: winnt_accept: Asynchronous AcceptEx failed.
[Thu May 30 02:33:51.441115 2024] [authz_core:error] [pid 516:tid 20904] [client 210.94.114.151:43702] AH01630: client denied by server configuration: E:/nuevo/htdocs/xampp/phpinfo
[Thu May 30 02:54:25.840083 2024] [mpm_winnt:warn] [pid 516:tid 21824] (OS 64)The specified network name is no longer available.  : AH00341: winnt_accept: Asynchronous AcceptEx failed.
[Thu May 30 03:05:37.249663 2024] [mpm_winnt:warn] [pid 516:tid 21824] (OS 64)The specified network name is no longer available.  : AH00341: winnt_accept: Asynchronous AcceptEx failed.
[Thu May 30 03:26:12.570032 2024] [mpm_winnt:warn] [pid 516:tid 21824] (OS 64)The specified network name is no longer available.  : AH00341: winnt_accept: Asynchronous AcceptEx failed.
[Thu May 30 04:01:22.083738 2024] [mpm_winnt:warn] [pid 516:tid 21824] (OS 64)The specified network name is no longer available.  : AH00341: winnt_accept: Asynchronous AcceptEx failed.
[Thu May 30 04:37:28.678943 2024] [mpm_winnt:warn] [pid 516:tid 21824] (OS 64)The specified network name is no longer available.  : AH00341: winnt_accept: Asynchronous AcceptEx failed.
[Thu May 30 05:07:02.418659 2024] [mpm_winnt:warn] [pid 516:tid 21824] (OS 64)The specified network name is no longer available.  : AH00341: winnt_accept: Asynchronous AcceptEx failed.
[Thu May 30 05:10:57.230271 2024] [mpm_winnt:warn] [pid 516:tid 21824] (OS 64)The specified network name is no longer available.  : AH00341: winnt_accept: Asynchronous AcceptEx failed.
[Thu May 30 06:18:36.576801 2024] [proxy:error] [pid 516:tid 21088] (OS 10061)No connection could be made because the target machine actively refused it.  : AH00957: HTTP: attempt to connect to 172.22.1.51:8399 (172.22.1.51) failed
[Thu May 30 06:18:36.576801 2024] [proxy:error] [pid 516:tid 21088] AH00959: ap_proxy_connect_backend disabling worker for (172.22.1.51) for 60s
[Thu May 30 06:18:36.576801 2024] [proxy_http:error] [pid 516:tid 21088] [client 152.61.192.232:35879] AH01114: HTTP: failed to make connection to backend: 172.22.1.51
[Thu May 30 06:18:36.842001 2024] [proxy:error] [pid 516:tid 21088] AH00940: HTTP: disabled connection for (172.22.1.51)
[Thu May 30 06:18:37.138402 2024] [proxy:error] [pid 516:tid 21088] AH00940: HTTP: disabled connection for (172.22.1.51)
[Thu May 30 06:31:12.881729 2024] [core:error] [pid 516:tid 20736] [client 198.199.107.105:45528] AH00135: Invalid method in request MGLNDD_190.27.245.106_80
[Thu May 30 06:45:15.314409 2024] [mpm_winnt:warn] [pid 516:tid 21824] (OS 64)The specified network name is no longer available.  : AH00341: winnt_accept: Asynchronous AcceptEx failed.
[Thu May 30 06:50:00.217709 2024] [mpm_winnt:warn] [pid 516:tid 21824] (OS 64)The specified network name is no longer available.  : AH00341: winnt_accept: Asynchronous AcceptEx failed.
[Thu May 30 06:54:34.513991 2024] [cgi:error] [pid 516:tid 21416] [client 31.220.1.83:40112] script not found or unable to stat: E:/nuevo/cgi-bin/luci
[Thu May 30 07:17:13.245178 2024] [mpm_winnt:warn] [pid 516:tid 21824] (OS 64)The specified network name is no longer available.  : AH00341: winnt_accept: Asynchronous AcceptEx failed.
[Thu May 30 07:51:13.760962 2024] [mpm_winnt:warn] [pid 516:tid 21824] (OS 64)The specified network name is no longer available.  : AH00341: winnt_accept: Asynchronous AcceptEx failed.
[Thu May 30 07:51:13.854562 2024] [mpm_winnt:warn] [pid 516:tid 21824] (OS 64)The specified network name is no longer available.  : AH00341: winnt_accept: Asynchronous AcceptEx failed.
[Thu May 30 09:05:37.787802 2024] [mpm_winnt:warn] [pid 516:tid 21824] (OS 64)The specified network name is no longer available.  : AH00341: winnt_accept: Asynchronous AcceptEx failed.
[Thu May 30 09:12:52.591766 2024] [mpm_winnt:warn] [pid 516:tid 21824] (OS 64)The specified network name is no longer available.  : AH00341: winnt_accept: Asynchronous AcceptEx failed.
[Thu May 30 09:35:39.701167 2024] [cgi:error] [pid 516:tid 20784] [client 31.220.1.83:59326] script not found or unable to stat: E:/nuevo/cgi-bin/luci
[Thu May 30 09:42:44.661514 2024] [mpm_winnt:warn] [pid 516:tid 21824] (OS 64)The specified network name is no longer available.  : AH00341: winnt_accept: Asynchronous AcceptEx failed.
[Thu May 30 09:56:06.190922 2024] [mpm_winnt:warn] [pid 516:tid 21824] (OS 64)The specified network name is no longer available.  : AH00341: winnt_accept: Asynchronous AcceptEx failed.
[Thu May 30 10:02:06.582755 2024] [mpm_winnt:warn] [pid 516:tid 21824] (OS 64)The specified network name is no longer available.  : AH00341: winnt_accept: Asynchronous AcceptEx failed.
[Thu May 30 10:07:30.283323 2024] [mpm_winnt:warn] [pid 516:tid 21824] (OS 64)The specified network name is no longer available.  : AH00341: winnt_accept: Asynchronous AcceptEx failed.
[Thu May 30 10:09:13.898705 2024] [cgi:error] [pid 516:tid 20904] [client 179.43.185.130:41818] script not found or unable to stat: E:/nuevo/cgi-bin/luci
[Thu May 30 10:29:45.708069 2024] [mpm_winnt:warn] [pid 516:tid 21824] (OS 64)The specified network name is no longer available.  : AH00341: winnt_accept: Asynchronous AcceptEx failed.
[Thu May 30 10:30:54.037189 2024] [mpm_winnt:warn] [pid 516:tid 21824] (OS 64)The specified network name is no longer available.  : AH00341: winnt_accept: Asynchronous AcceptEx failed.
[Thu May 30 10:44:44.691848 2024] [core:error] [pid 516:tid 21016] (20024)The given path is misformatted or contained invalid characters: [client 47.128.63.87:57760] AH00127: Cannot map GET /BLA/resoluciones/AUTOS%202021/%3C?php+echo+strip_tags%28%24_SERVER%5B%27PHP_SELF%27%5D%29.%27%3Fdir=%27.urlencode%28str_replace%28%24startdir%2C%27%27%2C%24leadon%29.%24dirs%5B%24i%5D%29%3B%3F%3E HTTP/1.1 to file
[Thu May 30 11:01:33.545620 2024] [mpm_winnt:warn] [pid 516:tid 21824] (OS 64)The specified network name is no longer available.  : AH00341: winnt_accept: Asynchronous AcceptEx failed.
[Thu May 30 11:19:12.881080 2024] [mpm_winnt:warn] [pid 516:tid 21824] (OS 64)The specified network name is no longer available.  : AH00341: winnt_accept: Asynchronous AcceptEx failed.
[Thu May 30 12:02:10.973808 2024] [authz_core:error] [pid 516:tid 20904] [client 129.158.216.209:59070] AH01630: client denied by server configuration: E:/nuevo/htdocs/phpMyAdmin
[Thu May 30 12:02:11.161009 2024] [authz_core:error] [pid 516:tid 21208] [client 129.158.216.209:59082] AH01630: client denied by server configuration: E:/nuevo/phpMyAdmin/scripts
[Thu May 30 12:02:11.363809 2024] [authz_core:error] [pid 516:tid 21208] [client 129.158.216.209:59090] AH01630: client denied by server configuration: E:/nuevo/htdocs/phpMyAdmin-2.11.4
[Thu May 30 12:02:11.551009 2024] [authz_core:error] [pid 516:tid 21208] [client 129.158.216.209:59092] AH01630: client denied by server configuration: E:/nuevo/htdocs/phpMyAdmin-2.11.3
[Thu May 30 12:02:11.738210 2024] [authz_core:error] [pid 516:tid 21208] [client 129.158.216.209:59100] AH01630: client denied by server configuration: E:/nuevo/htdocs/phpMyAdmin-2.10.0.2
[Thu May 30 12:02:11.941010 2024] [authz_core:error] [pid 516:tid 21208] [client 129.158.216.209:59108] AH01630: client denied by server configuration: E:/nuevo/htdocs/phpMyAdmin-2.10.3
[Thu May 30 12:02:12.128210 2024] [authz_core:error] [pid 516:tid 21496] [client 129.158.216.209:59110] AH01630: client denied by server configuration: E:/nuevo/htdocs/phpMyAdmin-2.8.0.2
[Thu May 30 12:02:12.315411 2024] [authz_core:error] [pid 516:tid 21496] [client 129.158.216.209:59116] AH01630: client denied by server configuration: E:/nuevo/htdocs/phpMyAdmin-2.10.2
[Thu May 30 12:02:12.502611 2024] [authz_core:error] [pid 516:tid 21496] [client 129.158.216.209:59120] AH01630: client denied by server configuration: E:/nuevo/htdocs/phpMyAdmin-2.11.9.2
[Thu May 30 12:02:12.689811 2024] [authz_core:error] [pid 516:tid 21496] [client 129.158.216.209:59128] AH01630: client denied by server configuration: E:/nuevo/htdocs/phpMyAdmin-2.11.0
[Thu May 30 12:02:12.892612 2024] [authz_core:error] [pid 516:tid 21496] [client 129.158.216.209:59138] AH01630: client denied by server configuration: E:/nuevo/htdocs/phpMyAdmin-2.11.7
[Thu May 30 12:02:13.079812 2024] [authz_core:error] [pid 516:tid 21496] [client 129.158.216.209:59142] AH01630: client denied by server configuration: E:/nuevo/htdocs/phpMyAdmin-2.11.1.2
[Thu May 30 12:02:13.454213 2024] [authz_core:error] [pid 516:tid 21496] [client 129.158.216.209:59160] AH01630: client denied by server configuration: E:/nuevo/htdocs/phpMyAdmin3
[Thu May 30 12:02:14.031414 2024] [authz_core:error] [pid 516:tid 21208] [client 129.158.216.209:59184] AH01630: client denied by server configuration: E:/nuevo/htdocs/PHPMYADMIN
[Thu May 30 12:02:14.608615 2024] [authz_core:error] [pid 516:tid 21208] [client 129.158.216.209:59222] AH01630: client denied by server configuration: E:/nuevo/htdocs/phpMyAdmin-2.5.5-pl1
[Thu May 30 12:02:14.795815 2024] [authz_core:error] [pid 516:tid 21208] [client 129.158.216.209:59236] AH01630: client denied by server configuration: E:/nuevo/htdocs/phpMyAdmin-2.5.5
[Thu May 30 12:02:14.983015 2024] [authz_core:error] [pid 516:tid 21208] [client 129.158.216.209:59238] AH01630: client denied by server configuration: E:/nuevo/htdocs/phpMyAdmin-2.5.4
[Thu May 30 12:02:15.185816 2024] [authz_core:error] [pid 516:tid 21208] [client 129.158.216.209:59250] AH01630: client denied by server configuration: E:/nuevo/htdocs/phpMyAdmin-2.5.7-pl1
[Thu May 30 12:02:15.560217 2024] [authz_core:error] [pid 516:tid 21208] [client 129.158.216.209:59270] AH01630: client denied by server configuration: E:/nuevo/htdocs/phpMyAdmin-2
[Thu May 30 12:02:16.714619 2024] [authz_core:error] [pid 516:tid 21268] [client 129.158.216.209:59332] AH01630: client denied by server configuration: E:/nuevo/htdocs/phpMyAdmin2
[Thu May 30 12:38:54.556679 2024] [cgi:error] [pid 516:tid 20716] [client 179.43.185.130:56360] script not found or unable to stat: E:/nuevo/cgi-bin/luci
[Thu May 30 12:51:04.825162 2024] [mpm_winnt:warn] [pid 516:tid 21824] (OS 64)The specified network name is no longer available.  : AH00341: winnt_accept: Asynchronous AcceptEx failed.
[Thu May 30 14:17:04.271024 2024] [mpm_winnt:warn] [pid 516:tid 21824] (OS 64)The specified network name is no longer available.  : AH00341: winnt_accept: Asynchronous AcceptEx failed.
[Thu May 30 14:30:56.298485 2024] [cgi:error] [pid 516:tid 21420] [client 179.43.185.130:50248] script not found or unable to stat: E:/nuevo/cgi-bin/luci
[Thu May 30 14:54:52.873808 2024] [mpm_winnt:warn] [pid 516:tid 21824] (OS 64)The specified network name is no longer available.  : AH00341: winnt_accept: Asynchronous AcceptEx failed.
[Thu May 30 14:54:54.137411 2024] [core:error] [pid 516:tid 20872] (20024)The given path is misformatted or contained invalid characters: [client 172.22.2.4:40332] AH00127: Cannot map GET /BLA/boletinlegal/ews/%20/ HTTP/1.1 to file
[Thu May 30 15:01:28.974104 2024] [mpm_winnt:warn] [pid 516:tid 21824] (OS 64)The specified network name is no longer available.  : AH00341: winnt_accept: Asynchronous AcceptEx failed.
[Thu May 30 15:45:58.217792 2024] [mpm_winnt:warn] [pid 516:tid 21824] (OS 64)The specified network name is no longer available.  : AH00341: winnt_accept: Asynchronous AcceptEx failed.
[Thu May 30 16:14:52.333438 2024] [mpm_winnt:warn] [pid 516:tid 21824] (OS 64)The specified network name is no longer available.  : AH00341: winnt_accept: Asynchronous AcceptEx failed.
[Thu May 30 16:17:56.132961 2024] [mpm_winnt:warn] [pid 516:tid 21824] (OS 64)The specified network name is no longer available.  : AH00341: winnt_accept: Asynchronous AcceptEx failed.
[Thu May 30 16:26:17.205841 2024] [mpm_winnt:warn] [pid 516:tid 21824] (OS 64)The specified network name is no longer available.  : AH00341: winnt_accept: Asynchronous AcceptEx failed.
[Thu May 30 16:40:52.554579 2024] [mpm_winnt:warn] [pid 516:tid 21824] (OS 64)The specified network name is no longer available.  : AH00341: winnt_accept: Asynchronous AcceptEx failed.
[Thu May 30 16:44:14.481333 2024] [proxy:error] [pid 516:tid 21476] (OS 10061)No connection could be made because the target machine actively refused it.  : AH00957: HTTP: attempt to connect to 172.22.1.51:8399 (172.22.1.51) failed
[Thu May 30 16:44:14.481333 2024] [proxy:error] [pid 516:tid 21476] AH00959: ap_proxy_connect_backend disabling worker for (172.22.1.51) for 60s
[Thu May 30 16:44:14.481333 2024] [proxy_http:error] [pid 516:tid 21476] [client 152.61.192.232:45433] AH01114: HTTP: failed to make connection to backend: 172.22.1.51
[Thu May 30 16:44:14.746534 2024] [proxy:error] [pid 516:tid 21476] AH00940: HTTP: disabled connection for (172.22.1.51)
[Thu May 30 16:44:15.042934 2024] [proxy:error] [pid 516:tid 21476] AH00940: HTTP: disabled connection for (172.22.1.51)
[Thu May 30 16:46:41.480391 2024] [mpm_winnt:warn] [pid 516:tid 21824] (OS 64)The specified network name is no longer available.  : AH00341: winnt_accept: Asynchronous AcceptEx failed.
[Thu May 30 16:53:42.493931 2024] [core:error] [pid 516:tid 21216] (20024)The given path is misformatted or contained invalid characters: [client 156.59.198.136:41608] AH00127: Cannot map GET /BLA/resoluciones/AUTOS%202021/%22%20.%20esc_url(%20$theme-%3Eget_screenshot()%20)%20.%20%22 HTTP/1.0 to file
[Thu May 30 16:54:52.117853 2024] [authz_core:error] [pid 516:tid 21136] [client 118.31.13.222:47818] AH01630: client denied by server configuration: E:/nuevo/htdocs/phpMyAdmin
[Thu May 30 16:54:52.757454 2024] [authz_core:error] [pid 516:tid 20872] [client 118.31.13.222:49592] AH01630: client denied by server configuration: E:/nuevo/phpMyAdmin/scripts
[Thu May 30 16:54:53.397056 2024] [authz_core:error] [pid 516:tid 20744] [client 118.31.13.222:50716] AH01630: client denied by server configuration: E:/nuevo/htdocs/phpMyAdmin-2.11.4
[Thu May 30 16:54:54.083457 2024] [authz_core:error] [pid 516:tid 20840] [client 118.31.13.222:38206] AH01630: client denied by server configuration: E:/nuevo/htdocs/phpMyAdmin-2.11.3
[Thu May 30 16:54:54.723058 2024] [authz_core:error] [pid 516:tid 20904] [client 118.31.13.222:39278] AH01630: client denied by server configuration: E:/nuevo/htdocs/phpMyAdmin-2.10.0.2
[Thu May 30 16:54:55.362659 2024] [authz_core:error] [pid 516:tid 21268] [client 118.31.13.222:40234] AH01630: client denied by server configuration: E:/nuevo/htdocs/phpMyAdmin-2.10.3
[Thu May 30 16:54:56.033460 2024] [authz_core:error] [pid 516:tid 21344] [client 118.31.13.222:55278] AH01630: client denied by server configuration: E:/nuevo/htdocs/phpMyAdmin-2.8.0.2
[Thu May 30 16:54:56.719861 2024] [authz_core:error] [pid 516:tid 21344] [client 118.31.13.222:56298] AH01630: client denied by server configuration: E:/nuevo/htdocs/phpMyAdmin-2.10.2
[Thu May 30 16:54:57.375063 2024] [authz_core:error] [pid 516:tid 20800] [client 118.31.13.222:57288] AH01630: client denied by server configuration: E:/nuevo/htdocs/phpMyAdmin-2.11.9.2
[Thu May 30 16:54:57.999064 2024] [authz_core:error] [pid 516:tid 20800] [client 118.31.13.222:43986] AH01630: client denied by server configuration: E:/nuevo/htdocs/phpMyAdmin-2.11.0
[Thu May 30 16:54:59.309466 2024] [authz_core:error] [pid 516:tid 21344] [client 118.31.13.222:44742] AH01630: client denied by server configuration: E:/nuevo/htdocs/phpMyAdmin-2.11.7
[Thu May 30 16:54:59.949067 2024] [authz_core:error] [pid 516:tid 20800] [client 118.31.13.222:46460] AH01630: client denied by server configuration: E:/nuevo/htdocs/phpMyAdmin-2.11.1.2
[Thu May 30 16:55:01.259469 2024] [authz_core:error] [pid 516:tid 20932] [client 118.31.13.222:36748] AH01630: client denied by server configuration: E:/nuevo/htdocs/phpMyAdmin3
[Thu May 30 16:55:03.178273 2024] [authz_core:error] [pid 516:tid 21496] [client 118.31.13.222:54582] AH01630: client denied by server configuration: E:/nuevo/htdocs/PHPMYADMIN
[Thu May 30 16:55:05.128276 2024] [authz_core:error] [pid 516:tid 21088] [client 118.31.13.222:43630] AH01630: client denied by server configuration: E:/nuevo/htdocs/phpMyAdmin-2.5.5-pl1
[Thu May 30 16:55:05.799077 2024] [authz_core:error] [pid 516:tid 21088] [client 118.31.13.222:44562] AH01630: client denied by server configuration: E:/nuevo/htdocs/phpMyAdmin-2.5.5
[Thu May 30 16:55:06.454278 2024] [authz_core:error] [pid 516:tid 21088] [client 118.31.13.222:59528] AH01630: client denied by server configuration: E:/nuevo/htdocs/phpMyAdmin-2.5.4
[Thu May 30 16:55:07.125080 2024] [authz_core:error] [pid 516:tid 21088] [client 118.31.13.222:60402] AH01630: client denied by server configuration: E:/nuevo/htdocs/phpMyAdmin-2.5.7-pl1
[Thu May 30 16:55:08.404282 2024] [authz_core:error] [pid 516:tid 21268] [client 118.31.13.222:49180] AH01630: client denied by server configuration: E:/nuevo/htdocs/phpMyAdmin-2
[Thu May 30 16:55:16.375896 2024] [authz_core:error] [pid 516:tid 21128] [client 118.31.13.222:58456] AH01630: client denied by server configuration: E:/nuevo/htdocs/phpMyAdmin2
[Thu May 30 16:56:00.024773 2024] [cgi:error] [pid 516:tid 21328] [client 179.43.185.130:45910] script not found or unable to stat: E:/nuevo/cgi-bin/luci
[Thu May 30 17:18:03.624697 2024] [mpm_winnt:warn] [pid 516:tid 21824] (OS 64)The specified network name is no longer available.  : AH00341: winnt_accept: Asynchronous AcceptEx failed.
[Thu May 30 18:01:42.417897 2024] [mpm_winnt:warn] [pid 516:tid 21824] (OS 64)The specified network name is no longer available.  : AH00341: winnt_accept: Asynchronous AcceptEx failed.
[Thu May 30 18:34:06.961312 2024] [cgi:error] [pid 516:tid 21052] [client 179.43.185.130:60782] script not found or unable to stat: E:/nuevo/cgi-bin/luci
[Thu May 30 18:35:17.255036 2024] [core:error] [pid 516:tid 20904] (20024)The given path is misformatted or contained invalid characters: [client 156.59.198.136:52620] AH00127: Cannot map GET /BLA/resoluciones/AUTOS%202021/%3C?php%20echo%20$includeurl;%20?%3Edlf/folder.png HTTP/1.0 to file
[Thu May 30 18:35:30.702260 2024] [proxy:error] [pid 516:tid 21500] (OS 10061)No connection could be made because the target machine actively refused it.  : AH00957: HTTP: attempt to connect to 172.22.1.51:8399 (172.22.1.51) failed
[Thu May 30 18:35:30.702260 2024] [proxy:error] [pid 516:tid 21500] AH00959: ap_proxy_connect_backend disabling worker for (172.22.1.51) for 60s
[Thu May 30 18:35:30.702260 2024] [proxy_http:error] [pid 516:tid 21500] [client 152.61.192.232:55839] AH01114: HTTP: failed to make connection to backend: 172.22.1.51
[Thu May 30 18:35:30.936260 2024] [proxy:error] [pid 516:tid 21500] AH00940: HTTP: disabled connection for (172.22.1.51)
[Thu May 30 18:35:31.232661 2024] [proxy:error] [pid 516:tid 21500] AH00940: HTTP: disabled connection for (172.22.1.51)
[Thu May 30 18:54:12.594830 2024] [proxy:error] [pid 516:tid 21516] (OS 10061)No connection could be made because the target machine actively refused it.  : AH00957: HTTP: attempt to connect to 172.22.1.51:8399 (172.22.1.51) failed
[Thu May 30 18:54:12.594830 2024] [proxy:error] [pid 516:tid 21516] AH00959: ap_proxy_connect_backend disabling worker for (172.22.1.51) for 60s
[Thu May 30 18:54:12.594830 2024] [proxy_http:error] [pid 516:tid 21516] [client 152.61.192.232:55756] AH01114: HTTP: failed to make connection to backend: 172.22.1.51
[Thu May 30 18:54:12.860031 2024] [proxy:error] [pid 516:tid 21516] AH00940: HTTP: disabled connection for (172.22.1.51)
[Thu May 30 18:54:13.109631 2024] [proxy:error] [pid 516:tid 21516] AH00940: HTTP: disabled connection for (172.22.1.51)
[Thu May 30 19:03:28.002606 2024] [mpm_winnt:warn] [pid 516:tid 21824] (OS 64)The specified network name is no longer available.  : AH00341: winnt_accept: Asynchronous AcceptEx failed.
[Thu May 30 19:05:09.511984 2024] [mpm_winnt:warn] [pid 516:tid 21824] (OS 64)The specified network name is no longer available.  : AH00341: winnt_accept: Asynchronous AcceptEx failed.
[Thu May 30 19:51:00.390616 2024] [mpm_winnt:warn] [pid 516:tid 21824] (OS 64)The specified network name is no longer available.  : AH00341: winnt_accept: Asynchronous AcceptEx failed.
[Thu May 30 19:56:42.764417 2024] [mpm_winnt:warn] [pid 516:tid 21824] (OS 64)The specified network name is no longer available.  : AH00341: winnt_accept: Asynchronous AcceptEx failed.
[Thu May 30 20:21:09.634993 2024] [cgi:error] [pid 516:tid 20932] [client 179.43.185.130:42302] script not found or unable to stat: E:/nuevo/cgi-bin/luci
[Thu May 30 20:28:04.486522 2024] [mpm_winnt:warn] [pid 516:tid 21824] (OS 64)The specified network name is no longer available.  : AH00341: winnt_accept: Asynchronous AcceptEx failed.
[Thu May 30 20:33:47.718325 2024] [mpm_winnt:warn] [pid 516:tid 21824] (OS 64)The specified network name is no longer available.  : AH00341: winnt_accept: Asynchronous AcceptEx failed.
[Thu May 30 20:50:08.992249 2024] [mpm_winnt:warn] [pid 516:tid 21824] (OS 64)The specified network name is no longer available.  : AH00341: winnt_accept: Asynchronous AcceptEx failed.
[Thu May 30 20:50:14.764259 2024] [mpm_winnt:warn] [pid 516:tid 21824] (OS 64)The specified network name is no longer available.  : AH00341: winnt_accept: Asynchronous AcceptEx failed.
[Thu May 30 20:51:03.420744 2024] [mpm_winnt:warn] [pid 516:tid 21824] (OS 64)The specified network name is no longer available.  : AH00341: winnt_accept: Asynchronous AcceptEx failed.
[Thu May 30 21:00:12.806909 2024] [core:error] [pid 516:tid 21016] [client 162.243.143.21:47214] AH00135: Invalid method in request MGLNDD_190.27.245.106_80
[Thu May 30 21:00:56.798986 2024] [mpm_winnt:warn] [pid 516:tid 21824] (OS 64)The specified network name is no longer available.  : AH00341: winnt_accept: Asynchronous AcceptEx failed.
[Thu May 30 21:14:17.002392 2024] [mpm_winnt:warn] [pid 516:tid 21824] (OS 64)The specified network name is no longer available.  : AH00341: winnt_accept: Asynchronous AcceptEx failed.
[Thu May 30 21:14:44.520840 2024] [mpm_winnt:warn] [pid 516:tid 21824] (OS 64)The specified network name is no longer available.  : AH00341: winnt_accept: Asynchronous AcceptEx failed.
[Thu May 30 21:35:14.381200 2024] [core:error] [pid 516:tid 21416] (20024)The given path is misformatted or contained invalid characters: [client 156.59.198.135:35252] AH00127: Cannot map GET /BLA/resoluciones/AUTOS%202021/%3C?php%20echo%20$includeurl;%20?%3Edlf/dirup.png HTTP/1.0 to file
[Thu May 30 21:44:06.420135 2024] [mpm_winnt:warn] [pid 516:tid 21824] (OS 64)The specified network name is no longer available.  : AH00341: winnt_accept: Asynchronous AcceptEx failed.
[Thu May 30 21:45:36.869094 2024] [mpm_winnt:warn] [pid 516:tid 21824] (OS 64)The specified network name is no longer available.  : AH00341: winnt_accept: Asynchronous AcceptEx failed.
[Thu May 30 21:58:20.708835 2024] [mpm_winnt:warn] [pid 516:tid 21824] (OS 64)The specified network name is no longer available.  : AH00341: winnt_accept: Asynchronous AcceptEx failed.
[Thu May 30 22:27:21.516893 2024] [mpm_winnt:warn] [pid 516:tid 21824] (OS 64)The specified network name is no longer available.  : AH00341: winnt_accept: Asynchronous AcceptEx failed.
[Thu May 30 22:39:48.103004 2024] [mpm_winnt:warn] [pid 516:tid 21824] (OS 64)The specified network name is no longer available.  : AH00341: winnt_accept: Asynchronous AcceptEx failed.
[Thu May 30 22:55:54.509102 2024] [mpm_winnt:warn] [pid 516:tid 21824] (OS 64)The specified network name is no longer available.  : AH00341: winnt_accept: Asynchronous AcceptEx failed.
[Thu May 30 23:13:23.798145 2024] [cgi:error] [pid 516:tid 20728] [client 179.43.185.130:56480] script not found or unable to stat: E:/nuevo/cgi-bin/luci
[Thu May 30 23:32:30.291958 2024] [mpm_winnt:warn] [pid 516:tid 21824] (OS 64)The specified network name is no longer available.  : AH00341: winnt_accept: Asynchronous AcceptEx failed.
[Thu May 30 23:37:09.766449 2024] [mpm_winnt:warn] [pid 516:tid 21824] (OS 64)The specified network name is no longer available.  : AH00341: winnt_accept: Asynchronous AcceptEx failed.
[Thu May 30 23:39:57.856744 2024] [mpm_winnt:warn] [pid 516:tid 21824] (OS 64)The specified network name is no longer available.  : AH00341: winnt_accept: Asynchronous AcceptEx failed.
[Thu May 30 23:41:36.589318 2024] [mpm_winnt:warn] [pid 516:tid 21824] (OS 64)The specified network name is no longer available.  : AH00341: winnt_accept: Asynchronous AcceptEx failed.
[Thu May 30 23:53:20.478154 2024] [mpm_winnt:warn] [pid 516:tid 21824] (OS 64)The specified network name is no longer available.  : AH00341: winnt_accept: Asynchronous AcceptEx failed.

:: Command execute ::

Enter:
 
Select:
 

:: Search ::
regexp 

:: Upload ::
 
[ ok ]

:: Make Dir ::
 
[ ok ]
:: Make File ::
 
[ ok ]

:: Go Dir ::
 
:: Go File ::
 

--[ c99shell v. 1.0 pre-release build #13 powered by Captain Crunch Security Team | http://ccteam.ru | Generation time: 0.0312 ]--