!C99Shell v. 1.0 pre-release build #13!

Software: Apache. PHP/5.5.15 

uname -a: Windows NT SVR-DMZ 6.1 build 7600 (Windows Server 2008 R2 Enterprise Edition) i586 

SYSTEM 

Safe-mode: OFF (not secure)

E:\nuevo\apache\logs\   drwxrwxrwx
Free 9.41 GB of 239.26 GB (3.93%)
Detected drives: [ a ] [ c ] [ d ] [ e ] [ f ]
Home    Back    Forward    UPDIR    Refresh    Search    Buffer    Encoder    Tools    Proc.    FTP brute    Sec.    SQL    PHP-code    Update    Feedback    Self remove    Logout    


Viewing file:     error.2024.06.18.log (94.11 KB)      -rw-rw-rw-
Select action/file-type:
(+) | (+) | (+) | Code (+) | Session (+) | (+) | SDB (+) | (+) | (+) | (+) | (+) | (+) |
[Tue Jun 18 00:28:43.344990 2024] [mpm_winnt:warn] [pid 516:tid 21824] (OS 64)The specified network name is no longer available.  : AH00341: winnt_accept: Asynchronous AcceptEx failed.
[Tue Jun 18 00:36:49.644644 2024] [mpm_winnt:warn] [pid 516:tid 21824] (OS 64)The specified network name is no longer available.  : AH00341: winnt_accept: Asynchronous AcceptEx failed.
[Tue Jun 18 01:01:42.006666 2024] [mpm_winnt:warn] [pid 516:tid 21824] (OS 64)The specified network name is no longer available.  : AH00341: winnt_accept: Asynchronous AcceptEx failed.
[Tue Jun 18 01:05:33.947873 2024] [core:error] [pid 516:tid 21476] (20024)The given path is misformatted or contained invalid characters: [client 156.59.198.135:35646] AH00127: Cannot map GET /BLA/resoluciones/AUTOS%202021/%3C?act=img&img=download HTTP/1.0 to file
[Tue Jun 18 01:09:46.169116 2024] [mpm_winnt:warn] [pid 516:tid 21824] (OS 64)The specified network name is no longer available.  : AH00341: winnt_accept: Asynchronous AcceptEx failed.
[Tue Jun 18 01:12:20.640587 2024] [mpm_winnt:warn] [pid 516:tid 21824] (OS 64)The specified network name is no longer available.  : AH00341: winnt_accept: Asynchronous AcceptEx failed.
[Tue Jun 18 01:18:05.666393 2024] [mpm_winnt:warn] [pid 516:tid 21824] (OS 64)The specified network name is no longer available.  : AH00341: winnt_accept: Asynchronous AcceptEx failed.
[Tue Jun 18 01:22:58.978109 2024] [proxy:error] [pid 516:tid 20716] (OS 10061)No connection could be made because the target machine actively refused it.  : AH00957: HTTP: attempt to connect to 172.22.1.51:8399 (172.22.1.51) failed
[Tue Jun 18 01:22:58.978109 2024] [proxy:error] [pid 516:tid 20716] AH00959: ap_proxy_connect_backend disabling worker for (172.22.1.51) for 60s
[Tue Jun 18 01:22:58.978109 2024] [proxy_http:error] [pid 516:tid 20716] [client 152.61.128.50:40264] AH01114: HTTP: failed to make connection to backend: 172.22.1.51
[Tue Jun 18 01:22:59.227709 2024] [proxy:error] [pid 516:tid 20716] AH00940: HTTP: disabled connection for (172.22.1.51)
[Tue Jun 18 01:22:59.477309 2024] [proxy:error] [pid 516:tid 20716] AH00940: HTTP: disabled connection for (172.22.1.51)
[Tue Jun 18 01:34:39.013738 2024] [proxy:error] [pid 516:tid 21476] (OS 10061)No connection could be made because the target machine actively refused it.  : AH00957: HTTP: attempt to connect to 172.22.1.16:18080 (172.22.1.16) failed
[Tue Jun 18 01:34:39.013738 2024] [proxy:error] [pid 516:tid 21476] AH00959: ap_proxy_connect_backend disabling worker for (172.22.1.16) for 60s
[Tue Jun 18 01:34:39.013738 2024] [proxy_http:error] [pid 516:tid 21476] [client 201.245.192.253:50547] AH01114: HTTP: failed to make connection to backend: 172.22.1.16
[Tue Jun 18 01:34:39.980940 2024] [proxy:error] [pid 516:tid 21476] AH00940: HTTP: disabled connection for (172.22.1.16)
[Tue Jun 18 01:35:37.966242 2024] [proxy:error] [pid 516:tid 20920] AH00940: HTTP: disabled connection for (172.22.1.16)
[Tue Jun 18 02:03:29.759778 2024] [core:error] [pid 516:tid 20716] (20024)The given path is misformatted or contained invalid characters: [client 156.59.198.135:53068] AH00127: Cannot map GET /BLA/resoluciones/AUTOS%202021/%3C?act=img&img=ext_gif HTTP/1.0 to file
[Tue Jun 18 02:05:07.088349 2024] [mpm_winnt:warn] [pid 516:tid 21824] (OS 64)The specified network name is no longer available.  : AH00341: winnt_accept: Asynchronous AcceptEx failed.
[Tue Jun 18 02:07:01.030949 2024] [core:error] [pid 516:tid 21416] (20024)The given path is misformatted or contained invalid characters: [client 156.59.198.136:51938] AH00127: Cannot map GET /BLA/resoluciones/AUTOS%202021/%3C?act=img&img=ext_txt HTTP/1.0 to file
[Tue Jun 18 02:07:47.253830 2024] [core:error] [pid 516:tid 20832] (20024)The given path is misformatted or contained invalid characters: [client 156.59.198.135:34688] AH00127: Cannot map GET /BLA/resoluciones/AUTOS%202021/%3C?act=img&img=ext_php HTTP/1.0 to file
[Tue Jun 18 02:08:30.356706 2024] [mpm_winnt:warn] [pid 516:tid 21824] (OS 64)The specified network name is no longer available.  : AH00341: winnt_accept: Asynchronous AcceptEx failed.
[Tue Jun 18 02:17:58.618904 2024] [mpm_winnt:warn] [pid 516:tid 21824] (OS 64)The specified network name is no longer available.  : AH00341: winnt_accept: Asynchronous AcceptEx failed.
[Tue Jun 18 02:23:01.680636 2024] [cgi:error] [pid 516:tid 21320] [client 45.148.10.174:48564] script not found or unable to stat: E:/nuevo/cgi-bin/luci
[Tue Jun 18 02:23:02.039437 2024] [cgi:error] [pid 516:tid 21020] [client 45.148.10.174:48568] script not found or unable to stat: E:/nuevo/cgi-bin/luci
[Tue Jun 18 02:25:56.478943 2024] [mpm_winnt:warn] [pid 516:tid 21824] (OS 64)The specified network name is no longer available.  : AH00341: winnt_accept: Asynchronous AcceptEx failed.
[Tue Jun 18 02:34:09.814210 2024] [core:error] [pid 516:tid 21416] (20024)The given path is misformatted or contained invalid characters: [client 156.59.198.136:43534] AH00127: Cannot map GET /%22$row- HTTP/1.0 to file
[Tue Jun 18 02:34:21.451830 2024] [core:error] [pid 516:tid 21476] (20024)The given path is misformatted or contained invalid characters: [client 156.59.198.135:45470] AH00127: Cannot map GET /%22%22 HTTP/1.0 to file
[Tue Jun 18 02:44:33.456505 2024] [mpm_winnt:warn] [pid 516:tid 21824] (OS 64)The specified network name is no longer available.  : AH00341: winnt_accept: Asynchronous AcceptEx failed.
[Tue Jun 18 02:47:20.673199 2024] [core:error] [pid 516:tid 21020] (20024)The given path is misformatted or contained invalid characters: [client 156.59.198.135:42436] AH00127: Cannot map GET /BLA/resoluciones/AUTOS%202021/%3C?act=img&img=change HTTP/1.0 to file
[Tue Jun 18 02:49:43.772250 2024] [core:error] [pid 516:tid 21020] (20024)The given path is misformatted or contained invalid characters: [client 156.59.198.136:40898] AH00127: Cannot map GET /BLA/resoluciones/AUTOS%202021/%3C?act=img&img=ext_diz HTTP/1.0 to file
[Tue Jun 18 02:57:31.727272 2024] [core:error] [pid 516:tid 20716] (20024)The given path is misformatted or contained invalid characters: [client 156.59.198.135:50290] AH00127: Cannot map GET /BLA/resoluciones/AUTOS%202021/%3C?act=img&img=download HTTP/1.0 to file
[Tue Jun 18 03:07:11.393090 2024] [mpm_winnt:warn] [pid 516:tid 21824] (OS 64)The specified network name is no longer available.  : AH00341: winnt_accept: Asynchronous AcceptEx failed.
[Tue Jun 18 03:11:15.892320 2024] [core:error] [pid 516:tid 21020] (20024)The given path is misformatted or contained invalid characters: [client 47.128.31.172:48430] AH00127: Cannot map GET /BLA/resoluciones/AUTOS%202021/server_privileges.php%27%20%20%20%20%20%20%20%20.%20PMA_URL_getCommon(array(%27username%27%20=%3E%20$username))%20%20%20%20%20%20%20%20.%20%27 HTTP/1.1 to file
[Tue Jun 18 03:12:00.024797 2024] [mpm_winnt:warn] [pid 516:tid 21824] (OS 64)The specified network name is no longer available.  : AH00341: winnt_accept: Asynchronous AcceptEx failed.
[Tue Jun 18 03:13:52.157794 2024] [mpm_winnt:warn] [pid 516:tid 21824] (OS 64)The specified network name is no longer available.  : AH00341: winnt_accept: Asynchronous AcceptEx failed.
[Tue Jun 18 03:13:52.282595 2024] [core:error] [pid 516:tid 20716] (20024)The given path is misformatted or contained invalid characters: [client 156.59.198.136:36792] AH00127: Cannot map GET /BLA/resoluciones/AUTOS%202021/%3C?act=img&img=ext_html HTTP/1.0 to file
[Tue Jun 18 03:20:39.022109 2024] [mpm_winnt:warn] [pid 516:tid 21824] (OS 64)The specified network name is no longer available.  : AH00341: winnt_accept: Asynchronous AcceptEx failed.
[Tue Jun 18 03:37:40.387103 2024] [mpm_winnt:warn] [pid 516:tid 21824] (OS 64)The specified network name is no longer available.  : AH00341: winnt_accept: Asynchronous AcceptEx failed.
[Tue Jun 18 03:57:40.108210 2024] [mpm_winnt:warn] [pid 516:tid 21824] (OS 64)The specified network name is no longer available.  : AH00341: winnt_accept: Asynchronous AcceptEx failed.
[Tue Jun 18 04:11:30.840869 2024] [mpm_winnt:warn] [pid 516:tid 21824] (OS 64)The specified network name is no longer available.  : AH00341: winnt_accept: Asynchronous AcceptEx failed.
[Tue Jun 18 04:22:32.375631 2024] [mpm_winnt:warn] [pid 516:tid 21824] (OS 64)The specified network name is no longer available.  : AH00341: winnt_accept: Asynchronous AcceptEx failed.
[Tue Jun 18 04:29:39.301581 2024] [mpm_winnt:warn] [pid 516:tid 21824] (OS 64)The specified network name is no longer available.  : AH00341: winnt_accept: Asynchronous AcceptEx failed.
[Tue Jun 18 04:53:33.023099 2024] [mpm_winnt:warn] [pid 516:tid 21824] (OS 64)The specified network name is no longer available.  : AH00341: winnt_accept: Asynchronous AcceptEx failed.
[Tue Jun 18 05:48:14.224663 2024] [mpm_winnt:warn] [pid 516:tid 21824] (OS 64)The specified network name is no longer available.  : AH00341: winnt_accept: Asynchronous AcceptEx failed.
[Tue Jun 18 05:52:04.590267 2024] [mpm_winnt:warn] [pid 516:tid 21824] (OS 64)The specified network name is no longer available.  : AH00341: winnt_accept: Asynchronous AcceptEx failed.
[Tue Jun 18 06:07:35.490702 2024] [mpm_winnt:warn] [pid 516:tid 21824] (OS 64)The specified network name is no longer available.  : AH00341: winnt_accept: Asynchronous AcceptEx failed.
[Tue Jun 18 06:32:55.090371 2024] [mpm_winnt:warn] [pid 516:tid 21824] (OS 64)The specified network name is no longer available.  : AH00341: winnt_accept: Asynchronous AcceptEx failed.
[Tue Jun 18 07:20:50.253421 2024] [mpm_winnt:warn] [pid 516:tid 21824] (OS 64)The specified network name is no longer available.  : AH00341: winnt_accept: Asynchronous AcceptEx failed.
[Tue Jun 18 07:20:50.253421 2024] [mpm_winnt:warn] [pid 516:tid 21824] (OS 64)The specified network name is no longer available.  : AH00341: winnt_accept: Asynchronous AcceptEx failed.
[Tue Jun 18 07:20:50.253421 2024] [mpm_winnt:warn] [pid 516:tid 21824] (OS 64)The specified network name is no longer available.  : AH00341: winnt_accept: Asynchronous AcceptEx failed.
[Tue Jun 18 07:20:50.253421 2024] [mpm_winnt:warn] [pid 516:tid 21824] (OS 64)The specified network name is no longer available.  : AH00341: winnt_accept: Asynchronous AcceptEx failed.
[Tue Jun 18 07:29:11.218101 2024] [mpm_winnt:warn] [pid 516:tid 21824] (OS 64)The specified network name is no longer available.  : AH00341: winnt_accept: Asynchronous AcceptEx failed.
[Tue Jun 18 07:38:00.215030 2024] [core:error] [pid 516:tid 20816] (20024)The given path is misformatted or contained invalid characters: [client 156.59.198.136:54492] AH00127: Cannot map GET /BLA/resoluciones/AUTOS%202021/%3C?act=img&img=ext_rtf HTTP/1.0 to file
[Tue Jun 18 07:46:28.120722 2024] [proxy:error] [pid 516:tid 21176] (OS 10061)No connection could be made because the target machine actively refused it.  : AH00957: HTTP: attempt to connect to 172.22.1.51:8399 (172.22.1.51) failed
[Tue Jun 18 07:46:28.120722 2024] [proxy:error] [pid 516:tid 21176] AH00959: ap_proxy_connect_backend disabling worker for (172.22.1.51) for 60s
[Tue Jun 18 07:46:28.120722 2024] [proxy_http:error] [pid 516:tid 21176] [client 152.61.192.232:35393] AH01114: HTTP: failed to make connection to backend: 172.22.1.51
[Tue Jun 18 07:46:28.354723 2024] [proxy:error] [pid 516:tid 21176] AH00940: HTTP: disabled connection for (172.22.1.51)
[Tue Jun 18 07:46:28.635523 2024] [proxy:error] [pid 516:tid 21176] AH00940: HTTP: disabled connection for (172.22.1.51)
[Tue Jun 18 08:25:31.152238 2024] [mpm_winnt:warn] [pid 516:tid 21824] (OS 64)The specified network name is no longer available.  : AH00341: winnt_accept: Asynchronous AcceptEx failed.
[Tue Jun 18 08:39:47.936943 2024] [core:error] [pid 516:tid 21288] (20024)The given path is misformatted or contained invalid characters: [client 47.128.48.140:41198] AH00127: Cannot map GET /BLA/resoluciones/AUTOS%202021/%3C?php+echo+esc_url%28+add_query_arg%28+array%28+%27action%27=%3E%20%27edit%27%2C%20%27menu%27%20=%3E%200%2C%20%27use-location%27%20=%3E%20%24_location%20%29%2C%20admin_url%28%20%27nav-menus.php%27%20%29%20%29%20%29%3B%20%3F%3E HTTP/1.1 to file
[Tue Jun 18 09:21:11.321905 2024] [mpm_winnt:warn] [pid 516:tid 21824] (OS 64)The specified network name is no longer available.  : AH00341: winnt_accept: Asynchronous AcceptEx failed.
[Tue Jun 18 09:30:15.965661 2024] [mpm_winnt:warn] [pid 516:tid 21824] (OS 64)The specified network name is no longer available.  : AH00341: winnt_accept: Asynchronous AcceptEx failed.
[Tue Jun 18 09:54:22.088201 2024] [mpm_winnt:warn] [pid 516:tid 21824] (OS 64)The specified network name is no longer available.  : AH00341: winnt_accept: Asynchronous AcceptEx failed.
[Tue Jun 18 10:10:07.248061 2024] [mpm_winnt:warn] [pid 516:tid 21824] (OS 64)The specified network name is no longer available.  : AH00341: winnt_accept: Asynchronous AcceptEx failed.
[Tue Jun 18 10:46:36.415506 2024] [cgi:error] [pid 516:tid 21400] [client 185.191.127.212:44490] script not found or unable to stat: E:/nuevo/cgi-bin/luci
[Tue Jun 18 10:51:40.148040 2024] [mpm_winnt:warn] [pid 516:tid 21824] (OS 64)The specified network name is no longer available.  : AH00341: winnt_accept: Asynchronous AcceptEx failed.
[Tue Jun 18 10:52:05.326484 2024] [mpm_winnt:warn] [pid 516:tid 21824] (OS 64)The specified network name is no longer available.  : AH00341: winnt_accept: Asynchronous AcceptEx failed.
[Tue Jun 18 10:52:15.513302 2024] [mpm_winnt:warn] [pid 516:tid 21824] (OS 64)The specified network name is no longer available.  : AH00341: winnt_accept: Asynchronous AcceptEx failed.
[Tue Jun 18 10:59:50.924902 2024] [proxy_http:error] [pid 516:tid 21416] (OS 10054)An existing connection was forcibly closed by the remote host.  : [client 186.102.46.203:47253] AH02609: read request body failed to 172.22.1.16:18080 (172.22.1.16) from 186.102.46.203 (), referer: http://localhost/
[Tue Jun 18 10:59:50.924902 2024] [proxy_http:error] [pid 516:tid 21416] [client 186.102.46.203:47253] AH01097: pass request body failed to 172.22.1.16:18080 (172.22.1.16) from 186.102.46.203 (), referer: http://localhost/
[Tue Jun 18 11:02:47.720012 2024] [mpm_winnt:warn] [pid 516:tid 21824] (OS 64)The specified network name is no longer available.  : AH00341: winnt_accept: Asynchronous AcceptEx failed.
[Tue Jun 18 11:12:56.480882 2024] [cgi:error] [pid 516:tid 21456] [client 185.191.127.212:35824] script not found or unable to stat: E:/nuevo/cgi-bin/luci
[Tue Jun 18 11:15:35.460761 2024] [mpm_winnt:warn] [pid 516:tid 21824] (OS 64)The specified network name is no longer available.  : AH00341: winnt_accept: Asynchronous AcceptEx failed.
[Tue Jun 18 11:22:09.611053 2024] [mpm_winnt:warn] [pid 516:tid 21824] (OS 64)The specified network name is no longer available.  : AH00341: winnt_accept: Asynchronous AcceptEx failed.
[Tue Jun 18 12:06:04.503481 2024] [mpm_winnt:warn] [pid 516:tid 21824] (OS 64)The specified network name is no longer available.  : AH00341: winnt_accept: Asynchronous AcceptEx failed.
[Tue Jun 18 12:11:53.569694 2024] [core:error] [pid 516:tid 21488] [client 34.172.237.230:55192] AH00126: Invalid URI in request POST /cgi-bin/.%2e/.%2e/.%2e/.%2e/.%2e/.%2e/.%2e/.%2e/.%2e/.%2e/bin/sh HTTP/1.1
[Tue Jun 18 12:23:57.379766 2024] [mpm_winnt:warn] [pid 516:tid 21824] (OS 64)The specified network name is no longer available.  : AH00341: winnt_accept: Asynchronous AcceptEx failed.
[Tue Jun 18 12:24:18.829803 2024] [mpm_winnt:warn] [pid 516:tid 21824] (OS 64)The specified network name is no longer available.  : AH00341: winnt_accept: Asynchronous AcceptEx failed.
[Tue Jun 18 12:24:49.889458 2024] [mpm_winnt:warn] [pid 516:tid 21824] (OS 64)The specified network name is no longer available.  : AH00341: winnt_accept: Asynchronous AcceptEx failed.
[Tue Jun 18 12:25:21.900714 2024] [mpm_winnt:warn] [pid 516:tid 21824] (OS 64)The specified network name is no longer available.  : AH00341: winnt_accept: Asynchronous AcceptEx failed.
[Tue Jun 18 12:34:25.234068 2024] [cgi:error] [pid 516:tid 20832] [client 185.191.127.212:39840] script not found or unable to stat: E:/nuevo/cgi-bin/luci
[Tue Jun 18 13:04:09.987403 2024] [core:error] [pid 516:tid 21248] (20024)The given path is misformatted or contained invalid characters: [client 47.128.18.70:41476] AH00127: Cannot map GET /BLA/resoluciones/AUTOS%202021/%27%20.%20$comment-%3E%20%20%20comment_author_url%20.%20%27 HTTP/1.1 to file
[Tue Jun 18 13:06:02.089200 2024] [core:error] [pid 516:tid 21248] (20024)The given path is misformatted or contained invalid characters: [client 47.128.16.190:34102] AH00127: Cannot map GET /BLA/resoluciones/AUTOS%202021/%27%20.%20get_edit_post_link(%20$post-%3EID%20)%20.%20%27 HTTP/1.1 to file
[Tue Jun 18 13:10:43.950495 2024] [cgi:error] [pid 516:tid 21488] [client 185.191.127.212:56538] script not found or unable to stat: E:/nuevo/cgi-bin/luci
[Tue Jun 18 13:13:33.538393 2024] [mpm_winnt:warn] [pid 516:tid 21824] (OS 64)The specified network name is no longer available.  : AH00341: winnt_accept: Asynchronous AcceptEx failed.
[Tue Jun 18 13:37:46.368945 2024] [core:error] [pid 516:tid 20832] (20024)The given path is misformatted or contained invalid characters: [client 47.128.98.110:52696] AH00127: Cannot map GET /BLA/resoluciones/AUTOS%202021/%27%20.%20$comment-%3Ecomment_author_url%20.%20%27 HTTP/1.1 to file
[Tue Jun 18 13:44:21.283638 2024] [cgi:error] [pid 516:tid 20716] [client 31.220.1.83:59268] script not found or unable to stat: E:/nuevo/cgi-bin/luci
[Tue Jun 18 13:48:25.767268 2024] [mpm_winnt:warn] [pid 516:tid 21824] (OS 64)The specified network name is no longer available.  : AH00341: winnt_accept: Asynchronous AcceptEx failed.
[Tue Jun 18 13:48:25.767268 2024] [mpm_winnt:warn] [pid 516:tid 21824] (OS 64)The specified network name is no longer available.  : AH00341: winnt_accept: Asynchronous AcceptEx failed.
[Tue Jun 18 13:48:46.624504 2024] [mpm_winnt:warn] [pid 516:tid 21824] (OS 64)The specified network name is no longer available.  : AH00341: winnt_accept: Asynchronous AcceptEx failed.
[Tue Jun 18 13:48:46.624504 2024] [mpm_winnt:warn] [pid 516:tid 21824] (OS 64)The specified network name is no longer available.  : AH00341: winnt_accept: Asynchronous AcceptEx failed.
[Tue Jun 18 14:08:39.809200 2024] [mpm_winnt:warn] [pid 516:tid 21824] (OS 64)The specified network name is no longer available.  : AH00341: winnt_accept: Asynchronous AcceptEx failed.
[Tue Jun 18 14:15:51.695959 2024] [mpm_winnt:warn] [pid 516:tid 21824] (OS 64)The specified network name is no longer available.  : AH00341: winnt_accept: Asynchronous AcceptEx failed.
[Tue Jun 18 14:27:27.581981 2024] [mpm_winnt:warn] [pid 516:tid 21824] (OS 64)The specified network name is no longer available.  : AH00341: winnt_accept: Asynchronous AcceptEx failed.
[Tue Jun 18 14:31:48.929240 2024] [cgi:error] [pid 516:tid 20768] [client 185.191.127.212:55368] script not found or unable to stat: E:/nuevo/cgi-bin/luci
[Tue Jun 18 14:39:52.155689 2024] [cgi:error] [pid 516:tid 20716] [client 31.220.1.83:53364] script not found or unable to stat: E:/nuevo/cgi-bin/luci
[Tue Jun 18 14:40:08.457717 2024] [mpm_winnt:warn] [pid 516:tid 21824] (OS 64)The specified network name is no longer available.  : AH00341: winnt_accept: Asynchronous AcceptEx failed.
[Tue Jun 18 14:50:42.365831 2024] [core:error] [pid 516:tid 21248] (20024)The given path is misformatted or contained invalid characters: [client 156.59.198.136:41552] AH00127: Cannot map GET /%22biorhythm.php?birthdate=%22.urlencode($_REQUEST[%27birthdate%27]).%22\\%22 HTTP/1.0 to file
[Tue Jun 18 14:56:15.270416 2024] [core:error] [pid 516:tid 21176] (20024)The given path is misformatted or contained invalid characters: [client 156.59.198.136:55006] AH00127: Cannot map GET /%22$bookmark- HTTP/1.0 to file
[Tue Jun 18 15:09:54.053454 2024] [mpm_winnt:warn] [pid 516:tid 21824] (OS 64)The specified network name is no longer available.  : AH00341: winnt_accept: Asynchronous AcceptEx failed.
[Tue Jun 18 15:14:52.918779 2024] [mpm_winnt:warn] [pid 516:tid 21824] (OS 64)The specified network name is no longer available.  : AH00341: winnt_accept: Asynchronous AcceptEx failed.
[Tue Jun 18 15:14:53.012379 2024] [mpm_winnt:warn] [pid 516:tid 21824] (OS 64)The specified network name is no longer available.  : AH00341: winnt_accept: Asynchronous AcceptEx failed.
[Tue Jun 18 15:28:13.590185 2024] [cgi:error] [pid 516:tid 20744] [client 45.148.10.174:52304] script not found or unable to stat: E:/nuevo/cgi-bin/luci
[Tue Jun 18 15:28:13.980186 2024] [cgi:error] [pid 516:tid 21288] [client 45.148.10.174:52306] script not found or unable to stat: E:/nuevo/cgi-bin/luci
[Tue Jun 18 15:47:16.729993 2024] [cgi:error] [pid 516:tid 21176] [client 185.191.127.212:48412] script not found or unable to stat: E:/nuevo/cgi-bin/luci
[Tue Jun 18 15:52:48.651776 2024] [core:error] [pid 516:tid 21176] (20024)The given path is misformatted or contained invalid characters: [client 156.59.198.136:45576] AH00127: Cannot map GET /%22$row- HTTP/1.0 to file
[Tue Jun 18 15:55:26.446053 2024] [core:error] [pid 516:tid 21052] (20024)The given path is misformatted or contained invalid characters: [client 156.59.198.136:34322] AH00127: Cannot map GET /%22%22 HTTP/1.0 to file
[Tue Jun 18 16:05:06.969873 2024] [mpm_winnt:warn] [pid 516:tid 21824] (OS 64)The specified network name is no longer available.  : AH00341: winnt_accept: Asynchronous AcceptEx failed.
[Tue Jun 18 16:25:37.172433 2024] [core:error] [pid 516:tid 21320] (20024)The given path is misformatted or contained invalid characters: [client 47.128.33.59:59630] AH00127: Cannot map GET /BLA/resoluciones/AUTOS%202021/%22%20.%20esc_url(%20get_home_url(%20$user_blog-%3Euserblog_id%20)%20).%20%22 HTTP/1.1 to file
[Tue Jun 18 16:26:25.048917 2024] [core:error] [pid 516:tid 21320] (20024)The given path is misformatted or contained invalid characters: [client 47.128.53.124:38288] AH00127: Cannot map GET /BLA/resoluciones/AUTOS%202021/%27%20.%20get_edit_term_link(%20$term-%3Eterm_id,%20$term-%3Etaxonomy%20)%20.%20%27 HTTP/1.1 to file
[Tue Jun 18 16:26:35.266935 2024] [mpm_winnt:warn] [pid 516:tid 21824] (OS 64)The specified network name is no longer available.  : AH00341: winnt_accept: Asynchronous AcceptEx failed.
[Tue Jun 18 16:26:57.184974 2024] [core:error] [pid 516:tid 20824] (20024)The given path is misformatted or contained invalid characters: [client 47.128.41.222:43178] AH00127: Cannot map GET /BLA/resoluciones/AUTOS%202021/%27%20.%20esc_url(%20get_term_feed_link(%20$category-%3Eterm_id,%20$category-%3Etaxonomy,%20$args[%27feed_type%27]%20)%20)%20.%20%27 HTTP/1.1 to file
[Tue Jun 18 16:27:13.221802 2024] [core:error] [pid 516:tid 20824] (20024)The given path is misformatted or contained invalid characters: [client 47.128.36.247:53944] AH00127: Cannot map GET /BLA/resoluciones/AUTOS%202021/%27%20.%20get_month_link($previous-%3E%20%20%20year,%20$previous-%3E%20%20%20month)%20.%20%27 HTTP/1.1 to file
[Tue Jun 18 16:27:45.170658 2024] [core:error] [pid 516:tid 21328] (20024)The given path is misformatted or contained invalid characters: [client 47.128.50.13:49710] AH00127: Cannot map GET /BLA/resoluciones/AUTOS%202021/%22%20%20%20%20%20%20.%20esc_url(%20get_admin_url(%20$user_blog-%3E%20%20%20userblog_id%20)%20)%20.%20%22 HTTP/1.1 to file
[Tue Jun 18 16:29:05.229999 2024] [core:error] [pid 516:tid 21456] (20024)The given path is misformatted or contained invalid characters: [client 47.128.37.9:25690] AH00127: Cannot map GET /%22index.php?page=1%5C%22 HTTP/1.1 to file
[Tue Jun 18 16:33:19.775646 2024] [core:error] [pid 516:tid 21416] (20024)The given path is misformatted or contained invalid characters: [client 47.128.41.109:63420] AH00127: Cannot map GET /BLA/resoluciones/AUTOS%202021/%27%20.%20esc_url(%20get_comment_link(%20$comment-%3Ecomment_ID%20)%20)%20.%20%27 HTTP/1.1 to file
[Tue Jun 18 16:33:35.828074 2024] [core:error] [pid 516:tid 20824] (20024)The given path is misformatted or contained invalid characters: [client 47.128.41.162:50892] AH00127: Cannot map GET /BLA/resoluciones/AUTOS%202021/%27%20.%20esc_url(%20get_category_link(%20$category-%3Eterm_id%20)%20)%20.%20%27 HTTP/1.1 to file
[Tue Jun 18 16:37:35.008694 2024] [core:error] [pid 516:tid 21400] (20024)The given path is misformatted or contained invalid characters: [client 47.128.113.2:34478] AH00127: Cannot map GET /BLA/resoluciones/AUTOS%202021/%27%20.%20get_edit_comment_link(%20$comment-%3E%20%20%20comment_ID%20)%20.%20%27 HTTP/1.1 to file
[Tue Jun 18 16:42:14.061984 2024] [core:error] [pid 516:tid 21248] (20024)The given path is misformatted or contained invalid characters: [client 47.128.43.213:35336] AH00127: Cannot map GET /BLA/resoluciones/AUTOS%202021/%22%20%20%20%20%20%20.%20esc_url(%20get_home_url(%20$user_blog-%3E%20%20%20userblog_id%20)%20).%20%22 HTTP/1.1 to file
[Tue Jun 18 16:42:45.230839 2024] [cgi:error] [pid 516:tid 21400] [client 47.128.57.56:19834] End of script output before headers: php-cgi.exe
[Tue Jun 18 16:42:45.230839 2024] [cgi:error] [pid 516:tid 21400] [client 47.128.57.56:19834] AH01215: zend_mm_heap corrupted
[Tue Jun 18 16:42:49.474047 2024] [core:error] [pid 516:tid 20904] [client 61.171.82.194:46468] AH00126: Invalid URI in request POST /cgi-bin/.%2e/.%2e/.%2e/.%2e/.%2e/.%2e/.%2e/.%2e/.%2e/.%2e/bin/sh HTTP/1.1
[Tue Jun 18 16:42:51.049649 2024] [cgi:error] [pid 516:tid 20904] [client 31.220.1.83:34104] script not found or unable to stat: E:/nuevo/cgi-bin/luci
[Tue Jun 18 16:43:25.307309 2024] [mpm_winnt:warn] [pid 516:tid 21824] (OS 64)The specified network name is no longer available.  : AH00341: winnt_accept: Asynchronous AcceptEx failed.
[Tue Jun 18 16:43:34.152525 2024] [core:error] [pid 516:tid 21288] (20024)The given path is misformatted or contained invalid characters: [client 47.128.113.99:62030] AH00127: Cannot map GET /BLA/resoluciones/AUTOS%202021/%22%20.%20esc_url(%20get_edit_post_link(%20$post_id%20)%20)%20.%20%22 HTTP/1.1 to file
[Tue Jun 18 16:48:08.011006 2024] [core:error] [pid 516:tid 21320] (20024)The given path is misformatted or contained invalid characters: [client 47.128.126.202:55164] AH00127: Cannot map GET /BLA/resoluciones/AUTOS%202021/%27%20.%20get_month_link($previous-%3Eyear,%20$previous-%3Emonth)%20.%20%27 HTTP/1.1 to file
[Tue Jun 18 16:48:23.033832 2024] [core:error] [pid 516:tid 21008] (20024)The given path is misformatted or contained invalid characters: [client 47.128.55.125:51914] AH00127: Cannot map GET /BLA/resoluciones/AUTOS%202021/%27%20.%20get_edit_post_link(%20$post-%3E%20%20%20ID%20)%20.%20%27 HTTP/1.1 to file
[Tue Jun 18 16:48:39.086261 2024] [core:error] [pid 516:tid 21176] (20024)The given path is misformatted or contained invalid characters: [client 47.128.41.11:31398] AH00127: Cannot map GET /BLA/resoluciones/AUTOS%202021/%27%20.%20get_month_link($next-%3Eyear,%20$next-%3Emonth)%20.%20%27 HTTP/1.1 to file
[Tue Jun 18 16:55:09.367746 2024] [cgi:error] [pid 516:tid 21052] [client 185.191.127.212:49206] script not found or unable to stat: E:/nuevo/cgi-bin/luci
[Tue Jun 18 17:07:40.571465 2024] [core:error] [pid 516:tid 21176] (20024)The given path is misformatted or contained invalid characters: [client 47.128.99.118:38258] AH00127: Cannot map GET /BLA/resoluciones/AUTOS%202021/%22%20.%20esc_url(%20get_admin_url(%20$user_blog-%3Euserblog_id%20)%20)%20.%20%22 HTTP/1.1 to file
[Tue Jun 18 17:07:56.577094 2024] [core:error] [pid 516:tid 21176] (20024)The given path is misformatted or contained invalid characters: [client 47.128.37.98:26098] AH00127: Cannot map GET /BLA/resoluciones/AUTOS%202021/%27%20.%20esc_url(%20get_category_link(%20$category-%3E%20%20%20term_id%20)%20)%20.%20%27 HTTP/1.1 to file
[Tue Jun 18 17:12:59.763626 2024] [mpm_winnt:warn] [pid 516:tid 21824] (OS 64)The specified network name is no longer available.  : AH00341: winnt_accept: Asynchronous AcceptEx failed.
[Tue Jun 18 17:13:48.997313 2024] [core:error] [pid 516:tid 20832] (20024)The given path is misformatted or contained invalid characters: [client 47.128.115.24:54672] AH00127: Cannot map GET /BLA/resoluciones/AUTOS%202021/%27%20.%20esc_url(%20get_term_feed_link(%20$category-%3E%20%20%20term_id,%20$category-%3E%20%20%20taxonomy,%20$args[%27feed_type%27]%20)%20)%20.%20%27 HTTP/1.1 to file
[Tue Jun 18 17:24:26.944833 2024] [mpm_winnt:warn] [pid 516:tid 21824] (OS 64)The specified network name is no longer available.  : AH00341: winnt_accept: Asynchronous AcceptEx failed.
[Tue Jun 18 17:39:04.962175 2024] [core:error] [pid 516:tid 20832] (20024)The given path is misformatted or contained invalid characters: [client 47.128.61.3:26664] AH00127: Cannot map GET /BLA/resoluciones/AUTOS%202021/%27%20.%20$GLOBALS[%27cfg%27][%27DefaultTabDatabase%27]%20%20%20%20%20%20%20%20.%20PMA_URL_getCommon(%20%20%20%20%20%20%20%20%20%20%20%20array(%20%20%20%20%20%20%20%20%20%20%20%20%20%20%20%20%27db%27%20=%3E%20$url_dbname,%20%20%20%20%20%20%20%20%20%20%20%20%20%20%20%20%27reload%27%20=%3E%201%20%20%20%20%20%20%20%20%20%20%20%20)%20%20%20%20%20%20%20%20)%20%20%20%20%20%20%20%20.%20%27 HTTP/1.1 to file
[Tue Jun 18 17:39:20.921003 2024] [core:error] [pid 516:tid 20832] (20024)The given path is misformatted or contained invalid characters: [client 47.128.113.11:55752] AH00127: Cannot map GET /BLA/resoluciones/AUTOS%202021/%27%20%20%20%20%20.%20$GLOBALS[%27cfg%27][%27DefaultTabTable%27]%20%20%20%20%20.%20PMA_URL_getCommon(%20%20%20%20%20array(%20%20%20%20%20%27db%27%20=%3E%20%20%20%20$url_dbname,%20%20%20%20%20%27table%27%20=%3E%20%20%20%20$tablename,%20%20%20%20%20%27reload%27%20=%3E%20%20%20%201,%20%20%20%20%20)%20%20%20%20%20)%20%20%20%20%20.%20%27 HTTP/1.1 to file
[Tue Jun 18 17:39:36.895431 2024] [core:error] [pid 516:tid 20832] (20024)The given path is misformatted or contained invalid characters: [client 47.128.20.126:12504] AH00127: Cannot map GET /BLA/resoluciones/AUTOS%202021/server_privileges.php%27%20%20%20%20%20%20%20%20%20%20%20%20.%20PMA_URL_getCommon(%20%20%20%20%20%20%20%20%20%20%20%20%20%20%20%20array(%20%20%20%20%20%20%20%20%20%20%20%20%20%20%20%20%20%20%20%20%27adduser%27%20=%3E%201,%20%20%20%20%20%20%20%20%20%20%20%20%20%20%20%20%20%20%20%20%27dbname%27%20=%3E%20$db,%20%20%20%20%20%20%20%20%20%20%20%20%20%20%20%20)%20%20%20%20%20%20%20%20%20%20%20%20)%20%20%20%20%20%20%20%20%20%20%20%20.%20%27 HTTP/1.1 to file
[Tue Jun 18 17:39:40.280637 2024] [mpm_winnt:warn] [pid 516:tid 21824] (OS 64)The specified network name is no longer available.  : AH00341: winnt_accept: Asynchronous AcceptEx failed.
[Tue Jun 18 17:40:01.481075 2024] [mpm_winnt:warn] [pid 516:tid 21824] (OS 64)The specified network name is no longer available.  : AH00341: winnt_accept: Asynchronous AcceptEx failed.
[Tue Jun 18 17:40:01.481075 2024] [mpm_winnt:warn] [pid 516:tid 21824] (OS 64)The specified network name is no longer available.  : AH00341: winnt_accept: Asynchronous AcceptEx failed.
[Tue Jun 18 17:40:01.481075 2024] [mpm_winnt:warn] [pid 516:tid 21824] (OS 64)The specified network name is no longer available.  : AH00341: winnt_accept: Asynchronous AcceptEx failed.
[Tue Jun 18 17:40:01.481075 2024] [mpm_winnt:warn] [pid 516:tid 21824] (OS 64)The specified network name is no longer available.  : AH00341: winnt_accept: Asynchronous AcceptEx failed.
[Tue Jun 18 17:40:01.481075 2024] [mpm_winnt:warn] [pid 516:tid 21824] (OS 64)The specified network name is no longer available.  : AH00341: winnt_accept: Asynchronous AcceptEx failed.
[Tue Jun 18 17:40:01.481075 2024] [mpm_winnt:warn] [pid 516:tid 21824] (OS 64)The specified network name is no longer available.  : AH00341: winnt_accept: Asynchronous AcceptEx failed.
[Tue Jun 18 17:40:01.481075 2024] [mpm_winnt:warn] [pid 516:tid 21824] (OS 64)The specified network name is no longer available.  : AH00341: winnt_accept: Asynchronous AcceptEx failed.
[Tue Jun 18 17:40:01.481075 2024] [mpm_winnt:warn] [pid 516:tid 21824] (OS 64)The specified network name is no longer available.  : AH00341: winnt_accept: Asynchronous AcceptEx failed.
[Tue Jun 18 17:40:01.481075 2024] [mpm_winnt:warn] [pid 516:tid 21824] (OS 64)The specified network name is no longer available.  : AH00341: winnt_accept: Asynchronous AcceptEx failed.
[Tue Jun 18 17:40:01.481075 2024] [mpm_winnt:warn] [pid 516:tid 21824] (OS 64)The specified network name is no longer available.  : AH00341: winnt_accept: Asynchronous AcceptEx failed.
[Tue Jun 18 17:40:01.481075 2024] [mpm_winnt:warn] [pid 516:tid 21824] (OS 64)The specified network name is no longer available.  : AH00341: winnt_accept: Asynchronous AcceptEx failed.
[Tue Jun 18 17:40:01.481075 2024] [mpm_winnt:warn] [pid 516:tid 21824] (OS 64)The specified network name is no longer available.  : AH00341: winnt_accept: Asynchronous AcceptEx failed.
[Tue Jun 18 17:40:01.481075 2024] [mpm_winnt:warn] [pid 516:tid 21824] (OS 64)The specified network name is no longer available.  : AH00341: winnt_accept: Asynchronous AcceptEx failed.
[Tue Jun 18 17:40:01.481075 2024] [mpm_winnt:warn] [pid 516:tid 21824] (OS 64)The specified network name is no longer available.  : AH00341: winnt_accept: Asynchronous AcceptEx failed.
[Tue Jun 18 17:40:01.481075 2024] [mpm_winnt:warn] [pid 516:tid 21824] (OS 64)The specified network name is no longer available.  : AH00341: winnt_accept: Asynchronous AcceptEx failed.
[Tue Jun 18 17:40:01.481075 2024] [mpm_winnt:warn] [pid 516:tid 21824] (OS 64)The specified network name is no longer available.  : AH00341: winnt_accept: Asynchronous AcceptEx failed.
[Tue Jun 18 17:40:01.481075 2024] [mpm_winnt:warn] [pid 516:tid 21824] (OS 64)The specified network name is no longer available.  : AH00341: winnt_accept: Asynchronous AcceptEx failed.
[Tue Jun 18 17:40:01.481075 2024] [mpm_winnt:warn] [pid 516:tid 21824] (OS 64)The specified network name is no longer available.  : AH00341: winnt_accept: Asynchronous AcceptEx failed.
[Tue Jun 18 17:40:01.481075 2024] [mpm_winnt:warn] [pid 516:tid 21824] (OS 64)The specified network name is no longer available.  : AH00341: winnt_accept: Asynchronous AcceptEx failed.
[Tue Jun 18 17:40:01.481075 2024] [mpm_winnt:warn] [pid 516:tid 21824] (OS 64)The specified network name is no longer available.  : AH00341: winnt_accept: Asynchronous AcceptEx failed.
[Tue Jun 18 17:40:01.481075 2024] [mpm_winnt:warn] [pid 516:tid 21824] (OS 64)The specified network name is no longer available.  : AH00341: winnt_accept: Asynchronous AcceptEx failed.
[Tue Jun 18 17:40:01.481075 2024] [mpm_winnt:warn] [pid 516:tid 21824] (OS 64)The specified network name is no longer available.  : AH00341: winnt_accept: Asynchronous AcceptEx failed.
[Tue Jun 18 17:40:01.481075 2024] [mpm_winnt:warn] [pid 516:tid 21824] (OS 64)The specified network name is no longer available.  : AH00341: winnt_accept: Asynchronous AcceptEx failed.
[Tue Jun 18 17:40:01.481075 2024] [mpm_winnt:warn] [pid 516:tid 21824] (OS 64)The specified network name is no longer available.  : AH00341: winnt_accept: Asynchronous AcceptEx failed.
[Tue Jun 18 17:40:01.481075 2024] [mpm_winnt:warn] [pid 516:tid 21824] (OS 64)The specified network name is no longer available.  : AH00341: winnt_accept: Asynchronous AcceptEx failed.
[Tue Jun 18 17:40:01.481075 2024] [mpm_winnt:warn] [pid 516:tid 21824] (OS 64)The specified network name is no longer available.  : AH00341: winnt_accept: Asynchronous AcceptEx failed.
[Tue Jun 18 17:40:01.481075 2024] [mpm_winnt:warn] [pid 516:tid 21824] (OS 64)The specified network name is no longer available.  : AH00341: winnt_accept: Asynchronous AcceptEx failed.
[Tue Jun 18 17:40:01.481075 2024] [mpm_winnt:warn] [pid 516:tid 21824] (OS 64)The specified network name is no longer available.  : AH00341: winnt_accept: Asynchronous AcceptEx failed.
[Tue Jun 18 17:40:01.481075 2024] [mpm_winnt:warn] [pid 516:tid 21824] (OS 64)The specified network name is no longer available.  : AH00341: winnt_accept: Asynchronous AcceptEx failed.
[Tue Jun 18 17:40:01.481075 2024] [mpm_winnt:warn] [pid 516:tid 21824] (OS 64)The specified network name is no longer available.  : AH00341: winnt_accept: Asynchronous AcceptEx failed.
[Tue Jun 18 17:40:01.481075 2024] [mpm_winnt:warn] [pid 516:tid 21824] (OS 64)The specified network name is no longer available.  : AH00341: winnt_accept: Asynchronous AcceptEx failed.
[Tue Jun 18 17:40:01.481075 2024] [mpm_winnt:warn] [pid 516:tid 21824] (OS 64)The specified network name is no longer available.  : AH00341: winnt_accept: Asynchronous AcceptEx failed.
[Tue Jun 18 17:40:01.481075 2024] [mpm_winnt:warn] [pid 516:tid 21824] (OS 64)The specified network name is no longer available.  : AH00341: winnt_accept: Asynchronous AcceptEx failed.
[Tue Jun 18 17:40:01.481075 2024] [mpm_winnt:warn] [pid 516:tid 21824] (OS 64)The specified network name is no longer available.  : AH00341: winnt_accept: Asynchronous AcceptEx failed.
[Tue Jun 18 17:40:01.481075 2024] [mpm_winnt:warn] [pid 516:tid 21824] (OS 64)The specified network name is no longer available.  : AH00341: winnt_accept: Asynchronous AcceptEx failed.
[Tue Jun 18 17:40:01.481075 2024] [mpm_winnt:warn] [pid 516:tid 21824] (OS 64)The specified network name is no longer available.  : AH00341: winnt_accept: Asynchronous AcceptEx failed.
[Tue Jun 18 17:40:01.481075 2024] [mpm_winnt:warn] [pid 516:tid 21824] (OS 64)The specified network name is no longer available.  : AH00341: winnt_accept: Asynchronous AcceptEx failed.
[Tue Jun 18 17:40:01.481075 2024] [mpm_winnt:warn] [pid 516:tid 21824] (OS 64)The specified network name is no longer available.  : AH00341: winnt_accept: Asynchronous AcceptEx failed.
[Tue Jun 18 17:40:01.481075 2024] [mpm_winnt:warn] [pid 516:tid 21824] (OS 64)The specified network name is no longer available.  : AH00341: winnt_accept: Asynchronous AcceptEx failed.
[Tue Jun 18 17:40:01.481075 2024] [mpm_winnt:warn] [pid 516:tid 21824] (OS 64)The specified network name is no longer available.  : AH00341: winnt_accept: Asynchronous AcceptEx failed.
[Tue Jun 18 17:40:01.481075 2024] [mpm_winnt:warn] [pid 516:tid 21824] (OS 64)The specified network name is no longer available.  : AH00341: winnt_accept: Asynchronous AcceptEx failed.
[Tue Jun 18 17:40:01.481075 2024] [mpm_winnt:warn] [pid 516:tid 21824] (OS 64)The specified network name is no longer available.  : AH00341: winnt_accept: Asynchronous AcceptEx failed.
[Tue Jun 18 17:40:01.481075 2024] [mpm_winnt:warn] [pid 516:tid 21824] (OS 64)The specified network name is no longer available.  : AH00341: winnt_accept: Asynchronous AcceptEx failed.
[Tue Jun 18 17:40:22.619112 2024] [mpm_winnt:warn] [pid 516:tid 21824] (OS 64)The specified network name is no longer available.  : AH00341: winnt_accept: Asynchronous AcceptEx failed.
[Tue Jun 18 17:40:22.619112 2024] [mpm_winnt:warn] [pid 516:tid 21824] (OS 64)The specified network name is no longer available.  : AH00341: winnt_accept: Asynchronous AcceptEx failed.
[Tue Jun 18 17:40:22.619112 2024] [mpm_winnt:warn] [pid 516:tid 21824] (OS 64)The specified network name is no longer available.  : AH00341: winnt_accept: Asynchronous AcceptEx failed.
[Tue Jun 18 17:40:22.619112 2024] [mpm_winnt:warn] [pid 516:tid 21824] (OS 64)The specified network name is no longer available.  : AH00341: winnt_accept: Asynchronous AcceptEx failed.
[Tue Jun 18 17:40:22.619112 2024] [mpm_winnt:warn] [pid 516:tid 21824] (OS 64)The specified network name is no longer available.  : AH00341: winnt_accept: Asynchronous AcceptEx failed.
[Tue Jun 18 17:40:22.619112 2024] [mpm_winnt:warn] [pid 516:tid 21824] (OS 64)The specified network name is no longer available.  : AH00341: winnt_accept: Asynchronous AcceptEx failed.
[Tue Jun 18 17:40:22.619112 2024] [mpm_winnt:warn] [pid 516:tid 21824] (OS 64)The specified network name is no longer available.  : AH00341: winnt_accept: Asynchronous AcceptEx failed.
[Tue Jun 18 17:40:22.619112 2024] [mpm_winnt:warn] [pid 516:tid 21824] (OS 64)The specified network name is no longer available.  : AH00341: winnt_accept: Asynchronous AcceptEx failed.
[Tue Jun 18 17:40:22.619112 2024] [mpm_winnt:warn] [pid 516:tid 21824] (OS 64)The specified network name is no longer available.  : AH00341: winnt_accept: Asynchronous AcceptEx failed.
[Tue Jun 18 17:40:22.619112 2024] [mpm_winnt:warn] [pid 516:tid 21824] (OS 64)The specified network name is no longer available.  : AH00341: winnt_accept: Asynchronous AcceptEx failed.
[Tue Jun 18 17:40:22.619112 2024] [mpm_winnt:warn] [pid 516:tid 21824] (OS 64)The specified network name is no longer available.  : AH00341: winnt_accept: Asynchronous AcceptEx failed.
[Tue Jun 18 17:40:22.619112 2024] [mpm_winnt:warn] [pid 516:tid 21824] (OS 64)The specified network name is no longer available.  : AH00341: winnt_accept: Asynchronous AcceptEx failed.
[Tue Jun 18 17:40:22.619112 2024] [mpm_winnt:warn] [pid 516:tid 21824] (OS 64)The specified network name is no longer available.  : AH00341: winnt_accept: Asynchronous AcceptEx failed.
[Tue Jun 18 17:40:22.619112 2024] [mpm_winnt:warn] [pid 516:tid 21824] (OS 64)The specified network name is no longer available.  : AH00341: winnt_accept: Asynchronous AcceptEx failed.
[Tue Jun 18 17:40:22.619112 2024] [mpm_winnt:warn] [pid 516:tid 21824] (OS 64)The specified network name is no longer available.  : AH00341: winnt_accept: Asynchronous AcceptEx failed.
[Tue Jun 18 17:40:22.619112 2024] [mpm_winnt:warn] [pid 516:tid 21824] (OS 64)The specified network name is no longer available.  : AH00341: winnt_accept: Asynchronous AcceptEx failed.
[Tue Jun 18 17:40:22.619112 2024] [mpm_winnt:warn] [pid 516:tid 21824] (OS 64)The specified network name is no longer available.  : AH00341: winnt_accept: Asynchronous AcceptEx failed.
[Tue Jun 18 17:40:22.619112 2024] [mpm_winnt:warn] [pid 516:tid 21824] (OS 64)The specified network name is no longer available.  : AH00341: winnt_accept: Asynchronous AcceptEx failed.
[Tue Jun 18 17:40:22.619112 2024] [mpm_winnt:warn] [pid 516:tid 21824] (OS 64)The specified network name is no longer available.  : AH00341: winnt_accept: Asynchronous AcceptEx failed.
[Tue Jun 18 17:40:22.619112 2024] [mpm_winnt:warn] [pid 516:tid 21824] (OS 64)The specified network name is no longer available.  : AH00341: winnt_accept: Asynchronous AcceptEx failed.
[Tue Jun 18 17:40:22.619112 2024] [mpm_winnt:warn] [pid 516:tid 21824] (OS 64)The specified network name is no longer available.  : AH00341: winnt_accept: Asynchronous AcceptEx failed.
[Tue Jun 18 17:40:22.619112 2024] [mpm_winnt:warn] [pid 516:tid 21824] (OS 64)The specified network name is no longer available.  : AH00341: winnt_accept: Asynchronous AcceptEx failed.
[Tue Jun 18 17:40:22.619112 2024] [mpm_winnt:warn] [pid 516:tid 21824] (OS 64)The specified network name is no longer available.  : AH00341: winnt_accept: Asynchronous AcceptEx failed.
[Tue Jun 18 17:40:22.619112 2024] [mpm_winnt:warn] [pid 516:tid 21824] (OS 64)The specified network name is no longer available.  : AH00341: winnt_accept: Asynchronous AcceptEx failed.
[Tue Jun 18 17:40:22.619112 2024] [mpm_winnt:warn] [pid 516:tid 21824] (OS 64)The specified network name is no longer available.  : AH00341: winnt_accept: Asynchronous AcceptEx failed.
[Tue Jun 18 17:40:22.619112 2024] [mpm_winnt:warn] [pid 516:tid 21824] (OS 64)The specified network name is no longer available.  : AH00341: winnt_accept: Asynchronous AcceptEx failed.
[Tue Jun 18 17:40:22.619112 2024] [mpm_winnt:warn] [pid 516:tid 21824] (OS 64)The specified network name is no longer available.  : AH00341: winnt_accept: Asynchronous AcceptEx failed.
[Tue Jun 18 17:40:22.619112 2024] [mpm_winnt:warn] [pid 516:tid 21824] (OS 64)The specified network name is no longer available.  : AH00341: winnt_accept: Asynchronous AcceptEx failed.
[Tue Jun 18 17:40:22.619112 2024] [mpm_winnt:warn] [pid 516:tid 21824] (OS 64)The specified network name is no longer available.  : AH00341: winnt_accept: Asynchronous AcceptEx failed.
[Tue Jun 18 17:40:22.619112 2024] [mpm_winnt:warn] [pid 516:tid 21824] (OS 64)The specified network name is no longer available.  : AH00341: winnt_accept: Asynchronous AcceptEx failed.
[Tue Jun 18 17:40:22.619112 2024] [mpm_winnt:warn] [pid 516:tid 21824] (OS 64)The specified network name is no longer available.  : AH00341: winnt_accept: Asynchronous AcceptEx failed.
[Tue Jun 18 17:40:22.619112 2024] [mpm_winnt:warn] [pid 516:tid 21824] (OS 64)The specified network name is no longer available.  : AH00341: winnt_accept: Asynchronous AcceptEx failed.
[Tue Jun 18 17:40:22.619112 2024] [mpm_winnt:warn] [pid 516:tid 21824] (OS 64)The specified network name is no longer available.  : AH00341: winnt_accept: Asynchronous AcceptEx failed.
[Tue Jun 18 17:40:22.619112 2024] [mpm_winnt:warn] [pid 516:tid 21824] (OS 64)The specified network name is no longer available.  : AH00341: winnt_accept: Asynchronous AcceptEx failed.
[Tue Jun 18 17:40:22.619112 2024] [mpm_winnt:warn] [pid 516:tid 21824] (OS 64)The specified network name is no longer available.  : AH00341: winnt_accept: Asynchronous AcceptEx failed.
[Tue Jun 18 17:40:22.619112 2024] [mpm_winnt:warn] [pid 516:tid 21824] (OS 64)The specified network name is no longer available.  : AH00341: winnt_accept: Asynchronous AcceptEx failed.
[Tue Jun 18 17:40:22.619112 2024] [mpm_winnt:warn] [pid 516:tid 21824] (OS 64)The specified network name is no longer available.  : AH00341: winnt_accept: Asynchronous AcceptEx failed.
[Tue Jun 18 17:40:22.619112 2024] [mpm_winnt:warn] [pid 516:tid 21824] (OS 64)The specified network name is no longer available.  : AH00341: winnt_accept: Asynchronous AcceptEx failed.
[Tue Jun 18 17:40:22.619112 2024] [mpm_winnt:warn] [pid 516:tid 21824] (OS 64)The specified network name is no longer available.  : AH00341: winnt_accept: Asynchronous AcceptEx failed.
[Tue Jun 18 17:40:22.619112 2024] [mpm_winnt:warn] [pid 516:tid 21824] (OS 64)The specified network name is no longer available.  : AH00341: winnt_accept: Asynchronous AcceptEx failed.
[Tue Jun 18 17:40:22.619112 2024] [mpm_winnt:warn] [pid 516:tid 21824] (OS 64)The specified network name is no longer available.  : AH00341: winnt_accept: Asynchronous AcceptEx failed.
[Tue Jun 18 17:40:22.619112 2024] [mpm_winnt:warn] [pid 516:tid 21824] (OS 64)The specified network name is no longer available.  : AH00341: winnt_accept: Asynchronous AcceptEx failed.
[Tue Jun 18 17:40:22.619112 2024] [mpm_winnt:warn] [pid 516:tid 21824] (OS 64)The specified network name is no longer available.  : AH00341: winnt_accept: Asynchronous AcceptEx failed.
[Tue Jun 18 17:40:22.619112 2024] [mpm_winnt:warn] [pid 516:tid 21824] (OS 64)The specified network name is no longer available.  : AH00341: winnt_accept: Asynchronous AcceptEx failed.
[Tue Jun 18 17:40:22.619112 2024] [mpm_winnt:warn] [pid 516:tid 21824] (OS 64)The specified network name is no longer available.  : AH00341: winnt_accept: Asynchronous AcceptEx failed.
[Tue Jun 18 17:40:22.619112 2024] [mpm_winnt:warn] [pid 516:tid 21824] (OS 64)The specified network name is no longer available.  : AH00341: winnt_accept: Asynchronous AcceptEx failed.
[Tue Jun 18 17:40:22.619112 2024] [mpm_winnt:warn] [pid 516:tid 21824] (OS 64)The specified network name is no longer available.  : AH00341: winnt_accept: Asynchronous AcceptEx failed.
[Tue Jun 18 17:40:22.619112 2024] [mpm_winnt:warn] [pid 516:tid 21824] (OS 64)The specified network name is no longer available.  : AH00341: winnt_accept: Asynchronous AcceptEx failed.
[Tue Jun 18 17:40:22.977912 2024] [mpm_winnt:warn] [pid 516:tid 21824] (OS 64)The specified network name is no longer available.  : AH00341: winnt_accept: Asynchronous AcceptEx failed.
[Tue Jun 18 17:40:23.102713 2024] [mpm_winnt:warn] [pid 516:tid 21824] (OS 64)The specified network name is no longer available.  : AH00341: winnt_accept: Asynchronous AcceptEx failed.
[Tue Jun 18 17:40:23.243113 2024] [mpm_winnt:warn] [pid 516:tid 21824] (OS 64)The specified network name is no longer available.  : AH00341: winnt_accept: Asynchronous AcceptEx failed.
[Tue Jun 18 17:40:25.863917 2024] [core:error] [pid 516:tid 20832] (20024)The given path is misformatted or contained invalid characters: [client 47.128.30.43:61612] AH00127: Cannot map GET /BLA/resoluciones/AUTOS%202021/%27%20.%20$logo_link;%20%20%20%20%20switch%20($GLOBALS[%27cfg%27][%27NavigationLogoLinkWindow%27])%20%7B%20%20%20%20%20case%20%27new%27:%20%20%20%20%20$retval%20.=%20%27 HTTP/1.1 to file
[Tue Jun 18 17:40:44.537150 2024] [mpm_winnt:warn] [pid 516:tid 21824] (OS 64)The specified network name is no longer available.  : AH00341: winnt_accept: Asynchronous AcceptEx failed.
[Tue Jun 18 17:40:44.537150 2024] [mpm_winnt:warn] [pid 516:tid 21824] (OS 64)The specified network name is no longer available.  : AH00341: winnt_accept: Asynchronous AcceptEx failed.
[Tue Jun 18 17:40:44.537150 2024] [mpm_winnt:warn] [pid 516:tid 21824] (OS 64)The specified network name is no longer available.  : AH00341: winnt_accept: Asynchronous AcceptEx failed.
[Tue Jun 18 17:40:44.537150 2024] [mpm_winnt:warn] [pid 516:tid 21824] (OS 64)The specified network name is no longer available.  : AH00341: winnt_accept: Asynchronous AcceptEx failed.
[Tue Jun 18 17:40:44.537150 2024] [mpm_winnt:warn] [pid 516:tid 21824] (OS 64)The specified network name is no longer available.  : AH00341: winnt_accept: Asynchronous AcceptEx failed.
