[Mon Jun 24 12:44:30.540488 2024] [authz_core:error] [pid 2184:tid 21312] [client 83.212.170.84:39676] AH01630: client denied by server configuration: E:/nuevo/htdocs/phpMyAdmin-5.2.0-all-languages
[Mon Jun 24 12:44:32.272092 2024] [authz_core:error] [pid 2184:tid 21396] [client 83.212.170.84:39944] AH01630: client denied by server configuration: E:/nuevo/htdocs/phpMyAdmin-5.1.0
[Mon Jun 24 12:44:34.471695 2024] [authz_core:error] [pid 2184:tid 21464] [client 83.212.170.84:40258] AH01630: client denied by server configuration: E:/nuevo/htdocs/phpMyAdmin-5.2.0
[Mon Jun 24 12:44:37.950501 2024] [authz_core:error] [pid 2184:tid 21128] [client 83.212.170.84:40756] AH01630: client denied by server configuration: E:/nuevo/htdocs/phpmyadmin_
[Mon Jun 24 12:44:39.260904 2024] [authz_core:error] [pid 2184:tid 21456] [client 83.212.170.84:40948] AH01630: client denied by server configuration: E:/nuevo/htdocs/phpMyAdmin
[Mon Jun 24 12:44:40.134505 2024] [authz_core:error] [pid 2184:tid 21080] [client 83.212.170.84:41058] AH01630: client denied by server configuration: E:/nuevo/htdocs/phpMyAdmin-3
[Mon Jun 24 12:44:41.008107 2024] [authz_core:error] [pid 2184:tid 21424] [client 83.212.170.84:41170] AH01630: client denied by server configuration: E:/nuevo/htdocs/phpMyAdmin-5.1.2
[Mon Jun 24 12:44:41.881708 2024] [authz_core:error] [pid 2184:tid 21296] [client 83.212.170.84:41322] AH01630: client denied by server configuration: E:/nuevo/htdocs/phpMyAdmin5.2
[Mon Jun 24 12:44:45.812915 2024] [authz_core:error] [pid 2184:tid 21360] [client 83.212.170.84:41822] AH01630: client denied by server configuration: E:/nuevo/htdocs/phpMyAdmin-4.9.10-all-languages
[Mon Jun 24 12:44:47.591318 2024] [authz_core:error] [pid 2184:tid 21120] [client 83.212.170.84:42056] AH01630: client denied by server configuration: E:/nuevo/phpMyAdmin/index.php
[Mon Jun 24 12:44:48.886121 2024] [authz_core:error] [pid 2184:tid 21148] [client 83.212.170.84:42222] AH01630: client denied by server configuration: E:/nuevo/htdocs/phpMyAdmin-latest-english
[Mon Jun 24 12:44:49.322921 2024] [authz_core:error] [pid 2184:tid 21100] [client 83.212.170.84:42264] AH01630: client denied by server configuration: E:/nuevo/htdocs/phpMyAdmin4
[Mon Jun 24 12:44:49.759722 2024] [authz_core:error] [pid 2184:tid 21176] [client 83.212.170.84:42324] AH01630: client denied by server configuration: E:/nuevo/htdocs/phpmyadmin2017
[Mon Jun 24 12:44:50.633324 2024] [authz_core:error] [pid 2184:tid 21200] [client 83.212.170.84:42456] AH01630: client denied by server configuration: E:/nuevo/htdocs/phpMyAdmin6.0
[Mon Jun 24 12:44:52.817328 2024] [authz_core:error] [pid 2184:tid 21184] [client 83.212.170.84:42746] AH01630: client denied by server configuration: E:/nuevo/htdocs/phpMyAdmin6
[Mon Jun 24 12:44:53.254128 2024] [authz_core:error] [pid 2184:tid 21160] [client 83.212.170.84:42806] AH01630: client denied by server configuration: E:/nuevo/htdocs/phpMyAdmin-5.2
[Mon Jun 24 12:44:53.690929 2024] [authz_core:error] [pid 2184:tid 21128] [client 83.212.170.84:42862] AH01630: client denied by server configuration: E:/nuevo/htdocs/phpMyAdmin5
[Mon Jun 24 12:44:54.143330 2024] [authz_core:error] [pid 2184:tid 21140] [client 83.212.170.84:42920] AH01630: client denied by server configuration: E:/nuevo/htdocs/phpmyadmin2022
[Mon Jun 24 12:44:55.438132 2024] [authz_core:error] [pid 2184:tid 21376] [client 83.212.170.84:43060] AH01630: client denied by server configuration: E:/nuevo/htdocs/phpMyAdmin3
[Mon Jun 24 12:44:55.874933 2024] [authz_core:error] [pid 2184:tid 21080] [client 83.212.170.84:43110] AH01630: client denied by server configuration: E:/nuevo/htdocs/phpmyadmin3
[Mon Jun 24 12:44:56.748534 2024] [authz_core:error] [pid 2184:tid 21424] [client 83.212.170.84:43266] AH01630: client denied by server configuration: E:/nuevo/htdocs/phpmyadmin6
[Mon Jun 24 12:44:57.622136 2024] [authz_core:error] [pid 2184:tid 21296] [client 83.212.170.84:43356] AH01630: client denied by server configuration: E:/nuevo/htdocs/phpmyadmin2020
[Mon Jun 24 12:44:58.495738 2024] [authz_core:error] [pid 2184:tid 21240] [client 83.212.170.84:43444] AH01630: client denied by server configuration: E:/nuevo/htdocs/phpmyadmin2018
[Mon Jun 24 12:45:01.147742 2024] [authz_core:error] [pid 2184:tid 21392] [client 83.212.170.84:43772] AH01630: client denied by server configuration: E:/nuevo/htdocs/phpmyadmin2019
[Mon Jun 24 12:45:02.005744 2024] [authz_core:error] [pid 2184:tid 21108] [client 83.212.170.84:43898] AH01630: client denied by server configuration: E:/nuevo/htdocs/phpmyadmin2
[Mon Jun 24 12:45:05.500150 2024] [authz_core:error] [pid 2184:tid 21100] [client 83.212.170.84:44360] AH01630: client denied by server configuration: E:/nuevo/htdocs/phpMyAdmin-5.1.1
[Mon Jun 24 12:45:08.120954 2024] [authz_core:error] [pid 2184:tid 21208] [client 83.212.170.84:44724] AH01630: client denied by server configuration: E:/nuevo/htdocs/phpMyAdmin-latest-all-languages
[Mon Jun 24 12:45:08.994556 2024] [authz_core:error] [pid 2184:tid 21160] [client 83.212.170.84:44854] AH01630: client denied by server configuration: E:/nuevo/htdocs/phpMyAdmin5.1
[Mon Jun 24 12:45:09.431357 2024] [authz_core:error] [pid 2184:tid 21128] [client 83.212.170.84:44906] AH01630: client denied by server configuration: E:/nuevo/htdocs/phpMyAdmin_
[Mon Jun 24 12:45:11.615361 2024] [authz_core:error] [pid 2184:tid 21256] [client 83.212.170.84:45216] AH01630: client denied by server configuration: E:/nuevo/htdocs/phpMyAdmin-4
[Mon Jun 24 12:45:12.488962 2024] [authz_core:error] [pid 2184:tid 21424] [client 83.212.170.84:45358] AH01630: client denied by server configuration: E:/nuevo/htdocs/phpMyAdmin-5.2.1-english
[Mon Jun 24 12:45:13.799364 2024] [authz_core:error] [pid 2184:tid 21248] [client 83.212.170.84:45520] AH01630: client denied by server configuration: E:/nuevo/htdocs/phpMyAdmin1
[Mon Jun 24 12:45:15.546568 2024] [authz_core:error] [pid 2184:tid 21088] [client 83.212.170.84:45784] AH01630: client denied by server configuration: E:/nuevo/htdocs/phpmyadmin5
[Mon Jun 24 12:45:16.856970 2024] [authz_core:error] [pid 2184:tid 21260] [client 83.212.170.84:45982] AH01630: client denied by server configuration: E:/nuevo/htdocs/phpMyAdmin2
[Mon Jun 24 12:45:17.278171 2024] [authz_core:error] [pid 2184:tid 21392] [client 83.212.170.84:46042] AH01630: client denied by server configuration: E:/nuevo/htdocs/phpMyAdmin-5.2.1-all-languages
[Mon Jun 24 12:45:17.714971 2024] [authz_core:error] [pid 2184:tid 21360] [client 83.212.170.84:46114] AH01630: client denied by server configuration: E:/nuevo/htdocs/phpMyAdmin-latest
[Mon Jun 24 12:45:18.151772 2024] [authz_core:error] [pid 2184:tid 21108] [client 83.212.170.84:46182] AH01630: client denied by server configuration: E:/nuevo/htdocs/phpmyadmin4
[Mon Jun 24 12:45:19.462174 2024] [authz_core:error] [pid 2184:tid 21408] [client 83.212.170.84:46346] AH01630: client denied by server configuration: E:/nuevo/htdocs/phpmyAdmin
[Mon Jun 24 12:45:20.772577 2024] [authz_core:error] [pid 2184:tid 21416] [client 83.212.170.84:46550] AH01630: client denied by server configuration: E:/nuevo/htdocs/phpMyadmin
[Mon Jun 24 12:45:21.646178 2024] [authz_core:error] [pid 2184:tid 21100] [client 83.212.170.84:46694] AH01630: client denied by server configuration: E:/nuevo/htdocs/phpMyAdmin-5.1.3
[Mon Jun 24 12:45:22.082979 2024] [authz_core:error] [pid 2184:tid 21176] [client 83.212.170.84:46764] AH01630: client denied by server configuration: E:/nuevo/htdocs/phpMyAdmin-4.9.7
[Mon Jun 24 12:51:09.027588 2024] [mpm_winnt:warn] [pid 2184:tid 21664] (OS 64)The specified network name is no longer available.  : AH00341: winnt_accept: Asynchronous AcceptEx failed.
[Mon Jun 24 12:53:56.681083 2024] [mpm_winnt:warn] [pid 2184:tid 21664] (OS 64)The specified network name is no longer available.  : AH00341: winnt_accept: Asynchronous AcceptEx failed.
[Mon Jun 24 13:09:40.981941 2024] [mpm_winnt:warn] [pid 2184:tid 21664] (OS 64)The specified network name is no longer available.  : AH00341: winnt_accept: Asynchronous AcceptEx failed.
[Mon Jun 24 13:31:02.274592 2024] [mpm_winnt:warn] [pid 2184:tid 21664] (OS 64)The specified network name is no longer available.  : AH00341: winnt_accept: Asynchronous AcceptEx failed.
[Mon Jun 24 13:39:08.948647 2024] [cgi:error] [pid 2184:tid 21360] [client 185.191.127.212:48164] script not found or unable to stat: E:/nuevo/cgi-bin/luci
[Mon Jun 24 13:58:38.685501 2024] [cgi:error] [pid 2184:tid 21096] [client 141.98.83.197:49710] script not found or unable to stat: E:/nuevo/cgi-bin/luci
[Mon Jun 24 13:58:39.106702 2024] [cgi:error] [pid 2184:tid 21216] [client 141.98.83.197:49716] script not found or unable to stat: E:/nuevo/cgi-bin/luci
[Mon Jun 24 14:01:22.672989 2024] [mpm_winnt:warn] [pid 2184:tid 21664] (OS 64)The specified network name is no longer available.  : AH00341: winnt_accept: Asynchronous AcceptEx failed.
[Mon Jun 24 14:10:11.357918 2024] [proxy:error] [pid 2184:tid 21108] (OS 10060)A connection attempt failed because the connected party did not properly respond after a period of time, or established connection failed because connected host has failed to respond.  : AH00957: HTTP: attempt to connect to 172.22.1.43:7778 (172.22.1.43) failed
[Mon Jun 24 14:10:11.357918 2024] [proxy:error] [pid 2184:tid 21108] AH00959: ap_proxy_connect_backend disabling worker for (172.22.1.43) for 60s
[Mon Jun 24 14:10:11.357918 2024] [proxy_http:error] [pid 2184:tid 21108] [client 201.245.192.253:54061] AH01114: HTTP: failed to make connection to backend: 172.22.1.43
[Mon Jun 24 14:10:23.011138 2024] [proxy:error] [pid 2184:tid 21080] (OS 10060)A connection attempt failed because the connected party did not properly respond after a period of time, or established connection failed because connected host has failed to respond.  : AH00957: HTTP: attempt to connect to 172.22.1.43:7778 (172.22.1.43) failed
[Mon Jun 24 14:10:23.011138 2024] [proxy_http:error] [pid 2184:tid 21080] [client 201.245.192.253:54062] AH01114: HTTP: failed to make connection to backend: 172.22.1.43
[Mon Jun 24 14:12:35.704971 2024] [proxy:error] [pid 2184:tid 21408] (OS 10060)A connection attempt failed because the connected party did not properly respond after a period of time, or established connection failed because connected host has failed to respond.  : AH00957: HTTP: attempt to connect to 172.22.1.43:7778 (172.22.1.43) failed
[Mon Jun 24 14:12:35.704971 2024] [proxy:error] [pid 2184:tid 21408] AH00959: ap_proxy_connect_backend disabling worker for (172.22.1.43) for 60s
[Mon Jun 24 14:12:35.704971 2024] [proxy_http:error] [pid 2184:tid 21408] [client 201.245.192.253:54071] AH01114: HTTP: failed to make connection to backend: 172.22.1.43
[Mon Jun 24 14:17:01.981839 2024] [mpm_winnt:warn] [pid 2184:tid 21664] (OS 64)The specified network name is no longer available.  : AH00341: winnt_accept: Asynchronous AcceptEx failed.
[Mon Jun 24 14:31:54.038206 2024] [core:error] [pid 2184:tid 21080] (20024)The given path is misformatted or contained invalid characters: [client 156.59.198.136:59260] AH00127: Cannot map GET /BLA/resoluciones/AUTOS%202021/%3C?php%20echo%20$theme[%27screenshot%27][0];%20?%3E HTTP/1.0 to file
[Mon Jun 24 14:43:59.501880 2024] [authz_core:error] [pid 2184:tid 21408] [client 47.128.116.3:53940] AH01630: client denied by server configuration: E:/nuevo/webalizer/, referer: http://190.27.245.106/BLA/resoluciones/AUTOS%202021/0245.php?act=f&d=E%3A%5Cnuevo%5Chtdocs%5Cxampp%5C&f=webalizer.php&ft=phpsess
[Mon Jun 24 14:51:22.963859 2024] [mpm_winnt:warn] [pid 2184:tid 21664] (OS 64)The specified network name is no longer available.  : AH00341: winnt_accept: Asynchronous AcceptEx failed.
[Mon Jun 24 14:51:28.782669 2024] [cgi:error] [pid 2184:tid 21096] [client 45.148.10.174:53720] script not found or unable to stat: E:/nuevo/cgi-bin/luci
[Mon Jun 24 14:51:29.687471 2024] [cgi:error] [pid 2184:tid 21448] [client 45.148.10.174:53726] script not found or unable to stat: E:/nuevo/cgi-bin/luci
[Mon Jun 24 14:59:09.326678 2024] [core:error] [pid 2184:tid 21448] (20024)The given path is misformatted or contained invalid characters: [client 156.59.198.135:48970] AH00127: Cannot map GET /BLA/resoluciones/AUTOS%202021/'%20.%20esc_url(%20$data-%3Eurl%20)%20.%20' HTTP/1.0 to file
[Mon Jun 24 15:19:43.008045 2024] [cgi:error] [pid 2184:tid 21296] [client 185.191.127.212:53328] script not found or unable to stat: E:/nuevo/cgi-bin/luci
[Mon Jun 24 15:59:09.329401 2024] [mpm_winnt:warn] [pid 2184:tid 21664] (OS 64)The specified network name is no longer available.  : AH00341: winnt_accept: Asynchronous AcceptEx failed.
[Mon Jun 24 16:01:06.813208 2024] [cgi:error] [pid 2184:tid 21096] [client 185.191.127.212:50986] script not found or unable to stat: E:/nuevo/cgi-bin/luci
[Mon Jun 24 16:11:31.438305 2024] [mpm_winnt:warn] [pid 2184:tid 21664] (OS 64)The specified network name is no longer available.  : AH00341: winnt_accept: Asynchronous AcceptEx failed.
[Mon Jun 24 16:13:26.597707 2024] [mpm_winnt:warn] [pid 2184:tid 21664] (OS 64)The specified network name is no longer available.  : AH00341: winnt_accept: Asynchronous AcceptEx failed.
[Mon Jun 24 16:13:32.759718 2024] [mpm_winnt:warn] [pid 2184:tid 21664] (OS 64)The specified network name is no longer available.  : AH00341: winnt_accept: Asynchronous AcceptEx failed.
[Mon Jun 24 16:14:05.504175 2024] [mpm_winnt:warn] [pid 2184:tid 21664] (OS 64)The specified network name is no longer available.  : AH00341: winnt_accept: Asynchronous AcceptEx failed.
[Mon Jun 24 16:33:53.898663 2024] [mpm_winnt:warn] [pid 2184:tid 21664] (OS 64)The specified network name is no longer available.  : AH00341: winnt_accept: Asynchronous AcceptEx failed.
[Mon Jun 24 16:34:26.268719 2024] [mpm_winnt:warn] [pid 2184:tid 21664] (OS 64)The specified network name is no longer available.  : AH00341: winnt_accept: Asynchronous AcceptEx failed.
[Mon Jun 24 16:43:36.918487 2024] [mpm_winnt:warn] [pid 2184:tid 21664] (OS 64)The specified network name is no longer available.  : AH00341: winnt_accept: Asynchronous AcceptEx failed.
[Mon Jun 24 16:57:53.344391 2024] [cgi:error] [pid 2184:tid 21176] [client 185.191.127.212:36404] script not found or unable to stat: E:/nuevo/cgi-bin/luci
[Mon Jun 24 17:25:52.125739 2024] [cgi:error] [pid 2184:tid 21160] [client 141.98.83.197:35218] script not found or unable to stat: E:/nuevo/cgi-bin/luci
[Mon Jun 24 17:25:52.546940 2024] [cgi:error] [pid 2184:tid 21272] [client 141.98.83.197:35238] script not found or unable to stat: E:/nuevo/cgi-bin/luci
[Mon Jun 24 17:48:57.891773 2024] [mpm_winnt:warn] [pid 2184:tid 21664] (OS 64)The specified network name is no longer available.  : AH00341: winnt_accept: Asynchronous AcceptEx failed.
[Mon Jun 24 18:21:42.122423 2024] [mpm_winnt:warn] [pid 2184:tid 21664] (OS 64)The specified network name is no longer available.  : AH00341: winnt_accept: Asynchronous AcceptEx failed.
[Mon Jun 24 18:24:49.728353 2024] [core:error] [pid 2184:tid 21240] [client 154.211.12.182:33118] AH00126: Invalid URI in request POST /cgi-bin/.%2e/.%2e/.%2e/.%2e/.%2e/.%2e/.%2e/.%2e/.%2e/.%2e/bin/sh HTTP/1.1
[Mon Jun 24 18:32:43.064384 2024] [mpm_winnt:warn] [pid 2184:tid 21664] (OS 64)The specified network name is no longer available.  : AH00341: winnt_accept: Asynchronous AcceptEx failed.
[Mon Jun 24 18:48:00.423996 2024] [cgi:error] [pid 2184:tid 21360] [client 141.98.83.197:56122] script not found or unable to stat: E:/nuevo/cgi-bin/luci
[Mon Jun 24 18:48:00.845196 2024] [cgi:error] [pid 2184:tid 21272] [client 141.98.83.197:40324] script not found or unable to stat: E:/nuevo/cgi-bin/luci
[Mon Jun 24 18:50:27.844254 2024] [cgi:error] [pid 2184:tid 21100] [client 185.191.127.212:48104] script not found or unable to stat: E:/nuevo/cgi-bin/luci
[Mon Jun 24 19:14:15.371562 2024] [mpm_winnt:warn] [pid 2184:tid 21664] (OS 64)The specified network name is no longer available.  : AH00341: winnt_accept: Asynchronous AcceptEx failed.
[Mon Jun 24 19:41:47.461263 2024] [cgi:error] [pid 2184:tid 21360] [client 45.148.10.174:35792] script not found or unable to stat: E:/nuevo/cgi-bin/luci
[Mon Jun 24 19:41:47.835664 2024] [cgi:error] [pid 2184:tid 21296] [client 45.148.10.174:35804] script not found or unable to stat: E:/nuevo/cgi-bin/luci
[Mon Jun 24 19:47:46.605094 2024] [mpm_winnt:warn] [pid 2184:tid 21664] (OS 64)The specified network name is no longer available.  : AH00341: winnt_accept: Asynchronous AcceptEx failed.
[Mon Jun 24 19:50:29.750181 2024] [mpm_winnt:warn] [pid 2184:tid 21664] (OS 64)The specified network name is no longer available.  : AH00341: winnt_accept: Asynchronous AcceptEx failed.
[Mon Jun 24 19:50:33.338187 2024] [mpm_winnt:warn] [pid 2184:tid 21664] (OS 64)The specified network name is no longer available.  : AH00341: winnt_accept: Asynchronous AcceptEx failed.
[Mon Jun 24 19:54:23.922192 2024] [mpm_winnt:warn] [pid 2184:tid 21664] (OS 64)The specified network name is no longer available.  : AH00341: winnt_accept: Asynchronous AcceptEx failed.
[Mon Jun 24 19:54:27.447798 2024] [mpm_winnt:warn] [pid 2184:tid 21664] (OS 64)The specified network name is no longer available.  : AH00341: winnt_accept: Asynchronous AcceptEx failed.
[Mon Jun 24 20:03:43.635575 2024] [cgi:error] [pid 2184:tid 21108] [client 185.191.127.212:50906] script not found or unable to stat: E:/nuevo/cgi-bin/luci
[Mon Jun 24 20:06:01.243417 2024] [cgi:error] [pid 2184:tid 21296] [client 141.98.83.197:42950] script not found or unable to stat: E:/nuevo/cgi-bin/luci
[Mon Jun 24 20:06:01.664618 2024] [cgi:error] [pid 2184:tid 21272] [client 141.98.83.197:42972] script not found or unable to stat: E:/nuevo/cgi-bin/luci
[Mon Jun 24 20:12:36.282911 2024] [cgi:error] [pid 2184:tid 21100] [client 45.148.10.174:52896] script not found or unable to stat: E:/nuevo/cgi-bin/luci
[Mon Jun 24 20:12:36.626111 2024] [cgi:error] [pid 2184:tid 21360] [client 45.148.10.174:52910] script not found or unable to stat: E:/nuevo/cgi-bin/luci
[Mon Jun 24 20:23:02.702011 2024] [mpm_winnt:warn] [pid 2184:tid 21664] (OS 64)The specified network name is no longer available.  : AH00341: winnt_accept: Asynchronous AcceptEx failed.
[Mon Jun 24 20:27:39.805298 2024] [cgi:error] [pid 2184:tid 21260] [client 185.191.127.212:42830] script not found or unable to stat: E:/nuevo/cgi-bin/luci
[Mon Jun 24 20:37:46.287563 2024] [cgi:error] [pid 2184:tid 21392] [client 141.98.83.197:56118] script not found or unable to stat: E:/nuevo/cgi-bin/luci
[Mon Jun 24 20:37:46.693164 2024] [cgi:error] [pid 2184:tid 21160] [client 141.98.83.197:56126] script not found or unable to stat: E:/nuevo/cgi-bin/luci
[Mon Jun 24 21:03:28.350271 2024] [mpm_winnt:warn] [pid 2184:tid 21664] (OS 64)The specified network name is no longer available.  : AH00341: winnt_accept: Asynchronous AcceptEx failed.
[Mon Jun 24 21:09:51.798945 2024] [mpm_winnt:warn] [pid 2184:tid 21664] (OS 64)The specified network name is no longer available.  : AH00341: winnt_accept: Asynchronous AcceptEx failed.
[Mon Jun 24 21:24:53.683329 2024] [core:error] [pid 2184:tid 21360] [client 185.91.69.110:55484] AH00135: Invalid method in request {"id":1,"method":"eth_submitLogin","worker":"igwrcvap","params":["0xf2178c18bdc5239c0e358bf073b5f4b2ec245ab1","x"],"jsonrpc":"2.0"}
[Mon Jun 24 21:25:11.264560 2024] [core:error] [pid 2184:tid 21416] [client 185.91.69.110:45854] AH00126: Invalid URI in request GET stager64 HTTP/1.1
[Mon Jun 24 21:53:59.419995 2024] [cgi:error] [pid 2184:tid 21100] [client 141.98.83.197:36262] script not found or unable to stat: E:/nuevo/cgi-bin/luci
[Mon Jun 24 21:58:30.657672 2024] [cgi:error] [pid 2184:tid 21428] [client 185.191.127.212:32806] script not found or unable to stat: E:/nuevo/cgi-bin/luci
[Mon Jun 24 22:16:11.927536 2024] [mpm_winnt:warn] [pid 2184:tid 21664] (OS 64)The specified network name is no longer available.  : AH00341: winnt_accept: Asynchronous AcceptEx failed.
[Mon Jun 24 22:33:46.333388 2024] [cgi:error] [pid 2184:tid 21396] [client 185.191.127.212:33434] script not found or unable to stat: E:/nuevo/cgi-bin/luci
[Mon Jun 24 22:40:49.218930 2024] [mpm_winnt:warn] [pid 2184:tid 21664] (OS 64)The specified network name is no longer available.  : AH00341: winnt_accept: Asynchronous AcceptEx failed.
[Mon Jun 24 22:49:32.521850 2024] [mpm_winnt:warn] [pid 2184:tid 21664] (OS 64)The specified network name is no longer available.  : AH00341: winnt_accept: Asynchronous AcceptEx failed.
[Mon Jun 24 22:50:14.860324 2024] [cgi:error] [pid 2184:tid 21360] [client 45.148.10.174:37434] script not found or unable to stat: E:/nuevo/cgi-bin/luci
[Mon Jun 24 23:18:28.492899 2024] [cgi:error] [pid 2184:tid 21360] [client 45.148.10.174:33180] script not found or unable to stat: E:/nuevo/cgi-bin/luci
[Mon Jun 24 23:18:28.851699 2024] [cgi:error] [pid 2184:tid 21160] [client 45.148.10.174:33196] script not found or unable to stat: E:/nuevo/cgi-bin/luci
[Mon Jun 24 23:25:43.094062 2024] [mpm_winnt:warn] [pid 2184:tid 21664] (OS 64)The specified network name is no longer available.  : AH00341: winnt_accept: Asynchronous AcceptEx failed.
[Mon Jun 24 23:25:47.181269 2024] [mpm_winnt:warn] [pid 2184:tid 21664] (OS 64)The specified network name is no longer available.  : AH00341: winnt_accept: Asynchronous AcceptEx failed.
[Mon Jun 24 23:29:39.247277 2024] [cgi:error] [pid 2184:tid 21296] [client 141.98.83.197:55124] script not found or unable to stat: E:/nuevo/cgi-bin/luci
[Mon Jun 24 23:29:39.668477 2024] [cgi:error] [pid 2184:tid 21416] [client 141.98.83.197:55140] script not found or unable to stat: E:/nuevo/cgi-bin/luci
[Mon Jun 24 23:33:03.482835 2024] [cgi:error] [pid 2184:tid 21096] [client 185.191.127.212:44730] script not found or unable to stat: E:/nuevo/cgi-bin/luci

:: Command execute ::

Enter:
 
Select:
 

:: Search ::
regexp 

:: Upload ::
 
[ ok ]

:: Make Dir ::
 
[ ok ]
:: Make File ::
 
[ ok ]

:: Go Dir ::
 
:: Go File ::
 

--[ c99shell v. 1.0 pre-release build #13 powered by Captain Crunch Security Team | http://ccteam.ru | Generation time: 0.0468 ]--