[Sat Jul 04 17:25:47.406418 2015] [:error] [pid 6976:tid 1816] [client 181.134.91.148:48937] script 'E:/nuevo/htdocs/images/index.php' not found or unable to stat
[Sat Jul 04 17:25:50.604424 2015] [:error] [pid 6976:tid 1816] [client 181.134.91.148:49319] script 'E:/nuevo/htdocs/css/index.php' not found or unable to stat
[Sat Jul 04 17:25:52.008426 2015] [:error] [pid 6976:tid 1480] [client 181.134.91.148:56897] script 'E:/nuevo/htdocs/css/index.php' not found or unable to stat
[Sat Jul 04 17:25:53.209629 2015] [:error] [pid 6976:tid 1716] [client 181.134.91.148:52652] script 'E:/nuevo/htdocs/index.php' not found or unable to stat
[Sat Jul 04 17:25:59.246839 2015] [:error] [pid 6976:tid 1480] [client 181.134.91.148:46689] script 'E:/nuevo/htdocs/index.php' not found or unable to stat
[Sat Jul 04 17:26:02.304445 2015] [:error] [pid 6976:tid 1384] [client 181.134.91.148:52310] script 'E:/nuevo/htdocs/images/index.php' not found or unable to stat
[Sat Jul 04 17:26:06.095251 2015] [:error] [pid 6976:tid 1620] [client 181.134.91.148:50341] script 'E:/nuevo/htdocs/images/index.php' not found or unable to stat
[Sat Jul 04 17:26:08.513255 2015] [:error] [pid 6976:tid 1364] [client 181.134.91.148:60548] script 'E:/nuevo/htdocs/images/index.php' not found or unable to stat
[Sat Jul 04 17:26:09.386857 2015] [:error] [pid 6976:tid 1384] [client 181.134.91.148:55932] script 'E:/nuevo/htdocs/css/index.php' not found or unable to stat
[Sat Jul 04 17:26:10.166858 2015] [:error] [pid 6976:tid 1336] [client 181.134.91.148:41464] script 'E:/nuevo/htdocs/images/index.php' not found or unable to stat
[Sat Jul 04 17:26:12.538063 2015] [:error] [pid 6976:tid 1336] [client 181.134.91.148:51555] script 'E:/nuevo/htdocs/css/index.php' not found or unable to stat
[Sat Jul 04 17:26:14.909267 2015] [:error] [pid 6976:tid 1336] [client 181.134.91.148:54260] script 'E:/nuevo/htdocs/css/index.php' not found or unable to stat
[Sat Jul 04 17:26:16.516069 2015] [:error] [pid 6976:tid 1384] [client 181.134.91.148:41313] script 'E:/nuevo/htdocs/index.php' not found or unable to stat
[Sat Jul 04 17:26:16.968470 2015] [:error] [pid 6976:tid 1336] [client 181.134.91.148:33280] script 'E:/nuevo/htdocs/css/index.php' not found or unable to stat
[Sat Jul 04 17:26:17.514471 2015] [:error] [pid 6976:tid 1480] [client 181.134.91.148:52551] script 'E:/nuevo/htdocs/images/jobs.php' not found or unable to stat
[Sat Jul 04 17:26:18.372473 2015] [:error] [pid 6976:tid 1304] [client 181.134.91.148:61039] script 'E:/nuevo/htdocs/index.php' not found or unable to stat
[Sat Jul 04 17:26:18.731273 2015] [:error] [pid 6976:tid 1336] [client 181.134.91.148:42018] script 'E:/nuevo/htdocs/index.php' not found or unable to stat
[Sat Jul 04 17:26:19.136874 2015] [:error] [pid 6976:tid 1304] [client 181.134.91.148:61039] script 'E:/nuevo/htdocs/images/index.php' not found or unable to stat
[Sat Jul 04 17:26:19.308474 2015] [:error] [pid 6976:tid 1364] [client 181.134.91.148:46336] script 'E:/nuevo/htdocs/images/jobs.php' not found or unable to stat
[Sat Jul 04 17:26:19.604875 2015] [:error] [pid 6976:tid 1304] [client 181.134.91.148:61039] script 'E:/nuevo/htdocs/css/index.php' not found or unable to stat
[Sat Jul 04 17:26:19.870075 2015] [:error] [pid 6976:tid 1716] [client 181.134.91.148:43606] script 'E:/nuevo/htdocs/index.php' not found or unable to stat
[Sat Jul 04 17:26:19.979276 2015] [:error] [pid 6976:tid 1304] [client 181.134.91.148:61039] script 'E:/nuevo/htdocs/index.php' not found or unable to stat
[Sat Jul 04 17:26:20.213276 2015] [:error] [pid 6976:tid 1716] [client 181.134.91.148:43606] script 'E:/nuevo/htdocs/images/index.php' not found or unable to stat
[Sat Jul 04 17:26:20.525277 2015] [:error] [pid 6976:tid 1716] [client 181.134.91.148:43606] script 'E:/nuevo/htdocs/css/index.php' not found or unable to stat
[Sat Jul 04 17:26:20.774877 2015] [:error] [pid 6976:tid 1716] [client 181.134.91.148:43606] script 'E:/nuevo/htdocs/index.php' not found or unable to stat
[Sat Jul 04 17:26:20.868477 2015] [:error] [pid 6976:tid 1480] [client 181.134.91.148:41059] script 'E:/nuevo/htdocs/index.php' not found or unable to stat
[Sat Jul 04 17:26:21.055677 2015] [:error] [pid 6976:tid 1816] [client 181.134.91.148:35338] script 'E:/nuevo/htdocs/images/jobs.php' not found or unable to stat
[Sat Jul 04 17:26:23.068081 2015] [:error] [pid 6976:tid 1304] [client 181.134.91.148:48383] script 'E:/nuevo/htdocs/index.php' not found or unable to stat
[Sat Jul 04 17:26:23.114881 2015] [:error] [pid 6976:tid 1816] [client 181.134.91.148:53990] script 'E:/nuevo/htdocs/css/jobs.php' not found or unable to stat
[Sat Jul 04 17:26:25.096085 2015] [:error] [pid 6976:tid 1480] [client 181.134.91.148:58706] script 'E:/nuevo/htdocs/css/jobs.php' not found or unable to stat
[Sat Jul 04 17:26:27.311288 2015] [:error] [pid 6976:tid 1816] [client 181.134.91.148:44486] script 'E:/nuevo/htdocs/css/jobs.php' not found or unable to stat
[Sat Jul 04 17:26:29.027291 2015] [:error] [pid 6976:tid 1384] [client 181.134.91.148:49270] script 'E:/nuevo/htdocs/jobs.php' not found or unable to stat
[Sat Jul 04 17:26:31.445296 2015] [:error] [pid 6976:tid 1816] [client 181.134.91.148:59411] script 'E:/nuevo/htdocs/jobs.php' not found or unable to stat
[Sat Jul 04 17:26:33.332899 2015] [:error] [pid 6976:tid 1608] [client 181.134.91.148:54556] script 'E:/nuevo/htdocs/jobs.php' not found or unable to stat
[Sat Jul 04 17:26:35.657303 2015] [:error] [pid 6976:tid 1384] [client 181.134.91.148:57582] script 'E:/nuevo/htdocs/dataface_info.php' not found or unable to stat
[Sat Jul 04 17:26:36.094104 2015] [:error] [pid 6976:tid 1384] [client 181.134.91.148:57582] script 'E:/nuevo/htdocs/images/dataface_info.php' not found or unable to stat
[Sat Jul 04 17:26:36.530905 2015] [:error] [pid 6976:tid 1384] [client 181.134.91.148:57582] script 'E:/nuevo/htdocs/css/dataface_info.php' not found or unable to stat
[Sat Jul 04 17:26:36.811705 2015] [:error] [pid 6976:tid 1384] [client 181.134.91.148:57582] script 'E:/nuevo/htdocs/dataface_info.php' not found or unable to stat
[Sat Jul 04 17:26:37.685307 2015] [:error] [pid 6976:tid 1816] [client 181.134.91.148:37625] script 'E:/nuevo/htdocs/images/viewstory.php' not found or unable to stat
[Sat Jul 04 17:26:39.682110 2015] [:error] [pid 6976:tid 1816] [client 181.134.91.148:41868] script 'E:/nuevo/htdocs/css/viewstory.php' not found or unable to stat
[Sat Jul 04 17:26:41.710114 2015] [:error] [pid 6976:tid 1816] [client 181.134.91.148:51992] script 'E:/nuevo/htdocs/viewstory.php' not found or unable to stat
[Sat Jul 04 17:26:46.093721 2015] [:error] [pid 6976:tid 1336] [client 181.134.91.148:59706] script 'E:/nuevo/htdocs/images/index.php' not found or unable to stat
[Sat Jul 04 17:26:48.402525 2015] [:error] [pid 6976:tid 1584] [client 181.134.91.148:56051] script 'E:/nuevo/htdocs/images/index.php' not found or unable to stat
[Sat Jul 04 17:26:49.010927 2015] [:error] [pid 6976:tid 1336] [client 181.134.91.148:47800] script 'E:/nuevo/htdocs/images/index.php' not found or unable to stat
[Sat Jul 04 17:26:49.494527 2015] [:error] [pid 6976:tid 1336] [client 181.134.91.148:47800] script 'E:/nuevo/htdocs/css/index.php' not found or unable to stat
[Sat Jul 04 17:26:50.118529 2015] [:error] [pid 6976:tid 1336] [client 181.134.91.148:47800] script 'E:/nuevo/htdocs/index.php' not found or unable to stat
[Sat Jul 04 17:26:50.726930 2015] [:error] [pid 6976:tid 1608] [client 181.134.91.148:54343] script 'E:/nuevo/htdocs/images/index.php' not found or unable to stat
[Sat Jul 04 17:26:52.567733 2015] [:error] [pid 6976:tid 1608] [client 181.134.91.148:45112] script 'E:/nuevo/htdocs/css/index.php' not found or unable to stat
[Sat Jul 04 17:26:52.832933 2015] [:error] [pid 6976:tid 1336] [client 181.134.91.148:52957] script 'E:/nuevo/htdocs/index.php' not found or unable to stat
[Sat Jul 04 17:26:53.098134 2015] [:error] [pid 6976:tid 1336] [client 181.134.91.148:52957] script 'E:/nuevo/htdocs/images/index.php' not found or unable to stat
[Sat Jul 04 17:26:53.456934 2015] [:error] [pid 6976:tid 1336] [client 181.134.91.148:52957] script 'E:/nuevo/htdocs/css/index.php' not found or unable to stat
[Sat Jul 04 17:26:53.768935 2015] [:error] [pid 6976:tid 1336] [client 181.134.91.148:52957] script 'E:/nuevo/htdocs/index.php' not found or unable to stat
[Sat Jul 04 17:26:54.845337 2015] [:error] [pid 6976:tid 1584] [client 181.134.91.148:40850] script 'E:/nuevo/htdocs/css/index.php' not found or unable to stat
[Sat Jul 04 17:26:55.360138 2015] [:error] [pid 6976:tid 1408] [client 181.134.91.148:48845] script 'E:/nuevo/htdocs/images/index.php' not found or unable to stat
[Sat Jul 04 17:26:56.717340 2015] [:error] [pid 6976:tid 1584] [client 181.134.91.148:45955] script 'E:/nuevo/htdocs/css/index.php' not found or unable to stat
[Sat Jul 04 17:26:57.575342 2015] [:error] [pid 6976:tid 1408] [client 181.134.91.148:60629] script 'E:/nuevo/htdocs/images/index.php' not found or unable to stat
[Sat Jul 04 17:26:58.417743 2015] [:error] [pid 6976:tid 1608] [client 181.134.91.148:42881] script 'E:/nuevo/htdocs/index.php' not found or unable to stat
[Sat Jul 04 17:26:59.322545 2015] [:error] [pid 6976:tid 1480] [client 181.134.91.148:49970] script 'E:/nuevo/htdocs/images/index.php' not found or unable to stat
[Sat Jul 04 17:27:00.086946 2015] [:error] [pid 6976:tid 1608] [client 181.134.91.148:33391] script 'E:/nuevo/htdocs/index.php' not found or unable to stat
[Sat Jul 04 17:27:01.054148 2015] [:error] [pid 6976:tid 1408] [client 181.134.91.148:36151] script 'E:/nuevo/htdocs/css/index.php' not found or unable to stat
[Sat Jul 04 17:27:01.990149 2015] [:error] [pid 6976:tid 1608] [client 181.134.91.148:41012] script 'E:/nuevo/htdocs/index.php' not found or unable to stat
[Sat Jul 04 17:27:02.333350 2015] [:error] [pid 6976:tid 1336] [client 181.134.91.148:37714] script 'E:/nuevo/htdocs/images/sitemap.php' not found or unable to stat
[Sat Jul 04 17:27:02.926151 2015] [:error] [pid 6976:tid 1408] [client 181.134.91.148:39337] script 'E:/nuevo/htdocs/css/index.php' not found or unable to stat
[Sat Jul 04 17:27:03.300552 2015] [:error] [pid 6976:tid 1356] [client 181.134.91.148:37278] script 'E:/nuevo/htdocs/bb_admin.php' not found or unable to stat
[Sat Jul 04 17:27:04.158553 2015] [:error] [pid 6976:tid 1356] [client 181.134.91.148:37278] script 'E:/nuevo/htdocs/images/bb_admin.php' not found or unable to stat
[Sat Jul 04 17:27:04.189753 2015] [:error] [pid 6976:tid 1336] [client 181.134.91.148:45865] script 'E:/nuevo/htdocs/css/sitemap.php' not found or unable to stat
[Sat Jul 04 17:27:04.517354 2015] [:error] [pid 6976:tid 1716] [client 181.134.91.148:49813] script 'E:/nuevo/htdocs/css/index.php' not found or unable to stat
[Sat Jul 04 17:27:04.595354 2015] [:error] [pid 6976:tid 1356] [client 181.134.91.148:37278] script 'E:/nuevo/htdocs/css/bb_admin.php' not found or unable to stat
[Sat Jul 04 17:27:04.922955 2015] [:error] [pid 6976:tid 1356] [client 181.134.91.148:37278] script 'E:/nuevo/htdocs/bb_admin.php' not found or unable to stat
[Sat Jul 04 17:27:06.030556 2015] [:error] [pid 6976:tid 1336] [client 181.134.91.148:57156] script 'E:/nuevo/htdocs/sitemap.php' not found or unable to stat
[Sat Jul 04 17:27:06.467357 2015] [:error] [pid 6976:tid 1408] [client 181.134.91.148:46068] script 'E:/nuevo/htdocs/index.php' not found or unable to stat
[Sat Jul 04 17:27:07.871360 2015] [:error] [pid 6976:tid 1608] [client 181.134.91.148:50211] script 'E:/nuevo/htdocs/imagesindex.php' not found or unable to stat
[Sat Jul 04 17:27:08.198960 2015] [:error] [pid 6976:tid 1608] [client 181.134.91.148:50211] script 'E:/nuevo/htdocs/cssindex.php' not found or unable to stat
[Sat Jul 04 17:27:08.510961 2015] [:error] [pid 6976:tid 1716] [client 181.134.91.148:37828] script 'E:/nuevo/htdocs/index.php' not found or unable to stat
[Sat Jul 04 17:27:08.542161 2015] [core:error] [pid 6976:tid 1608] [client 181.134.91.148:50211] AH00126: Invalid URI in request GET index.php HTTP/1.1
[Sat Jul 04 17:27:10.133364 2015] [:error] [pid 6976:tid 1716] [client 181.134.91.148:35030] script 'E:/nuevo/htdocs/index.php' not found or unable to stat
[Sat Jul 04 17:27:20.148581 2015] [:error] [pid 6976:tid 1420] [client 181.134.91.148:58318] script 'E:/nuevo/htdocs/index.php' not found or unable to stat
[Sat Jul 04 17:27:22.145385 2015] [:error] [pid 6976:tid 1420] [client 181.134.91.148:58318] script 'E:/nuevo/htdocs/images/index.php' not found or unable to stat
[Sat Jul 04 17:27:22.457385 2015] [:error] [pid 6976:tid 1420] [client 181.134.91.148:58318] script 'E:/nuevo/htdocs/css/index.php' not found or unable to stat
[Sat Jul 04 17:27:22.878586 2015] [:error] [pid 6976:tid 1420] [client 181.134.91.148:58318] script 'E:/nuevo/htdocs/index.php' not found or unable to stat
[Sat Jul 04 17:27:23.096986 2015] [:error] [pid 6976:tid 1480] [client 181.134.91.148:52423] script 'E:/nuevo/htdocs/index.php' not found or unable to stat
[Sat Jul 04 17:27:24.032988 2015] [:error] [pid 6976:tid 1480] [client 181.134.91.148:52423] script 'E:/nuevo/htdocs/images/index.php' not found or unable to stat
[Sat Jul 04 17:27:24.438589 2015] [:error] [pid 6976:tid 1480] [client 181.134.91.148:52423] script 'E:/nuevo/htdocs/css/index.php' not found or unable to stat
[Sat Jul 04 17:27:24.734989 2015] [:error] [pid 6976:tid 1480] [client 181.134.91.148:52423] script 'E:/nuevo/htdocs/index.php' not found or unable to stat
[Sat Jul 04 17:27:24.953390 2015] [:error] [pid 6976:tid 1408] [client 181.134.91.148:58138] script 'E:/nuevo/htdocs/index.php' not found or unable to stat
[Sat Jul 04 17:27:25.889391 2015] [:error] [pid 6976:tid 1408] [client 181.134.91.148:58138] script 'E:/nuevo/htdocs/images/index.php' not found or unable to stat
[Sat Jul 04 17:27:26.279392 2015] [:error] [pid 6976:tid 1408] [client 181.134.91.148:58138] script 'E:/nuevo/htdocs/css/index.php' not found or unable to stat
[Sat Jul 04 17:27:26.653793 2015] [:error] [pid 6976:tid 1408] [client 181.134.91.148:58138] script 'E:/nuevo/htdocs/index.php' not found or unable to stat
[Sat Jul 04 17:27:29.820598 2015] [cgi:error] [pid 6976:tid 1556] [client 181.134.91.148:37165] script not found or unable to stat: E:/nuevo/htdocs/wonderdesk.cgi
[Sat Jul 04 17:27:30.647400 2015] [cgi:error] [pid 6976:tid 1556] [client 181.134.91.148:37165] script not found or unable to stat: E:/nuevo/htdocs/images/wonderdesk.cgi
[Sat Jul 04 17:27:30.865800 2015] [cgi:error] [pid 6976:tid 1556] [client 181.134.91.148:37165] script not found or unable to stat: E:/nuevo/htdocs/css/wonderdesk.cgi
[Sat Jul 04 17:27:31.193401 2015] [cgi:error] [pid 6976:tid 1556] [client 181.134.91.148:37165] script not found or unable to stat: E:/nuevo/htdocs/wonderdesk.cgi
[Sat Jul 04 17:27:32.347803 2015] [:error] [pid 6976:tid 1608] [client 181.134.91.148:51932] script 'E:/nuevo/htdocs/index.php' not found or unable to stat
[Sat Jul 04 17:27:33.673805 2015] [:error] [pid 6976:tid 1608] [client 181.134.91.148:51932] script 'E:/nuevo/htdocs/images/index.php' not found or unable to stat
[Sat Jul 04 17:27:33.954606 2015] [:error] [pid 6976:tid 1608] [client 181.134.91.148:51932] script 'E:/nuevo/htdocs/css/index.php' not found or unable to stat
[Sat Jul 04 17:27:34.204206 2015] [:error] [pid 6976:tid 1608] [client 181.134.91.148:51932] script 'E:/nuevo/htdocs/index.php' not found or unable to stat
[Sat Jul 04 17:27:34.641007 2015] [:error] [pid 6976:tid 1704] [client 181.134.91.148:46755] script 'E:/nuevo/htdocs/index.php' not found or unable to stat
[Sat Jul 04 17:27:36.185409 2015] [:error] [pid 6976:tid 1704] [client 181.134.91.148:46755] script 'E:/nuevo/htdocs/images/index.php' not found or unable to stat
[Sat Jul 04 17:27:36.669010 2015] [:error] [pid 6976:tid 1704] [client 181.134.91.148:46755] script 'E:/nuevo/htdocs/css/index.php' not found or unable to stat
[Sat Jul 04 17:27:37.105811 2015] [:error] [pid 6976:tid 1408] [client 181.134.91.148:39305] script 'E:/nuevo/htdocs/index.php' not found or unable to stat
[Sat Jul 04 17:27:37.137011 2015] [:error] [pid 6976:tid 1704] [client 181.134.91.148:46755] script 'E:/nuevo/htdocs/index.php' not found or unable to stat
[Sat Jul 04 17:27:42.706221 2015] [:error] [pid 6976:tid 1796] [client 181.134.91.148:43868] script 'E:/nuevo/htdocs/index.php' not found or unable to stat
[Sat Jul 04 17:27:43.767023 2015] [:error] [pid 6976:tid 1796] [client 181.134.91.148:43868] script 'E:/nuevo/htdocs/images/index.php' not found or unable to stat
[Sat Jul 04 17:27:44.094623 2015] [:error] [pid 6976:tid 1796] [client 181.134.91.148:43868] script 'E:/nuevo/htdocs/css/index.php' not found or unable to stat
[Sat Jul 04 17:27:44.469024 2015] [:error] [pid 6976:tid 1796] [client 181.134.91.148:43868] script 'E:/nuevo/htdocs/index.php' not found or unable to stat
[Sat Jul 04 17:27:46.653028 2015] [:error] [pid 6976:tid 1620] [client 181.134.91.148:43725] script 'E:/nuevo/htdocs/images/index.php' not found or unable to stat
[Sat Jul 04 17:27:48.649831 2015] [:error] [pid 6976:tid 1620] [client 181.134.91.148:51978] script 'E:/nuevo/htdocs/css/index.php' not found or unable to stat
[Sat Jul 04 17:27:50.568635 2015] [cgi:error] [pid 6976:tid 1408] [client 181.134.91.148:40712] script not found or unable to stat: E:/nuevo/htdocs/flsummary.pl
[Sat Jul 04 17:27:50.631035 2015] [:error] [pid 6976:tid 1620] [client 181.134.91.148:51824] script 'E:/nuevo/htdocs/index.php' not found or unable to stat
[Sat Jul 04 17:27:51.847837 2015] [cgi:error] [pid 6976:tid 1408] [client 181.134.91.148:40712] script not found or unable to stat: E:/nuevo/htdocs/images/flsummary.pl
[Sat Jul 04 17:27:52.159837 2015] [cgi:error] [pid 6976:tid 1408] [client 181.134.91.148:40712] script not found or unable to stat: E:/nuevo/htdocs/css/flsummary.pl
[Sat Jul 04 17:27:52.581038 2015] [cgi:error] [pid 6976:tid 1408] [client 181.134.91.148:40712] script not found or unable to stat: E:/nuevo/htdocs/flsummary.pl
[Sat Jul 04 17:27:55.357843 2015] [:error] [pid 6976:tid 1408] [client 181.134.91.148:49378] script 'E:/nuevo/htdocs/index.php' not found or unable to stat
[Sat Jul 04 17:27:56.746246 2015] [:error] [pid 6976:tid 1408] [client 181.134.91.148:49378] script 'E:/nuevo/htdocs/images/index.php' not found or unable to stat
[Sat Jul 04 17:27:57.167446 2015] [:error] [pid 6976:tid 1408] [client 181.134.91.148:49378] script 'E:/nuevo/htdocs/css/index.php' not found or unable to stat
[Sat Jul 04 17:27:57.417047 2015] [:error] [pid 6976:tid 1480] [client 181.134.91.148:52139] script 'E:/nuevo/htdocs/index.php' not found or unable to stat
[Sat Jul 04 17:27:57.588647 2015] [:error] [pid 6976:tid 1408] [client 181.134.91.148:49378] script 'E:/nuevo/htdocs/index.php' not found or unable to stat
[Sat Jul 04 17:28:01.597854 2015] [:error] [pid 6976:tid 1480] [client 181.134.91.148:57577] script 'E:/nuevo/htdocs/index.php' not found or unable to stat
[Sat Jul 04 17:28:02.627456 2015] [:error] [pid 6976:tid 1536] [client 181.134.91.148:44680] script 'E:/nuevo/htdocs/phpinfo.php' not found or unable to stat
[Sat Jul 04 17:28:03.251457 2015] [:error] [pid 6976:tid 1480] [client 181.134.91.148:57577] script 'E:/nuevo/htdocs/images/index.php' not found or unable to stat
[Sat Jul 04 17:28:04.047058 2015] [:error] [pid 6976:tid 1480] [client 181.134.91.148:57577] script 'E:/nuevo/htdocs/css/index.php' not found or unable to stat
[Sat Jul 04 17:28:04.421459 2015] [:error] [pid 6976:tid 1480] [client 181.134.91.148:57577] script 'E:/nuevo/htdocs/index.php' not found or unable to stat
[Sat Jul 04 17:28:06.028262 2015] [:error] [pid 6976:tid 1724] [client 181.134.91.148:36590] script 'E:/nuevo/htdocs/images/install.php' not found or unable to stat
[Sat Jul 04 17:28:06.511863 2015] [:error] [pid 6976:tid 1480] [client 181.134.91.148:54214] script 'E:/nuevo/htdocs/images/index.php' not found or unable to stat
[Sat Jul 04 17:28:07.385464 2015] [cgi:error] [pid 6976:tid 1536] [client 181.134.91.148:40982] script not found or unable to stat: E:/nuevo/cgi-bin/sync.cgi
[Sat Jul 04 17:28:07.775465 2015] [:error] [pid 6976:tid 1724] [client 181.134.91.148:47150] script 'E:/nuevo/htdocs/index.php' not found or unable to stat
[Sat Jul 04 17:28:08.165466 2015] [:error] [pid 6976:tid 1408] [client 181.134.91.148:45666] script 'E:/nuevo/htdocs/images/install.php' not found or unable to stat
[Sat Jul 04 17:28:08.477466 2015] [:error] [pid 6976:tid 1480] [client 181.134.91.148:58480] script 'E:/nuevo/htdocs/css/index.php' not found or unable to stat
[Sat Jul 04 17:28:09.163867 2015] [:error] [pid 6976:tid 1724] [client 181.134.91.148:47150] script 'E:/nuevo/htdocs/images/index.php' not found or unable to stat
[Sat Jul 04 17:28:09.663068 2015] [:error] [pid 6976:tid 1724] [client 181.134.91.148:47150] script 'E:/nuevo/htdocs/css/index.php' not found or unable to stat
[Sat Jul 04 17:28:10.131069 2015] [:error] [pid 6976:tid 1724] [client 181.134.91.148:47150] script 'E:/nuevo/htdocs/index.php' not found or unable to stat
[Sat Jul 04 17:28:10.146669 2015] [:error] [pid 6976:tid 1536] [client 181.134.91.148:53690] script 'E:/nuevo/htdocs/images/install.php' not found or unable to stat
[Sat Jul 04 17:28:10.489870 2015] [:error] [pid 6976:tid 1480] [client 181.134.91.148:37382] script 'E:/nuevo/htdocs/index.php' not found or unable to stat
[Sat Jul 04 17:28:12.221473 2015] [:error] [pid 6976:tid 1408] [client 181.134.91.148:37598] script 'E:/nuevo/htdocs/css/install.php' not found or unable to stat
[Sat Jul 04 17:28:14.265076 2015] [:error] [pid 6976:tid 1408] [client 181.134.91.148:33145] script 'E:/nuevo/htdocs/css/install.php' not found or unable to stat
[Sat Jul 04 17:28:16.230680 2015] [:error] [pid 6976:tid 1596] [client 181.134.91.148:42723] script 'E:/nuevo/htdocs/css/install.php' not found or unable to stat
[Sat Jul 04 17:28:16.667481 2015] [:error] [pid 6976:tid 1408] [client 181.134.91.148:33510] script 'E:/nuevo/htdocs/index.php' not found or unable to stat
[Sat Jul 04 17:28:18.102683 2015] [:error] [pid 6976:tid 1408] [client 181.134.91.148:33510] script 'E:/nuevo/htdocs/images/index.php' not found or unable to stat
[Sat Jul 04 17:28:18.243083 2015] [:error] [pid 6976:tid 1776] [client 181.134.91.148:51146] script 'E:/nuevo/htdocs/install.php' not found or unable to stat
[Sat Jul 04 17:28:18.570684 2015] [:error] [pid 6976:tid 1408] [client 181.134.91.148:33510] script 'E:/nuevo/htdocs/css/index.php' not found or unable to stat
[Sat Jul 04 17:28:19.023085 2015] [:error] [pid 6976:tid 1408] [client 181.134.91.148:33510] script 'E:/nuevo/htdocs/index.php' not found or unable to stat
[Sat Jul 04 17:28:19.912286 2015] [:error] [pid 6976:tid 1476] [client 181.134.91.148:59751] script 'E:/nuevo/htdocs/index.php' not found or unable to stat
[Sat Jul 04 17:28:20.317887 2015] [:error] [pid 6976:tid 1396] [client 181.134.91.148:34103] script 'E:/nuevo/htdocs/install.php' not found or unable to stat
[Sat Jul 04 17:28:21.019888 2015] [:error] [pid 6976:tid 1476] [client 181.134.91.148:59751] script 'E:/nuevo/htdocs/images/index.php' not found or unable to stat
[Sat Jul 04 17:28:21.378689 2015] [:error] [pid 6976:tid 1476] [client 181.134.91.148:59751] script 'E:/nuevo/htdocs/css/index.php' not found or unable to stat
[Sat Jul 04 17:28:21.737489 2015] [:error] [pid 6976:tid 1476] [client 181.134.91.148:59751] script 'E:/nuevo/htdocs/index.php' not found or unable to stat
[Sat Jul 04 17:28:22.361491 2015] [:error] [pid 6976:tid 1396] [client 181.134.91.148:42418] script 'E:/nuevo/htdocs/install.php' not found or unable to stat
[Sat Jul 04 17:28:27.103899 2015] [:error] [pid 6976:tid 1712] [client 181.134.91.148:57820] script 'E:/nuevo/htdocs/index.php' not found or unable to stat
[Sat Jul 04 17:28:29.709103 2015] [:error] [pid 6976:tid 1776] [client 181.134.91.148:50330] script 'E:/nuevo/htdocs/fm.php' not found or unable to stat
[Sat Jul 04 17:28:29.974304 2015] [cgi:error] [pid 6976:tid 1324] [client 181.134.91.148:41407] script not found or unable to stat: E:/nuevo/htdocs/login.cgi
[Sat Jul 04 17:28:30.598305 2015] [:error] [pid 6976:tid 1776] [client 181.134.91.148:50330] script 'E:/nuevo/htdocs/images/fm.php' not found or unable to stat
[Sat Jul 04 17:28:30.879105 2015] [:error] [pid 6976:tid 1776] [client 181.134.91.148:50330] script 'E:/nuevo/htdocs/css/fm.php' not found or unable to stat
[Sat Jul 04 17:28:31.191106 2015] [:error] [pid 6976:tid 1776] [client 181.134.91.148:50330] script 'E:/nuevo/htdocs/fm.php' not found or unable to stat
[Sat Jul 04 17:28:31.955507 2015] [:error] [pid 6976:tid 1852] [client 181.134.91.148:40699] script 'E:/nuevo/htdocs/index.php' not found or unable to stat
[Sat Jul 04 17:28:33.297110 2015] [:error] [pid 6976:tid 1776] [client 181.134.91.148:38384] script 'E:/nuevo/htdocs/login.php' not found or unable to stat
[Sat Jul 04 17:28:33.328310 2015] [:error] [pid 6976:tid 1852] [client 181.134.91.148:40699] script 'E:/nuevo/htdocs/images/index.php' not found or unable to stat
[Sat Jul 04 17:28:33.624710 2015] [:error] [pid 6976:tid 1852] [client 181.134.91.148:40699] script 'E:/nuevo/htdocs/css/index.php' not found or unable to stat
[Sat Jul 04 17:28:33.983511 2015] [:error] [pid 6976:tid 1852] [client 181.134.91.148:40699] script 'E:/nuevo/htdocs/index.php' not found or unable to stat
[Sat Jul 04 17:28:34.217511 2015] [:error] [pid 6976:tid 1776] [client 181.134.91.148:38384] script 'E:/nuevo/htdocs/images/login.php' not found or unable to stat
[Sat Jul 04 17:28:34.529512 2015] [:error] [pid 6976:tid 1776] [client 181.134.91.148:38384] script 'E:/nuevo/htdocs/css/login.php' not found or unable to stat
[Sat Jul 04 17:28:34.810312 2015] [:error] [pid 6976:tid 1776] [client 181.134.91.148:38384] script 'E:/nuevo/htdocs/login.php' not found or unable to stat
[Sat Jul 04 17:28:40.566723 2015] [:error] [pid 6976:tid 1796] [client 181.134.91.148:46869] script 'E:/nuevo/htdocs/index.php' not found or unable to stat
[Sat Jul 04 17:28:40.582323 2015] [:error] [pid 6976:tid 1396] [client 181.134.91.148:44319] script 'E:/nuevo/htdocs/login.php' not found or unable to stat
[Sat Jul 04 17:28:41.019123 2015] [:error] [pid 6976:tid 1684] [client 181.134.91.148:51786] script 'E:/nuevo/htdocs/index.php' not found or unable to stat
[Sat Jul 04 17:28:46.354333 2015] [:error] [pid 6976:tid 1396] [client 181.134.91.148:38385] script 'E:/nuevo/htdocs/images/index.php' not found or unable to stat
[Sat Jul 04 17:28:46.681933 2015] [:error] [pid 6976:tid 1796] [client 181.134.91.148:48694] script 'E:/nuevo/htdocs/index.php' not found or unable to stat
[Sat Jul 04 17:28:48.163936 2015] [:error] [pid 6976:tid 1396] [client 181.134.91.148:58186] script 'E:/nuevo/htdocs/css/index.php' not found or unable to stat
[Sat Jul 04 17:28:49.848739 2015] [:error] [pid 6976:tid 1612] [client 181.134.91.148:34281] script 'E:/nuevo/htdocs/index.php' not found or unable to stat
[Sat Jul 04 17:28:50.644340 2015] [cgi:error] [pid 6976:tid 1852] [client 181.134.91.148:58275] script not found or unable to stat: E:/nuevo/htdocs/search.cgi
[Sat Jul 04 17:28:50.847141 2015] [:error] [pid 6976:tid 1440] [client 181.134.91.148:57432] script 'E:/nuevo/htdocs/index.php' not found or unable to stat
[Sat Jul 04 17:28:50.987541 2015] [cgi:error] [pid 6976:tid 1852] [client 181.134.91.148:58275] script not found or unable to stat: E:/nuevo/cgi-bin/search.cgi
[Sat Jul 04 17:28:51.627142 2015] [cgi:error] [pid 6976:tid 1852] [client 181.134.91.148:58275] script not found or unable to stat: E:/nuevo/htdocs/images/search.cgi
[Sat Jul 04 17:28:51.861142 2015] [:error] [pid 6976:tid 1796] [client 181.134.91.148:37695] script 'E:/nuevo/htdocs/images/index.php' not found or unable to stat
[Sat Jul 04 17:28:51.892342 2015] [cgi:error] [pid 6976:tid 1852] [client 181.134.91.148:58275] script not found or unable to stat: E:/nuevo/htdocs/css/search.cgi
[Sat Jul 04 17:28:52.360343 2015] [cgi:error] [pid 6976:tid 1852] [client 181.134.91.148:58275] script not found or unable to stat: E:/nuevo/htdocs/search.cgi
[Sat Jul 04 17:28:52.625544 2015] [:error] [pid 6976:tid 1440] [client 181.134.91.148:57432] script 'E:/nuevo/htdocs/images/index.php' not found or unable to stat
[Sat Jul 04 17:28:53.015544 2015] [:error] [pid 6976:tid 1440] [client 181.134.91.148:57432] script 'E:/nuevo/htdocs/css/index.php' not found or unable to stat
[Sat Jul 04 17:28:53.452345 2015] [:error] [pid 6976:tid 1440] [client 181.134.91.148:57432] script 'E:/nuevo/htdocs/index.php' not found or unable to stat
[Sat Jul 04 17:28:53.717546 2015] [:error] [pid 6976:tid 1528] [client 181.134.91.148:47839] script 'E:/nuevo/htdocs/css/index.php' not found or unable to stat
[Sat Jul 04 17:28:55.698749 2015] [:error] [pid 6976:tid 1528] [client 181.134.91.148:45592] script 'E:/nuevo/htdocs/index.php' not found or unable to stat
[Sat Jul 04 17:28:56.681551 2015] [:error] [pid 6976:tid 1852] [client 181.134.91.148:60383] script 'E:/nuevo/htdocs/index.php' not found or unable to stat
[Sat Jul 04 17:28:57.523952 2015] [:error] [pid 6976:tid 1852] [client 181.134.91.148:60383] script 'E:/nuevo/htdocs/images/index.php' not found or unable to stat
[Sat Jul 04 17:28:58.038753 2015] [:error] [pid 6976:tid 1852] [client 181.134.91.148:60383] script 'E:/nuevo/htdocs/css/index.php' not found or unable to stat
[Sat Jul 04 17:28:58.491154 2015] [:error] [pid 6976:tid 1852] [client 181.134.91.148:60383] script 'E:/nuevo/htdocs/index.php' not found or unable to stat
[Sat Jul 04 17:29:04.434764 2015] [:error] [pid 6976:tid 1440] [client 181.134.91.148:46826] script 'E:/nuevo/htdocs/index.php' not found or unable to stat
[Sat Jul 04 17:29:05.979167 2015] [:error] [pid 6976:tid 1440] [client 181.134.91.148:46826] script 'E:/nuevo/htdocs/images/index.php' not found or unable to stat
[Sat Jul 04 17:29:06.462768 2015] [:error] [pid 6976:tid 1440] [client 181.134.91.148:46826] script 'E:/nuevo/htdocs/css/index.php' not found or unable to stat
[Sat Jul 04 17:29:06.852769 2015] [:error] [pid 6976:tid 1440] [client 181.134.91.148:46826] script 'E:/nuevo/htdocs/index.php' not found or unable to stat
[Sat Jul 04 17:29:12.624779 2015] [:error] [pid 6976:tid 1440] [client 181.134.91.148:46925] script 'E:/nuevo/htdocs/main.php' not found or unable to stat
[Sat Jul 04 17:29:15.994385 2015] [:error] [pid 6976:tid 1684] [client 181.134.91.148:36779] script 'E:/nuevo/htdocs/index.php' not found or unable to stat
[Sat Jul 04 17:29:16.680786 2015] [:error] [pid 6976:tid 1612] [client 181.134.91.148:33446] script 'E:/nuevo/htdocs/index.php' not found or unable to stat
[Sat Jul 04 17:29:18.599589 2015] [:error] [pid 6976:tid 1696] [client 181.134.91.148:58066] script 'E:/nuevo/htdocs/images/main.php' not found or unable to stat
[Sat Jul 04 17:29:20.377992 2015] [:error] [pid 6976:tid 1696] [client 181.134.91.148:52504] script 'E:/nuevo/htdocs/css/main.php' not found or unable to stat
[Sat Jul 04 17:29:20.939593 2015] [:error] [pid 6976:tid 1440] [client 181.134.91.148:36646] script 'E:/nuevo/htdocs/images/index.php' not found or unable to stat
[Sat Jul 04 17:29:22.109595 2015] [:error] [pid 6976:tid 1876] [client 181.134.91.148:42183] script 'E:/nuevo/htdocs/index.php' not found or unable to stat
[Sat Jul 04 17:29:22.359196 2015] [:error] [pid 6976:tid 1696] [client 181.134.91.148:50490] script 'E:/nuevo/htdocs/main.php' not found or unable to stat
[Sat Jul 04 17:29:22.920797 2015] [:error] [pid 6976:tid 1528] [client 181.134.91.148:36907] script 'E:/nuevo/htdocs/css/index.php' not found or unable to stat
[Sat Jul 04 17:29:23.154797 2015] [:error] [pid 6976:tid 1876] [client 181.134.91.148:42183] script 'E:/nuevo/htdocs/images/index.php' not found or unable to stat
[Sat Jul 04 17:29:23.201597 2015] [:error] [pid 6976:tid 1440] [client 181.134.91.148:36411] script 'E:/nuevo/htdocs/nameko.php' not found or unable to stat
[Sat Jul 04 17:29:23.607198 2015] [:error] [pid 6976:tid 1876] [client 181.134.91.148:42183] script 'E:/nuevo/htdocs/css/index.php' not found or unable to stat
[Sat Jul 04 17:29:23.981599 2015] [:error] [pid 6976:tid 1876] [client 181.134.91.148:42183] script 'E:/nuevo/htdocs/index.php' not found or unable to stat
[Sat Jul 04 17:29:24.137599 2015] [:error] [pid 6976:tid 1440] [client 181.134.91.148:36411] script 'E:/nuevo/htdocs/images/nameko.php' not found or unable to stat
[Sat Jul 04 17:29:24.480800 2015] [:error] [pid 6976:tid 1440] [client 181.134.91.148:36411] script 'E:/nuevo/htdocs/css/nameko.php' not found or unable to stat
[Sat Jul 04 17:29:24.839600 2015] [:error] [pid 6976:tid 1440] [client 181.134.91.148:36411] script 'E:/nuevo/htdocs/nameko.php' not found or unable to stat
[Sat Jul 04 17:29:24.902000 2015] [:error] [pid 6976:tid 1528] [client 181.134.91.148:51098] script 'E:/nuevo/htdocs/index.php' not found or unable to stat
[Sat Jul 04 17:29:34.761218 2015] [:error] [pid 6976:tid 1528] [client 181.134.91.148:48206] script 'E:/nuevo/htdocs/login.php' not found or unable to stat
[Sat Jul 04 17:29:34.823618 2015] [:error] [pid 6976:tid 1876] [client 181.134.91.148:58750] script 'E:/nuevo/htdocs/index.php' not found or unable to stat
[Sat Jul 04 17:29:35.712819 2015] [:error] [pid 6976:tid 1876] [client 181.134.91.148:58750] script 'E:/nuevo/htdocs/images/index.php' not found or unable to stat
[Sat Jul 04 17:29:35.946820 2015] [:error] [pid 6976:tid 1876] [client 181.134.91.148:58750] script 'E:/nuevo/htdocs/css/index.php' not found or unable to stat
[Sat Jul 04 17:29:36.009220 2015] [:error] [pid 6976:tid 1528] [client 181.134.91.148:48206] script 'E:/nuevo/htdocs/images/login.php' not found or unable to stat
[Sat Jul 04 17:29:36.196420 2015] [:error] [pid 6976:tid 1876] [client 181.134.91.148:58750] script 'E:/nuevo/htdocs/index.php' not found or unable to stat
[Sat Jul 04 17:29:36.305620 2015] [:error] [pid 6976:tid 1528] [client 181.134.91.148:48206] script 'E:/nuevo/htdocs/css/login.php' not found or unable to stat
[Sat Jul 04 17:29:36.633221 2015] [:error] [pid 6976:tid 1528] [client 181.134.91.148:48206] script 'E:/nuevo/htdocs/login.php' not found or unable to stat
[Sat Jul 04 17:29:37.709623 2015] [:error] [pid 6976:tid 1796] [client 181.134.91.148:33754] script 'E:/nuevo/htdocs/index.php' not found or unable to stat
[Sat Jul 04 17:29:38.754825 2015] [:error] [pid 6976:tid 1796] [client 181.134.91.148:33754] script 'E:/nuevo/htdocs/images/index.php' not found or unable to stat
[Sat Jul 04 17:29:39.144825 2015] [:error] [pid 6976:tid 1796] [client 181.134.91.148:33754] script 'E:/nuevo/htdocs/css/index.php' not found or unable to stat
[Sat Jul 04 17:29:39.456826 2015] [:error] [pid 6976:tid 1796] [client 181.134.91.148:33754] script 'E:/nuevo/htdocs/index.php' not found or unable to stat
[Sat Jul 04 17:29:41.906030 2015] [:error] [pid 6976:tid 1528] [client 181.134.91.148:58874] script 'E:/nuevo/htdocs/index.php' not found or unable to stat
[Sat Jul 04 17:29:42.389631 2015] [:error] [pid 6976:tid 1876] [client 181.134.91.148:41294] script 'E:/nuevo/htdocs/index.php' not found or unable to stat
[Sat Jul 04 17:29:43.590833 2015] [:error] [pid 6976:tid 1528] [client 181.134.91.148:58874] script 'E:/nuevo/htdocs/images/index.php' not found or unable to stat
[Sat Jul 04 17:29:43.965234 2015] [:error] [pid 6976:tid 1528] [client 181.134.91.148:58874] script 'E:/nuevo/htdocs/css/index.php' not found or unable to stat
[Sat Jul 04 17:29:44.355235 2015] [:error] [pid 6976:tid 1528] [client 181.134.91.148:58874] script 'E:/nuevo/htdocs/index.php' not found or unable to stat
[Sat Jul 04 17:29:50.064845 2015] [:error] [pid 6976:tid 1528] [client 181.134.91.148:42615] script 'E:/nuevo/htdocs/index.php' not found or unable to stat
[Sat Jul 04 17:29:51.203647 2015] [:error] [pid 6976:tid 1528] [client 181.134.91.148:42615] script 'E:/nuevo/htdocs/images/index.php' not found or unable to stat
[Sat Jul 04 17:29:51.359647 2015] [:error] [pid 6976:tid 1612] [client 181.134.91.148:48757] script 'E:/nuevo/htdocs/index.php' not found or unable to stat
[Sat Jul 04 17:29:51.468847 2015] [:error] [pid 6976:tid 1528] [client 181.134.91.148:42615] script 'E:/nuevo/htdocs/css/index.php' not found or unable to stat
[Sat Jul 04 17:29:51.765248 2015] [:error] [pid 6976:tid 1528] [client 181.134.91.148:42615] script 'E:/nuevo/htdocs/index.php' not found or unable to stat
[Sat Jul 04 17:29:52.685649 2015] [:error] [pid 6976:tid 1612] [client 181.134.91.148:48757] script 'E:/nuevo/htdocs/images/index.php' not found or unable to stat
[Sat Jul 04 17:29:52.919650 2015] [:error] [pid 6976:tid 1776] [client 181.134.91.148:35103] script 'E:/nuevo/htdocs/index.php' not found or unable to stat
[Sat Jul 04 17:29:53.060050 2015] [:error] [pid 6976:tid 1612] [client 181.134.91.148:48757] script 'E:/nuevo/htdocs/css/index.php' not found or unable to stat
[Sat Jul 04 17:29:53.481251 2015] [:error] [pid 6976:tid 1612] [client 181.134.91.148:48757] script 'E:/nuevo/htdocs/index.php' not found or unable to stat
[Sat Jul 04 17:29:53.730851 2015] [:error] [pid 6976:tid 1776] [client 181.134.91.148:35103] script 'E:/nuevo/htdocs/images/index.php' not found or unable to stat
[Sat Jul 04 17:29:54.042852 2015] [:error] [pid 6976:tid 1776] [client 181.134.91.148:35103] script 'E:/nuevo/htdocs/css/index.php' not found or unable to stat
[Sat Jul 04 17:29:54.308052 2015] [:error] [pid 6976:tid 1776] [client 181.134.91.148:35103] script 'E:/nuevo/htdocs/index.php' not found or unable to stat
[Sat Jul 04 17:29:58.613660 2015] [cgi:error] [pid 6976:tid 1864] [client 181.134.91.148:55710] script not found or unable to stat: E:/nuevo/htdocs/index.cgi
[Sat Jul 04 17:29:59.144061 2015] [:error] [pid 6976:tid 1528] [client 181.134.91.148:37523] script 'E:/nuevo/htdocs/login.php' not found or unable to stat
[Sat Jul 04 17:30:02.825667 2015] [:error] [pid 6976:tid 1528] [client 181.134.91.148:55030] script 'E:/nuevo/htdocs/index.php' not found or unable to stat
[Sat Jul 04 17:30:03.324868 2015] [cgi:error] [pid 6976:tid 1864] [client 181.134.91.148:45644] script not found or unable to stat: E:/nuevo/htdocs/login.cgi
[Sat Jul 04 17:30:03.761669 2015] [:error] [pid 6976:tid 1776] [client 181.134.91.148:49833] script 'E:/nuevo/htdocs/index.php' not found or unable to stat
[Sat Jul 04 17:30:07.006474 2015] [:error] [pid 6976:tid 1864] [client 181.134.91.148:55362] script 'E:/nuevo/htdocs/images/beerxml.php' not found or unable to stat
[Sat Jul 04 17:30:07.848876 2015] [:error] [pid 6976:tid 1480] [client 181.134.91.148:53931] script 'E:/nuevo/htdocs/images/index.php' not found or unable to stat
[Sat Jul 04 17:30:08.363677 2015] [:error] [pid 6976:tid 1508] [client 181.134.91.148:43768] script 'E:/nuevo/htdocs/news.php' not found or unable to stat
[Sat Jul 04 17:30:08.722477 2015] [:error] [pid 6976:tid 1864] [client 181.134.91.148:33692] script 'E:/nuevo/htdocs/css/beerxml.php' not found or unable to stat
[Sat Jul 04 17:30:09.408879 2015] [:error] [pid 6976:tid 1416] [client 181.134.91.148:51368] script 'E:/nuevo/htdocs/index.php' not found or unable to stat
[Sat Jul 04 17:30:09.455679 2015] [:error] [pid 6976:tid 1668] [client 181.134.91.148:60613] script 'E:/nuevo/htdocs/css/index.php' not found or unable to stat
[Sat Jul 04 17:30:10.235680 2015] [:error] [pid 6976:tid 1416] [client 181.134.91.148:51368] script 'E:/nuevo/htdocs/images/index.php' not found or unable to stat
[Sat Jul 04 17:30:10.594481 2015] [:error] [pid 6976:tid 1528] [client 181.134.91.148:44865] script 'E:/nuevo/htdocs/beerxml.php' not found or unable to stat
[Sat Jul 04 17:30:10.594481 2015] [:error] [pid 6976:tid 1416] [client 181.134.91.148:51368] script 'E:/nuevo/htdocs/css/index.php' not found or unable to stat
[Sat Jul 04 17:30:10.781681 2015] [:error] [pid 6976:tid 1864] [client 181.134.91.148:46671] script 'E:/nuevo/htdocs/images/index.php' not found or unable to stat
[Sat Jul 04 17:30:10.844081 2015] [:error] [pid 6976:tid 1416] [client 181.134.91.148:51368] script 'E:/nuevo/htdocs/index.php' not found or unable to stat
[Sat Jul 04 17:30:11.187282 2015] [:error] [pid 6976:tid 1668] [client 181.134.91.148:42412] script 'E:/nuevo/htdocs/index.php' not found or unable to stat
[Sat Jul 04 17:30:12.107683 2015] [:error] [pid 6976:tid 1508] [client 181.134.91.148:43768] script 'E:/nuevo/htdocs/images/news.php' not found or unable to stat
[Sat Jul 04 17:30:12.357284 2015] [:error] [pid 6976:tid 1416] [client 181.134.91.148:44345] script 'E:/nuevo/htdocs/css/index.php' not found or unable to stat
[Sat Jul 04 17:30:13.199685 2015] [:error] [pid 6976:tid 1508] [client 181.134.91.148:43768] script 'E:/nuevo/htdocs/css/news.php' not found or unable to stat
[Sat Jul 04 17:30:14.104487 2015] [:error] [pid 6976:tid 1864] [client 181.134.91.148:41285] script 'E:/nuevo/htdocs/index.php' not found or unable to stat
[Sat Jul 04 17:30:14.338487 2015] [:error] [pid 6976:tid 1508] [client 181.134.91.148:43768] script 'E:/nuevo/htdocs/news.php' not found or unable to stat
[Sat Jul 04 17:30:19.361696 2015] [:error] [pid 6976:tid 1864] [client 181.134.91.148:51843] script 'E:/nuevo/htdocs/images/index.php' not found or unable to stat
[Sat Jul 04 17:30:19.876497 2015] [:error] [pid 6976:tid 1416] [client 181.134.91.148:35528] script 'E:/nuevo/htdocs/login.php' not found or unable to stat
[Sat Jul 04 17:30:21.202499 2015] [:error] [pid 6976:tid 1508] [client 181.134.91.148:48626] script 'E:/nuevo/htdocs/index.php' not found or unable to stat
[Sat Jul 04 17:30:21.342900 2015] [:error] [pid 6976:tid 1668] [client 181.134.91.148:38741] script 'E:/nuevo/htdocs/css/index.php' not found or unable to stat
[Sat Jul 04 17:30:21.530100 2015] [:error] [pid 6976:tid 1508] [client 181.134.91.148:48626] script 'E:/nuevo/htdocs/images/index.php' not found or unable to stat
[Sat Jul 04 17:30:21.873300 2015] [:error] [pid 6976:tid 1508] [client 181.134.91.148:48626] script 'E:/nuevo/htdocs/css/index.php' not found or unable to stat
[Sat Jul 04 17:30:22.200901 2015] [:error] [pid 6976:tid 1508] [client 181.134.91.148:48626] script 'E:/nuevo/htdocs/index.php' not found or unable to stat
[Sat Jul 04 17:30:23.074503 2015] [:error] [pid 6976:tid 1416] [client 181.134.91.148:38867] script 'E:/nuevo/htdocs/index.php' not found or unable to stat
[Sat Jul 04 17:30:23.370903 2015] [:error] [pid 6976:tid 1864] [client 181.134.91.148:51729] script 'E:/nuevo/htdocs/index.php' not found or unable to stat
[Sat Jul 04 17:30:27.660911 2015] [:error] [pid 6976:tid 1864] [client 181.134.91.148:44473] script 'E:/nuevo/htdocs/login.php' not found or unable to stat
[Sat Jul 04 17:30:29.392514 2015] [:error] [pid 6976:tid 1508] [client 181.134.91.148:59606] script 'E:/nuevo/htdocs/images/index.php' not found or unable to stat
[Sat Jul 04 17:30:31.654518 2015] [:error] [pid 6976:tid 1668] [client 181.134.91.148:37829] script 'E:/nuevo/htdocs/css/index.php' not found or unable to stat
[Sat Jul 04 17:30:33.698121 2015] [:error] [pid 6976:tid 1668] [client 181.134.91.148:49197] script 'E:/nuevo/htdocs/index.php' not found or unable to stat
[Sat Jul 04 17:30:39.438931 2015] [:error] [pid 6976:tid 1776] [client 181.134.91.148:58975] script 'E:/nuevo/htdocs/index.php' not found or unable to stat
[Sat Jul 04 17:30:40.655733 2015] [:error] [pid 6976:tid 1668] [client 181.134.91.148:46036] script 'E:/nuevo/htdocs/sensorview.php' not found or unable to stat
[Sat Jul 04 17:30:40.905334 2015] [:error] [pid 6976:tid 1508] [client 181.134.91.148:53851] script 'E:/nuevo/htdocs/index.php' not found or unable to stat
[Sat Jul 04 17:30:41.014534 2015] [:error] [pid 6976:tid 1668] [client 181.134.91.148:46036] script 'E:/nuevo/htdocs/sensorview.php' not found or unable to stat
[Sat Jul 04 17:30:41.295335 2015] [:error] [pid 6976:tid 1668] [client 181.134.91.148:46036] script 'E:/nuevo/htdocs/sensorview.php' not found or unable to stat
[Sat Jul 04 17:30:41.669735 2015] [:error] [pid 6976:tid 1668] [client 181.134.91.148:46036] script 'E:/nuevo/htdocs/sensorview.php' not found or unable to stat
[Sat Jul 04 17:30:41.997336 2015] [:error] [pid 6976:tid 1668] [client 181.134.91.148:46036] script 'E:/nuevo/htdocs/sensorview.php' not found or unable to stat
[Sat Jul 04 17:30:42.293736 2015] [:error] [pid 6976:tid 1668] [client 181.134.91.148:46036] script 'E:/nuevo/htdocs/sensorview.php' not found or unable to stat
[Sat Jul 04 17:30:44.540140 2015] [:error] [pid 6976:tid 1540] [client 181.134.91.148:37247] script 'E:/nuevo/htdocs/login.php' not found or unable to stat
[Sat Jul 04 17:30:45.616542 2015] [:error] [pid 6976:tid 1508] [client 181.134.91.148:40356] script 'E:/nuevo/htdocs/images/index.php' not found or unable to stat
[Sat Jul 04 17:30:45.616542 2015] [:error] [pid 6976:tid 1540] [client 181.134.91.148:37247] script 'E:/nuevo/htdocs/images/login.php' not found or unable to stat
[Sat Jul 04 17:30:45.912943 2015] [:error] [pid 6976:tid 1540] [client 181.134.91.148:37247] script 'E:/nuevo/htdocs/css/login.php' not found or unable to stat
[Sat Jul 04 17:30:46.240543 2015] [:error] [pid 6976:tid 1540] [client 181.134.91.148:37247] script 'E:/nuevo/htdocs/login.php' not found or unable to stat
[Sat Jul 04 17:30:47.426145 2015] [:error] [pid 6976:tid 1776] [client 181.134.91.148:60767] script 'E:/nuevo/htdocs/css/index.php' not found or unable to stat
[Sat Jul 04 17:30:49.407349 2015] [:error] [pid 6976:tid 1776] [client 181.134.91.148:51705] script 'E:/nuevo/htdocs/index.php' not found or unable to stat
[Sat Jul 04 17:30:49.625749 2015] [:error] [pid 6976:tid 1508] [client 181.134.91.148:39083] script 'E:/nuevo/htdocs/images/index.php' not found or unable to stat
[Sat Jul 04 17:30:51.045352 2015] [:error] [pid 6976:tid 1540] [client 181.134.91.148:55954] script 'E:/nuevo/htdocs/index.php' not found or unable to stat
[Sat Jul 04 17:30:51.591353 2015] [:error] [pid 6976:tid 1508] [client 181.134.91.148:40779] script 'E:/nuevo/htdocs/css/index.php' not found or unable to stat
[Sat Jul 04 17:30:52.605354 2015] [access_compat:error] [pid 6976:tid 1776] [client 181.134.91.148:57644] AH01797: client denied by server configuration: E:/nuevo/htdocs/xampp/lang.tmp
[Sat Jul 04 17:30:52.714555 2015] [:error] [pid 6976:tid 1540] [client 181.134.91.148:55954] script 'E:/nuevo/htdocs/images/index.php' not found or unable to stat
[Sat Jul 04 17:30:53.166955 2015] [:error] [pid 6976:tid 1540] [client 181.134.91.148:55954] script 'E:/nuevo/htdocs/css/index.php' not found or unable to stat
[Sat Jul 04 17:30:53.666156 2015] [:error] [pid 6976:tid 1668] [client 181.134.91.148:57979] script 'E:/nuevo/htdocs/index.php' not found or unable to stat
[Sat Jul 04 17:30:53.666156 2015] [:error] [pid 6976:tid 1540] [client 181.134.91.148:55954] script 'E:/nuevo/htdocs/index.php' not found or unable to stat
[Sat Jul 04 17:30:54.399358 2015] [core:error] [pid 6976:tid 1416] [client 181.134.91.148:42890] AH00126: Invalid URI in request GET @localhost HTTP/1.0
[Sat Jul 04 17:30:54.914158 2015] [access_compat:error] [pid 6976:tid 1480] [client 181.134.91.148:55073] AH01797: client denied by server configuration: E:/nuevo/htdocs/xampp/lang.php
[Sat Jul 04 17:30:58.845365 2015] [cgi:error] [pid 6976:tid 1416] [client 181.134.91.148:56847] script not found or unable to stat: E:/nuevo/cgi-bin/listserv
[Sat Jul 04 17:31:02.246171 2015] [:error] [pid 6976:tid 1480] [client 181.134.91.148:57764] script 'E:/nuevo/htdocs/index.php' not found or unable to stat
[Sat Jul 04 17:31:04.024574 2015] [:error] [pid 6976:tid 1480] [client 181.134.91.148:56735] script 'E:/nuevo/htdocs/images/index.php' not found or unable to stat
[Sat Jul 04 17:31:06.099378 2015] [:error] [pid 6976:tid 1480] [client 181.134.91.148:33056] script 'E:/nuevo/htdocs/css/index.php' not found or unable to stat
[Sat Jul 04 17:31:08.423782 2015] [:error] [pid 6976:tid 1480] [client 181.134.91.148:34077] script 'E:/nuevo/htdocs/index.php' not found or unable to stat
[Sat Jul 04 17:31:11.668588 2015] [:error] [pid 6976:tid 1416] [client 181.134.91.148:43552] script 'E:/nuevo/htdocs/index.php' not found or unable to stat
[Sat Jul 04 17:31:13.166191 2015] [:error] [pid 6976:tid 1528] [client 181.134.91.148:44383] script 'E:/nuevo/htdocs/index.php' not found or unable to stat
[Sat Jul 04 17:31:13.571791 2015] [:error] [pid 6976:tid 1416] [client 181.134.91.148:54531] script 'E:/nuevo/htdocs/images/index.php' not found or unable to stat
[Sat Jul 04 17:31:14.211392 2015] [:error] [pid 6976:tid 1528] [client 181.134.91.148:44383] script 'E:/nuevo/htdocs/images/index.php' not found or unable to stat
[Sat Jul 04 17:31:14.492193 2015] [:error] [pid 6976:tid 1528] [client 181.134.91.148:44383] script 'E:/nuevo/htdocs/css/index.php' not found or unable to stat
[Sat Jul 04 17:31:14.882194 2015] [:error] [pid 6976:tid 1528] [client 181.134.91.148:44383] script 'E:/nuevo/htdocs/index.php' not found or unable to stat
[Sat Jul 04 17:31:15.490595 2015] [:error] [pid 6976:tid 1480] [client 181.134.91.148:58150] script 'E:/nuevo/htdocs/css/index.php' not found or unable to stat
[Sat Jul 04 17:31:17.268998 2015] [:error] [pid 6976:tid 1480] [client 181.134.91.148:60933] script 'E:/nuevo/htdocs/index.php' not found or unable to stat
[Sat Jul 04 17:31:20.529403 2015] [:error] [pid 6976:tid 1596] [client 181.134.91.148:56364] script 'E:/nuevo/htdocs/images/index.php' not found or unable to stat
[Sat Jul 04 17:31:23.025408 2015] [:error] [pid 6976:tid 1596] [client 181.134.91.148:58990] script 'E:/nuevo/htdocs/css/index.php' not found or unable to stat
[Sat Jul 04 17:31:25.131412 2015] [:error] [pid 6976:tid 1528] [client 181.134.91.148:50545] script 'E:/nuevo/htdocs/index.php' not found or unable to stat
[Sat Jul 04 17:31:25.552612 2015] [:error] [pid 6976:tid 1864] [client 181.134.91.148:55559] script 'E:/nuevo/htdocs/index.php' not found or unable to stat
[Sat Jul 04 17:31:27.393416 2015] [:error] [pid 6976:tid 1864] [client 181.134.91.148:46535] script 'E:/nuevo/htdocs/images/index.php' not found or unable to stat
[Sat Jul 04 17:31:28.095417 2015] [:error] [pid 6976:tid 1612] [client 181.134.91.148:39402] script 'E:/nuevo/htdocs/index.php' not found or unable to stat
