[Sat Jul 04 17:31:29.093819 2015] [cgi:error] [pid 6976:tid 1864] [client 181.134.91.148:42404] script not found or unable to stat: E:/nuevo/htdocs/index.cgi
[Sat Jul 04 17:31:29.109419 2015] [:error] [pid 6976:tid 1480] [client 181.134.91.148:36436] script 'E:/nuevo/htdocs/css/index.php' not found or unable to stat
[Sat Jul 04 17:31:30.887822 2015] [cgi:error] [pid 6976:tid 1864] [client 181.134.91.148:33775] script not found or unable to stat: E:/nuevo/htdocs/images/index.cgi
[Sat Jul 04 17:31:30.997022 2015] [:error] [pid 6976:tid 1480] [client 181.134.91.148:58096] script 'E:/nuevo/htdocs/index.php' not found or unable to stat
[Sat Jul 04 17:31:31.636623 2015] [:error] [pid 6976:tid 1612] [client 181.134.91.148:53237] script 'E:/nuevo/htdocs/images/index.php' not found or unable to stat
[Sat Jul 04 17:31:32.510225 2015] [cgi:error] [pid 6976:tid 1596] [client 181.134.91.148:43762] script not found or unable to stat: E:/nuevo/htdocs/css/index.cgi
[Sat Jul 04 17:31:33.305826 2015] [:error] [pid 6976:tid 1864] [client 181.134.91.148:44474] script 'E:/nuevo/htdocs/css/index.php' not found or unable to stat
[Sat Jul 04 17:31:33.352626 2015] [cgi:error] [pid 6976:tid 1612] [client 181.134.91.148:50331] script not found or unable to stat: E:/nuevo/cgi-bin/admin
[Sat Jul 04 17:31:34.475828 2015] [cgi:error] [pid 6976:tid 1480] [client 181.134.91.148:58643] script not found or unable to stat: E:/nuevo/htdocs/index.cgi
[Sat Jul 04 17:31:35.255829 2015] [:error] [pid 6976:tid 1864] [client 181.134.91.148:57466] script 'E:/nuevo/htdocs/index.php' not found or unable to stat
[Sat Jul 04 17:31:43.929445 2015] [cgi:error] [pid 6976:tid 1528] [client 181.134.91.148:46881] script not found or unable to stat: E:/nuevo/htdocs/images/login.cgi
[Sat Jul 04 17:31:45.661048 2015] [cgi:error] [pid 6976:tid 1864] [client 181.134.91.148:35114] script not found or unable to stat: E:/nuevo/htdocs/css/login.cgi
[Sat Jul 04 17:31:45.754648 2015] [:error] [pid 6976:tid 1540] [client 181.134.91.148:50164] script 'E:/nuevo/htdocs/index.php' not found or unable to stat
[Sat Jul 04 17:31:45.988648 2015] [:error] [pid 6976:tid 1540] [client 181.134.91.148:50164] script 'E:/nuevo/htdocs/images/index.php' not found or unable to stat
[Sat Jul 04 17:31:46.191449 2015] [:error] [pid 6976:tid 1540] [client 181.134.91.148:50164] script 'E:/nuevo/htdocs/css/index.php' not found or unable to stat
[Sat Jul 04 17:31:46.456649 2015] [:error] [pid 6976:tid 1540] [client 181.134.91.148:50164] script 'E:/nuevo/htdocs/index.php' not found or unable to stat
[Sat Jul 04 17:31:47.236650 2015] [cgi:error] [pid 6976:tid 1480] [client 181.134.91.148:44470] script not found or unable to stat: E:/nuevo/htdocs/login.cgi
[Sat Jul 04 17:31:49.046254 2015] [:error] [pid 6976:tid 1528] [client 181.134.91.148:46387] script 'E:/nuevo/htdocs/images/index.php' not found or unable to stat
[Sat Jul 04 17:31:50.746657 2015] [:error] [pid 6976:tid 1528] [client 181.134.91.148:43941] script 'E:/nuevo/htdocs/images/index.php' not found or unable to stat
[Sat Jul 04 17:31:52.603060 2015] [:error] [pid 6976:tid 1528] [client 181.134.91.148:39867] script 'E:/nuevo/htdocs/images/index.php' not found or unable to stat
[Sat Jul 04 17:31:54.397063 2015] [:error] [pid 6976:tid 1776] [client 181.134.91.148:42120] script 'E:/nuevo/htdocs/css/index.php' not found or unable to stat
[Sat Jul 04 17:31:55.286265 2015] [:error] [pid 6976:tid 1744] [client 181.134.91.148:41677] script 'E:/nuevo/htdocs/images/index.php' not found or unable to stat
[Sat Jul 04 17:31:56.440667 2015] [:error] [pid 6976:tid 1864] [client 181.134.91.148:59338] script 'E:/nuevo/htdocs/css/index.php' not found or unable to stat
[Sat Jul 04 17:31:57.002268 2015] [:error] [pid 6976:tid 1744] [client 181.134.91.148:48463] script 'E:/nuevo/htdocs/css/index.php' not found or unable to stat
[Sat Jul 04 17:31:57.860269 2015] [:error] [pid 6976:tid 1528] [client 181.134.91.148:53470] script 'E:/nuevo/htdocs/images/index.php' not found or unable to stat
[Sat Jul 04 17:31:58.109869 2015] [:error] [pid 6976:tid 1864] [client 181.134.91.148:43361] script 'E:/nuevo/htdocs/css/index.php' not found or unable to stat
[Sat Jul 04 17:31:59.092671 2015] [:error] [pid 6976:tid 1744] [client 181.134.91.148:39718] script 'E:/nuevo/htdocs/index.php' not found or unable to stat
[Sat Jul 04 17:31:59.685472 2015] [:error] [pid 6976:tid 1528] [client 181.134.91.148:53622] script 'E:/nuevo/htdocs/css/index.php' not found or unable to stat
[Sat Jul 04 17:32:00.278273 2015] [:error] [pid 6976:tid 1480] [client 181.134.91.148:48910] script 'E:/nuevo/htdocs/index.php' not found or unable to stat
[Sat Jul 04 17:32:01.307875 2015] [:error] [pid 6976:tid 1528] [client 181.134.91.148:45308] script 'E:/nuevo/htdocs/index.php' not found or unable to stat
[Sat Jul 04 17:32:01.994276 2015] [:error] [pid 6976:tid 1480] [client 181.134.91.148:42775] script 'E:/nuevo/htdocs/index.php' not found or unable to stat
[Sat Jul 04 17:32:03.569879 2015] [:error] [pid 6976:tid 1584] [client 181.134.91.148:48501] script 'E:/nuevo/htdocs/index.php' not found or unable to stat
[Sat Jul 04 17:32:13.694297 2015] [:error] [pid 6976:tid 1776] [client 181.134.91.148:59008] script 'E:/nuevo/htdocs/images/index.php' not found or unable to stat
[Sat Jul 04 17:32:14.396298 2015] [:error] [pid 6976:tid 1880] [client 181.134.91.148:44931] script 'E:/nuevo/htdocs/index.php' not found or unable to stat
[Sat Jul 04 17:32:15.082699 2015] [:error] [pid 6976:tid 1776] [client 181.134.91.148:36411] script 'E:/nuevo/htdocs/css/index.php' not found or unable to stat
[Sat Jul 04 17:32:16.580302 2015] [:error] [pid 6976:tid 1776] [client 181.134.91.148:37475] script 'E:/nuevo/htdocs/index.php' not found or unable to stat
[Sat Jul 04 17:32:19.388307 2015] [:error] [pid 6976:tid 1712] [client 181.134.91.148:35798] script 'E:/nuevo/htdocs/images/index.php' not found or unable to stat
[Sat Jul 04 17:32:20.277508 2015] [:error] [pid 6976:tid 1336] [client 181.134.91.148:39830] script 'E:/nuevo/htdocs/images/index.php' not found or unable to stat
[Sat Jul 04 17:32:21.026310 2015] [:error] [pid 6976:tid 1712] [client 181.134.91.148:45426] script 'E:/nuevo/htdocs/css/index.php' not found or unable to stat
[Sat Jul 04 17:32:22.149512 2015] [:error] [pid 6976:tid 1584] [client 181.134.91.148:42738] script 'E:/nuevo/htdocs/css/index.php' not found or unable to stat
[Sat Jul 04 17:32:22.555112 2015] [:error] [pid 6976:tid 1324] [client 181.134.91.148:43989] script 'E:/nuevo/htdocs/index.php' not found or unable to stat
[Sat Jul 04 17:32:23.179114 2015] [:error] [pid 6976:tid 1712] [client 181.134.91.148:60666] script 'E:/nuevo/htdocs/obm.php' not found or unable to stat
[Sat Jul 04 17:32:23.787515 2015] [:error] [pid 6976:tid 1668] [client 181.134.91.148:54355] script 'E:/nuevo/htdocs/index.php' not found or unable to stat
[Sat Jul 04 17:32:23.959115 2015] [:error] [pid 6976:tid 1584] [client 181.134.91.148:58417] script 'E:/nuevo/htdocs/index.php' not found or unable to stat
[Sat Jul 04 17:32:25.472318 2015] [:error] [pid 6976:tid 1668] [client 181.134.91.148:44825] script 'E:/nuevo/htdocs/images/index.php' not found or unable to stat
[Sat Jul 04 17:32:26.486319 2015] [:error] [pid 6976:tid 1324] [client 181.134.91.148:34092] script 'E:/nuevo/htdocs/images/obm.php' not found or unable to stat
[Sat Jul 04 17:32:27.188321 2015] [:error] [pid 6976:tid 1668] [client 181.134.91.148:55046] script 'E:/nuevo/htdocs/css/index.php' not found or unable to stat
[Sat Jul 04 17:32:28.233522 2015] [:error] [pid 6976:tid 1324] [client 181.134.91.148:38460] script 'E:/nuevo/htdocs/css/obm.php' not found or unable to stat
[Sat Jul 04 17:32:28.873124 2015] [:error] [pid 6976:tid 1668] [client 181.134.91.148:33145] script 'E:/nuevo/htdocs/index.php' not found or unable to stat
[Sat Jul 04 17:32:29.949525 2015] [:error] [pid 6976:tid 1324] [client 181.134.91.148:59241] script 'E:/nuevo/htdocs/obm.php' not found or unable to stat
[Sat Jul 04 17:32:32.336330 2015] [cgi:error] [pid 6976:tid 1364] [client 181.134.91.148:60933] script not found or unable to stat: E:/nuevo/cgi-bin/top.cgi
[Sat Jul 04 17:32:36.969538 2015] [:error] [pid 6976:tid 1344] [client 181.134.91.148:32871] script 'E:/nuevo/htdocs/images/index.php' not found or unable to stat
[Sat Jul 04 17:32:38.591941 2015] [:error] [pid 6976:tid 1508] [client 181.134.91.148:60725] script 'E:/nuevo/htdocs/css/index.php' not found or unable to stat
[Sat Jul 04 17:32:38.732341 2015] [:error] [pid 6976:tid 1344] [client 181.134.91.148:53551] script 'E:/nuevo/htdocs/get_flash_info.php' not found or unable to stat
[Sat Jul 04 17:32:40.292344 2015] [:error] [pid 6976:tid 1508] [client 181.134.91.148:43396] script 'E:/nuevo/htdocs/index.php' not found or unable to stat
[Sat Jul 04 17:32:42.351547 2015] [:error] [pid 6976:tid 1704] [client 181.134.91.148:59107] script 'E:/nuevo/htdocs/images/get_flash_info.php' not found or unable to stat
[Sat Jul 04 17:32:42.866348 2015] [:error] [pid 6976:tid 1584] [client 181.134.91.148:41398] script 'E:/nuevo/htdocs/index.php' not found or unable to stat
[Sat Jul 04 17:32:43.178349 2015] [:error] [pid 6976:tid 1364] [client 181.134.91.148:44950] script 'E:/nuevo/htdocs/images/photo.php' not found or unable to stat
[Sat Jul 04 17:32:44.223550 2015] [:error] [pid 6976:tid 1540] [client 181.134.91.148:36028] script 'E:/nuevo/htdocs/css/get_flash_info.php' not found or unable to stat
[Sat Jul 04 17:32:44.894352 2015] [:error] [pid 6976:tid 1584] [client 181.134.91.148:59507] script 'E:/nuevo/htdocs/images/index.php' not found or unable to stat
[Sat Jul 04 17:32:45.767953 2015] [:error] [pid 6976:tid 1364] [client 181.134.91.148:36680] script 'E:/nuevo/htdocs/css/photo.php' not found or unable to stat
[Sat Jul 04 17:32:46.267154 2015] [:error] [pid 6976:tid 1416] [client 181.134.91.148:49726] script 'E:/nuevo/htdocs/get_flash_info.php' not found or unable to stat
[Sat Jul 04 17:32:47.000355 2015] [:error] [pid 6976:tid 1584] [client 181.134.91.148:46629] script 'E:/nuevo/htdocs/css/index.php' not found or unable to stat
[Sat Jul 04 17:32:47.577556 2015] [:error] [pid 6976:tid 1364] [client 181.134.91.148:38816] script 'E:/nuevo/htdocs/photo.php' not found or unable to stat
[Sat Jul 04 17:32:48.747558 2015] [:error] [pid 6976:tid 1344] [client 181.134.91.148:39462] script 'E:/nuevo/htdocs/index.php' not found or unable to stat
[Sat Jul 04 17:32:50.291961 2015] [:error] [pid 6976:tid 1344] [client 181.134.91.148:48324] script 'E:/nuevo/htdocs/images/wiki.php' not found or unable to stat
[Sat Jul 04 17:32:51.758364 2015] [:error] [pid 6976:tid 1344] [client 181.134.91.148:40130] script 'E:/nuevo/htdocs/css/wiki.php' not found or unable to stat
[Sat Jul 04 17:32:53.365167 2015] [:error] [pid 6976:tid 1416] [client 181.134.91.148:35074] script 'E:/nuevo/htdocs/wiki.php' not found or unable to stat
[Sat Jul 04 17:32:53.739567 2015] [:error] [pid 6976:tid 1608] [client 181.134.91.148:35321] script 'E:/nuevo/htdocs/images/backend.php' not found or unable to stat
[Sat Jul 04 17:32:54.082768 2015] [:error] [pid 6976:tid 1608] [client 181.134.91.148:35321] script 'E:/nuevo/htdocs/css/backend.php' not found or unable to stat
[Sat Jul 04 17:32:54.363568 2015] [:error] [pid 6976:tid 1608] [client 181.134.91.148:35321] script 'E:/nuevo/htdocs/backend.php' not found or unable to stat
[Sat Jul 04 17:32:55.798771 2015] [:error] [pid 6976:tid 1324] [client 181.134.91.148:34794] script 'E:/nuevo/htdocs/index.php' not found or unable to stat
[Sat Jul 04 17:32:57.670774 2015] [:error] [pid 6976:tid 1508] [client 181.134.91.148:50640] script 'E:/nuevo/htdocs/images/index.php' not found or unable to stat
[Sat Jul 04 17:32:59.339977 2015] [:error] [pid 6976:tid 1508] [client 181.134.91.148:53039] script 'E:/nuevo/htdocs/css/index.php' not found or unable to stat
[Sat Jul 04 17:33:01.227580 2015] [:error] [pid 6976:tid 1880] [client 181.134.91.148:52398] script 'E:/nuevo/htdocs/index.php' not found or unable to stat
[Sat Jul 04 17:33:10.837197 2015] [:error] [pid 6976:tid 1880] [client 181.134.91.148:35903] script 'E:/nuevo/htdocs/images/kommentar.php' not found or unable to stat
[Sat Jul 04 17:33:12.303600 2015] [:error] [pid 6976:tid 1356] [client 181.134.91.148:40477] script 'E:/nuevo/htdocs/css/kommentar.php' not found or unable to stat
[Sat Jul 04 17:33:13.863603 2015] [:error] [pid 6976:tid 1508] [client 181.134.91.148:44787] script 'E:/nuevo/htdocs/kommentar.php' not found or unable to stat
[Sat Jul 04 17:33:16.734008 2015] [:error] [pid 6976:tid 1356] [client 181.134.91.148:38381] script 'E:/nuevo/htdocs/images/index.php' not found or unable to stat
[Sat Jul 04 17:33:18.574811 2015] [:error] [pid 6976:tid 1356] [client 181.134.91.148:48036] script 'E:/nuevo/htdocs/images/index.php' not found or unable to stat
[Sat Jul 04 17:33:18.746411 2015] [:error] [pid 6976:tid 1584] [client 181.134.91.148:32783] script 'E:/nuevo/htdocs/css/index.php' not found or unable to stat
[Sat Jul 04 17:33:19.339212 2015] [:error] [pid 6976:tid 1536] [client 181.134.91.148:56878] script 'E:/nuevo/htdocs/images/index.php' not found or unable to stat
[Sat Jul 04 17:33:19.573213 2015] [:error] [pid 6976:tid 1508] [client 181.134.91.148:46895] script 'E:/nuevo/htdocs/activate.php' not found or unable to stat
[Sat Jul 04 17:33:20.587214 2015] [:error] [pid 6976:tid 1356] [client 181.134.91.148:50453] script 'E:/nuevo/htdocs/css/index.php' not found or unable to stat
[Sat Jul 04 17:33:20.649614 2015] [:error] [pid 6976:tid 1584] [client 181.134.91.148:49478] script 'E:/nuevo/htdocs/index.php' not found or unable to stat
[Sat Jul 04 17:33:21.351616 2015] [:error] [pid 6976:tid 1508] [client 181.134.91.148:39083] script 'E:/nuevo/htdocs/images/index.php' not found or unable to stat
[Sat Jul 04 17:33:22.428018 2015] [:error] [pid 6976:tid 1536] [client 181.134.91.148:35675] script 'E:/nuevo/htdocs/index.php' not found or unable to stat
[Sat Jul 04 17:33:23.176819 2015] [:error] [pid 6976:tid 1508] [client 181.134.91.148:46792] script 'E:/nuevo/htdocs/images/index.php' not found or unable to stat
[Sat Jul 04 17:33:23.738420 2015] [:error] [pid 6976:tid 1584] [client 181.134.91.148:54068] script 'E:/nuevo/htdocs/index.php' not found or unable to stat
[Sat Jul 04 17:33:25.080022 2015] [:error] [pid 6976:tid 1776] [client 181.134.91.148:39717] script 'E:/nuevo/htdocs/css/index.php' not found or unable to stat
[Sat Jul 04 17:33:26.967626 2015] [:error] [pid 6976:tid 1776] [client 181.134.91.148:42702] script 'E:/nuevo/htdocs/css/index.php' not found or unable to stat
[Sat Jul 04 17:33:28.761629 2015] [:error] [pid 6976:tid 1776] [client 181.134.91.148:39118] script 'E:/nuevo/htdocs/css/index.php' not found or unable to stat
[Sat Jul 04 17:33:29.479230 2015] [:error] [pid 6976:tid 1608] [client 181.134.91.148:47237] script 'E:/nuevo/htdocs/images/index.php' not found or unable to stat
[Sat Jul 04 17:33:30.430832 2015] [:error] [pid 6976:tid 1776] [client 181.134.91.148:58362] script 'E:/nuevo/htdocs/index.php' not found or unable to stat
[Sat Jul 04 17:33:30.820832 2015] [:error] [pid 6976:tid 1356] [client 181.134.91.148:34978] script 'E:/nuevo/htdocs/images/main.php' not found or unable to stat
[Sat Jul 04 17:33:31.179633 2015] [:error] [pid 6976:tid 1608] [client 181.134.91.148:53856] script 'E:/nuevo/htdocs/css/index.php' not found or unable to stat
[Sat Jul 04 17:33:32.006434 2015] [:error] [pid 6976:tid 1776] [client 181.134.91.148:33564] script 'E:/nuevo/htdocs/index.php' not found or unable to stat
[Sat Jul 04 17:33:32.552435 2015] [:error] [pid 6976:tid 1356] [client 181.134.91.148:39136] script 'E:/nuevo/htdocs/css/main.php' not found or unable to stat
[Sat Jul 04 17:33:32.786436 2015] [:error] [pid 6976:tid 1608] [client 181.134.91.148:56766] script 'E:/nuevo/htdocs/index.php' not found or unable to stat
[Sat Jul 04 17:33:33.722437 2015] [:error] [pid 6976:tid 1776] [client 181.134.91.148:33983] script 'E:/nuevo/htdocs/index.php' not found or unable to stat
[Sat Jul 04 17:33:34.346439 2015] [:error] [pid 6976:tid 1356] [client 181.134.91.148:43042] script 'E:/nuevo/htdocs/main.php' not found or unable to stat
[Sat Jul 04 17:33:35.376040 2015] [:error] [pid 6976:tid 1364] [client 181.134.91.148:57386] script 'E:/nuevo/htdocs/index.php' not found or unable to stat
[Sat Jul 04 17:33:35.516441 2015] [:error] [pid 6976:tid 1776] [client 181.134.91.148:60884] script 'E:/nuevo/htdocs/login.php' not found or unable to stat
[Sat Jul 04 17:33:39.463247 2015] [:error] [pid 6976:tid 1364] [client 181.134.91.148:47570] script 'E:/nuevo/htdocs/index.php' not found or unable to stat
[Sat Jul 04 17:33:40.586449 2015] [:error] [pid 6976:tid 1776] [client 181.134.91.148:48940] script 'E:/nuevo/htdocs/index.php' not found or unable to stat
[Sat Jul 04 17:33:40.617650 2015] [:error] [pid 6976:tid 1356] [client 181.134.91.148:34804] script 'E:/nuevo/htdocs/images/details_view.php' not found or unable to stat
[Sat Jul 04 17:33:41.444451 2015] [cgi:error] [pid 6976:tid 1304] [client 181.134.91.148:37169] script not found or unable to stat: E:/nuevo/htdocs/images/User-Edit.asp
[Sat Jul 04 17:33:42.162052 2015] [:error] [pid 6976:tid 1356] [client 181.134.91.148:60247] script 'E:/nuevo/htdocs/images/index.php' not found or unable to stat
[Sat Jul 04 17:33:42.286852 2015] [:error] [pid 6976:tid 1540] [client 181.134.91.148:52688] script 'E:/nuevo/htdocs/css/details_view.php' not found or unable to stat
[Sat Jul 04 17:33:42.520853 2015] [cgi:error] [pid 6976:tid 1608] [client 181.134.91.148:60040] script not found or unable to stat: E:/nuevo/htdocs/images/wiki.cgi
[Sat Jul 04 17:33:42.864053 2015] [cgi:error] [pid 6976:tid 1608] [client 181.134.91.148:60040] script not found or unable to stat: E:/nuevo/htdocs/css/wiki.cgi
[Sat Jul 04 17:33:43.176054 2015] [cgi:error] [pid 6976:tid 1608] [client 181.134.91.148:60040] script not found or unable to stat: E:/nuevo/htdocs/wiki.cgi
[Sat Jul 04 17:33:43.566055 2015] [cgi:error] [pid 6976:tid 1304] [client 181.134.91.148:59074] script not found or unable to stat: E:/nuevo/htdocs/css/User-Edit.asp
[Sat Jul 04 17:33:43.987255 2015] [:error] [pid 6976:tid 1540] [client 181.134.91.148:49098] script 'E:/nuevo/htdocs/details_view.php' not found or unable to stat
[Sat Jul 04 17:33:44.002855 2015] [:error] [pid 6976:tid 1416] [client 181.134.91.148:60675] script 'E:/nuevo/htdocs/index.php' not found or unable to stat
[Sat Jul 04 17:33:44.018455 2015] [cgi:error] [pid 6976:tid 1776] [client 181.134.91.148:52050] script not found or unable to stat: E:/nuevo/cgi-bin/php
[Sat Jul 04 17:33:44.221256 2015] [:error] [pid 6976:tid 1356] [client 181.134.91.148:60027] script 'E:/nuevo/htdocs/css/index.php' not found or unable to stat
[Sat Jul 04 17:33:45.344458 2015] [:error] [pid 6976:tid 1416] [client 181.134.91.148:60675] script 'E:/nuevo/htdocs/images/index.php' not found or unable to stat
[Sat Jul 04 17:33:45.484858 2015] [cgi:error] [pid 6976:tid 1304] [client 181.134.91.148:38603] script not found or unable to stat: E:/nuevo/htdocs/User-Edit.asp
[Sat Jul 04 17:33:45.672058 2015] [:error] [pid 6976:tid 1416] [client 181.134.91.148:60675] script 'E:/nuevo/htdocs/css/index.php' not found or unable to stat
[Sat Jul 04 17:33:45.984059 2015] [:error] [pid 6976:tid 1416] [client 181.134.91.148:60675] script 'E:/nuevo/htdocs/index.php' not found or unable to stat
[Sat Jul 04 17:33:46.062059 2015] [:error] [pid 6976:tid 1540] [client 181.134.91.148:46119] script 'E:/nuevo/htdocs/index.php' not found or unable to stat
[Sat Jul 04 17:33:51.444069 2015] [cgi:error] [pid 6976:tid 1776] [client 181.134.91.148:46265] script not found or unable to stat: E:/nuevo/cgi-bin/php
[Sat Jul 04 17:33:52.707671 2015] [:error] [pid 6976:tid 1540] [client 181.134.91.148:52065] script 'E:/nuevo/htdocs/images/index.php' not found or unable to stat
[Sat Jul 04 17:33:53.113271 2015] [:error] [pid 6976:tid 1540] [client 181.134.91.148:52065] script 'E:/nuevo/htdocs/css/index.php' not found or unable to stat
[Sat Jul 04 17:33:53.518872 2015] [:error] [pid 6976:tid 1540] [client 181.134.91.148:52065] script 'E:/nuevo/htdocs/index.php' not found or unable to stat
[Sat Jul 04 17:33:56.576478 2015] [:error] [pid 6976:tid 1356] [client 181.134.91.148:42071] script 'E:/nuevo/htdocs/index.php' not found or unable to stat
[Sat Jul 04 17:33:58.620081 2015] [cgi:error] [pid 6976:tid 1776] [client 181.134.91.148:51158] script not found or unable to stat: E:/nuevo/cgi-bin/php5
[Sat Jul 04 17:34:02.098887 2015] [:error] [pid 6976:tid 1364] [client 181.134.91.148:35122] script 'E:/nuevo/htdocs/images/index.php' not found or unable to stat
[Sat Jul 04 17:34:02.254888 2015] [:error] [pid 6976:tid 1652] [client 181.134.91.148:53977] script 'E:/nuevo/htdocs/images/signin.php' not found or unable to stat
[Sat Jul 04 17:34:04.220491 2015] [:error] [pid 6976:tid 1652] [client 181.134.91.148:52288] script 'E:/nuevo/htdocs/css/index.php' not found or unable to stat
[Sat Jul 04 17:34:04.298491 2015] [:error] [pid 6976:tid 1852] [client 181.134.91.148:59890] script 'E:/nuevo/htdocs/css/signin.php' not found or unable to stat
[Sat Jul 04 17:34:05.967694 2015] [cgi:error] [pid 6976:tid 1776] [client 181.134.91.148:44491] script not found or unable to stat: E:/nuevo/cgi-bin/php5
[Sat Jul 04 17:34:06.139294 2015] [:error] [pid 6976:tid 1364] [client 181.134.91.148:60255] script 'E:/nuevo/htdocs/signin.php' not found or unable to stat
[Sat Jul 04 17:34:06.154894 2015] [:error] [pid 6976:tid 1852] [client 181.134.91.148:37485] script 'E:/nuevo/htdocs/index.php' not found or unable to stat
[Sat Jul 04 17:34:09.555700 2015] [:error] [pid 6976:tid 1852] [client 181.134.91.148:57239] script 'E:/nuevo/htdocs/images/index.php' not found or unable to stat
[Sat Jul 04 17:34:11.646104 2015] [:error] [pid 6976:tid 1364] [client 181.134.91.148:56294] script 'E:/nuevo/htdocs/images/index.php' not found or unable to stat
[Sat Jul 04 17:34:13.393307 2015] [cgi:error] [pid 6976:tid 1776] [client 181.134.91.148:54055] script not found or unable to stat: E:/nuevo/cgi-bin/php-cgi
[Sat Jul 04 17:34:13.596107 2015] [:error] [pid 6976:tid 1396] [client 181.134.91.148:59685] script 'E:/nuevo/htdocs/images/index.php' not found or unable to stat
[Sat Jul 04 17:34:14.485309 2015] [:error] [pid 6976:tid 1384] [client 181.134.91.148:58972] script 'E:/nuevo/htdocs/index.php' not found or unable to stat
[Sat Jul 04 17:34:14.672509 2015] [:error] [pid 6976:tid 1384] [client 181.134.91.148:58972] script 'E:/nuevo/htdocs/images/index.php' not found or unable to stat
[Sat Jul 04 17:34:14.828510 2015] [:error] [pid 6976:tid 1852] [client 181.134.91.148:33216] script 'E:/nuevo/htdocs/index.php' not found or unable to stat
[Sat Jul 04 17:34:14.859710 2015] [:error] [pid 6976:tid 1384] [client 181.134.91.148:58972] script 'E:/nuevo/htdocs/css/index.php' not found or unable to stat
[Sat Jul 04 17:34:15.078110 2015] [:error] [pid 6976:tid 1816] [client 181.134.91.148:59572] script 'E:/nuevo/htdocs/images/index.php' not found or unable to stat
[Sat Jul 04 17:34:15.093710 2015] [:error] [pid 6976:tid 1848] [client 181.134.91.148:49450] script 'E:/nuevo/htdocs/css/index.php' not found or unable to stat
[Sat Jul 04 17:34:15.249710 2015] [:error] [pid 6976:tid 1384] [client 181.134.91.148:58972] script 'E:/nuevo/htdocs/index.php' not found or unable to stat
[Sat Jul 04 17:34:16.700513 2015] [:error] [pid 6976:tid 1852] [client 181.134.91.148:42799] script 'E:/nuevo/htdocs/css/index.php' not found or unable to stat
[Sat Jul 04 17:34:17.340114 2015] [:error] [pid 6976:tid 1816] [client 181.134.91.148:39140] script 'E:/nuevo/htdocs/css/index.php' not found or unable to stat
[Sat Jul 04 17:34:18.478916 2015] [:error] [pid 6976:tid 1384] [client 181.134.91.148:57032] script 'E:/nuevo/htdocs/css/index.php' not found or unable to stat
[Sat Jul 04 17:34:18.775317 2015] [cgi:error] [pid 6976:tid 1848] [client 181.134.91.148:41242] script not found or unable to stat: E:/nuevo/cgi-bin/ssi.cgi
[Sat Jul 04 17:34:19.087317 2015] [:error] [pid 6976:tid 1816] [client 181.134.91.148:42890] script 'E:/nuevo/htdocs/index.php' not found or unable to stat
[Sat Jul 04 17:34:19.711318 2015] [:error] [pid 6976:tid 1852] [client 181.134.91.148:41014] script 'E:/nuevo/htdocs/andromeda.php' not found or unable to stat
[Sat Jul 04 17:34:20.662920 2015] [cgi:error] [pid 6976:tid 1776] [client 181.134.91.148:34610] script not found or unable to stat: E:/nuevo/cgi-bin/php-cgi
[Sat Jul 04 17:34:20.662920 2015] [:error] [pid 6976:tid 1608] [client 181.134.91.148:41651] script 'E:/nuevo/htdocs/images/index.php' not found or unable to stat
[Sat Jul 04 17:34:21.193321 2015] [:error] [pid 6976:tid 1384] [client 181.134.91.148:39703] script 'E:/nuevo/htdocs/index.php' not found or unable to stat
[Sat Jul 04 17:34:22.472523 2015] [:error] [pid 6976:tid 1608] [client 181.134.91.148:40427] script 'E:/nuevo/htdocs/css/index.php' not found or unable to stat
[Sat Jul 04 17:34:22.971724 2015] [:error] [pid 6976:tid 1384] [client 181.134.91.148:44422] script 'E:/nuevo/htdocs/index.php' not found or unable to stat
[Sat Jul 04 17:34:24.438126 2015] [:error] [pid 6976:tid 1848] [client 181.134.91.148:60232] script 'E:/nuevo/htdocs/index.php' not found or unable to stat
[Sat Jul 04 17:34:24.874927 2015] [:error] [pid 6976:tid 1384] [client 181.134.91.148:55307] script 'E:/nuevo/htdocs/index.php' not found or unable to stat
[Sat Jul 04 17:34:26.996531 2015] [:error] [pid 6976:tid 1852] [client 181.134.91.148:55045] script 'E:/nuevo/htdocs/images/andromeda.php' not found or unable to stat
[Sat Jul 04 17:34:27.932533 2015] [cgi:error] [pid 6976:tid 1776] [client 181.134.91.148:42292] script not found or unable to stat: E:/nuevo/cgi-bin/php.cgi
[Sat Jul 04 17:34:28.993334 2015] [:error] [pid 6976:tid 1384] [client 181.134.91.148:52373] script 'E:/nuevo/htdocs/css/andromeda.php' not found or unable to stat
[Sat Jul 04 17:34:30.756138 2015] [:error] [pid 6976:tid 1384] [client 181.134.91.148:58634] script 'E:/nuevo/htdocs/andromeda.php' not found or unable to stat
[Sat Jul 04 17:34:34.936945 2015] [cgi:error] [pid 6976:tid 1852] [client 181.134.91.148:38263] script not found or unable to stat: E:/nuevo/cgi-bin/php.cgi
[Sat Jul 04 17:34:35.155345 2015] [:error] [pid 6976:tid 1440] [client 181.134.91.148:58985] script 'E:/nuevo/htdocs/images/home.php' not found or unable to stat
[Sat Jul 04 17:34:36.543748 2015] [:error] [pid 6976:tid 1848] [client 181.134.91.148:55409] script 'E:/nuevo/htdocs/index.php' not found or unable to stat
[Sat Jul 04 17:34:36.964948 2015] [:error] [pid 6976:tid 1440] [client 181.134.91.148:40127] script 'E:/nuevo/htdocs/css/home.php' not found or unable to stat
[Sat Jul 04 17:34:37.635750 2015] [:error] [pid 6976:tid 1776] [client 181.134.91.148:52101] script 'E:/nuevo/htdocs/images/index.php' not found or unable to stat
[Sat Jul 04 17:34:38.790152 2015] [:error] [pid 6976:tid 1440] [client 181.134.91.148:34958] script 'E:/nuevo/htdocs/home.php' not found or unable to stat
[Sat Jul 04 17:34:39.554553 2015] [:error] [pid 6976:tid 1684] [client 181.134.91.148:53130] script 'E:/nuevo/htdocs/css/index.php' not found or unable to stat
[Sat Jul 04 17:34:41.769757 2015] [:error] [pid 6976:tid 1416] [client 181.134.91.148:48304] script 'E:/nuevo/htdocs/index.php' not found or unable to stat
[Sat Jul 04 17:34:41.941357 2015] [cgi:error] [pid 6976:tid 1852] [client 181.134.91.148:34894] script not found or unable to stat: E:/nuevo/cgi-bin/php4
[Sat Jul 04 17:34:45.217363 2015] [:error] [pid 6976:tid 1416] [client 181.134.91.148:58422] script 'E:/nuevo/htdocs/images/medialist.php' not found or unable to stat
[Sat Jul 04 17:34:47.245367 2015] [:error] [pid 6976:tid 1696] [client 181.134.91.148:39411] script 'E:/nuevo/htdocs/css/medialist.php' not found or unable to stat
[Sat Jul 04 17:34:48.945770 2015] [:error] [pid 6976:tid 1364] [client 181.134.91.148:40713] script 'E:/nuevo/htdocs/medialist.php' not found or unable to stat
[Sat Jul 04 17:34:49.304570 2015] [cgi:error] [pid 6976:tid 1852] [client 181.134.91.148:58075] script not found or unable to stat: E:/nuevo/cgi-bin/php4
[Sat Jul 04 17:34:50.240572 2015] [:error] [pid 6976:tid 1304] [client 181.134.91.148:32907] script 'E:/nuevo/htdocs/images/login.php' not found or unable to stat
[Sat Jul 04 17:34:50.708573 2015] [:error] [pid 6976:tid 1304] [client 181.134.91.148:32907] script 'E:/nuevo/htdocs/css/login.php' not found or unable to stat
[Sat Jul 04 17:34:51.129773 2015] [:error] [pid 6976:tid 1304] [client 181.134.91.148:32907] script 'E:/nuevo/htdocs/login.php' not found or unable to stat
[Sat Jul 04 17:34:51.316974 2015] [:error] [pid 6976:tid 1364] [client 181.134.91.148:34083] script 'E:/nuevo/htdocs/index.php' not found or unable to stat
[Sat Jul 04 17:34:52.393376 2015] [:error] [pid 6976:tid 1696] [client 181.134.91.148:45819] script 'E:/nuevo/htdocs/images/index.php' not found or unable to stat
[Sat Jul 04 17:34:54.561779 2015] [:error] [pid 6976:tid 1696] [client 181.134.91.148:42345] script 'E:/nuevo/htdocs/css/index.php' not found or unable to stat
[Sat Jul 04 17:34:56.433783 2015] [:error] [pid 6976:tid 1852] [client 181.134.91.148:57365] script 'E:/nuevo/htdocs/index.php' not found or unable to stat
[Sat Jul 04 17:34:59.772189 2015] [:error] [pid 6976:tid 1852] [client 181.134.91.148:33581] script 'E:/nuevo/htdocs/index.php' not found or unable to stat
[Sat Jul 04 17:35:01.784592 2015] [cgi:error] [pid 6976:tid 1540] [client 181.134.91.148:47431] script not found or unable to stat: E:/nuevo/htdocs/images/wrx.cgi
[Sat Jul 04 17:35:03.562995 2015] [cgi:error] [pid 6976:tid 1796] [client 181.134.91.148:44556] script not found or unable to stat: E:/nuevo/htdocs/css/wrx.cgi
[Sat Jul 04 17:35:05.762599 2015] [cgi:error] [pid 6976:tid 1796] [client 181.134.91.148:36210] script not found or unable to stat: E:/nuevo/htdocs/wrx.cgi
[Sat Jul 04 17:35:06.074600 2015] [:error] [pid 6976:tid 1696] [client 181.134.91.148:56297] script 'E:/nuevo/htdocs/images/index.php' not found or unable to stat
[Sat Jul 04 17:35:06.745401 2015] [:error] [pid 6976:tid 1776] [client 181.134.91.148:44015] script 'E:/nuevo/htdocs/index.php' not found or unable to stat
[Sat Jul 04 17:35:07.821803 2015] [:error] [pid 6976:tid 1796] [client 181.134.91.148:48763] script 'E:/nuevo/htdocs/images/index.php' not found or unable to stat
[Sat Jul 04 17:35:10.255407 2015] [:error] [pid 6976:tid 1796] [client 181.134.91.148:56019] script 'E:/nuevo/htdocs/css/index.php' not found or unable to stat
[Sat Jul 04 17:35:11.253809 2015] [:error] [pid 6976:tid 1540] [client 181.134.91.148:39560] script 'E:/nuevo/htdocs/index.php' not found or unable to stat
[Sat Jul 04 17:35:12.330211 2015] [:error] [pid 6976:tid 1848] [client 181.134.91.148:34791] script 'E:/nuevo/htdocs/index.php' not found or unable to stat
[Sat Jul 04 17:35:13.359812 2015] [:error] [pid 6976:tid 1540] [client 181.134.91.148:39086] script 'E:/nuevo/htdocs/css/index.php' not found or unable to stat
[Sat Jul 04 17:35:14.202214 2015] [:error] [pid 6976:tid 1696] [client 181.134.91.148:33945] script 'E:/nuevo/htdocs/images/index.php' not found or unable to stat
[Sat Jul 04 17:35:16.199017 2015] [:error] [pid 6976:tid 1848] [client 181.134.91.148:39111] script 'E:/nuevo/htdocs/css/index.php' not found or unable to stat
[Sat Jul 04 17:35:18.273821 2015] [:error] [pid 6976:tid 1848] [client 181.134.91.148:41598] script 'E:/nuevo/htdocs/index.php' not found or unable to stat
[Sat Jul 04 17:35:20.364225 2015] [:error] [pid 6976:tid 1540] [client 181.134.91.148:58363] script 'E:/nuevo/htdocs/index.php' not found or unable to stat
[Sat Jul 04 17:35:21.986628 2015] [:error] [pid 6976:tid 1364] [client 181.134.91.148:54345] script 'E:/nuevo/htdocs/images/index.php' not found or unable to stat
[Sat Jul 04 17:35:23.250230 2015] [core:error] [pid 6976:tid 1304] [client 181.134.91.148:48093] AH00126: Invalid URI in request GET cartweaver/admin/helpfiles/AdminHelp.php HTTP/1.1
[Sat Jul 04 17:35:24.201831 2015] [:error] [pid 6976:tid 1696] [client 181.134.91.148:54677] script 'E:/nuevo/htdocs/css/index.php' not found or unable to stat
[Sat Jul 04 17:35:25.013033 2015] [core:error] [pid 6976:tid 1796] [client 181.134.91.148:35178] AH00126: Invalid URI in request GET cartScripts/admin/helpfiles/AdminHelp.php HTTP/1.1
[Sat Jul 04 17:35:26.292235 2015] [:error] [pid 6976:tid 1696] [client 181.134.91.148:49147] script 'E:/nuevo/htdocs/index.php' not found or unable to stat
[Sat Jul 04 17:35:26.807036 2015] [core:error] [pid 6976:tid 1588] [client 181.134.91.148:42003] AH00126: Invalid URI in request GET cw/admin/helpfiles/AdminHelp.php HTTP/1.1
[Sat Jul 04 17:35:27.680638 2015] [:error] [pid 6976:tid 1848] [client 181.134.91.148:43400] script 'E:/nuevo/htdocs/images/index.php' not found or unable to stat
[Sat Jul 04 17:35:29.443441 2015] [:error] [pid 6976:tid 1364] [client 181.134.91.148:55829] script 'E:/nuevo/htdocs/css/index.php' not found or unable to stat
[Sat Jul 04 17:35:31.362244 2015] [:error] [pid 6976:tid 1364] [client 181.134.91.148:54501] script 'E:/nuevo/htdocs/index.php' not found or unable to stat
[Sat Jul 04 17:35:31.877045 2015] [:error] [pid 6976:tid 1696] [client 181.134.91.148:56083] script 'E:/nuevo/htdocs/images/index.php' not found or unable to stat
[Sat Jul 04 17:35:33.936249 2015] [:error] [pid 6976:tid 1696] [client 181.134.91.148:56040] script 'E:/nuevo/htdocs/css/index.php' not found or unable to stat
[Sat Jul 04 17:35:34.248249 2015] [:error] [pid 6976:tid 1304] [client 181.134.91.148:42977] script 'E:/nuevo/htdocs/index.php' not found or unable to stat
[Sat Jul 04 17:35:35.745852 2015] [:error] [pid 6976:tid 1696] [client 181.134.91.148:49299] script 'E:/nuevo/htdocs/index.php' not found or unable to stat
[Sat Jul 04 17:35:36.026652 2015] [:error] [pid 6976:tid 1304] [client 181.134.91.148:48317] script 'E:/nuevo/htdocs/images/index.php' not found or unable to stat
[Sat Jul 04 17:35:38.475857 2015] [:error] [pid 6976:tid 1304] [client 181.134.91.148:38726] script 'E:/nuevo/htdocs/css/index.php' not found or unable to stat
[Sat Jul 04 17:35:40.706660 2015] [:error] [pid 6976:tid 1304] [client 181.134.91.148:52382] script 'E:/nuevo/htdocs/index.php' not found or unable to stat
[Sat Jul 04 17:35:49.520676 2015] [:error] [pid 6976:tid 1588] [client 181.134.91.148:49348] script 'E:/nuevo/htdocs/index.php' not found or unable to stat
[Sat Jul 04 17:35:50.269477 2015] [:error] [pid 6976:tid 1304] [client 181.134.91.148:39250] script 'E:/nuevo/htdocs/index.php' not found or unable to stat
[Sat Jul 04 17:35:51.127479 2015] [:error] [pid 6976:tid 1848] [client 181.134.91.148:36600] script 'E:/nuevo/htdocs/images/index.php' not found or unable to stat
[Sat Jul 04 17:35:52.703082 2015] [:error] [pid 6976:tid 1304] [client 181.134.91.148:47682] script 'E:/nuevo/htdocs/css/index.php' not found or unable to stat
[Sat Jul 04 17:35:53.639083 2015] [core:error] [pid 6976:tid 1416] [client 181.134.91.148:33730] AH00126: Invalid URI in request GET phpmydirectory/index.php HTTP/1.1
[Sat Jul 04 17:35:54.013484 2015] [:error] [pid 6976:tid 1540] [client 181.134.91.148:33623] script 'E:/nuevo/htdocs/images/index.php' not found or unable to stat
[Sat Jul 04 17:35:54.450285 2015] [:error] [pid 6976:tid 1304] [client 181.134.91.148:58024] script 'E:/nuevo/htdocs/index.php' not found or unable to stat
[Sat Jul 04 17:35:55.745087 2015] [:error] [pid 6976:tid 1716] [client 181.134.91.148:49822] script 'E:/nuevo/htdocs/css/index.php' not found or unable to stat
[Sat Jul 04 17:35:57.539090 2015] [:error] [pid 6976:tid 1716] [client 181.134.91.148:49841] script 'E:/nuevo/htdocs/images/index.php' not found or unable to stat
[Sat Jul 04 17:35:57.585890 2015] [:error] [pid 6976:tid 1540] [client 181.134.91.148:45209] script 'E:/nuevo/htdocs/index.php' not found or unable to stat
[Sat Jul 04 17:35:59.255093 2015] [:error] [pid 6976:tid 1716] [client 181.134.91.148:43685] script 'E:/nuevo/htdocs/css/index.php' not found or unable to stat
[Sat Jul 04 17:36:01.376697 2015] [:error] [pid 6976:tid 1716] [client 181.134.91.148:59082] script 'E:/nuevo/htdocs/index.php' not found or unable to stat
[Sat Jul 04 17:36:03.201900 2015] [:error] [pid 6976:tid 1364] [client 181.134.91.148:59241] script 'E:/nuevo/htdocs/login.php' not found or unable to stat
[Sat Jul 04 17:36:14.324719 2015] [:error] [pid 6976:tid 1588] [client 181.134.91.148:51488] script 'E:/nuevo/htdocs/index.php' not found or unable to stat
[Sat Jul 04 17:36:18.037526 2015] [:error] [pid 6976:tid 1364] [client 181.134.91.148:53059] script 'E:/nuevo/htdocs/images/login.php' not found or unable to stat
[Sat Jul 04 17:36:21.329132 2015] [:error] [pid 6976:tid 1588] [client 181.134.91.148:56916] script 'E:/nuevo/htdocs/images/index.php' not found or unable to stat
[Sat Jul 04 17:36:23.357135 2015] [:error] [pid 6976:tid 1588] [client 181.134.91.148:41517] script 'E:/nuevo/htdocs/css/index.php' not found or unable to stat
[Sat Jul 04 17:36:25.494339 2015] [:error] [pid 6976:tid 1364] [client 181.134.91.148:59967] script 'E:/nuevo/htdocs/css/login.php' not found or unable to stat
[Sat Jul 04 17:36:25.525539 2015] [:error] [pid 6976:tid 1588] [client 181.134.91.148:37326] script 'E:/nuevo/htdocs/index.php' not found or unable to stat
[Sat Jul 04 17:36:33.153953 2015] [:error] [pid 6976:tid 1364] [client 181.134.91.148:40107] script 'E:/nuevo/htdocs/login.php' not found or unable to stat
[Sat Jul 04 17:36:56.678794 2015] [:error] [pid 6976:tid 1796] [client 181.134.91.148:57110] script 'E:/nuevo/htdocs/images/index.php' not found or unable to stat
[Sat Jul 04 17:36:57.053195 2015] [:error] [pid 6976:tid 1796] [client 181.134.91.148:57110] script 'E:/nuevo/htdocs/css/index.php' not found or unable to stat
[Sat Jul 04 17:36:57.380795 2015] [:error] [pid 6976:tid 1796] [client 181.134.91.148:57110] script 'E:/nuevo/htdocs/index.php' not found or unable to stat
[Sat Jul 04 17:36:57.973596 2015] [:error] [pid 6976:tid 1588] [client 181.134.91.148:56594] script 'E:/nuevo/htdocs/images/index.php' not found or unable to stat
[Sat Jul 04 17:36:58.301197 2015] [:error] [pid 6976:tid 1588] [client 181.134.91.148:56594] script 'E:/nuevo/htdocs/css/index.php' not found or unable to stat
[Sat Jul 04 17:36:58.581997 2015] [:error] [pid 6976:tid 1588] [client 181.134.91.148:56594] script 'E:/nuevo/htdocs/index.php' not found or unable to stat
[Sat Jul 04 17:36:59.174798 2015] [:error] [pid 6976:tid 1716] [client 181.134.91.148:59409] script 'E:/nuevo/htdocs/images/category.php' not found or unable to stat
[Sat Jul 04 17:36:59.502399 2015] [:error] [pid 6976:tid 1716] [client 181.134.91.148:59409] script 'E:/nuevo/htdocs/css/category.php' not found or unable to stat
[Sat Jul 04 17:36:59.845599 2015] [:error] [pid 6976:tid 1716] [client 181.134.91.148:59409] script 'E:/nuevo/htdocs/category.php' not found or unable to stat
[Fri Jul 10 14:25:01.535299 2015] [ssl:warn] [pid 5408:tid 312] AH01909: www.example.com:443:0 server certificate does NOT include an ID which matches the server name
[Fri Jul 10 14:25:01.816099 2015] [ssl:warn] [pid 5408:tid 312] AH01909: www.example.com:443:0 server certificate does NOT include an ID which matches the server name
[Fri Jul 10 14:25:02.674101 2015] [ssl:warn] [pid 7436:tid 324] AH01909: www.example.com:443:0 server certificate does NOT include an ID which matches the server name
[Fri Jul 10 14:25:02.939301 2015] [ssl:warn] [pid 7436:tid 324] AH01909: www.example.com:443:0 server certificate does NOT include an ID which matches the server name
[Mon Jul 13 12:03:16.217082 2015] [ssl:warn] [pid 2728:tid 312] AH01909: www.example.com:443:0 server certificate does NOT include an ID which matches the server name
[Mon Jul 13 12:03:16.513482 2015] [ssl:warn] [pid 2728:tid 312] AH01909: www.example.com:443:0 server certificate does NOT include an ID which matches the server name
[Mon Jul 13 12:03:17.340284 2015] [ssl:warn] [pid 1196:tid 324] AH01909: www.example.com:443:0 server certificate does NOT include an ID which matches the server name
[Mon Jul 13 12:03:17.605484 2015] [ssl:warn] [pid 1196:tid 324] AH01909: www.example.com:443:0 server certificate does NOT include an ID which matches the server name
[Mon Jul 13 14:44:47.300303 2015] [cgi:error] [pid 1196:tid 1376] [client 94.102.49.169:45136] script not found or unable to stat: E:/nuevo/cgi-bin/mft
[Mon Jul 13 19:21:27.029259 2015] [ssl:error] [pid 1196:tid 1704] AH02032: Hostname 190.27.245.106 provided via SNI and hostname localhost provided via HTTP are different
[Tue Jul 14 15:26:37.359067 2015] [ssl:warn] [pid 7872:tid 312] AH01909: www.example.com:443:0 server certificate does NOT include an ID which matches the server name
[Tue Jul 14 15:26:37.671068 2015] [ssl:warn] [pid 7872:tid 312] AH01909: www.example.com:443:0 server certificate does NOT include an ID which matches the server name
[Tue Jul 14 15:26:38.497869 2015] [ssl:warn] [pid 2212:tid 324] AH01909: www.example.com:443:0 server certificate does NOT include an ID which matches the server name
[Tue Jul 14 15:26:38.763069 2015] [ssl:warn] [pid 2212:tid 324] AH01909: www.example.com:443:0 server certificate does NOT include an ID which matches the server name
[Tue Jul 14 16:57:18.307424 2015] [ssl:warn] [pid 3740:tid 312] AH01909: www.example.com:443:0 server certificate does NOT include an ID which matches the server name
[Tue Jul 14 16:57:18.572624 2015] [ssl:warn] [pid 3740:tid 312] AH01909: www.example.com:443:0 server certificate does NOT include an ID which matches the server name
[Tue Jul 14 16:57:19.227825 2015] [ssl:warn] [pid 7880:tid 324] AH01909: www.example.com:443:0 server certificate does NOT include an ID which matches the server name
[Tue Jul 14 16:57:19.477426 2015] [ssl:warn] [pid 7880:tid 324] AH01909: www.example.com:443:0 server certificate does NOT include an ID which matches the server name
[Fri Jul 17 16:46:25.378142 2015] [ssl:warn] [pid 5536:tid 312] AH01909: www.example.com:443:0 server certificate does NOT include an ID which matches the server name
[Fri Jul 17 16:46:25.658942 2015] [ssl:warn] [pid 5536:tid 312] AH01909: www.example.com:443:0 server certificate does NOT include an ID which matches the server name
[Fri Jul 17 16:46:26.485744 2015] [ssl:warn] [pid 4656:tid 324] AH01909: www.example.com:443:0 server certificate does NOT include an ID which matches the server name
[Fri Jul 17 16:46:26.735344 2015] [ssl:warn] [pid 4656:tid 324] AH01909: www.example.com:443:0 server certificate does NOT include an ID which matches the server name
[Sat Jul 18 16:55:25.745246 2015] [core:error] [pid 4656:tid 1716] [client 198.20.69.74:55692] AH00135: Invalid method in request quit
[Sat Jul 18 19:40:42.030463 2015] [core:error] [pid 4656:tid 1740] [client 198.20.69.74:35407] AH00135: Invalid method in request quit
[Mon Jul 20 23:59:18.724027 2015] [ssl:error] [pid 4656:tid 1772] AH02032: Hostname 190.27.245.106 provided via SNI and hostname localhost provided via HTTP are different
[Wed Jul 22 15:48:52.410052 2015] [ssl:warn] [pid 6284:tid 312] AH01909: www.example.com:443:0 server certificate does NOT include an ID which matches the server name
[Wed Jul 22 15:48:52.722053 2015] [ssl:warn] [pid 6284:tid 312] AH01909: www.example.com:443:0 server certificate does NOT include an ID which matches the server name
[Wed Jul 22 15:48:53.548854 2015] [ssl:warn] [pid 5616:tid 324] AH01909: www.example.com:443:0 server certificate does NOT include an ID which matches the server name
[Wed Jul 22 15:48:53.814055 2015] [ssl:warn] [pid 5616:tid 324] AH01909: www.example.com:443:0 server certificate does NOT include an ID which matches the server name
[Wed Jul 22 15:52:01.405384 2015] [ssl:warn] [pid 7148:tid 312] AH01909: www.example.com:443:0 server certificate does NOT include an ID which matches the server name
[Wed Jul 22 15:52:01.654985 2015] [ssl:warn] [pid 7148:tid 312] AH01909: www.example.com:443:0 server certificate does NOT include an ID which matches the server name
[Wed Jul 22 15:52:02.310186 2015] [ssl:warn] [pid 4312:tid 324] AH01909: www.example.com:443:0 server certificate does NOT include an ID which matches the server name
[Wed Jul 22 15:52:02.575386 2015] [ssl:warn] [pid 4312:tid 324] AH01909: www.example.com:443:0 server certificate does NOT include an ID which matches the server name
[Wed Jul 22 17:20:42.419730 2015] [ssl:warn] [pid 3992:tid 312] AH01909: www.example.com:443:0 server certificate does NOT include an ID which matches the server name
[Wed Jul 22 17:20:42.684931 2015] [ssl:warn] [pid 3992:tid 312] AH01909: www.example.com:443:0 server certificate does NOT include an ID which matches the server name
[Wed Jul 22 17:20:43.324532 2015] [ssl:warn] [pid 2968:tid 324] AH01909: www.example.com:443:0 server certificate does NOT include an ID which matches the server name
[Wed Jul 22 17:20:43.589732 2015] [ssl:warn] [pid 2968:tid 324] AH01909: www.example.com:443:0 server certificate does NOT include an ID which matches the server name
[Wed Jul 22 17:28:30.748153 2015] [ssl:warn] [pid 3052:tid 300] AH01909: www.example.com:443:0 server certificate does NOT include an ID which matches the server name
[Wed Jul 22 17:28:31.013353 2015] [ssl:warn] [pid 3052:tid 300] AH01909: www.example.com:443:0 server certificate does NOT include an ID which matches the server name
[Wed Jul 22 17:28:31.637354 2015] [ssl:warn] [pid 7264:tid 312] AH01909: www.example.com:443:0 server certificate does NOT include an ID which matches the server name
[Wed Jul 22 17:28:31.902555 2015] [ssl:warn] [pid 7264:tid 312] AH01909: www.example.com:443:0 server certificate does NOT include an ID which matches the server name
[Wed Jul 22 17:35:29.827289 2015] [ssl:warn] [pid 6980:tid 300] AH01909: www.example.com:443:0 server certificate does NOT include an ID which matches the server name
[Wed Jul 22 17:35:30.092489 2015] [ssl:warn] [pid 6980:tid 300] AH01909: www.example.com:443:0 server certificate does NOT include an ID which matches the server name
[Wed Jul 22 17:35:30.732090 2015] [ssl:warn] [pid 7692:tid 312] AH01909: www.example.com:443:0 server certificate does NOT include an ID which matches the server name
[Wed Jul 22 17:35:30.997291 2015] [ssl:warn] [pid 7692:tid 312] AH01909: www.example.com:443:0 server certificate does NOT include an ID which matches the server name
[Wed Jul 22 17:36:22.399381 2015] [ssl:warn] [pid 1452:tid 300] AH01909: www.example.com:443:0 server certificate does NOT include an ID which matches the server name
[Wed Jul 22 17:36:22.664582 2015] [ssl:warn] [pid 1452:tid 300] AH01909: www.example.com:443:0 server certificate does NOT include an ID which matches the server name
[Wed Jul 22 17:36:23.304183 2015] [ssl:warn] [pid 7568:tid 312] AH01909: www.example.com:443:0 server certificate does NOT include an ID which matches the server name
[Wed Jul 22 17:36:23.569383 2015] [ssl:warn] [pid 7568:tid 312] AH01909: www.example.com:443:0 server certificate does NOT include an ID which matches the server name
[Wed Jul 22 18:26:08.448426 2015] [ssl:warn] [pid 8184:tid 300] AH01909: www.example.com:443:0 server certificate does NOT include an ID which matches the server name
[Wed Jul 22 18:26:08.698026 2015] [ssl:warn] [pid 8184:tid 300] AH01909: www.example.com:443:0 server certificate does NOT include an ID which matches the server name
[Wed Jul 22 18:26:09.337627 2015] [ssl:warn] [pid 7448:tid 312] AH01909: www.example.com:443:0 server certificate does NOT include an ID which matches the server name
[Wed Jul 22 18:26:09.602828 2015] [ssl:warn] [pid 7448:tid 312] AH01909: www.example.com:443:0 server certificate does NOT include an ID which matches the server name
[Wed Jul 22 18:32:04.503451 2015] [ssl:warn] [pid 3436:tid 300] AH01909: www.example.com:443:0 server certificate does NOT include an ID which matches the server name
[Wed Jul 22 18:32:04.753052 2015] [ssl:warn] [pid 3436:tid 300] AH01909: www.example.com:443:0 server certificate does NOT include an ID which matches the server name
[Wed Jul 22 18:32:05.408253 2015] [ssl:warn] [pid 8012:tid 312] AH01909: www.example.com:443:0 server certificate does NOT include an ID which matches the server name
[Wed Jul 22 18:32:05.657853 2015] [ssl:warn] [pid 8012:tid 312] AH01909: www.example.com:443:0 server certificate does NOT include an ID which matches the server name
[Wed Jul 22 18:35:52.062051 2015] [ssl:warn] [pid 4928:tid 300] AH01909: www.example.com:443:0 server certificate does NOT include an ID which matches the server name
[Wed Jul 22 18:35:52.327252 2015] [ssl:warn] [pid 4928:tid 300] AH01909: www.example.com:443:0 server certificate does NOT include an ID which matches the server name
[Wed Jul 22 18:35:52.966853 2015] [ssl:warn] [pid 3556:tid 312] AH01909: www.example.com:443:0 server certificate does NOT include an ID which matches the server name
[Wed Jul 22 18:35:53.232053 2015] [ssl:warn] [pid 3556:tid 312] AH01909: www.example.com:443:0 server certificate does NOT include an ID which matches the server name
[Wed Jul 22 18:37:49.842258 2015] [ssl:warn] [pid 3588:tid 300] AH01909: www.example.com:443:0 server certificate does NOT include an ID which matches the server name
[Wed Jul 22 18:37:50.123058 2015] [ssl:warn] [pid 3588:tid 300] AH01909: www.example.com:443:0 server certificate does NOT include an ID which matches the server name
[Wed Jul 22 18:37:50.747060 2015] [ssl:warn] [pid 4760:tid 312] AH01909: www.example.com:443:0 server certificate does NOT include an ID which matches the server name
[Wed Jul 22 18:37:51.012260 2015] [ssl:warn] [pid 4760:tid 312] AH01909: www.example.com:443:0 server certificate does NOT include an ID which matches the server name
[Wed Jul 22 18:39:28.465631 2015] [ssl:warn] [pid 3992:tid 300] AH01909: www.example.com:443:0 server certificate does NOT include an ID which matches the server name
[Wed Jul 22 18:39:28.715232 2015] [ssl:warn] [pid 3992:tid 300] AH01909: www.example.com:443:0 server certificate does NOT include an ID which matches the server name
