[Wed Mar 04 13:17:29.595849 2015] [core:error] [pid 7568:tid 1204] (20024)The given path is misformatted or contained invalid characters: [client 181.55.126.50:8623] AH00127: Cannot map GET /...\\...\\...\\...\\...\\...\\...\\...\\...\\winnt\\win.ini HTTP/1.1 to file
[Wed Mar 04 13:17:29.642649 2015] [core:error] [pid 7568:tid 1204] (20024)The given path is misformatted or contained invalid characters: [client 181.55.126.50:8623] AH00127: Cannot map GET /..../..../..../..../..../..../..../..../..../windows/win.ini HTTP/1.1 to file
[Wed Mar 04 13:17:29.705050 2015] [core:error] [pid 7568:tid 1204] (20024)The given path is misformatted or contained invalid characters: [client 181.55.126.50:8623] AH00127: Cannot map GET /..../..../..../..../..../..../..../..../..../winnt/win.ini HTTP/1.1 to file
[Wed Mar 04 13:17:29.751850 2015] [core:error] [pid 7568:tid 1204] (20024)The given path is misformatted or contained invalid characters: [client 181.55.126.50:8623] AH00127: Cannot map GET /....\\....\\....\\....\\....\\....\\....\\....\\....\\windows\\win.ini HTTP/1.1 to file
[Wed Mar 04 13:17:29.814250 2015] [core:error] [pid 7568:tid 1204] (20024)The given path is misformatted or contained invalid characters: [client 181.55.126.50:8623] AH00127: Cannot map GET /....\\....\\....\\....\\....\\....\\....\\....\\....\\winnt\\win.ini HTTP/1.1 to file
[Wed Mar 04 13:17:29.861050 2015] [core:error] [pid 7568:tid 1204] [client 181.55.126.50:8623] AH00126: Invalid URI in request GET /././././././../../../../../windows/win.ini HTTP/1.1
[Wed Mar 04 13:17:30.095050 2015] [core:error] [pid 7568:tid 1204] [client 181.55.126.50:8658] AH00126: Invalid URI in request GET /././././././../../../../../winnt/win.ini HTTP/1.1
[Wed Mar 04 13:17:30.750251 2015] [cgi:error] [pid 7568:tid 736] [client 181.55.126.50:8713] script not found or unable to stat: E:/nuevo/htdocs/niet1106066444.asp
[Wed Mar 04 13:17:30.875052 2015] [core:error] [pid 7568:tid 1204] [client 181.55.126.50:8719] AH00126: Invalid URI in request GET /nessus\\..\\..\\..\\..\\..\\..\\windows\\win.ini HTTP/1.1
[Wed Mar 04 13:17:31.062252 2015] [core:error] [pid 7568:tid 1204] [client 181.55.126.50:8733] AH00126: Invalid URI in request GET /nessus\\..\\..\\..\\..\\..\\..\\winnt\\win.ini HTTP/1.1
[Wed Mar 04 13:17:31.311852 2015] [core:error] [pid 7568:tid 1204] (22)Invalid argument: [client 181.55.126.50:8745] AH00127: Cannot map GET /%80../%80../%80../%80../%80../%80../windows/win.ini HTTP/1.1 to file
[Wed Mar 04 13:17:31.358652 2015] [core:error] [pid 7568:tid 1204] (22)Invalid argument: [client 181.55.126.50:8745] AH00127: Cannot map GET /%80../%80../%80../%80../%80../%80../winnt/win.ini HTTP/1.1 to file
[Wed Mar 04 13:17:31.374252 2015] [:error] [pid 7568:tid 736] [client 181.55.126.50:8713] script 'E:/nuevo/htdocs/niet1516190936.php' not found or unable to stat
[Wed Mar 04 13:17:31.405453 2015] [core:error] [pid 7568:tid 1204] (22)Invalid argument: [client 181.55.126.50:8745] AH00127: Cannot map GET /%c0.%c0./%c0.%c0./%c0.%c0./%c0.%c0./%c0.%c0./windows/win.ini HTTP/1.1 to file
[Wed Mar 04 13:17:31.452253 2015] [core:error] [pid 7568:tid 1204] (22)Invalid argument: [client 181.55.126.50:8745] AH00127: Cannot map GET /%c0.%c0./%c0.%c0./%c0.%c0./%c0.%c0./%c0.%c0./winnt/win.ini HTTP/1.1 to file
[Wed Mar 04 13:17:31.499053 2015] [core:error] [pid 7568:tid 1204] (22)Invalid argument: [client 181.55.126.50:8745] AH00127: Cannot map GET /%c0%2e%c0%2e/%c0%2e%c0%2e/%c0%2e%c0%2e/%c0%2e%c0%2e/windows/win.ini HTTP/1.1 to file
[Wed Mar 04 13:17:31.545853 2015] [core:error] [pid 7568:tid 1204] (22)Invalid argument: [client 181.55.126.50:8745] AH00127: Cannot map GET /%c0%2e%c0%2e/%c0%2e%c0%2e/%c0%2e%c0%2e/%c0%2e%c0%2e/winnt/win.ini HTTP/1.1 to file
[Wed Mar 04 13:17:32.669055 2015] [core:error] [pid 7568:tid 736] [client 181.55.126.50:8943] AH00038: Forbidden: E:/nuevo/cgi-bin/com5 doesn't point to a file or directory
[Wed Mar 04 13:17:32.871855 2015] [core:error] [pid 7568:tid 1436] [client 181.55.126.50:8972] AH00126: Invalid URI in request GET /../../../../../../../../../../../../etc/passwd HTTP/1.1
[Wed Mar 04 13:17:33.074655 2015] [core:error] [pid 7568:tid 1436] [client 181.55.126.50:8987] AH00126: Invalid URI in request GET /./../../../../../../../../../../../etc/passwd HTTP/1.1
[Wed Mar 04 13:17:33.277456 2015] [core:error] [pid 7568:tid 736] [client 181.55.126.50:9007] AH00126: Invalid URI in request GET //../../../../../../../../../../../../etc/passwd HTTP/1.1
[Wed Mar 04 13:17:33.480256 2015] [core:error] [pid 7568:tid 736] (20024)The given path is misformatted or contained invalid characters: [client 181.55.126.50:9017] AH00127: Cannot map GET /..../..../..../..../..../..../..../..../..../..../..../..../etc/passwd HTTP/1.1 to file
[Wed Mar 04 13:17:33.558256 2015] [core:error] [pid 7568:tid 736] [client 181.55.126.50:9017] AH00126: Invalid URI in request GET /%2e%2e/%2e%2e/%2e%2e/%2e%2e/%2e%2e/%2e%2e/%2e%2e/%2e%2e/%2e%2e/%2e%2e/%2e%2e/%2e%2e/etc/passwd HTTP/1.1
[Wed Mar 04 13:17:34.151057 2015] [:error] [pid 7568:tid 736] [client 181.55.126.50:9059] script 'E:/nuevo/htdocs/header.php' not found or unable to stat
[Wed Mar 04 13:17:34.353858 2015] [core:error] [pid 7568:tid 736] [client 181.55.126.50:9068] AH00126: Invalid URI in request GET /././././././../../../../../etc/passwd HTTP/1.1
[Wed Mar 04 13:17:35.149459 2015] [core:error] [pid 7568:tid 1436] (20024)The given path is misformatted or contained invalid characters: [client 181.55.126.50:9118] AH00127: Cannot map GET /http://www.ambientebogota.gov.co HTTP/1.1 to file
[Wed Mar 04 13:17:35.898260 2015] [core:error] [pid 7568:tid 1436] [client 181.55.126.50:9321] AH00126: Invalid URI in request GET . HTTP/1.0
[Wed Mar 04 13:17:36.693862 2015] [core:error] [pid 7568:tid 736] [client 181.55.126.50:9405] AH00126: Invalid URI in request GET ..\\..\\..\\..\\..\\..\\windows\\win.ini HTTP/1.1
[Wed Mar 04 13:17:36.881062 2015] [core:error] [pid 7568:tid 1204] [client 181.55.126.50:9417] AH00126: Invalid URI in request GET ..\\..\\..\\..\\..\\..\\winnt\\win.ini HTTP/1.1
[Wed Mar 04 13:17:40.375468 2015] [access_compat:error] [pid 7568:tid 1204] [client 181.55.126.50:9805] AH01797: client denied by server configuration: E:/nuevo/htdocs/xampp/index.php
[Wed Mar 04 13:17:41.545470 2015] [:error] [pid 7568:tid 1636] [client 181.55.126.50:9904] script 'E:/nuevo/htdocs/main_internet.php' not found or unable to stat
[Wed Mar 04 13:17:43.230273 2015] [cgi:error] [pid 7568:tid 1636] [client 181.55.126.50:10041] script not found or unable to stat: E:/nuevo/cgi-bin/client_execute.cgi
[Wed Mar 04 13:17:44.805876 2015] [cgi:error] [pid 7568:tid 760] [client 181.55.126.50:10324] script not found or unable to stat: E:/nuevo/cgi-bin/guestimage.html
[Wed Mar 04 13:17:45.601477 2015] [cgi:error] [pid 7568:tid 1380] [client 181.55.126.50:10421] script not found or unable to stat: E:/nuevo/cgi-bin/index.cgi
[Wed Mar 04 13:17:46.085078 2015] [cgi:error] [pid 7568:tid 1380] [client 181.55.126.50:10453] script not found or unable to stat: E:/nuevo/cgi-bin/camctrl.cgi
[Wed Mar 04 13:17:46.350279 2015] [cgi:error] [pid 7568:tid 760] [client 181.55.126.50:10475] script not found or unable to stat: E:/nuevo/cgi-bin/ctrldirect.cgi
[Wed Mar 04 13:17:47.754281 2015] [cgi:error] [pid 7568:tid 1132] [client 181.55.126.50:10627] script not found or unable to stat: E:/nuevo/htdocs/main.cgi
[Wed Mar 04 13:17:56.225096 2015] [authz_core:error] [pid 7568:tid 700] [client 181.55.126.50:11493] AH01630: client denied by server configuration: E:/nuevo/htdocs/.htaccess.old
[Wed Mar 04 13:17:56.271896 2015] [authz_core:error] [pid 7568:tid 700] [client 181.55.126.50:11493] AH01630: client denied by server configuration: E:/nuevo/htdocs/.htaccess.bak
[Wed Mar 04 13:17:56.318696 2015] [authz_core:error] [pid 7568:tid 700] [client 181.55.126.50:11493] AH01630: client denied by server configuration: E:/nuevo/htdocs/.htaccess~
[Wed Mar 04 13:17:56.365496 2015] [authz_core:error] [pid 7568:tid 700] [client 181.55.126.50:11493] AH01630: client denied by server configuration: E:/nuevo/htdocs/.htaccess.copy
[Wed Mar 04 13:17:56.427896 2015] [authz_core:error] [pid 7568:tid 700] [client 181.55.126.50:11493] AH01630: client denied by server configuration: E:/nuevo/htdocs/.htaccess.tmp
[Wed Mar 04 13:17:56.661897 2015] [authz_core:error] [pid 7568:tid 1380] [client 181.55.126.50:11535] AH01630: client denied by server configuration: E:/nuevo/htdocs/.htaccess.1
[Wed Mar 04 13:17:56.708697 2015] [authz_core:error] [pid 7568:tid 1380] [client 181.55.126.50:11535] AH01630: client denied by server configuration: E:/nuevo/htdocs/.htaccess.~1~
[Wed Mar 04 13:18:13.541127 2015] [:error] [pid 7568:tid 1508] [client 181.55.126.50:13216] script 'E:/nuevo/htdocs/login.php' not found or unable to stat
[Wed Mar 04 13:20:13.832938 2015] [core:error] [pid 7568:tid 1092] [client 181.55.126.50:21812] AH00038: Forbidden: E:/nuevo/htdocs/nul doesn't point to a file or directory
[Wed Mar 04 13:20:19.714148 2015] [cgi:error] [pid 7568:tid 888] [client 181.55.126.50:22256] script not found or unable to stat: E:/nuevo/cgi-bin/filescan
[Wed Mar 04 13:20:22.334953 2015] [core:error] [pid 7568:tid 1204] [client 181.55.126.50:22356] AH00126: Invalid URI in request GET /..\\pixfir~1\\how_to_login.html HTTP/1.1
[Wed Mar 04 13:20:24.362956 2015] [cgi:error] [pid 7568:tid 1780] [client 181.55.126.50:22512] script not found or unable to stat: E:/nuevo/htdocs/FormHandler.cgi
[Wed Mar 04 13:20:25.876159 2015] [core:error] [pid 7568:tid 1780] (22)Invalid argument: [client 181.55.126.50:22580] AH00127: Cannot map GET /%C0%8D%C0%8AHTTP/1.1%20200%20OK%C0%8D%C0%8AContent-Length%3a%2072%C0%8D%C0%8AContent-Type%3a%20text/html%C0%8D%C0%8AX-xerver_http_response_splitting-nasl%3a%201425493421%C0%8D%C0%8A%C0%8D%C0%8A%3cscript%3ealert(%27xerver_http_response_splitting.nasl-1425493421%27)%3c/script%3e HTTP/1.1 to file
[Mon Mar 09 21:09:25.999202 2015] [ssl:error] [pid 7568:tid 1580] AH02032: Hostname 190.27.245.106 provided via SNI and hostname localhost provided via HTTP are different
[Thu Mar 12 14:32:26.921427 2015] [:error] [pid 7568:tid 1652] [client 192.168.175.201:25204] script 'E:/nuevo/htdocs/header.php' not found or unable to stat
[Thu Mar 12 14:32:27.202228 2015] [:error] [pid 7568:tid 1652] [client 192.168.175.201:25228] script 'E:/nuevo/htdocs/login.php' not found or unable to stat
[Thu Mar 12 14:32:27.592229 2015] [core:error] [pid 7568:tid 1852] [client 192.168.175.201:25294] AH00126: Invalid URI in request GNUTELLA CONNECT/0.6
[Thu Mar 12 14:32:27.654629 2015] [core:error] [pid 7568:tid 1652] [client 192.168.175.201:25301] AH00126: Invalid URI in request GNUTELLA CONNECT/0.4
[Thu Mar 12 14:32:28.294230 2015] [:error] [pid 7568:tid 1852] [client 192.168.175.201:25394] script 'E:/nuevo/htdocs/header.php' not found or unable to stat
[Thu Mar 12 14:32:28.497030 2015] [core:error] [pid 7568:tid 1852] (20025)The given path contained wildcard characters: [client 192.168.175.201:25443] AH00036: access to * failed (filesystem path 'E:/nuevo/htdocs/*')
[Thu Mar 12 14:32:29.058631 2015] [core:error] [pid 7568:tid 1852] [client 192.168.175.201:25550] AH00126: Invalid URI in request some invalid request
[Thu Mar 12 14:33:35.374348 2015] [cgi:error] [pid 7568:tid 1820] [client 192.168.175.201:34153] attempt to invoke directory as script: E:/nuevo/cgi-bin/
[Thu Mar 12 14:33:35.436748 2015] [cgi:error] [pid 7568:tid 1220] [client 192.168.175.201:34412] script not found or unable to stat: E:/nuevo/cgi-bin/NonExistent.html
[Thu Mar 12 14:33:37.090351 2015] [access_compat:error] [pid 7568:tid 1820] [client 192.168.175.201:34510] AH01797: client denied by server configuration: E:/nuevo/webalizer/
[Thu Mar 12 14:33:37.152751 2015] [access_compat:error] [pid 7568:tid 1700] [client 192.168.175.201:34635] AH01797: client denied by server configuration: E:/nuevo/webalizer/NonExistent.html
[Thu Mar 12 14:33:41.302358 2015] [autoindex:error] [pid 7568:tid 1820] [client 192.168.175.201:35307] AH01276: Cannot serve directory E:/nuevo/apache/error/: No matching DirectoryIndex (index.php,index.pl,index.cgi,index.asp,index.shtml,index.html,index.htm,default.php,default.pl,default.cgi,default.asp,default.shtml,default.html,default.htm,home.php,home.pl,home.cgi,home.asp,home.shtml,home.html,home.htm) found, and server-generated directory index forbidden by Options directive
[Thu Mar 12 14:33:42.487960 2015] [proxy:error] [pid 7568:tid 1820] (OS 10061)No connection could be made because the target machine actively refused it.  : AH00957: AJP: attempt to connect to 127.0.0.1:8009 (*) failed
[Thu Mar 12 14:33:42.487960 2015] [proxy_ajp:error] [pid 7568:tid 1820] [client 192.168.175.201:35307] AH00896: failed to make connection to backend: 127.0.0.1
[Thu Mar 12 14:33:46.200767 2015] [access_compat:error] [pid 7568:tid 1364] [client 192.168.175.201:36063] AH01797: client denied by server configuration: E:/nuevo/htdocs/phpMyAdmin
[Thu Mar 12 14:33:46.231967 2015] [access_compat:error] [pid 7568:tid 1820] [client 192.168.175.201:36278] AH01797: client denied by server configuration: E:/nuevo/htdocs/phpMyAdmin
[Thu Mar 12 14:33:47.760769 2015] [access_compat:error] [pid 7568:tid 1364] [client 192.168.175.201:36475] AH01797: client denied by server configuration: E:/nuevo/htdocs/server-info
[Thu Mar 12 14:33:47.901170 2015] [access_compat:error] [pid 7568:tid 776] [client 192.168.175.201:36589] AH01797: client denied by server configuration: E:/nuevo/htdocs/server-info
[Thu Mar 12 14:33:47.947970 2015] [access_compat:error] [pid 7568:tid 1364] [client 192.168.175.201:36475] AH01797: client denied by server configuration: E:/nuevo/htdocs/server-status
[Thu Mar 12 14:33:48.103970 2015] [access_compat:error] [pid 7568:tid 776] [client 192.168.175.201:36618] AH01797: client denied by server configuration: E:/nuevo/htdocs/server-status
[Thu Mar 12 14:33:58.696389 2015] [access_compat:error] [pid 7568:tid 1364] [client 192.168.175.201:37730] AH01797: client denied by server configuration: E:/nuevo/htdocs/xampp/
[Thu Mar 12 14:33:58.774389 2015] [access_compat:error] [pid 7568:tid 1660] [client 192.168.175.201:38661] AH01797: client denied by server configuration: E:/nuevo/htdocs/xampp/NonExistent.html
[Thu Mar 12 14:34:02.253195 2015] [cgi:error] [pid 7568:tid 1364] [client 192.168.175.201:38695] script not found or unable to stat: E:/nuevo/cgi-bin/dada
[Thu Mar 12 14:34:02.315595 2015] [cgi:error] [pid 7568:tid 1364] [client 192.168.175.201:38695] script not found or unable to stat: E:/nuevo/cgi-bin/eboard40
[Thu Mar 12 14:34:02.331195 2015] [cgi:error] [pid 7568:tid 1364] [client 192.168.175.201:38695] script not found or unable to stat: E:/nuevo/cgi-bin/mt
[Thu Mar 12 14:34:02.346795 2015] [cgi:error] [pid 7568:tid 1364] [client 192.168.175.201:38695] script not found or unable to stat: E:/nuevo/cgi-bin/openwebmail
[Thu Mar 12 14:34:02.362395 2015] [cgi:error] [pid 7568:tid 1364] [client 192.168.175.201:38695] script not found or unable to stat: E:/nuevo/cgi-bin/sysinfo
[Thu Mar 12 14:34:02.377995 2015] [cgi:error] [pid 7568:tid 1364] [client 192.168.175.201:38695] script not found or unable to stat: E:/nuevo/cgi-bin/twiki
[Thu Mar 12 14:34:02.393595 2015] [cgi:error] [pid 7568:tid 1364] [client 192.168.175.201:38695] script not found or unable to stat: E:/nuevo/cgi-bin/viewvc.cgi
[Thu Mar 12 14:34:07.994005 2015] [access_compat:error] [pid 7568:tid 1364] [client 192.168.175.201:39869] AH01797: client denied by server configuration: E:/nuevo/phpMyAdmin/
[Thu Mar 12 14:34:08.025205 2015] [access_compat:error] [pid 7568:tid 1788] [client 192.168.175.201:40204] AH01797: client denied by server configuration: E:/nuevo/phpMyAdmin/NonExistent.html
[Thu Mar 12 14:34:10.708410 2015] [cgi:error] [pid 7568:tid 1364] [client 192.168.175.201:40788] script not found or unable to stat: E:/nuevo/htdocs/viewvc.cgi
[Thu Mar 12 14:34:11.020410 2015] [access_compat:error] [pid 7568:tid 1364] [client 192.168.175.201:40788] AH01797: client denied by server configuration: E:/nuevo/htdocs/xampp/phpldapadmin
[Thu Mar 12 14:34:11.067210 2015] [access_compat:error] [pid 7568:tid 1220] [client 192.168.175.201:40898] AH01797: client denied by server configuration: E:/nuevo/htdocs/xampp/phpldapadmin
[Thu Mar 12 14:34:11.082810 2015] [access_compat:error] [pid 7568:tid 1364] [client 192.168.175.201:40788] AH01797: client denied by server configuration: E:/nuevo/htdocs/xampp/pla
[Thu Mar 12 14:34:11.129610 2015] [access_compat:error] [pid 7568:tid 1228] [client 192.168.175.201:40901] AH01797: client denied by server configuration: E:/nuevo/htdocs/xampp/pla
[Thu Mar 12 14:38:07.891226 2015] [cgi:error] [pid 7568:tid 776] [client 192.168.175.201:11809] attempt to invoke directory as script: E:/nuevo/cgi-bin/
[Thu Mar 12 14:38:08.047227 2015] [cgi:error] [pid 7568:tid 700] [client 192.168.175.201:11815] script not found or unable to stat: E:/nuevo/htdocs/RBge0j3cW_Z2.cgi
[Thu Mar 12 14:38:08.109627 2015] [cgi:error] [pid 7568:tid 700] [client 192.168.175.201:11815] script not found or unable to stat: E:/nuevo/htdocs/RBge0j3cW_Z2.pl
[Thu Mar 12 14:38:08.156427 2015] [cgi:error] [pid 7568:tid 700] [client 192.168.175.201:11815] script not found or unable to stat: E:/nuevo/htdocs/RBge0j3cW_Z2.asp
[Thu Mar 12 14:38:08.172027 2015] [:error] [pid 7568:tid 700] [client 192.168.175.201:11815] script 'E:/nuevo/htdocs/RBge0j3cW_Z2.php' not found or unable to stat
[Thu Mar 12 14:38:08.250027 2015] [cgi:error] [pid 7568:tid 700] [client 192.168.175.201:11815] script not found or unable to stat: E:/nuevo/cgi-bin/RBge0j3cW_Z2.html
[Thu Mar 12 14:38:08.265627 2015] [cgi:error] [pid 7568:tid 700] [client 192.168.175.201:11815] script not found or unable to stat: E:/nuevo/cgi-bin/RBge0j3cW_Z2.cgi
[Thu Mar 12 14:38:08.281227 2015] [cgi:error] [pid 7568:tid 700] [client 192.168.175.201:11815] script not found or unable to stat: E:/nuevo/cgi-bin/RBge0j3cW_Z2.sh
[Thu Mar 12 14:38:08.296827 2015] [cgi:error] [pid 7568:tid 700] [client 192.168.175.201:11815] script not found or unable to stat: E:/nuevo/cgi-bin/RBge0j3cW_Z2.pl
[Thu Mar 12 14:38:08.312427 2015] [cgi:error] [pid 7568:tid 700] [client 192.168.175.201:11815] script not found or unable to stat: E:/nuevo/cgi-bin/RBge0j3cW_Z2.inc
[Thu Mar 12 14:38:08.328027 2015] [cgi:error] [pid 7568:tid 700] [client 192.168.175.201:11815] script not found or unable to stat: E:/nuevo/cgi-bin/RBge0j3cW_Z2.shtml
[Thu Mar 12 14:38:08.343627 2015] [cgi:error] [pid 7568:tid 700] [client 192.168.175.201:11815] script not found or unable to stat: E:/nuevo/cgi-bin/RBge0j3cW_Z2.asp
[Thu Mar 12 14:38:08.359227 2015] [cgi:error] [pid 7568:tid 700] [client 192.168.175.201:11815] script not found or unable to stat: E:/nuevo/cgi-bin/RBge0j3cW_Z2.php
[Thu Mar 12 14:38:08.390427 2015] [cgi:error] [pid 7568:tid 700] [client 192.168.175.201:11815] script not found or unable to stat: E:/nuevo/cgi-bin/RBge0j3cW_Z2.php3
[Thu Mar 12 14:38:08.406027 2015] [cgi:error] [pid 7568:tid 700] [client 192.168.175.201:11815] script not found or unable to stat: E:/nuevo/cgi-bin/RBge0j3cW_Z2.cfm
[Thu Mar 12 14:38:08.796028 2015] [cgi:error] [pid 7568:tid 776] [client 192.168.175.201:11976] script not found or unable to stat: E:/nuevo/cgi-bin/pub
[Thu Mar 12 14:38:08.998828 2015] [cgi:error] [pid 7568:tid 1260] [client 192.168.175.201:12008] script not found or unable to stat: E:/nuevo/cgi-bin/lsg2.cgi
[Thu Mar 12 14:38:09.154828 2015] [cgi:error] [pid 7568:tid 1604] [client 192.168.175.201:12010] script not found or unable to stat: E:/nuevo/htdocs/lsg2.cgi
[Thu Mar 12 14:38:09.451229 2015] [cgi:error] [pid 7568:tid 700] [client 192.168.175.201:12067] script not found or unable to stat: E:/nuevo/cgi-bin/includes
[Thu Mar 12 14:38:09.529229 2015] [cgi:error] [pid 7568:tid 700] [client 192.168.175.201:12109] script not found or unable to stat: E:/nuevo/cgi-bin/login.php
[Thu Mar 12 14:38:09.560429 2015] [:error] [pid 7568:tid 700] [client 192.168.175.201:12163] script 'E:/nuevo/htdocs/login.php' not found or unable to stat
[Thu Mar 12 14:38:09.810030 2015] [cgi:error] [pid 7568:tid 700] [client 192.168.175.201:12205] script not found or unable to stat: E:/nuevo/cgi-bin/top.php
[Thu Mar 12 14:38:09.841230 2015] [:error] [pid 7568:tid 1188] [client 192.168.175.201:12217] script 'E:/nuevo/htdocs/top.php' not found or unable to stat
[Thu Mar 12 14:38:09.966030 2015] [cgi:error] [pid 7568:tid 700] [client 192.168.175.201:12239] script not found or unable to stat: E:/nuevo/cgi-bin/index.jsp
[Thu Mar 12 14:38:10.278030 2015] [cgi:error] [pid 7568:tid 1188] [client 192.168.175.201:12291] script not found or unable to stat: E:/nuevo/cgi-bin/plugins
[Thu Mar 12 14:38:10.449631 2015] [cgi:error] [pid 7568:tid 1652] [client 192.168.175.201:12316] attempt to invoke directory as script: E:/nuevo/cgi-bin/
[Thu Mar 12 14:38:10.699231 2015] [cgi:error] [pid 7568:tid 1484] [client 192.168.175.201:12361] script not found or unable to stat: E:/nuevo/cgi-bin/About
[Thu Mar 12 14:38:10.792831 2015] [cgi:error] [pid 7568:tid 1484] [client 192.168.175.201:12380] script not found or unable to stat: E:/nuevo/cgi-bin/index.php
[Thu Mar 12 14:38:11.151632 2015] [cgi:error] [pid 7568:tid 1484] [client 192.168.175.201:12421] script not found or unable to stat: E:/nuevo/cgi-bin/index.php
[Thu Mar 12 14:38:11.292032 2015] [cgi:error] [pid 7568:tid 1188] [client 192.168.175.201:12448] script not found or unable to stat: E:/nuevo/cgi-bin/typo3
[Thu Mar 12 14:38:11.401232 2015] [cgi:error] [pid 7568:tid 1188] [client 192.168.175.201:12455] script not found or unable to stat: E:/nuevo/cgi-bin/search
[Thu Mar 12 14:38:11.853633 2015] [cgi:error] [pid 7568:tid 1188] [client 192.168.175.201:12541] script not found or unable to stat: E:/nuevo/cgi-bin/BrowserWeb
[Thu Mar 12 14:38:11.994033 2015] [cgi:error] [pid 7568:tid 1188] [client 192.168.175.201:12555] script not found or unable to stat: E:/nuevo/cgi-bin/forum
[Thu Mar 12 14:38:12.352834 2015] [cgi:error] [pid 7568:tid 1188] [client 192.168.175.201:12609] script not found or unable to stat: E:/nuevo/cgi-bin/index.php
[Thu Mar 12 14:38:12.477634 2015] [cgi:error] [pid 7568:tid 776] [client 192.168.175.201:12631] script not found or unable to stat: E:/nuevo/cgi-bin/open.php
[Thu Mar 12 14:38:12.477634 2015] [:error] [pid 7568:tid 776] [client 192.168.175.201:12631] script 'E:/nuevo/htdocs/open.php' not found or unable to stat
[Thu Mar 12 14:38:12.555634 2015] [cgi:error] [pid 7568:tid 1188] [client 192.168.175.201:12637] attempt to invoke directory as script: E:/nuevo/cgi-bin/
[Thu Mar 12 14:38:12.836435 2015] [cgi:error] [pid 7568:tid 776] [client 192.168.175.201:12690] script not found or unable to stat: E:/nuevo/cgi-bin/index.php
[Thu Mar 12 14:38:13.413636 2015] [cgi:error] [pid 7568:tid 776] [client 192.168.175.201:12788] script not found or unable to stat: E:/nuevo/cgi-bin/viewcvs.cgi
[Thu Mar 12 14:38:13.538436 2015] [cgi:error] [pid 7568:tid 776] [client 192.168.175.201:12798] script not found or unable to stat: E:/nuevo/htdocs/viewcvs.cgi
[Thu Mar 12 14:38:13.788037 2015] [cgi:error] [pid 7568:tid 1188] [client 192.168.175.201:12883] script not found or unable to stat: E:/nuevo/cgi-bin/admin
[Thu Mar 12 14:38:13.912837 2015] [cgi:error] [pid 7568:tid 1484] [client 192.168.175.201:12906] script not found or unable to stat: E:/nuevo/cgi-bin/ubbthreads.php
[Thu Mar 12 14:38:13.990837 2015] [:error] [pid 7568:tid 1188] [client 192.168.175.201:12912] script 'E:/nuevo/htdocs/ubbthreads.php' not found or unable to stat
[Thu Mar 12 14:38:14.256037 2015] [cgi:error] [pid 7568:tid 1188] [client 192.168.175.201:12964] script not found or unable to stat: E:/nuevo/cgi-bin/anacondaclip.pl
[Thu Mar 12 14:38:14.256037 2015] [cgi:error] [pid 7568:tid 776] [client 192.168.175.201:12967] script not found or unable to stat: E:/nuevo/cgi-bin/index.php
[Thu Mar 12 14:38:14.318438 2015] [cgi:error] [pid 7568:tid 1484] [client 192.168.175.201:12977] script not found or unable to stat: E:/nuevo/htdocs/anacondaclip.pl
[Thu Mar 12 14:38:14.490038 2015] [cgi:error] [pid 7568:tid 1732] [client 192.168.175.201:13014] script not found or unable to stat: E:/nuevo/cgi-bin/interface
[Thu Mar 12 14:38:14.583638 2015] [cgi:error] [pid 7568:tid 1732] [client 192.168.175.201:13052] attempt to invoke directory as script: E:/nuevo/cgi-bin/
[Thu Mar 12 14:38:14.817638 2015] [cgi:error] [pid 7568:tid 1484] [client 192.168.175.201:13123] script not found or unable to stat: E:/nuevo/cgi-bin/shopper.cgi
[Thu Mar 12 14:38:14.848838 2015] [cgi:error] [pid 7568:tid 1484] [client 192.168.175.201:13123] script not found or unable to stat: E:/nuevo/htdocs/shopper.cgi
[Thu Mar 12 14:38:15.082839 2015] [cgi:error] [pid 7568:tid 1316] [client 192.168.175.201:13160] script not found or unable to stat: E:/nuevo/cgi-bin/index.cfm
[Thu Mar 12 14:38:15.363639 2015] [cgi:error] [pid 7568:tid 776] [client 192.168.175.201:13193] script not found or unable to stat: E:/nuevo/cgi-bin/settings
[Thu Mar 12 14:38:15.628840 2015] [core:error] [pid 7568:tid 1316] [client 192.168.175.201:13225] AH00135: Invalid method in request ACL /SQOgs8mE.htm HTTP/1.1
[Thu Mar 12 14:38:15.722440 2015] [core:error] [pid 7568:tid 1008] [client 192.168.175.201:13234] AH00135: Invalid method in request BCOPY /SQOgs8mE.htm HTTP/1.1
[Thu Mar 12 14:38:15.769240 2015] [core:error] [pid 7568:tid 1008] [client 192.168.175.201:13241] AH00135: Invalid method in request BDELETE /SQOgs8mE.htm HTTP/1.1
[Thu Mar 12 14:38:15.831640 2015] [core:error] [pid 7568:tid 1008] [client 192.168.175.201:13247] AH00135: Invalid method in request BMOVE /SQOgs8mE.htm HTTP/1.1
[Thu Mar 12 14:38:15.894040 2015] [core:error] [pid 7568:tid 1008] [client 192.168.175.201:13255] AH00135: Invalid method in request BPROPFIND /SQOgs8mE.htm HTTP/1.1
[Thu Mar 12 14:38:15.894040 2015] [cgi:error] [pid 7568:tid 776] [client 192.168.175.201:13254] script not found or unable to stat: E:/nuevo/cgi-bin/index.html
[Thu Mar 12 14:38:15.987640 2015] [core:error] [pid 7568:tid 1008] [client 192.168.175.201:13262] AH00135: Invalid method in request BPROPPATCH /SQOgs8mE.htm HTTP/1.1
[Thu Mar 12 14:38:16.143641 2015] [core:error] [pid 7568:tid 1732] [client 192.168.175.201:13279] AH00135: Invalid method in request DEBUG /SQOgs8mE.htm HTTP/1.1
[Thu Mar 12 14:38:16.252841 2015] [core:error] [pid 7568:tid 776] [client 192.168.175.201:13289] AH00135: Invalid method in request INDEX /SQOgs8mE.htm HTTP/1.1
[Thu Mar 12 14:38:16.252841 2015] [cgi:error] [pid 7568:tid 1732] [client 192.168.175.201:13288] script not found or unable to stat: E:/nuevo/cgi-bin/index.php
[Thu Mar 12 14:38:16.533641 2015] [core:error] [pid 7568:tid 700] [client 192.168.175.201:13299] AH00135: Invalid method in request NOTIFY /SQOgs8mE.htm HTTP/1.1
[Thu Mar 12 14:38:16.627242 2015] [core:error] [pid 7568:tid 776] [client 192.168.175.201:13336] AH00135: Invalid method in request ORDERPATCH /SQOgs8mE.htm HTTP/1.1
[Thu Mar 12 14:38:16.674042 2015] [core:error] [pid 7568:tid 776] [client 192.168.175.201:13342] AH00135: Invalid method in request POLL /SQOgs8mE.htm HTTP/1.1
[Thu Mar 12 14:38:16.798842 2015] [core:error] [pid 7568:tid 700] [client 192.168.175.201:13356] AH00135: Invalid method in request RPC_IN_DATA /SQOgs8mE.htm HTTP/1.1
[Thu Mar 12 14:38:16.876842 2015] [core:error] [pid 7568:tid 700] [client 192.168.175.201:13366] AH00135: Invalid method in request RPC_OUT_DATA /SQOgs8mE.htm HTTP/1.1
[Thu Mar 12 14:38:16.923642 2015] [cgi:error] [pid 7568:tid 776] [client 192.168.175.201:13374] script not found or unable to stat: E:/nuevo/cgi-bin/nessus
[Thu Mar 12 14:38:16.939242 2015] [core:error] [pid 7568:tid 700] [client 192.168.175.201:13377] AH00135: Invalid method in request SEARCH /SQOgs8mE.htm HTTP/1.1
[Thu Mar 12 14:38:17.001642 2015] [core:error] [pid 7568:tid 776] [client 192.168.175.201:13385] AH00135: Invalid method in request SUBSCRIBE /SQOgs8mE.htm HTTP/1.1
[Thu Mar 12 14:38:17.064042 2015] [core:error] [pid 7568:tid 776] [client 192.168.175.201:13391] AH00135: Invalid method in request TESTZZZ /SQOgs8mE.htm HTTP/1.1
[Thu Mar 12 14:38:17.142043 2015] [core:error] [pid 7568:tid 776] [client 192.168.175.201:13399] AH00135: Invalid method in request UNSUBSCRIBE /SQOgs8mE.htm HTTP/1.1
[Thu Mar 12 14:38:17.282443 2015] [core:error] [pid 7568:tid 776] [client 192.168.175.201:13404] AH00135: Invalid method in request X-MS-ENUMATTS /SQOgs8mE.htm HTTP/1.1
[Thu Mar 12 14:38:17.422843 2015] [proxy_http:error] [pid 7568:tid 776] (20014)Internal error: [client 192.168.175.201:13436] AH01102: error reading status line from remote server 172.22.1.47:80
[Thu Mar 12 14:38:17.422843 2015] [proxy:error] [pid 7568:tid 776] [client 192.168.175.201:13436] AH00898: Error reading from remote server returned by /ayuda/5jQWpHtn.htm
[Thu Mar 12 14:38:17.594443 2015] [cgi:error] [pid 7568:tid 776] [client 192.168.175.201:13463] script not found or unable to stat: E:/nuevo/cgi-bin/portal
[Thu Mar 12 14:38:17.656843 2015] [proxy_http:error] [pid 7568:tid 700] (20014)Internal error: [client 192.168.175.201:13469] AH01102: error reading status line from remote server 172.22.1.47:80
[Thu Mar 12 14:38:17.656843 2015] [proxy:error] [pid 7568:tid 700] [client 192.168.175.201:13469] AH00898: Error reading from remote server returned by /ayuda/5jQWpHtn.htm
[Thu Mar 12 14:38:18.031244 2015] [proxy_http:error] [pid 7568:tid 776] (20014)Internal error: [client 192.168.175.201:13512] AH01102: error reading status line from remote server 172.22.1.47:80
[Thu Mar 12 14:38:18.312045 2015] [cgi:error] [pid 7568:tid 776] [client 192.168.175.201:13556] script not found or unable to stat: E:/nuevo/cgi-bin/index.php
[Thu Mar 12 14:38:18.936046 2015] [cgi:error] [pid 7568:tid 776] [client 192.168.175.201:13688] script not found or unable to stat: E:/nuevo/cgi-bin/php
[Thu Mar 12 14:38:19.138846 2015] [cgi:error] [pid 7568:tid 776] [client 192.168.175.201:13711] script not found or unable to stat: E:/nuevo/cgi-bin/admin
[Thu Mar 12 14:38:19.622447 2015] [cgi:error] [pid 7568:tid 776] [client 192.168.175.201:13803] script not found or unable to stat: E:/nuevo/cgi-bin/index.php
[Thu Mar 12 14:38:19.794047 2015] [cgi:error] [pid 7568:tid 1868] [client 192.168.175.201:13865] attempt to invoke directory as script: E:/nuevo/cgi-bin/
[Thu Mar 12 14:38:19.809647 2015] [cgi:error] [pid 7568:tid 1868] [client 192.168.175.201:13865] script not found or unable to stat: E:/nuevo/cgi-bin/yLC5J4Ij.htm
[Thu Mar 12 14:38:19.872047 2015] [cgi:error] [pid 7568:tid 700] [client 192.168.175.201:13906] script not found or unable to stat: E:/nuevo/cgi-bin/yLC5J4Ij.htm
[Thu Mar 12 14:38:19.903247 2015] [cgi:error] [pid 7568:tid 1868] [client 192.168.175.201:13915] script not found or unable to stat: E:/nuevo/cgi-bin/yLC5J4Ij.htm
[Thu Mar 12 14:38:19.950047 2015] [cgi:error] [pid 7568:tid 1868] [client 192.168.175.201:13922] script not found or unable to stat: E:/nuevo/cgi-bin/yLC5J4Ij.htm
[Thu Mar 12 14:38:19.981248 2015] [cgi:error] [pid 7568:tid 1732] [client 192.168.175.201:13929] script not found or unable to stat: E:/nuevo/cgi-bin/yLC5J4Ij.htm
[Thu Mar 12 14:38:20.028048 2015] [cgi:error] [pid 7568:tid 1732] [client 192.168.175.201:13934] script not found or unable to stat: E:/nuevo/cgi-bin/bsml.pl
[Thu Mar 12 14:38:20.028048 2015] [cgi:error] [pid 7568:tid 1868] [client 192.168.175.201:13935] script not found or unable to stat: E:/nuevo/cgi-bin/yLC5J4Ij.htm
[Thu Mar 12 14:38:20.059248 2015] [cgi:error] [pid 7568:tid 1732] [client 192.168.175.201:13939] script not found or unable to stat: E:/nuevo/htdocs/bsml.pl
[Thu Mar 12 14:38:20.074848 2015] [cgi:error] [pid 7568:tid 1868] [client 192.168.175.201:13945] script not found or unable to stat: E:/nuevo/cgi-bin/yLC5J4Ij.htm
[Thu Mar 12 14:38:20.106048 2015] [cgi:error] [pid 7568:tid 1868] [client 192.168.175.201:13950] script not found or unable to stat: E:/nuevo/cgi-bin/yLC5J4Ij.htm
[Thu Mar 12 14:38:20.184048 2015] [cgi:error] [pid 7568:tid 700] [client 192.168.175.201:13957] script not found or unable to stat: E:/nuevo/cgi-bin/yLC5J4Ij.htm
[Thu Mar 12 14:38:20.184048 2015] [cgi:error] [pid 7568:tid 1868] [client 192.168.175.201:13961] script not found or unable to stat: E:/nuevo/cgi-bin/webplus.exe
[Thu Mar 12 14:38:20.293248 2015] [cgi:error] [pid 7568:tid 700] [client 192.168.175.201:13980] script not found or unable to stat: E:/nuevo/cgi-bin/yLC5J4Ij.htm
[Thu Mar 12 14:38:20.355648 2015] [cgi:error] [pid 7568:tid 1732] [client 192.168.175.201:13988] script not found or unable to stat: E:/nuevo/cgi-bin/yLC5J4Ij.htm
[Thu Mar 12 14:38:20.402448 2015] [cgi:error] [pid 7568:tid 1732] [client 192.168.175.201:13994] script not found or unable to stat: E:/nuevo/cgi-bin/yLC5J4Ij.htm
[Thu Mar 12 14:38:20.480448 2015] [cgi:error] [pid 7568:tid 1868] [client 192.168.175.201:13999] script not found or unable to stat: E:/nuevo/cgi-bin/yLC5J4Ij.htm
[Thu Mar 12 14:38:20.496048 2015] [cgi:error] [pid 7568:tid 700] [client 192.168.175.201:14008] script not found or unable to stat: E:/nuevo/cgi-bin/login.php
[Thu Mar 12 14:38:20.542848 2015] [:error] [pid 7568:tid 700] [client 192.168.175.201:14015] script 'E:/nuevo/htdocs/login.php' not found or unable to stat
[Thu Mar 12 14:38:20.542848 2015] [cgi:error] [pid 7568:tid 1868] [client 192.168.175.201:14011] script not found or unable to stat: E:/nuevo/cgi-bin/yLC5J4Ij.htm
[Thu Mar 12 14:38:20.558449 2015] [cgi:error] [pid 7568:tid 1868] [client 192.168.175.201:14011] script not found or unable to stat: E:/nuevo/cgi-bin/yLC5J4Ij.htm
[Thu Mar 12 14:38:20.605249 2015] [cgi:error] [pid 7568:tid 1868] [client 192.168.175.201:14019] script not found or unable to stat: E:/nuevo/cgi-bin/yLC5J4Ij.htm
[Thu Mar 12 14:38:20.652049 2015] [cgi:error] [pid 7568:tid 700] [client 192.168.175.201:14028] script not found or unable to stat: E:/nuevo/cgi-bin/yLC5J4Ij.htm
[Thu Mar 12 14:38:20.698849 2015] [cgi:error] [pid 7568:tid 1868] [client 192.168.175.201:14033] script not found or unable to stat: E:/nuevo/cgi-bin/yLC5J4Ij.htm
[Thu Mar 12 14:38:20.854849 2015] [cgi:error] [pid 7568:tid 1868] [client 192.168.175.201:14040] script not found or unable to stat: E:/nuevo/cgi-bin/yLC5J4Ij.htm
[Thu Mar 12 14:38:20.932849 2015] [cgi:error] [pid 7568:tid 700] [client 192.168.175.201:14058] script not found or unable to stat: E:/nuevo/cgi-bin/yLC5J4Ij.htm
[Thu Mar 12 14:38:20.995249 2015] [cgi:error] [pid 7568:tid 1868] [client 192.168.175.201:14062] script not found or unable to stat: E:/nuevo/cgi-bin/yLC5J4Ij.htm
[Thu Mar 12 14:38:21.042049 2015] [cgi:error] [pid 7568:tid 1316] [client 192.168.175.201:14072] script not found or unable to stat: E:/nuevo/cgi-bin/yLC5J4Ij.htm
[Thu Mar 12 14:38:21.104449 2015] [cgi:error] [pid 7568:tid 1316] [client 192.168.175.201:14076] script not found or unable to stat: E:/nuevo/cgi-bin/yLC5J4Ij.htm
[Thu Mar 12 14:38:21.229250 2015] [cgi:error] [pid 7568:tid 1316] [client 192.168.175.201:14081] script not found or unable to stat: E:/nuevo/cgi-bin/yLC5J4Ij.htm
[Thu Mar 12 14:38:21.307250 2015] [cgi:error] [pid 7568:tid 1316] [client 192.168.175.201:14094] script not found or unable to stat: E:/nuevo/cgi-bin/yLC5J4Ij.htm
[Thu Mar 12 14:38:21.354050 2015] [cgi:error] [pid 7568:tid 1484] [client 192.168.175.201:14110] script not found or unable to stat: E:/nuevo/cgi-bin/yLC5J4Ij.htm
[Thu Mar 12 14:38:21.416450 2015] [cgi:error] [pid 7568:tid 1732] [client 192.168.175.201:14118] script not found or unable to stat: E:/nuevo/cgi-bin/minis.php
[Thu Mar 12 14:38:21.432050 2015] [cgi:error] [pid 7568:tid 1484] [client 192.168.175.201:14117] script not found or unable to stat: E:/nuevo/cgi-bin/yLC5J4Ij.htm
[Thu Mar 12 14:38:21.447650 2015] [:error] [pid 7568:tid 1860] [client 192.168.175.201:14123] script 'E:/nuevo/htdocs/minis.php' not found or unable to stat
[Thu Mar 12 14:38:21.463250 2015] [cgi:error] [pid 7568:tid 1484] [client 192.168.175.201:14124] script not found or unable to stat: E:/nuevo/cgi-bin/yLC5J4Ij.htm
[Thu Mar 12 14:38:21.510050 2015] [cgi:error] [pid 7568:tid 1484] [client 192.168.175.201:14131] script not found or unable to stat: E:/nuevo/cgi-bin/yLC5J4Ij.htm
[Thu Mar 12 14:38:21.556850 2015] [cgi:error] [pid 7568:tid 1484] [client 192.168.175.201:14135] script not found or unable to stat: E:/nuevo/cgi-bin/yLC5J4Ij.htm
[Thu Mar 12 14:38:21.619250 2015] [cgi:error] [pid 7568:tid 1732] [client 192.168.175.201:14147] script not found or unable to stat: E:/nuevo/cgi-bin/yLC5J4Ij.htm
[Thu Mar 12 14:38:21.697251 2015] [cgi:error] [pid 7568:tid 1732] [client 192.168.175.201:14152] script not found or unable to stat: E:/nuevo/cgi-bin/yLC5J4Ij.htm
[Thu Mar 12 14:38:21.728451 2015] [cgi:error] [pid 7568:tid 1860] [client 192.168.175.201:14160] script not found or unable to stat: E:/nuevo/cgi-bin/yLC5J4Ij.htm
[Thu Mar 12 14:38:21.759651 2015] [cgi:error] [pid 7568:tid 1860] [client 192.168.175.201:14165] script not found or unable to stat: E:/nuevo/cgi-bin/yLC5J4Ij.htm
[Thu Mar 12 14:38:21.806451 2015] [cgi:error] [pid 7568:tid 1860] [client 192.168.175.201:14172] script not found or unable to stat: E:/nuevo/cgi-bin/yLC5J4Ij.htm
[Thu Mar 12 14:38:21.853251 2015] [cgi:error] [pid 7568:tid 1860] [client 192.168.175.201:14178] script not found or unable to stat: E:/nuevo/cgi-bin/www.172.22.2.2.z
[Thu Mar 12 14:38:21.853251 2015] [cgi:error] [pid 7568:tid 1484] [client 192.168.175.201:14177] script not found or unable to stat: E:/nuevo/cgi-bin/yLC5J4Ij.htm
[Thu Mar 12 14:38:21.884451 2015] [cgi:error] [pid 7568:tid 1484] [client 192.168.175.201:14183] script not found or unable to stat: E:/nuevo/cgi-bin/yLC5J4Ij.htm
[Thu Mar 12 14:38:21.884451 2015] [cgi:error] [pid 7568:tid 1860] [client 192.168.175.201:14184] script not found or unable to stat: E:/nuevo/cgi-bin/index.php
[Thu Mar 12 14:38:21.884451 2015] [cgi:error] [pid 7568:tid 1732] [client 192.168.175.201:14182] script not found or unable to stat: E:/nuevo/cgi-bin/172.22.2.2.z
[Thu Mar 12 14:38:21.931251 2015] [cgi:error] [pid 7568:tid 1484] [client 192.168.175.201:14189] script not found or unable to stat: E:/nuevo/cgi-bin/www.172.22.2.2.Z
[Thu Mar 12 14:38:21.962451 2015] [cgi:error] [pid 7568:tid 1732] [client 192.168.175.201:14187] script not found or unable to stat: E:/nuevo/cgi-bin/yLC5J4Ij.htm
[Thu Mar 12 14:38:21.962451 2015] [cgi:error] [pid 7568:tid 1484] [client 192.168.175.201:14192] script not found or unable to stat: E:/nuevo/cgi-bin/172.22.2.2.Z
[Thu Mar 12 14:38:21.993651 2015] [cgi:error] [pid 7568:tid 1860] [client 192.168.175.201:14196] script not found or unable to stat: E:/nuevo/cgi-bin/yLC5J4Ij.htm
[Thu Mar 12 14:38:22.024851 2015] [cgi:error] [pid 7568:tid 1732] [client 192.168.175.201:14198] script not found or unable to stat: E:/nuevo/cgi-bin/www.172.22.2.2.7z
[Thu Mar 12 14:38:22.024851 2015] [cgi:error] [pid 7568:tid 1860] [client 192.168.175.201:14199] script not found or unable to stat: E:/nuevo/cgi-bin/yLC5J4Ij.htm
[Thu Mar 12 14:38:22.056051 2015] [cgi:error] [pid 7568:tid 1860] [client 192.168.175.201:14202] script not found or unable to stat: E:/nuevo/cgi-bin/172.22.2.2.7z
[Thu Mar 12 14:38:22.087251 2015] [cgi:error] [pid 7568:tid 1732] [client 192.168.175.201:14203] script not found or unable to stat: E:/nuevo/cgi-bin/yLC5J4Ij.htm
[Thu Mar 12 14:38:22.118451 2015] [cgi:error] [pid 7568:tid 1860] [client 192.168.175.201:14208] script not found or unable to stat: E:/nuevo/cgi-bin/www.172.22.2.2.rar
[Thu Mar 12 14:38:22.149651 2015] [cgi:error] [pid 7568:tid 1860] [client 192.168.175.201:14212] script not found or unable to stat: E:/nuevo/cgi-bin/172.22.2.2.rar
[Thu Mar 12 14:38:22.165251 2015] [cgi:error] [pid 7568:tid 1732] [client 192.168.175.201:14209] script not found or unable to stat: E:/nuevo/cgi-bin/yLC5J4Ij.htm
[Thu Mar 12 14:38:22.196451 2015] [cgi:error] [pid 7568:tid 1860] [client 192.168.175.201:14217] script not found or unable to stat: E:/nuevo/cgi-bin/yLC5J4Ij.htm
[Thu Mar 12 14:38:22.196451 2015] [cgi:error] [pid 7568:tid 1732] [client 192.168.175.201:14216] script not found or unable to stat: E:/nuevo/cgi-bin/www.172.22.2.2.war
[Thu Mar 12 14:38:22.243251 2015] [cgi:error] [pid 7568:tid 1732] [client 192.168.175.201:14225] script not found or unable to stat: E:/nuevo/cgi-bin/172.22.2.2.war
[Thu Mar 12 14:38:22.290052 2015] [cgi:error] [pid 7568:tid 1732] [client 192.168.175.201:14227] script not found or unable to stat: E:/nuevo/cgi-bin/www.172.22.2.2.jar
[Thu Mar 12 14:38:22.290052 2015] [core:error] [pid 7568:tid 1860] [client 192.168.175.201:14226] AH00135: Invalid method in request ACL /error/kiyjsT1r.htm HTTP/1.1
[Thu Mar 12 14:38:22.336852 2015] [core:error] [pid 7568:tid 1732] [client 192.168.175.201:14232] AH00135: Invalid method in request BCOPY /error/kiyjsT1r.htm HTTP/1.1
[Thu Mar 12 14:38:22.352452 2015] [cgi:error] [pid 7568:tid 1860] [client 192.168.175.201:14231] script not found or unable to stat: E:/nuevo/cgi-bin/172.22.2.2.jar
[Thu Mar 12 14:38:22.383652 2015] [core:error] [pid 7568:tid 1732] [client 192.168.175.201:14237] AH00135: Invalid method in request BDELETE /error/kiyjsT1r.htm HTTP/1.1
[Thu Mar 12 14:38:22.414852 2015] [cgi:error] [pid 7568:tid 1860] [client 192.168.175.201:14238] script not found or unable to stat: E:/nuevo/cgi-bin/www.172.22.2.2.zip
[Thu Mar 12 14:38:22.430452 2015] [core:error] [pid 7568:tid 1732] [client 192.168.175.201:14241] AH00135: Invalid method in request BMOVE /error/kiyjsT1r.htm HTTP/1.1
[Thu Mar 12 14:38:22.461652 2015] [cgi:error] [pid 7568:tid 1860] [client 192.168.175.201:14247] script not found or unable to stat: E:/nuevo/cgi-bin/172.22.2.2.zip
[Thu Mar 12 14:38:22.461652 2015] [core:error] [pid 7568:tid 1732] [client 192.168.175.201:14248] AH00135: Invalid method in request BPROPFIND /error/kiyjsT1r.htm HTTP/1.1
[Thu Mar 12 14:38:22.524052 2015] [cgi:error] [pid 7568:tid 1732] [client 192.168.175.201:14253] script not found or unable to stat: E:/nuevo/cgi-bin/www.172.22.2.2.bz2
[Thu Mar 12 14:38:22.524052 2015] [core:error] [pid 7568:tid 1860] [client 192.168.175.201:14254] AH00135: Invalid method in request BPROPPATCH /error/kiyjsT1r.htm HTTP/1.1
[Thu Mar 12 14:38:22.586452 2015] [cgi:error] [pid 7568:tid 1860] [client 192.168.175.201:14255] script not found or unable to stat: E:/nuevo/cgi-bin/172.22.2.2.bz2
[Thu Mar 12 14:38:22.633252 2015] [cgi:error] [pid 7568:tid 1860] [client 192.168.175.201:14264] script not found or unable to stat: E:/nuevo/cgi-bin/www.172.22.2.2.tar.bz2
[Thu Mar 12 14:38:22.664452 2015] [cgi:error] [pid 7568:tid 1732] [client 192.168.175.201:14268] script not found or unable to stat: E:/nuevo/cgi-bin/172.22.2.2.tar.bz2
[Thu Mar 12 14:38:22.711252 2015] [core:error] [pid 7568:tid 1860] [client 192.168.175.201:14267] AH00135: Invalid method in request DEBUG /error/kiyjsT1r.htm HTTP/1.1
[Thu Mar 12 14:38:22.711252 2015] [cgi:error] [pid 7568:tid 1732] [client 192.168.175.201:14271] script not found or unable to stat: E:/nuevo/cgi-bin/www.172.22.2.2.tgz
[Thu Mar 12 14:38:22.758052 2015] [cgi:error] [pid 7568:tid 1860] [client 192.168.175.201:14278] script not found or unable to stat: E:/nuevo/cgi-bin/172.22.2.2.tgz
[Thu Mar 12 14:38:22.789252 2015] [cgi:error] [pid 7568:tid 1860] [client 192.168.175.201:14281] script not found or unable to stat: E:/nuevo/cgi-bin/www.172.22.2.2.gz
[Thu Mar 12 14:38:22.851653 2015] [cgi:error] [pid 7568:tid 1732] [client 192.168.175.201:14283] script not found or unable to stat: E:/nuevo/cgi-bin/172.22.2.2.gz
[Thu Mar 12 14:38:22.867253 2015] [core:error] [pid 7568:tid 1860] [client 192.168.175.201:14282] AH00135: Invalid method in request INDEX /error/kiyjsT1r.htm HTTP/1.1
[Thu Mar 12 14:38:22.914053 2015] [cgi:error] [pid 7568:tid 1860] [client 192.168.175.201:14291] script not found or unable to stat: E:/nuevo/cgi-bin/www.172.22.2.2.tar.gz
[Thu Mar 12 14:38:22.960853 2015] [cgi:error] [pid 7568:tid 1860] [client 192.168.175.201:14297] script not found or unable to stat: E:/nuevo/cgi-bin/172.22.2.2.tar.gz
[Thu Mar 12 14:38:23.054453 2015] [cgi:error] [pid 7568:tid 1860] [client 192.168.175.201:14301] script not found or unable to stat: E:/nuevo/cgi-bin/www.172.22.2.2.tar
[Thu Mar 12 14:38:23.054453 2015] [core:error] [pid 7568:tid 1732] [client 192.168.175.201:14294] AH00135: Invalid method in request NOTIFY /error/kiyjsT1r.htm HTTP/1.1
[Thu Mar 12 14:38:23.101253 2015] [cgi:error] [pid 7568:tid 1732] [client 192.168.175.201:14321] script not found or unable to stat: E:/nuevo/cgi-bin/172.22.2.2.tar
[Thu Mar 12 14:38:23.179253 2015] [core:error] [pid 7568:tid 1860] [client 192.168.175.201:14330] AH00135: Invalid method in request ORDERPATCH /error/kiyjsT1r.htm HTTP/1.1
[Thu Mar 12 14:38:23.257253 2015] [core:error] [pid 7568:tid 728] [client 192.168.175.201:14332] AH00135: Invalid method in request POLL /error/kiyjsT1r.htm HTTP/1.1
[Thu Mar 12 14:38:23.553654 2015] [core:error] [pid 7568:tid 728] [client 192.168.175.201:14344] AH00135: Invalid method in request RPC_IN_DATA /error/kiyjsT1r.htm HTTP/1.1
[Thu Mar 12 14:38:23.631654 2015] [core:error] [pid 7568:tid 728] [client 192.168.175.201:14367] AH00135: Invalid method in request RPC_OUT_DATA /error/kiyjsT1r.htm HTTP/1.1
[Thu Mar 12 14:38:23.694054 2015] [core:error] [pid 7568:tid 728] [client 192.168.175.201:14389] AH00135: Invalid method in request SEARCH /error/kiyjsT1r.htm HTTP/1.1
[Thu Mar 12 14:38:23.756454 2015] [core:error] [pid 7568:tid 728] [client 192.168.175.201:14452] AH00135: Invalid method in request SUBSCRIBE /error/kiyjsT1r.htm HTTP/1.1
[Thu Mar 12 14:38:23.787654 2015] [core:error] [pid 7568:tid 728] [client 192.168.175.201:14455] AH00135: Invalid method in request TESTZZZ /error/kiyjsT1r.htm HTTP/1.1
[Thu Mar 12 14:38:23.865654 2015] [core:error] [pid 7568:tid 728] [client 192.168.175.201:14458] AH00135: Invalid method in request UNSUBSCRIBE /error/kiyjsT1r.htm HTTP/1.1
[Thu Mar 12 14:38:23.959254 2015] [core:error] [pid 7568:tid 728] [client 192.168.175.201:14468] AH00135: Invalid method in request X-MS-ENUMATTS /error/kiyjsT1r.htm HTTP/1.1
[Thu Mar 12 14:38:24.084055 2015] [core:error] [pid 7568:tid 728] [client 192.168.175.201:14480] AH00135: Invalid method in request ACL /icons/yBAp3Vv9.htm HTTP/1.1
[Thu Mar 12 14:38:24.162055 2015] [core:error] [pid 7568:tid 728] [client 192.168.175.201:14484] AH00135: Invalid method in request BCOPY /icons/yBAp3Vv9.htm HTTP/1.1
[Thu Mar 12 14:38:24.240055 2015] [core:error] [pid 7568:tid 1008] [client 192.168.175.201:14492] AH00135: Invalid method in request BDELETE /icons/yBAp3Vv9.htm HTTP/1.1
[Thu Mar 12 14:38:24.286855 2015] [core:error] [pid 7568:tid 1008] [client 192.168.175.201:14500] AH00135: Invalid method in request BMOVE /icons/yBAp3Vv9.htm HTTP/1.1
[Thu Mar 12 14:38:24.333655 2015] [core:error] [pid 7568:tid 1732] [client 192.168.175.201:14504] AH00135: Invalid method in request BPROPFIND /icons/yBAp3Vv9.htm HTTP/1.1
[Thu Mar 12 14:38:24.364855 2015] [core:error] [pid 7568:tid 1732] [client 192.168.175.201:14506] AH00135: Invalid method in request BPROPPATCH /icons/yBAp3Vv9.htm HTTP/1.1
[Thu Mar 12 14:38:24.552056 2015] [core:error] [pid 7568:tid 1008] [client 192.168.175.201:14521] AH00135: Invalid method in request DEBUG /icons/yBAp3Vv9.htm HTTP/1.1
[Thu Mar 12 14:38:24.723656 2015] [core:error] [pid 7568:tid 1732] [client 192.168.175.201:14549] AH00135: Invalid method in request INDEX /icons/yBAp3Vv9.htm HTTP/1.1
[Thu Mar 12 14:38:24.832856 2015] [cgi:error] [pid 7568:tid 1732] [client 192.168.175.201:14578] script not found or unable to stat: E:/nuevo/cgi-bin/member.php
[Thu Mar 12 14:38:24.988856 2015] [:error] [pid 7568:tid 1732] [client 192.168.175.201:14613] script 'E:/nuevo/htdocs/member.php' not found or unable to stat
[Thu Mar 12 14:38:25.222857 2015] [core:error] [pid 7568:tid 1008] [client 192.168.175.201:14560] AH00135: Invalid method in request NOTIFY /icons/yBAp3Vv9.htm HTTP/1.1
[Thu Mar 12 14:38:25.378857 2015] [core:error] [pid 7568:tid 1404] [client 192.168.175.201:14683] AH00135: Invalid method in request ORDERPATCH /icons/yBAp3Vv9.htm HTTP/1.1
[Thu Mar 12 14:38:25.472457 2015] [cgi:error] [pid 7568:tid 1008] [client 192.168.175.201:14696] script not found or unable to stat: E:/nuevo/cgi-bin/search.php
[Thu Mar 12 14:38:25.488057 2015] [core:error] [pid 7568:tid 1404] [client 192.168.175.201:14695] AH00135: Invalid method in request POLL /icons/yBAp3Vv9.htm HTTP/1.1
[Thu Mar 12 14:38:25.534857 2015] [:error] [pid 7568:tid 1008] [client 192.168.175.201:14701] script 'E:/nuevo/htdocs/search.php' not found or unable to stat
[Thu Mar 12 14:38:25.644057 2015] [core:error] [pid 7568:tid 1008] [client 192.168.175.201:14709] AH00135: Invalid method in request RPC_IN_DATA /icons/yBAp3Vv9.htm HTTP/1.1
[Thu Mar 12 14:38:25.690858 2015] [core:error] [pid 7568:tid 1008] [client 192.168.175.201:14721] AH00135: Invalid method in request RPC_OUT_DATA /icons/yBAp3Vv9.htm HTTP/1.1
[Thu Mar 12 14:38:25.753258 2015] [core:error] [pid 7568:tid 1404] [client 192.168.175.201:14731] AH00135: Invalid method in request SEARCH /icons/yBAp3Vv9.htm HTTP/1.1
[Thu Mar 12 14:38:25.768858 2015] [cgi:error] [pid 7568:tid 1008] [client 192.168.175.201:14732] script not found or unable to stat: E:/nuevo/cgi-bin/admin
[Thu Mar 12 14:38:25.831258 2015] [core:error] [pid 7568:tid 1404] [client 192.168.175.201:14733] AH00135: Invalid method in request SUBSCRIBE /icons/yBAp3Vv9.htm HTTP/1.1
[Thu Mar 12 14:38:25.924858 2015] [core:error] [pid 7568:tid 728] [client 192.168.175.201:14741] AH00135: Invalid method in request TESTZZZ /icons/yBAp3Vv9.htm HTTP/1.1
[Thu Mar 12 14:38:26.080858 2015] [core:error] [pid 7568:tid 728] [client 192.168.175.201:14750] AH00135: Invalid method in request UNSUBSCRIBE /icons/yBAp3Vv9.htm HTTP/1.1
[Thu Mar 12 14:38:26.158858 2015] [core:error] [pid 7568:tid 728] [client 192.168.175.201:14765] AH00135: Invalid method in request X-MS-ENUMATTS /icons/yBAp3Vv9.htm HTTP/1.1
[Thu Mar 12 14:38:26.564459 2015] [cgi:error] [pid 7568:tid 728] [client 192.168.175.201:14810] script not found or unable to stat: E:/nuevo/cgi-bin/query
