[Sat Oct 04 04:37:42.523835 2014] [authz_core:error] [pid 4588:tid 1812] [client 74.86.158.107:11728] AH01630: client denied by server configuration: E:/nuevo/htdocs/xampp/
[Sat Oct 04 04:42:42.512362 2014] [authz_core:error] [pid 4588:tid 1804] [client 74.86.158.107:26907] AH01630: client denied by server configuration: E:/nuevo/htdocs/xampp/
[Sat Oct 04 04:47:42.594489 2014] [authz_core:error] [pid 4588:tid 1804] [client 74.86.158.107:43566] AH01630: client denied by server configuration: E:/nuevo/htdocs/xampp/
[Sat Oct 04 04:49:28.674676 2014] [:error] [pid 4588:tid 1804] [client 37.183.37.68:2469] script 'E:/nuevo/htdocs/up.php' not found or unable to stat
[Sat Oct 04 04:52:42.489416 2014] [authz_core:error] [pid 4588:tid 1660] [client 74.86.158.107:56925] AH01630: client denied by server configuration: E:/nuevo/htdocs/xampp/
[Sat Oct 04 04:56:31.607018 2014] [:error] [pid 4588:tid 1660] [client 71.7.190.98:63231] script 'E:/nuevo/htdocs/wp-login.php' not found or unable to stat, referer: http://www.google.com/
[Sat Oct 04 04:57:42.477943 2014] [authz_core:error] [pid 4588:tid 1660] [client 74.86.158.107:12575] AH01630: client denied by server configuration: E:/nuevo/htdocs/xampp/
[Sat Oct 04 05:02:42.466470 2014] [authz_core:error] [pid 4588:tid 1804] [client 74.86.158.107:27890] AH01630: client denied by server configuration: E:/nuevo/htdocs/xampp/
[Sat Oct 04 05:05:47.170794 2014] [:error] [pid 4588:tid 1812] [client 71.7.190.98:63792] script 'E:/nuevo/htdocs/wp-login.php' not found or unable to stat, referer: http://www.google.com/
[Sat Oct 04 05:07:42.470597 2014] [authz_core:error] [pid 4588:tid 1812] [client 74.86.158.107:42792] AH01630: client denied by server configuration: E:/nuevo/htdocs/xampp/
[Sat Oct 04 05:12:42.443524 2014] [authz_core:error] [pid 4588:tid 1660] [client 74.86.158.107:57076] AH01630: client denied by server configuration: E:/nuevo/htdocs/xampp/
[Sat Oct 04 05:14:40.192530 2014] [:error] [pid 4588:tid 1756] [client 71.7.190.98:64202] script 'E:/nuevo/htdocs/wp-login.php' not found or unable to stat, referer: http://www.google.com/
[Sat Oct 04 05:17:42.448651 2014] [authz_core:error] [pid 4588:tid 1716] [client 74.86.158.107:9669] AH01630: client denied by server configuration: E:/nuevo/htdocs/xampp/
[Sat Oct 04 05:22:42.421577 2014] [authz_core:error] [pid 4588:tid 1716] [client 74.86.158.107:22031] AH01630: client denied by server configuration: E:/nuevo/htdocs/xampp/
[Sat Oct 04 05:23:46.771690 2014] [:error] [pid 4588:tid 1812] [client 71.7.190.98:64473] script 'E:/nuevo/htdocs/wp-login.php' not found or unable to stat, referer: http://www.google.com/
[Sat Oct 04 05:27:42.426704 2014] [authz_core:error] [pid 4588:tid 1812] [client 74.86.158.107:45951] AH01630: client denied by server configuration: E:/nuevo/htdocs/xampp/
[Sat Oct 04 05:32:42.415231 2014] [authz_core:error] [pid 4588:tid 1812] [client 74.86.158.107:63854] AH01630: client denied by server configuration: E:/nuevo/htdocs/xampp/
[Sat Oct 04 05:37:42.403758 2014] [authz_core:error] [pid 4588:tid 1756] [client 74.86.158.107:14821] AH01630: client denied by server configuration: E:/nuevo/htdocs/xampp/
[Sat Oct 04 05:42:42.392285 2014] [authz_core:error] [pid 4588:tid 1756] [client 74.86.158.107:28385] AH01630: client denied by server configuration: E:/nuevo/htdocs/xampp/
[Sat Oct 04 05:47:42.458812 2014] [authz_core:error] [pid 4588:tid 1756] [client 74.86.158.107:44392] AH01630: client denied by server configuration: E:/nuevo/htdocs/xampp/
[Sat Oct 04 05:52:42.369339 2014] [authz_core:error] [pid 4588:tid 1756] [client 74.86.158.107:57533] AH01630: client denied by server configuration: E:/nuevo/htdocs/xampp/
[Sat Oct 04 05:57:42.357866 2014] [authz_core:error] [pid 4588:tid 1692] [client 74.86.158.107:13581] AH01630: client denied by server configuration: E:/nuevo/htdocs/xampp/
[Sat Oct 04 06:02:42.377593 2014] [authz_core:error] [pid 4588:tid 1756] [client 74.86.158.107:29004] AH01630: client denied by server configuration: E:/nuevo/htdocs/xampp/
[Sat Oct 04 06:07:42.350520 2014] [authz_core:error] [pid 4588:tid 1812] [client 74.86.158.107:43751] AH01630: client denied by server configuration: E:/nuevo/htdocs/xampp/
[Sat Oct 04 06:11:55.383964 2014] [:error] [pid 4588:tid 1692] [client 66.249.64.49:36688] script 'E:/nuevo/htdocs/emsproxy.php' not found or unable to stat
[Sat Oct 04 06:12:42.340047 2014] [authz_core:error] [pid 4588:tid 1812] [client 74.86.158.107:58228] AH01630: client denied by server configuration: E:/nuevo/htdocs/xampp/
[Sat Oct 04 06:17:42.328574 2014] [authz_core:error] [pid 4588:tid 1660] [client 74.86.158.107:10608] AH01630: client denied by server configuration: E:/nuevo/htdocs/xampp/
[Sat Oct 04 06:22:42.332700 2014] [authz_core:error] [pid 4588:tid 1756] [client 74.86.158.107:23551] AH01630: client denied by server configuration: E:/nuevo/htdocs/xampp/
[Sat Oct 04 06:27:42.305627 2014] [authz_core:error] [pid 4588:tid 1820] [client 74.86.158.107:44736] AH01630: client denied by server configuration: E:/nuevo/htdocs/xampp/
[Sat Oct 04 06:32:42.295154 2014] [authz_core:error] [pid 4588:tid 1660] [client 74.86.158.107:61776] AH01630: client denied by server configuration: E:/nuevo/htdocs/xampp/
[Sat Oct 04 06:33:56.910085 2014] [authz_core:error] [pid 4588:tid 1660] [client 188.186.122.187:65398] AH01630: client denied by server configuration: E:/nuevo/htdocs/xampp/, referer: http://girlsatgames.ru
[Sat Oct 04 06:33:57.924087 2014] [authz_core:error] [pid 4588:tid 1660] [client 188.186.122.187:65420] AH01630: client denied by server configuration: E:/nuevo/htdocs/xampp/, referer: http://girlsatgames.ru
[Sat Oct 04 06:33:58.938089 2014] [authz_core:error] [pid 4588:tid 1660] [client 188.186.122.187:65434] AH01630: client denied by server configuration: E:/nuevo/htdocs/xampp/, referer: http://girlsatgames.ru
[Sat Oct 04 06:33:59.952091 2014] [authz_core:error] [pid 4588:tid 1660] [client 188.186.122.187:65468] AH01630: client denied by server configuration: E:/nuevo/htdocs/xampp/, referer: http://girlsatgames.ru
[Sat Oct 04 06:34:00.966092 2014] [authz_core:error] [pid 4588:tid 1660] [client 188.186.122.187:65484] AH01630: client denied by server configuration: E:/nuevo/htdocs/xampp/, referer: http://girlsatgames.ru
[Sat Oct 04 06:37:42.283681 2014] [authz_core:error] [pid 4588:tid 1804] [client 74.86.158.107:12594] AH01630: client denied by server configuration: E:/nuevo/htdocs/xampp/
[Sat Oct 04 06:42:42.272208 2014] [authz_core:error] [pid 4588:tid 1660] [client 74.86.158.107:27478] AH01630: client denied by server configuration: E:/nuevo/htdocs/xampp/
[Sat Oct 04 06:47:42.354335 2014] [authz_core:error] [pid 4588:tid 1804] [client 74.86.158.107:43707] AH01630: client denied by server configuration: E:/nuevo/htdocs/xampp/
[Sat Oct 04 06:52:42.280462 2014] [authz_core:error] [pid 4588:tid 1764] [client 74.86.158.107:55858] AH01630: client denied by server configuration: E:/nuevo/htdocs/xampp/
[Sat Oct 04 06:52:59.908493 2014] [:error] [pid 4588:tid 1764] [client 197.242.104.165:20647] script 'E:/nuevo/htdocs/up_options.php' not found or unable to stat, referer: http://www.webcrawler.com/search/web?qsi=151&q=-%20wso%20rw-r%20(writeable)&aid=eff786b9-4c4a-4144-a7d0-e3d016672d6f&ridx=45&fcoid=4&fcop=results-bottom&fpid=2
[Sat Oct 04 06:57:42.237789 2014] [authz_core:error] [pid 4588:tid 1812] [client 74.86.158.107:12172] AH01630: client denied by server configuration: E:/nuevo/htdocs/xampp/
[Sat Oct 04 07:01:02.042940 2014] [authz_core:error] [pid 4588:tid 1660] [client 62.57.20.47:46056] AH01630: client denied by server configuration: E:/nuevo/htdocs/xampp/
[Sat Oct 04 07:02:42.226316 2014] [authz_core:error] [pid 4588:tid 1764] [client 74.86.158.107:27800] AH01630: client denied by server configuration: E:/nuevo/htdocs/xampp/
[Sat Oct 04 07:07:42.231443 2014] [authz_core:error] [pid 4588:tid 1764] [client 74.86.158.107:42780] AH01630: client denied by server configuration: E:/nuevo/htdocs/xampp/
[Sat Oct 04 07:12:42.204370 2014] [authz_core:error] [pid 4588:tid 1692] [client 74.86.158.107:58387] AH01630: client denied by server configuration: E:/nuevo/htdocs/xampp/
[Sat Oct 04 07:17:42.192896 2014] [authz_core:error] [pid 4588:tid 1620] [client 74.86.158.107:9812] AH01630: client denied by server configuration: E:/nuevo/htdocs/xampp/
[Sat Oct 04 07:22:42.197023 2014] [authz_core:error] [pid 4588:tid 1732] [client 74.86.158.107:22270] AH01630: client denied by server configuration: E:/nuevo/htdocs/xampp/
[Sat Oct 04 07:27:42.185550 2014] [authz_core:error] [pid 4588:tid 1820] [client 74.86.158.107:46082] AH01630: client denied by server configuration: E:/nuevo/htdocs/xampp/
[Sat Oct 04 07:32:42.175077 2014] [authz_core:error] [pid 4588:tid 1732] [client 74.86.158.107:63807] AH01630: client denied by server configuration: E:/nuevo/htdocs/xampp/
[Sat Oct 04 07:37:42.163604 2014] [authz_core:error] [pid 4588:tid 1692] [client 74.86.158.107:14153] AH01630: client denied by server configuration: E:/nuevo/htdocs/xampp/
[Sat Oct 04 07:42:42.152131 2014] [authz_core:error] [pid 4588:tid 1692] [client 74.86.158.107:29193] AH01630: client denied by server configuration: E:/nuevo/htdocs/xampp/
[Sat Oct 04 07:47:42.234258 2014] [authz_core:error] [pid 4588:tid 1692] [client 74.86.158.107:45391] AH01630: client denied by server configuration: E:/nuevo/htdocs/xampp/
[Sat Oct 04 07:48:03.512696 2014] [authz_core:error] [pid 4588:tid 1804] [client 66.249.64.47:61760] AH01630: client denied by server configuration: E:/nuevo/htdocs/xampp/
[Sat Oct 04 07:52:42.129185 2014] [authz_core:error] [pid 4588:tid 1620] [client 74.86.158.107:58623] AH01630: client denied by server configuration: E:/nuevo/htdocs/xampp/
[Sat Oct 04 07:57:42.117712 2014] [authz_core:error] [pid 4588:tid 1820] [client 74.86.158.107:14861] AH01630: client denied by server configuration: E:/nuevo/htdocs/xampp/
[Sat Oct 04 07:58:06.625355 2014] [authz_core:error] [pid 4588:tid 1820] [client 66.249.64.43:59977] AH01630: client denied by server configuration: E:/nuevo/htdocs/xampp/
[Sat Oct 04 07:59:10.304667 2014] [authz_core:error] [pid 4588:tid 1764] [client 192.99.149.88:35047] AH01630: client denied by server configuration: E:/nuevo/htdocs/xampp/
[Sat Oct 04 08:02:42.106239 2014] [authz_core:error] [pid 4588:tid 1732] [client 74.86.158.107:30718] AH01630: client denied by server configuration: E:/nuevo/htdocs/xampp/
[Sat Oct 04 08:07:42.095766 2014] [authz_core:error] [pid 4588:tid 1820] [client 74.86.158.107:45556] AH01630: client denied by server configuration: E:/nuevo/htdocs/xampp/
[Sat Oct 04 08:12:42.115493 2014] [authz_core:error] [pid 4588:tid 1820] [client 74.86.158.107:60914] AH01630: client denied by server configuration: E:/nuevo/htdocs/xampp/
[Sat Oct 04 08:16:30.375094 2014] [authz_core:error] [pid 4588:tid 1716] [client 66.249.64.57:60591] AH01630: client denied by server configuration: E:/nuevo/htdocs/xampp/
[Sat Oct 04 08:17:42.088419 2014] [authz_core:error] [pid 4588:tid 1820] [client 74.86.158.107:13512] AH01630: client denied by server configuration: E:/nuevo/htdocs/xampp/
[Sat Oct 04 08:20:24.016704 2014] [authz_core:error] [pid 4588:tid 1804] [client 64.246.165.150:35910] AH01630: client denied by server configuration: E:/nuevo/htdocs/xampp/, referer: http://whois.domaintools.com/dama.gov.co
[Sat Oct 04 08:22:42.076946 2014] [authz_core:error] [pid 4588:tid 1756] [client 74.86.158.107:25899] AH01630: client denied by server configuration: E:/nuevo/htdocs/xampp/
[Sat Oct 04 08:27:42.066473 2014] [authz_core:error] [pid 4588:tid 1620] [client 74.86.158.107:47676] AH01630: client denied by server configuration: E:/nuevo/htdocs/xampp/
[Sat Oct 04 08:32:42.055000 2014] [authz_core:error] [pid 4588:tid 1804] [client 74.86.158.107:63856] AH01630: client denied by server configuration: E:/nuevo/htdocs/xampp/
[Sat Oct 04 08:37:42.043527 2014] [authz_core:error] [pid 4588:tid 1620] [client 74.86.158.107:14855] AH01630: client denied by server configuration: E:/nuevo/htdocs/xampp/
[Sat Oct 04 08:42:05.808790 2014] [mpm_winnt:warn] [pid 4588:tid 2668] (OS 64)The specified network name is no longer available.  : AH00341: winnt_accept: Asynchronous AcceptEx failed.
[Sat Oct 04 08:42:42.032054 2014] [authz_core:error] [pid 4588:tid 1820] [client 74.86.158.107:29832] AH01630: client denied by server configuration: E:/nuevo/htdocs/xampp/
[Sat Oct 04 08:44:43.431467 2014] [authz_core:error] [pid 4588:tid 1764] [client 66.249.64.167:37360] AH01630: client denied by server configuration: E:/nuevo/htdocs/xampp/
[Sat Oct 04 08:47:42.098581 2014] [authz_core:error] [pid 4588:tid 1820] [client 74.86.158.107:46154] AH01630: client denied by server configuration: E:/nuevo/htdocs/xampp/
[Sat Oct 04 08:49:56.492817 2014] [mpm_winnt:warn] [pid 4588:tid 2668] (OS 64)The specified network name is no longer available.  : AH00341: winnt_accept: Asynchronous AcceptEx failed.
[Sat Oct 04 08:52:42.009108 2014] [authz_core:error] [pid 4588:tid 1628] [client 74.86.158.107:59376] AH01630: client denied by server configuration: E:/nuevo/htdocs/xampp/
[Sat Oct 04 08:57:42.028835 2014] [authz_core:error] [pid 4588:tid 1804] [client 74.86.158.107:15555] AH01630: client denied by server configuration: E:/nuevo/htdocs/xampp/
[Sat Oct 04 09:02:41.987162 2014] [authz_core:error] [pid 4588:tid 1732] [client 74.86.158.107:31154] AH01630: client denied by server configuration: E:/nuevo/htdocs/xampp/
[Sat Oct 04 09:07:41.975689 2014] [authz_core:error] [pid 4588:tid 1708] [client 74.86.158.107:45877] AH01630: client denied by server configuration: E:/nuevo/htdocs/xampp/
[Sat Oct 04 09:12:33.524601 2014] [authz_core:error] [pid 4588:tid 1660] [client 66.249.64.46:55916] AH01630: client denied by server configuration: E:/nuevo/htdocs/xampp/
[Sat Oct 04 09:12:41.979816 2014] [authz_core:error] [pid 4588:tid 1692] [client 74.86.158.107:61427] AH01630: client denied by server configuration: E:/nuevo/htdocs/xampp/
[Sat Oct 04 09:16:05.794174 2014] [authz_core:error] [pid 4588:tid 1740] [client 157.55.39.59:2200] AH01630: client denied by server configuration: E:/nuevo/htdocs/xampp/
[Sat Oct 04 09:17:41.952742 2014] [authz_core:error] [pid 4588:tid 1740] [client 74.86.158.107:14274] AH01630: client denied by server configuration: E:/nuevo/htdocs/xampp/
[Sat Oct 04 09:22:41.941269 2014] [authz_core:error] [pid 4588:tid 1740] [client 74.86.158.107:27194] AH01630: client denied by server configuration: E:/nuevo/htdocs/xampp/
[Sat Oct 04 09:27:41.960996 2014] [authz_core:error] [pid 4588:tid 1740] [client 74.86.158.107:50816] AH01630: client denied by server configuration: E:/nuevo/htdocs/xampp/
[Sat Oct 04 09:32:42.075323 2014] [authz_core:error] [pid 4588:tid 1740] [client 74.86.158.107:5824] AH01630: client denied by server configuration: E:/nuevo/htdocs/xampp/
[Sat Oct 04 09:35:52.816858 2014] [authz_core:error] [pid 4588:tid 1620] [client 66.249.64.43:47069] AH01630: client denied by server configuration: E:/nuevo/htdocs/xampp/
[Sat Oct 04 09:37:41.923450 2014] [authz_core:error] [pid 4588:tid 1756] [client 74.86.158.107:20292] AH01630: client denied by server configuration: E:/nuevo/htdocs/xampp/
[Sat Oct 04 09:42:41.911977 2014] [authz_core:error] [pid 4588:tid 1660] [client 74.86.158.107:35763] AH01630: client denied by server configuration: E:/nuevo/htdocs/xampp/
[Sat Oct 04 09:47:41.994104 2014] [authz_core:error] [pid 4588:tid 1692] [client 74.86.158.107:52170] AH01630: client denied by server configuration: E:/nuevo/htdocs/xampp/
[Sat Oct 04 09:52:41.889031 2014] [authz_core:error] [pid 4588:tid 1780] [client 74.86.158.107:3175] AH01630: client denied by server configuration: E:/nuevo/htdocs/xampp/
[Sat Oct 04 09:57:41.878558 2014] [authz_core:error] [pid 4588:tid 1780] [client 74.86.158.107:22007] AH01630: client denied by server configuration: E:/nuevo/htdocs/xampp/
[Sat Oct 04 10:01:43.023781 2014] [:error] [pid 4588:tid 1756] [client 64.71.32.24:39605] script 'E:/nuevo/htdocs/wp-login.php' not found or unable to stat, referer: http://www.google.com/
[Sat Oct 04 10:02:41.882685 2014] [authz_core:error] [pid 4588:tid 1636] [client 74.86.158.107:37927] AH01630: client denied by server configuration: E:/nuevo/htdocs/xampp/
[Sat Oct 04 10:07:41.855612 2014] [authz_core:error] [pid 4588:tid 1740] [client 74.86.158.107:53279] AH01630: client denied by server configuration: E:/nuevo/htdocs/xampp/
[Sat Oct 04 10:10:48.353939 2014] [:error] [pid 4588:tid 1628] [client 64.71.32.24:48289] script 'E:/nuevo/htdocs/wp-login.php' not found or unable to stat, referer: http://www.google.com/
[Sat Oct 04 10:12:41.844138 2014] [authz_core:error] [pid 4588:tid 1700] [client 74.86.158.107:6105] AH01630: client denied by server configuration: E:/nuevo/htdocs/xampp/
[Sat Oct 04 10:17:41.832665 2014] [authz_core:error] [pid 4588:tid 1692] [client 74.86.158.107:21698] AH01630: client denied by server configuration: E:/nuevo/htdocs/xampp/
[Sat Oct 04 10:19:47.100885 2014] [:error] [pid 4588:tid 1700] [client 64.71.32.24:57330] script 'E:/nuevo/htdocs/wp-login.php' not found or unable to stat, referer: http://www.google.com/
[Sat Oct 04 10:21:10.139831 2014] [authz_core:error] [pid 4588:tid 1652] [client 46.201.221.57:1945] AH01630: client denied by server configuration: E:/nuevo/htdocs/xampp/
[Sat Oct 04 10:21:24.195456 2014] [authz_core:error] [pid 4588:tid 1612] [client 46.201.221.57:1986] AH01630: client denied by server configuration: E:/nuevo/htdocs/xampp/
[Sat Oct 04 10:21:56.175512 2014] [authz_core:error] [pid 4588:tid 1612] [client 46.201.221.57:2056] AH01630: client denied by server configuration: E:/nuevo/htdocs/xampp/
[Sat Oct 04 10:22:04.786727 2014] [authz_core:error] [pid 4588:tid 1708] [client 46.201.221.57:2090] AH01630: client denied by server configuration: E:/nuevo/htdocs/xampp/
[Sat Oct 04 10:22:14.770745 2014] [authz_core:error] [pid 4588:tid 1796] [client 46.201.221.57:2116] AH01630: client denied by server configuration: E:/nuevo/htdocs/xampp/
[Sat Oct 04 10:22:22.258758 2014] [authz_core:error] [pid 4588:tid 1684] [client 46.201.221.57:2144] AH01630: client denied by server configuration: E:/nuevo/htdocs/xampp/
[Sat Oct 04 10:22:41.836792 2014] [authz_core:error] [pid 4588:tid 1796] [client 74.86.158.107:34694] AH01630: client denied by server configuration: E:/nuevo/htdocs/xampp/
[Sat Oct 04 10:22:53.271612 2014] [authz_core:error] [pid 4588:tid 1796] [client 46.201.221.57:2206] AH01630: client denied by server configuration: E:/nuevo/htdocs/xampp/
[Sat Oct 04 10:22:54.769215 2014] [authz_core:error] [pid 4588:tid 1708] [client 46.201.221.57:2212] AH01630: client denied by server configuration: E:/nuevo/htdocs/xampp/
[Sat Oct 04 10:23:39.307293 2014] [authz_core:error] [pid 4588:tid 1660] [client 46.201.221.57:2364] AH01630: client denied by server configuration: E:/nuevo/htdocs/xampp/
[Sat Oct 04 10:23:48.838910 2014] [authz_core:error] [pid 4588:tid 1604] [client 46.201.221.57:2394] AH01630: client denied by server configuration: E:/nuevo/htdocs/xampp/
[Sat Oct 04 10:24:32.628187 2014] [authz_core:error] [pid 4588:tid 1716] [client 46.201.221.57:2544] AH01630: client denied by server configuration: E:/nuevo/htdocs/xampp/
[Sat Oct 04 10:24:39.538999 2014] [authz_core:error] [pid 4588:tid 1716] [client 46.201.221.57:2571] AH01630: client denied by server configuration: E:/nuevo/htdocs/xampp/
[Sat Oct 04 10:25:18.866668 2014] [authz_core:error] [pid 4588:tid 1668] [client 46.201.221.57:2703] AH01630: client denied by server configuration: E:/nuevo/htdocs/xampp/
[Sat Oct 04 10:25:27.867884 2014] [authz_core:error] [pid 4588:tid 1660] [client 46.201.221.57:2735] AH01630: client denied by server configuration: E:/nuevo/htdocs/xampp/
[Sat Oct 04 10:25:52.578327 2014] [authz_core:error] [pid 4588:tid 1636] [client 46.201.221.57:2837] AH01630: client denied by server configuration: E:/nuevo/htdocs/xampp/
[Sat Oct 04 10:26:07.242353 2014] [authz_core:error] [pid 4588:tid 1796] [client 46.201.221.57:2890] AH01630: client denied by server configuration: E:/nuevo/htdocs/xampp/
[Sat Oct 04 10:26:27.803189 2014] [authz_core:error] [pid 4588:tid 1716] [client 46.201.221.57:2958] AH01630: client denied by server configuration: E:/nuevo/htdocs/xampp/
[Sat Oct 04 10:26:48.816426 2014] [authz_core:error] [pid 4588:tid 1716] [client 46.201.221.57:3046] AH01630: client denied by server configuration: E:/nuevo/htdocs/xampp/
[Sat Oct 04 10:27:07.115258 2014] [authz_core:error] [pid 4588:tid 1796] [client 46.201.221.57:3108] AH01630: client denied by server configuration: E:/nuevo/htdocs/xampp/
[Sat Oct 04 10:27:33.370104 2014] [authz_core:error] [pid 4588:tid 1796] [client 46.201.221.57:3227] AH01630: client denied by server configuration: E:/nuevo/htdocs/xampp/
[Sat Oct 04 10:27:41.825319 2014] [authz_core:error] [pid 4588:tid 1740] [client 74.86.158.107:57003] AH01630: client denied by server configuration: E:/nuevo/htdocs/xampp/
[Sat Oct 04 10:27:47.066928 2014] [authz_core:error] [pid 4588:tid 1604] [client 46.201.221.57:3273] AH01630: client denied by server configuration: E:/nuevo/htdocs/xampp/
[Sat Oct 04 10:28:34.928813 2014] [:error] [pid 4588:tid 1604] [client 64.71.32.24:37895] script 'E:/nuevo/htdocs/wp-login.php' not found or unable to stat, referer: http://www.google.com/
[Sat Oct 04 10:30:24.207004 2014] [authz_core:error] [pid 4588:tid 1684] [client 46.201.221.57:3472] AH01630: client denied by server configuration: E:/nuevo/htdocs/xampp/
[Sat Oct 04 10:30:27.093010 2014] [authz_core:error] [pid 4588:tid 1604] [client 46.201.221.57:3480] AH01630: client denied by server configuration: E:/nuevo/htdocs/xampp/
[Sat Oct 04 10:32:41.799246 2014] [authz_core:error] [pid 4588:tid 1676] [client 74.86.158.107:12266] AH01630: client denied by server configuration: E:/nuevo/htdocs/xampp/
[Sat Oct 04 10:37:41.803373 2014] [authz_core:error] [pid 4588:tid 1660] [client 74.86.158.107:26726] AH01630: client denied by server configuration: E:/nuevo/htdocs/xampp/
[Sat Oct 04 10:42:41.791900 2014] [authz_core:error] [pid 4588:tid 1604] [client 74.86.158.107:43372] AH01630: client denied by server configuration: E:/nuevo/htdocs/xampp/
[Sat Oct 04 10:47:41.858427 2014] [authz_core:error] [pid 4588:tid 1708] [client 74.86.158.107:60335] AH01630: client denied by server configuration: E:/nuevo/htdocs/xampp/
[Sat Oct 04 10:52:41.768954 2014] [authz_core:error] [pid 4588:tid 1716] [client 74.86.158.107:10979] AH01630: client denied by server configuration: E:/nuevo/htdocs/xampp/
[Sat Oct 04 10:57:41.758481 2014] [authz_core:error] [pid 4588:tid 1596] [client 74.86.158.107:30084] AH01630: client denied by server configuration: E:/nuevo/htdocs/xampp/
[Sat Oct 04 11:02:41.747008 2014] [authz_core:error] [pid 4588:tid 1644] [client 74.86.158.107:45978] AH01630: client denied by server configuration: E:/nuevo/htdocs/xampp/
[Sat Oct 04 11:07:41.735535 2014] [authz_core:error] [pid 4588:tid 1580] [client 74.86.158.107:61268] AH01630: client denied by server configuration: E:/nuevo/htdocs/xampp/
[Sat Oct 04 11:12:41.724061 2014] [authz_core:error] [pid 4588:tid 1732] [client 74.86.158.107:12642] AH01630: client denied by server configuration: E:/nuevo/htdocs/xampp/
[Sat Oct 04 11:17:41.712588 2014] [authz_core:error] [pid 4588:tid 1692] [client 74.86.158.107:27798] AH01630: client denied by server configuration: E:/nuevo/htdocs/xampp/
[Sat Oct 04 11:22:41.701115 2014] [authz_core:error] [pid 4588:tid 1644] [client 74.86.158.107:40541] AH01630: client denied by server configuration: E:/nuevo/htdocs/xampp/
[Sat Oct 04 11:27:41.690642 2014] [authz_core:error] [pid 4588:tid 1772] [client 74.86.158.107:64664] AH01630: client denied by server configuration: E:/nuevo/htdocs/xampp/
[Sat Oct 04 11:32:41.694769 2014] [authz_core:error] [pid 4588:tid 1700] [client 74.86.158.107:19890] AH01630: client denied by server configuration: E:/nuevo/htdocs/xampp/
[Sat Oct 04 11:36:19.720752 2014] [proxy:error] [pid 4588:tid 1644] (OS 10061)No connection could be made because the target machine actively refused it.  : AH00957: HTTP: attempt to connect to 172.22.1.47:80 (172.22.1.47) failed
[Sat Oct 04 11:36:19.720752 2014] [proxy:error] [pid 4588:tid 1644] AH00959: ap_proxy_connect_backend disabling worker for (172.22.1.47) for 60s
[Sat Oct 04 11:36:19.720752 2014] [proxy_http:error] [pid 4588:tid 1644] [client 186.84.186.98:50173] AH01114: HTTP: failed to make connection to backend: 172.22.1.47, referer: http://www.ambientebogota.gov.co/web/intranet/aplicaciones-para-acceder-fuera-de-la-sda
[Sat Oct 04 11:37:41.683296 2014] [authz_core:error] [pid 4588:tid 1692] [client 74.86.158.107:33881] AH01630: client denied by server configuration: E:/nuevo/htdocs/xampp/
[Sat Oct 04 11:42:41.671823 2014] [authz_core:error] [pid 4588:tid 1708] [client 74.86.158.107:49107] AH01630: client denied by server configuration: E:/nuevo/htdocs/xampp/
[Sat Oct 04 11:47:41.738350 2014] [authz_core:error] [pid 4588:tid 1620] [client 74.86.158.107:2968] AH01630: client denied by server configuration: E:/nuevo/htdocs/xampp/
[Sat Oct 04 11:52:41.649877 2014] [authz_core:error] [pid 4588:tid 1740] [client 74.86.158.107:16427] AH01630: client denied by server configuration: E:/nuevo/htdocs/xampp/
[Sat Oct 04 11:55:49.115406 2014] [authz_core:error] [pid 4588:tid 1620] [client 66.249.64.57:34591] AH01630: client denied by server configuration: E:/nuevo/htdocs/xampp/
[Sat Oct 04 11:57:41.685204 2014] [authz_core:error] [pid 4588:tid 1596] [client 74.86.158.107:33891] AH01630: client denied by server configuration: E:/nuevo/htdocs/xampp/
[Sat Oct 04 12:02:41.626931 2014] [authz_core:error] [pid 4588:tid 1692] [client 74.86.158.107:49680] AH01630: client denied by server configuration: E:/nuevo/htdocs/xampp/
[Sat Oct 04 12:07:41.615458 2014] [authz_core:error] [pid 4588:tid 1820] [client 74.86.158.107:64667] AH01630: client denied by server configuration: E:/nuevo/htdocs/xampp/
[Sat Oct 04 12:12:41.603984 2014] [authz_core:error] [pid 4588:tid 1740] [client 74.86.158.107:17497] AH01630: client denied by server configuration: E:/nuevo/htdocs/xampp/
[Sat Oct 04 12:17:41.592511 2014] [authz_core:error] [pid 4588:tid 1692] [client 74.86.158.107:32822] AH01630: client denied by server configuration: E:/nuevo/htdocs/xampp/
[Sat Oct 04 12:22:41.596638 2014] [authz_core:error] [pid 4588:tid 1708] [client 74.86.158.107:44018] AH01630: client denied by server configuration: E:/nuevo/htdocs/xampp/
[Sat Oct 04 12:24:35.976039 2014] [authz_core:error] [pid 4588:tid 1772] [client 66.249.83.62:38216] AH01630: client denied by server configuration: E:/nuevo/htdocs/xampp/
[Sat Oct 04 12:27:41.585165 2014] [authz_core:error] [pid 4588:tid 1588] [client 74.86.158.107:2902] AH01630: client denied by server configuration: E:/nuevo/htdocs/xampp/
[Sat Oct 04 12:32:41.574692 2014] [authz_core:error] [pid 4588:tid 1772] [client 74.86.158.107:20177] AH01630: client denied by server configuration: E:/nuevo/htdocs/xampp/
[Sat Oct 04 12:37:02.984351 2014] [authz_core:error] [pid 4588:tid 1692] [client 50.97.84.118:60921] AH01630: client denied by server configuration: E:/nuevo/htdocs/xampp/
[Sat Oct 04 12:37:41.563219 2014] [authz_core:error] [pid 4588:tid 1580] [client 74.86.158.107:34128] AH01630: client denied by server configuration: E:/nuevo/htdocs/xampp/
[Sat Oct 04 12:42:41.551746 2014] [authz_core:error] [pid 4588:tid 1732] [client 74.86.158.107:49299] AH01630: client denied by server configuration: E:/nuevo/htdocs/xampp/
[Sat Oct 04 12:43:38.273446 2014] [authz_core:error] [pid 4588:tid 1732] [client 104.192.103.3:52891] AH01630: client denied by server configuration: E:/nuevo/htdocs/phpMyAdmin-2.11.3
[Sat Oct 04 12:47:41.634873 2014] [authz_core:error] [pid 4588:tid 1732] [client 74.86.158.107:3108] AH01630: client denied by server configuration: E:/nuevo/htdocs/xampp/
[Sat Oct 04 12:52:41.529800 2014] [authz_core:error] [pid 4588:tid 1732] [client 74.86.158.107:15078] AH01630: client denied by server configuration: E:/nuevo/htdocs/xampp/
[Sat Oct 04 12:57:41.533927 2014] [authz_core:error] [pid 4588:tid 1588] [client 74.86.158.107:33878] AH01630: client denied by server configuration: E:/nuevo/htdocs/xampp/
[Sat Oct 04 13:02:41.506854 2014] [authz_core:error] [pid 4588:tid 1732] [client 74.86.158.107:48771] AH01630: client denied by server configuration: E:/nuevo/htdocs/xampp/
[Sat Oct 04 13:07:41.510981 2014] [authz_core:error] [pid 4588:tid 1644] [client 74.86.158.107:63837] AH01630: client denied by server configuration: E:/nuevo/htdocs/xampp/
[Sat Oct 04 13:12:41.483907 2014] [authz_core:error] [pid 4588:tid 1644] [client 74.86.158.107:16468] AH01630: client denied by server configuration: E:/nuevo/htdocs/xampp/
[Sat Oct 04 13:17:41.488034 2014] [authz_core:error] [pid 4588:tid 1612] [client 74.86.158.107:32067] AH01630: client denied by server configuration: E:/nuevo/htdocs/xampp/
[Sat Oct 04 13:22:41.476561 2014] [authz_core:error] [pid 4588:tid 1636] [client 74.86.158.107:44994] AH01630: client denied by server configuration: E:/nuevo/htdocs/xampp/
[Sat Oct 04 13:27:41.465088 2014] [authz_core:error] [pid 4588:tid 1580] [client 74.86.158.107:5842] AH01630: client denied by server configuration: E:/nuevo/htdocs/xampp/
[Sat Oct 04 13:32:41.454615 2014] [authz_core:error] [pid 4588:tid 1804] [client 74.86.158.107:23720] AH01630: client denied by server configuration: E:/nuevo/htdocs/xampp/
[Sat Oct 04 13:37:41.443142 2014] [authz_core:error] [pid 4588:tid 1788] [client 74.86.158.107:37791] AH01630: client denied by server configuration: E:/nuevo/htdocs/xampp/
[Sat Oct 04 13:42:25.411441 2014] [proxy:error] [pid 4588:tid 1732] (OS 10061)No connection could be made because the target machine actively refused it.  : AH00957: HTTP: attempt to connect to 172.22.1.47:80 (172.22.1.47) failed
[Sat Oct 04 13:42:25.411441 2014] [proxy:error] [pid 4588:tid 1732] AH00959: ap_proxy_connect_backend disabling worker for (172.22.1.47) for 60s
[Sat Oct 04 13:42:25.411441 2014] [proxy_http:error] [pid 4588:tid 1732] [client 201.245.192.253:57432] AH01114: HTTP: failed to make connection to backend: 172.22.1.47
[Sat Oct 04 13:42:41.432669 2014] [authz_core:error] [pid 4588:tid 1596] [client 74.86.158.107:52649] AH01630: client denied by server configuration: E:/nuevo/htdocs/xampp/
[Sat Oct 04 13:47:41.545996 2014] [authz_core:error] [pid 4588:tid 1732] [client 74.86.158.107:6035] AH01630: client denied by server configuration: E:/nuevo/htdocs/xampp/
[Sat Oct 04 13:52:41.409723 2014] [authz_core:error] [pid 4588:tid 1700] [client 74.86.158.107:19603] AH01630: client denied by server configuration: E:/nuevo/htdocs/xampp/
[Sat Oct 04 13:57:41.398250 2014] [authz_core:error] [pid 4588:tid 1620] [client 74.86.158.107:37316] AH01630: client denied by server configuration: E:/nuevo/htdocs/xampp/
[Sat Oct 04 14:08:39.079805 2014] [authz_core:error] [pid 4588:tid 1612] [client 74.86.158.107:53112] AH01630: client denied by server configuration: E:/nuevo/htdocs/xampp/
[Sat Oct 04 14:13:39.068332 2014] [authz_core:error] [pid 4588:tid 1684] [client 74.86.158.107:39558] AH01630: client denied by server configuration: E:/nuevo/htdocs/xampp/
[Sat Oct 04 14:18:39.103659 2014] [authz_core:error] [pid 4588:tid 1700] [client 74.86.158.107:29735] AH01630: client denied by server configuration: E:/nuevo/htdocs/xampp/
[Sat Oct 04 14:23:39.060986 2014] [authz_core:error] [pid 4588:tid 1628] [client 74.86.158.107:21991] AH01630: client denied by server configuration: E:/nuevo/htdocs/xampp/
[Sat Oct 04 14:28:39.050512 2014] [authz_core:error] [pid 4588:tid 1580] [client 74.86.158.107:13890] AH01630: client denied by server configuration: E:/nuevo/htdocs/xampp/
[Sat Oct 04 14:33:15.202198 2014] [proxy:error] [pid 4588:tid 1740] (OS 10061)No connection could be made because the target machine actively refused it.  : AH00957: HTTP: attempt to connect to 172.22.1.47:80 (172.22.1.47) failed
[Sat Oct 04 14:33:15.202198 2014] [proxy:error] [pid 4588:tid 1740] AH00959: ap_proxy_connect_backend disabling worker for (172.22.1.47) for 60s
[Sat Oct 04 14:33:15.202198 2014] [proxy_http:error] [pid 4588:tid 1740] [client 201.245.192.253:59620] AH01114: HTTP: failed to make connection to backend: 172.22.1.47
[Sat Oct 04 14:33:39.039039 2014] [authz_core:error] [pid 4588:tid 1700] [client 74.86.158.107:63356] AH01630: client denied by server configuration: E:/nuevo/htdocs/xampp/
[Sat Oct 04 14:38:39.028566 2014] [authz_core:error] [pid 4588:tid 1724] [client 74.86.158.107:60328] AH01630: client denied by server configuration: E:/nuevo/htdocs/xampp/
[Sat Oct 04 14:43:39.032693 2014] [authz_core:error] [pid 4588:tid 1812] [client 74.86.158.107:47320] AH01630: client denied by server configuration: E:/nuevo/htdocs/xampp/
[Sat Oct 04 14:48:39.114820 2014] [authz_core:error] [pid 4588:tid 1820] [client 74.86.158.107:38751] AH01630: client denied by server configuration: E:/nuevo/htdocs/xampp/
[Sat Oct 04 14:53:38.994147 2014] [authz_core:error] [pid 4588:tid 1724] [client 74.86.158.107:28804] AH01630: client denied by server configuration: E:/nuevo/htdocs/xampp/
[Sat Oct 04 14:58:38.982674 2014] [authz_core:error] [pid 4588:tid 1812] [client 74.86.158.107:20038] AH01630: client denied by server configuration: E:/nuevo/htdocs/xampp/
[Sat Oct 04 15:03:38.986801 2014] [authz_core:error] [pid 4588:tid 1588] [client 74.86.158.107:7549] AH01630: client denied by server configuration: E:/nuevo/htdocs/xampp/
[Sat Oct 04 15:08:38.959728 2014] [authz_core:error] [pid 4588:tid 1580] [client 74.86.158.107:8898] AH01630: client denied by server configuration: E:/nuevo/htdocs/xampp/
[Sat Oct 04 15:10:03.324676 2014] [authz_core:error] [pid 4588:tid 1612] [client 200.121.14.67:50608] AH01630: client denied by server configuration: E:/nuevo/htdocs/xampp/
[Sat Oct 04 15:10:08.067084 2014] [authz_core:error] [pid 4588:tid 1612] [client 200.121.14.67:50608] AH01630: client denied by server configuration: E:/nuevo/htdocs/xampp/, referer: http://www.dama.gov.co/xampp/
[Sat Oct 04 15:13:35.266648 2014] [:error] [pid 4588:tid 1684] [client 197.15.87.31:49559] script 'E:/nuevo/htdocs/up_options.php' not found or unable to stat, referer: http://www.bing.com/search?q=Drwxrwxrwx+WSO+PHP+Tools&FORM=QSRE1
[Sat Oct 04 15:13:38.948255 2014] [authz_core:error] [pid 4588:tid 1820] [client 74.86.158.107:59200] AH01630: client denied by server configuration: E:/nuevo/htdocs/xampp/
[Sat Oct 04 15:18:38.952382 2014] [authz_core:error] [pid 4588:tid 1612] [client 74.86.158.107:49627] AH01630: client denied by server configuration: E:/nuevo/htdocs/xampp/
[Sat Oct 04 15:23:38.956509 2014] [authz_core:error] [pid 4588:tid 1628] [client 74.86.158.107:40241] AH01630: client denied by server configuration: E:/nuevo/htdocs/xampp/
[Sat Oct 04 15:23:48.800126 2014] [authz_core:error] [pid 4588:tid 1724] [client 125.166.238.140:11485] AH01630: client denied by server configuration: E:/nuevo/htdocs/xampp/
[Sat Oct 04 15:28:38.930435 2014] [authz_core:error] [pid 4588:tid 1612] [client 74.86.158.107:32785] AH01630: client denied by server configuration: E:/nuevo/htdocs/xampp/
[Sat Oct 04 15:33:38.918962 2014] [authz_core:error] [pid 4588:tid 1764] [client 74.86.158.107:20288] AH01630: client denied by server configuration: E:/nuevo/htdocs/xampp/
[Sat Oct 04 15:38:38.908489 2014] [authz_core:error] [pid 4588:tid 1628] [client 74.86.158.107:17544] AH01630: client denied by server configuration: E:/nuevo/htdocs/xampp/
[Sat Oct 04 15:40:42.819507 2014] [authz_core:error] [pid 4588:tid 1612] [client 186.144.24.119:55046] AH01630: client denied by server configuration: E:/nuevo/htdocs/xampp/, referer: http://www.unipamplona.edu.co/unipamplona/hermesoft/portalIG/home_1/recursos/colombia/contenidos/23082007/rama_ejecutiva.jsp
[Sat Oct 04 15:43:38.897016 2014] [authz_core:error] [pid 4588:tid 1724] [client 74.86.158.107:5208] AH01630: client denied by server configuration: E:/nuevo/htdocs/xampp/
[Sat Oct 04 15:48:05.657485 2014] [authz_core:error] [pid 4588:tid 1612] [client 42.156.136.16:39557] AH01630: client denied by server configuration: E:/nuevo/htdocs/xampp/
[Sat Oct 04 15:48:38.979143 2014] [authz_core:error] [pid 4588:tid 1764] [client 74.86.158.107:60317] AH01630: client denied by server configuration: E:/nuevo/htdocs/xampp/
[Sat Oct 04 15:53:38.874070 2014] [authz_core:error] [pid 4588:tid 1684] [client 74.86.158.107:50202] AH01630: client denied by server configuration: E:/nuevo/htdocs/xampp/
[Sat Oct 04 15:58:38.878197 2014] [authz_core:error] [pid 4588:tid 1580] [client 74.86.158.107:40709] AH01630: client denied by server configuration: E:/nuevo/htdocs/xampp/
[Sat Oct 04 16:03:38.897924 2014] [authz_core:error] [pid 4588:tid 1588] [client 74.86.158.107:28164] AH01630: client denied by server configuration: E:/nuevo/htdocs/xampp/
[Sat Oct 04 16:03:52.438748 2014] [:error] [pid 4588:tid 1820] [client 41.217.161.225:63687] script 'E:/nuevo/htdocs/up_options.php' not found or unable to stat, referer: http://www.bing.com/search?q=+Uname%3AUser%3APhp%3AHdd%3A+site%3Aco&go=Submit&qs=ds&form=QBRE
[Sat Oct 04 16:08:38.855251 2014] [authz_core:error] [pid 4588:tid 1588] [client 74.86.158.107:30840] AH01630: client denied by server configuration: E:/nuevo/htdocs/xampp/
[Sat Oct 04 16:13:38.843778 2014] [authz_core:error] [pid 4588:tid 1804] [client 74.86.158.107:17244] AH01630: client denied by server configuration: E:/nuevo/htdocs/xampp/
[Sat Oct 04 16:18:38.832305 2014] [authz_core:error] [pid 4588:tid 1612] [client 74.86.158.107:7559] AH01630: client denied by server configuration: E:/nuevo/htdocs/xampp/
[Sat Oct 04 16:23:38.820831 2014] [authz_core:error] [pid 4588:tid 1588] [client 74.86.158.107:60303] AH01630: client denied by server configuration: E:/nuevo/htdocs/xampp/
[Sat Oct 04 16:28:38.825958 2014] [authz_core:error] [pid 4588:tid 1628] [client 74.86.158.107:51973] AH01630: client denied by server configuration: E:/nuevo/htdocs/xampp/
[Sat Oct 04 16:33:04.167825 2014] [authz_core:error] [pid 4588:tid 1764] [client 188.186.122.187:55678] AH01630: client denied by server configuration: E:/nuevo/htdocs/xampp/, referer: http://apartmentbay.ru
[Sat Oct 04 16:33:05.431427 2014] [authz_core:error] [pid 4588:tid 1764] [client 188.186.122.187:55694] AH01630: client denied by server configuration: E:/nuevo/htdocs/xampp/, referer: http://apartmentbay.ru
[Sat Oct 04 16:33:06.632629 2014] [authz_core:error] [pid 4588:tid 1764] [client 188.186.122.187:55718] AH01630: client denied by server configuration: E:/nuevo/htdocs/xampp/, referer: http://apartmentbay.ru
[Sat Oct 04 16:33:07.865031 2014] [authz_core:error] [pid 4588:tid 1820] [client 188.186.122.187:55755] AH01630: client denied by server configuration: E:/nuevo/htdocs/xampp/, referer: http://apartmentbay.ru
[Sat Oct 04 16:33:09.097433 2014] [authz_core:error] [pid 4588:tid 1820] [client 188.186.122.187:55769] AH01630: client denied by server configuration: E:/nuevo/htdocs/xampp/, referer: http://apartmentbay.ru
[Sat Oct 04 16:33:38.815485 2014] [authz_core:error] [pid 4588:tid 1628] [client 74.86.158.107:40184] AH01630: client denied by server configuration: E:/nuevo/htdocs/xampp/
[Sat Oct 04 16:34:03.947130 2014] [:error] [pid 4588:tid 1628] [client 216.144.250.56:35572] script 'E:/nuevo/htdocs/dos.php' not found or unable to stat
[Sat Oct 04 16:38:38.788412 2014] [authz_core:error] [pid 4588:tid 1636] [client 74.86.158.107:37670] AH01630: client denied by server configuration: E:/nuevo/htdocs/xampp/
[Sat Oct 04 16:43:38.808139 2014] [authz_core:error] [pid 4588:tid 1812] [client 74.86.158.107:25441] AH01630: client denied by server configuration: E:/nuevo/htdocs/xampp/
[Sat Oct 04 16:48:38.874666 2014] [authz_core:error] [pid 4588:tid 1764] [client 74.86.158.107:17674] AH01630: client denied by server configuration: E:/nuevo/htdocs/xampp/
[Sat Oct 04 16:53:38.769593 2014] [authz_core:error] [pid 4588:tid 1700] [client 74.86.158.107:8014] AH01630: client denied by server configuration: E:/nuevo/htdocs/xampp/
[Sat Oct 04 16:58:38.758120 2014] [authz_core:error] [pid 4588:tid 1644] [client 74.86.158.107:61414] AH01630: client denied by server configuration: E:/nuevo/htdocs/xampp/
[Sat Oct 04 17:03:38.746647 2014] [authz_core:error] [pid 4588:tid 1804] [client 74.86.158.107:49353] AH01630: client denied by server configuration: E:/nuevo/htdocs/xampp/
[Sat Oct 04 17:08:38.735174 2014] [authz_core:error] [pid 4588:tid 1644] [client 74.86.158.107:50863] AH01630: client denied by server configuration: E:/nuevo/htdocs/xampp/
[Sat Oct 04 17:13:09.005648 2014] [authz_core:error] [pid 4588:tid 1820] [client 181.52.178.22:50012] AH01630: client denied by server configuration: E:/nuevo/htdocs/xampp/, referer: https://www.google.com.co/
[Sat Oct 04 17:13:38.723701 2014] [authz_core:error] [pid 4588:tid 1724] [client 74.86.158.107:38251] AH01630: client denied by server configuration: E:/nuevo/htdocs/xampp/
[Sat Oct 04 17:18:38.712228 2014] [authz_core:error] [pid 4588:tid 1684] [client 74.86.158.107:29035] AH01630: client denied by server configuration: E:/nuevo/htdocs/xampp/
[Sat Oct 04 17:21:56.333375 2014] [:error] [pid 4588:tid 1628] [client 23.27.220.65:39007] script 'E:/nuevo/htdocs/up_options.php' not found or unable to stat, referer: http://r.search.yahoo.com/_ylt=A0LEV0hoczBUt9wAqyJXNyoA;_ylu=X3oDMTExZDhsNnNkBHNlYwNzcgRwb3MDNQRjb2xvA2JmMQR2dGlkA1VJQzFfMQ--/RV=2/RE=1412490217/RO=10/RU=http%3a%2f%2fwww.dama.gov.co%2fup_options.php/RK=0/RS=UBEIGHr9s3IwQpmhoV4_RLdcjLM-
[Sat Oct 04 17:23:38.700754 2014] [authz_core:error] [pid 4588:tid 1588] [client 74.86.158.107:18612] AH01630: client denied by server configuration: E:/nuevo/htdocs/xampp/
[Sat Oct 04 17:28:38.691281 2014] [authz_core:error] [pid 4588:tid 1740] [client 74.86.158.107:10956] AH01630: client denied by server configuration: E:/nuevo/htdocs/xampp/
[Sat Oct 04 17:33:38.679808 2014] [authz_core:error] [pid 4588:tid 1724] [client 74.86.158.107:61451] AH01630: client denied by server configuration: E:/nuevo/htdocs/xampp/
[Sat Oct 04 17:38:38.668335 2014] [authz_core:error] [pid 4588:tid 1644] [client 74.86.158.107:58324] AH01630: client denied by server configuration: E:/nuevo/htdocs/xampp/
[Sat Oct 04 17:43:38.672462 2014] [authz_core:error] [pid 4588:tid 1612] [client 74.86.158.107:45380] AH01630: client denied by server configuration: E:/nuevo/htdocs/xampp/
[Sat Oct 04 17:48:38.738989 2014] [authz_core:error] [pid 4588:tid 1804] [client 74.86.158.107:37280] AH01630: client denied by server configuration: E:/nuevo/htdocs/xampp/
[Sat Oct 04 17:53:38.649516 2014] [authz_core:error] [pid 4588:tid 1724] [client 74.86.158.107:27840] AH01630: client denied by server configuration: E:/nuevo/htdocs/xampp/
[Sat Oct 04 17:58:38.638043 2014] [authz_core:error] [pid 4588:tid 1612] [client 74.86.158.107:18210] AH01630: client denied by server configuration: E:/nuevo/htdocs/xampp/
[Sat Oct 04 18:03:38.626570 2014] [authz_core:error] [pid 4588:tid 1684] [client 74.86.158.107:6287] AH01630: client denied by server configuration: E:/nuevo/htdocs/xampp/
[Sat Oct 04 18:08:38.615097 2014] [authz_core:error] [pid 4588:tid 1700] [client 74.86.158.107:10211] AH01630: client denied by server configuration: E:/nuevo/htdocs/xampp/
[Sat Oct 04 18:10:50.326128 2014] [authz_core:error] [pid 4588:tid 1684] [client 182.118.25.214:34611] AH01630: client denied by server configuration: E:/nuevo/htdocs/xampp/, referer: http://www.dama.gov.co/
[Sat Oct 04 18:13:38.603624 2014] [authz_core:error] [pid 4588:tid 1820] [client 74.86.158.107:60771] AH01630: client denied by server configuration: E:/nuevo/htdocs/xampp/
[Sat Oct 04 18:18:03.523289 2014] [authz_core:error] [pid 4588:tid 1620] [client 186.113.138.74:50881] AH01630: client denied by server configuration: E:/nuevo/htdocs/xampp/
[Sat Oct 04 18:18:04.646491 2014] [authz_core:error] [pid 4588:tid 1620] [client 186.113.138.74:50881] AH01630: client denied by server configuration: E:/nuevo/htdocs/xampp/
[Sat Oct 04 18:18:06.019293 2014] [authz_core:error] [pid 4588:tid 1620] [client 186.113.138.74:50881] AH01630: client denied by server configuration: E:/nuevo/htdocs/xampp/
[Sat Oct 04 18:18:06.471694 2014] [authz_core:error] [pid 4588:tid 1620] [client 186.113.138.74:50881] AH01630: client denied by server configuration: E:/nuevo/htdocs/xampp/
[Sat Oct 04 18:18:07.657296 2014] [authz_core:error] [pid 4588:tid 1644] [client 186.113.138.74:50882] AH01630: client denied by server configuration: E:/nuevo/htdocs/xampp/
[Sat Oct 04 18:18:08.000497 2014] [authz_core:error] [pid 4588:tid 1644] [client 186.113.138.74:50882] AH01630: client denied by server configuration: E:/nuevo/htdocs/xampp/
[Sat Oct 04 18:18:08.359297 2014] [authz_core:error] [pid 4588:tid 1644] [client 186.113.138.74:50882] AH01630: client denied by server configuration: E:/nuevo/htdocs/xampp/
[Sat Oct 04 18:18:08.686898 2014] [authz_core:error] [pid 4588:tid 1644] [client 186.113.138.74:50882] AH01630: client denied by server configuration: E:/nuevo/htdocs/xampp/
[Sat Oct 04 18:18:08.967698 2014] [authz_core:error] [pid 4588:tid 1644] [client 186.113.138.74:50883] AH01630: client denied by server configuration: E:/nuevo/htdocs/xampp/
[Sat Oct 04 18:18:09.310899 2014] [authz_core:error] [pid 4588:tid 1644] [client 186.113.138.74:50883] AH01630: client denied by server configuration: E:/nuevo/htdocs/xampp/
[Sat Oct 04 18:18:09.716500 2014] [authz_core:error] [pid 4588:tid 1644] [client 186.113.138.74:50883] AH01630: client denied by server configuration: E:/nuevo/htdocs/xampp/
[Sat Oct 04 18:18:10.106500 2014] [authz_core:error] [pid 4588:tid 1644] [client 186.113.138.74:50883] AH01630: client denied by server configuration: E:/nuevo/htdocs/xampp/
[Sat Oct 04 18:18:14.724109 2014] [authz_core:error] [pid 4588:tid 1804] [client 186.113.138.74:50888] AH01630: client denied by server configuration: E:/nuevo/htdocs/xampp/
[Sat Oct 04 18:18:15.270110 2014] [authz_core:error] [pid 4588:tid 1804] [client 186.113.138.74:50888] AH01630: client denied by server configuration: E:/nuevo/htdocs/xampp/
[Sat Oct 04 18:18:15.925311 2014] [authz_core:error] [pid 4588:tid 1804] [client 186.113.138.74:50888] AH01630: client denied by server configuration: E:/nuevo/htdocs/xampp/
[Sat Oct 04 18:18:18.156115 2014] [authz_core:error] [pid 4588:tid 1804] [client 186.113.138.74:50888] AH01630: client denied by server configuration: E:/nuevo/htdocs/xampp/
[Sat Oct 04 18:18:18.514915 2014] [authz_core:error] [pid 4588:tid 1804] [client 186.113.138.74:50889] AH01630: client denied by server configuration: E:/nuevo/htdocs/xampp/
[Sat Oct 04 18:18:20.152918 2014] [authz_core:error] [pid 4588:tid 1804] [client 186.113.138.74:50889] AH01630: client denied by server configuration: E:/nuevo/htdocs/xampp/
[Sat Oct 04 18:18:20.792519 2014] [authz_core:error] [pid 4588:tid 1804] [client 186.113.138.74:50889] AH01630: client denied by server configuration: E:/nuevo/htdocs/xampp/
[Sat Oct 04 18:18:21.354120 2014] [authz_core:error] [pid 4588:tid 1804] [client 186.113.138.74:50889] AH01630: client denied by server configuration: E:/nuevo/htdocs/xampp/
[Sat Oct 04 18:18:21.619321 2014] [authz_core:error] [pid 4588:tid 1804] [client 186.113.138.74:50891] AH01630: client denied by server configuration: E:/nuevo/htdocs/xampp/
[Sat Oct 04 18:18:22.102922 2014] [authz_core:error] [pid 4588:tid 1804] [client 186.113.138.74:50891] AH01630: client denied by server configuration: E:/nuevo/htdocs/xampp/
[Sat Oct 04 18:18:22.477322 2014] [authz_core:error] [pid 4588:tid 1804] [client 186.113.138.74:50891] AH01630: client denied by server configuration: E:/nuevo/htdocs/xampp/
[Sat Oct 04 18:18:22.960923 2014] [authz_core:error] [pid 4588:tid 1804] [client 186.113.138.74:50891] AH01630: client denied by server configuration: E:/nuevo/htdocs/xampp/
[Sat Oct 04 18:18:38.592150 2014] [authz_core:error] [pid 4588:tid 1804] [client 74.86.158.107:51807] AH01630: client denied by server configuration: E:/nuevo/htdocs/xampp/
[Sat Oct 04 18:21:47.227682 2014] [authz_core:error] [pid 4588:tid 1700] [client 186.113.138.74:50896] AH01630: client denied by server configuration: E:/nuevo/htdocs/xampp/
[Sat Oct 04 18:21:47.680083 2014] [authz_core:error] [pid 4588:tid 1700] [client 186.113.138.74:50896] AH01630: client denied by server configuration: E:/nuevo/htdocs/xampp/
[Sat Oct 04 18:21:48.335284 2014] [authz_core:error] [pid 4588:tid 1700] [client 186.113.138.74:50896] AH01630: client denied by server configuration: E:/nuevo/htdocs/xampp/
[Sat Oct 04 18:21:48.959285 2014] [authz_core:error] [pid 4588:tid 1700] [client 186.113.138.74:50896] AH01630: client denied by server configuration: E:/nuevo/htdocs/xampp/
[Sat Oct 04 18:23:38.581677 2014] [authz_core:error] [pid 4588:tid 1620] [client 74.86.158.107:42276] AH01630: client denied by server configuration: E:/nuevo/htdocs/xampp/
[Sat Oct 04 18:28:38.571204 2014] [authz_core:error] [pid 4588:tid 1716] [client 74.86.158.107:34328] AH01630: client denied by server configuration: E:/nuevo/htdocs/xampp/
[Sat Oct 04 18:33:38.559731 2014] [authz_core:error] [pid 4588:tid 1764] [client 74.86.158.107:21235] AH01630: client denied by server configuration: E:/nuevo/htdocs/xampp/
[Sat Oct 04 18:38:38.548258 2014] [authz_core:error] [pid 4588:tid 1588] [client 74.86.158.107:18594] AH01630: client denied by server configuration: E:/nuevo/htdocs/xampp/
[Sat Oct 04 18:43:38.552385 2014] [authz_core:error] [pid 4588:tid 1620] [client 74.86.158.107:6251] AH01630: client denied by server configuration: E:/nuevo/htdocs/xampp/
[Sat Oct 04 18:48:38.650112 2014] [authz_core:error] [pid 4588:tid 1628] [client 74.86.158.107:61171] AH01630: client denied by server configuration: E:/nuevo/htdocs/xampp/
[Sat Oct 04 18:53:38.529439 2014] [authz_core:error] [pid 4588:tid 1716] [client 74.86.158.107:51272] AH01630: client denied by server configuration: E:/nuevo/htdocs/xampp/
[Sat Oct 04 18:58:38.564766 2014] [authz_core:error] [pid 4588:tid 1612] [client 74.86.158.107:42127] AH01630: client denied by server configuration: E:/nuevo/htdocs/xampp/
