[Thu Mar 12 14:38:27.079260 2015] [cgi:error] [pid 7568:tid 1160] [client 192.168.175.201:14870] script not found or unable to stat: E:/nuevo/cgi-bin/webc.cgi
[Thu Mar 12 14:38:27.126060 2015] [cgi:error] [pid 7568:tid 1404] [client 192.168.175.201:14873] script not found or unable to stat: E:/nuevo/htdocs/webc.cgi
[Thu Mar 12 14:38:27.531661 2015] [cgi:error] [pid 7568:tid 728] [client 192.168.175.201:14908] script not found or unable to stat: E:/nuevo/cgi-bin/bizmail.cgi
[Thu Mar 12 14:38:27.672061 2015] [cgi:error] [pid 7568:tid 1700] [client 192.168.175.201:14919] script not found or unable to stat: E:/nuevo/htdocs/bizmail.cgi
[Thu Mar 12 14:38:27.843661 2015] [:error] [pid 7568:tid 1700] [client 192.168.175.201:14941] script 'E:/nuevo/htdocs/main_internet.php' not found or unable to stat
[Thu Mar 12 14:38:28.998063 2015] [cgi:error] [pid 7568:tid 1732] [client 192.168.175.201:15143] script not found or unable to stat: E:/nuevo/cgi-bin/btdownload.php
[Thu Mar 12 14:38:29.076063 2015] [:error] [pid 7568:tid 1732] [client 192.168.175.201:15151] script 'E:/nuevo/htdocs/btdownload.php' not found or unable to stat
[Thu Mar 12 14:38:29.325664 2015] [cgi:error] [pid 7568:tid 1260] [client 192.168.175.201:15163] script not found or unable to stat: E:/nuevo/cgi-bin/story.pl
[Thu Mar 12 14:38:29.356864 2015] [cgi:error] [pid 7568:tid 1260] [client 192.168.175.201:15163] script not found or unable to stat: E:/nuevo/htdocs/story.pl
[Thu Mar 12 14:38:29.778065 2015] [cgi:error] [pid 7568:tid 1468] [client 192.168.175.201:15219] script not found or unable to stat: E:/nuevo/cgi-bin/a1disp3.cgi
[Thu Mar 12 14:38:29.809265 2015] [cgi:error] [pid 7568:tid 1468] [client 192.168.175.201:15221] script not found or unable to stat: E:/nuevo/cgi-bin/a1stats
[Thu Mar 12 14:38:29.856065 2015] [core:error] [pid 7568:tid 1468] [client 192.168.175.201:15224] AH00135: Invalid method in request ACL /img/V9a1Njr7.htm HTTP/1.1
[Thu Mar 12 14:38:29.918465 2015] [core:error] [pid 7568:tid 1468] [client 192.168.175.201:15227] AH00135: Invalid method in request BCOPY /img/V9a1Njr7.htm HTTP/1.1
[Thu Mar 12 14:38:29.949665 2015] [cgi:error] [pid 7568:tid 1260] [client 192.168.175.201:15223] script not found or unable to stat: E:/nuevo/htdocs/a1disp3.cgi
[Thu Mar 12 14:38:29.996465 2015] [core:error] [pid 7568:tid 1468] [client 192.168.175.201:15300] AH00135: Invalid method in request BDELETE /img/V9a1Njr7.htm HTTP/1.1
[Thu Mar 12 14:38:30.027665 2015] [core:error] [pid 7568:tid 1468] [client 192.168.175.201:15304] AH00135: Invalid method in request BMOVE /img/V9a1Njr7.htm HTTP/1.1
[Thu Mar 12 14:38:30.121265 2015] [core:error] [pid 7568:tid 1468] [client 192.168.175.201:15314] AH00135: Invalid method in request BPROPFIND /img/V9a1Njr7.htm HTTP/1.1
[Thu Mar 12 14:38:30.183665 2015] [core:error] [pid 7568:tid 1468] [client 192.168.175.201:15320] AH00135: Invalid method in request BPROPPATCH /img/V9a1Njr7.htm HTTP/1.1
[Thu Mar 12 14:38:30.324066 2015] [core:error] [pid 7568:tid 1468] [client 192.168.175.201:15332] AH00135: Invalid method in request DEBUG /img/V9a1Njr7.htm HTTP/1.1
[Thu Mar 12 14:38:30.339666 2015] [cgi:error] [pid 7568:tid 776] [client 192.168.175.201:15333] script not found or unable to stat: E:/nuevo/cgi-bin/logbook.pl
[Thu Mar 12 14:38:30.417666 2015] [cgi:error] [pid 7568:tid 1468] [client 192.168.175.201:15338] script not found or unable to stat: E:/nuevo/htdocs/logbook.pl
[Thu Mar 12 14:38:30.495666 2015] [core:error] [pid 7568:tid 776] [client 192.168.175.201:15346] AH00135: Invalid method in request INDEX /img/V9a1Njr7.htm HTTP/1.1
[Thu Mar 12 14:38:30.760866 2015] [core:error] [pid 7568:tid 776] [client 192.168.175.201:15352] AH00135: Invalid method in request NOTIFY /img/V9a1Njr7.htm HTTP/1.1
[Thu Mar 12 14:38:30.901267 2015] [cgi:error] [pid 7568:tid 1468] [client 192.168.175.201:15367] attempt to invoke directory as script: E:/nuevo/cgi-bin/
[Thu Mar 12 14:38:30.916867 2015] [core:error] [pid 7568:tid 776] [client 192.168.175.201:15372] AH00135: Invalid method in request ORDERPATCH /img/V9a1Njr7.htm HTTP/1.1
[Thu Mar 12 14:38:30.948067 2015] [autoindex:error] [pid 7568:tid 1468] [client 192.168.175.201:15367] AH01276: Cannot serve directory E:/nuevo/apache/error/: No matching DirectoryIndex (index.php,index.pl,index.cgi,index.asp,index.shtml,index.html,index.htm,default.php,default.pl,default.cgi,default.asp,default.shtml,default.html,default.htm,home.php,home.pl,home.cgi,home.asp,home.shtml,home.html,home.htm) found, and server-generated directory index forbidden by Options directive
[Thu Mar 12 14:38:31.010467 2015] [core:error] [pid 7568:tid 776] [client 192.168.175.201:15377] AH00135: Invalid method in request POLL /img/V9a1Njr7.htm HTTP/1.1
[Thu Mar 12 14:38:31.228867 2015] [core:error] [pid 7568:tid 776] [client 192.168.175.201:15387] AH00135: Invalid method in request RPC_IN_DATA /img/V9a1Njr7.htm HTTP/1.1
[Thu Mar 12 14:38:31.306867 2015] [core:error] [pid 7568:tid 776] [client 192.168.175.201:15398] AH00135: Invalid method in request RPC_OUT_DATA /img/V9a1Njr7.htm HTTP/1.1
[Thu Mar 12 14:38:31.369268 2015] [core:error] [pid 7568:tid 776] [client 192.168.175.201:15401] AH00135: Invalid method in request SEARCH /img/V9a1Njr7.htm HTTP/1.1
[Thu Mar 12 14:38:31.462868 2015] [core:error] [pid 7568:tid 776] [client 192.168.175.201:15410] AH00135: Invalid method in request SUBSCRIBE /img/V9a1Njr7.htm HTTP/1.1
[Thu Mar 12 14:38:31.509668 2015] [core:error] [pid 7568:tid 776] [client 192.168.175.201:15415] AH00135: Invalid method in request TESTZZZ /img/V9a1Njr7.htm HTTP/1.1
[Thu Mar 12 14:38:31.634468 2015] [core:error] [pid 7568:tid 776] [client 192.168.175.201:15421] AH00135: Invalid method in request UNSUBSCRIBE /img/V9a1Njr7.htm HTTP/1.1
[Thu Mar 12 14:38:31.759268 2015] [core:error] [pid 7568:tid 776] [client 192.168.175.201:15432] AH00135: Invalid method in request X-MS-ENUMATTS /img/V9a1Njr7.htm HTTP/1.1
[Thu Mar 12 14:38:32.180469 2015] [cgi:error] [pid 7568:tid 1468] [client 192.168.175.201:15498] script not found or unable to stat: E:/nuevo/cgi-bin/neomail.pl
[Thu Mar 12 14:38:32.227269 2015] [cgi:error] [pid 7568:tid 776] [client 192.168.175.201:15501] script not found or unable to stat: E:/nuevo/htdocs/neomail.pl
[Thu Mar 12 14:38:33.350471 2015] [cgi:error] [pid 7568:tid 1388] [client 192.168.175.201:15615] script not found or unable to stat: E:/nuevo/cgi-bin/index.cgi
[Thu Mar 12 14:38:33.397271 2015] [cgi:error] [pid 7568:tid 1388] [client 192.168.175.201:15619] script not found or unable to stat: E:/nuevo/htdocs/index.cgi
[Thu Mar 12 14:38:35.706075 2015] [proxy:error] [pid 7568:tid 1180] (OS 10061)No connection could be made because the target machine actively refused it.  : AH00957: AJP: attempt to connect to 127.0.0.1:8009 (*) failed
[Thu Mar 12 14:38:35.706075 2015] [proxy_ajp:error] [pid 7568:tid 1180] [client 192.168.175.201:15794] AH00896: failed to make connection to backend: 127.0.0.1
[Thu Mar 12 14:38:36.486077 2015] [core:error] [pid 7568:tid 1180] [client 192.168.175.201:15998] AH00135: Invalid method in request ACL /restricted/WvM06vPo.htm HTTP/1.1
[Thu Mar 12 14:38:36.688877 2015] [core:error] [pid 7568:tid 1180] [client 192.168.175.201:16012] AH00135: Invalid method in request BCOPY /restricted/WvM06vPo.htm HTTP/1.1
[Thu Mar 12 14:38:36.798077 2015] [core:error] [pid 7568:tid 1180] [client 192.168.175.201:16027] AH00135: Invalid method in request BDELETE /restricted/WvM06vPo.htm HTTP/1.1
[Thu Mar 12 14:38:36.876077 2015] [cgi:error] [pid 7568:tid 1220] [client 192.168.175.201:16033] script not found or unable to stat: E:/nuevo/cgi-bin/view
[Thu Mar 12 14:38:36.969677 2015] [core:error] [pid 7568:tid 1180] [client 192.168.175.201:16040] AH00135: Invalid method in request BMOVE /restricted/WvM06vPo.htm HTTP/1.1
[Thu Mar 12 14:38:37.078878 2015] [core:error] [pid 7568:tid 1180] [client 192.168.175.201:16057] AH00135: Invalid method in request BPROPFIND /restricted/WvM06vPo.htm HTTP/1.1
[Thu Mar 12 14:38:37.219278 2015] [core:error] [pid 7568:tid 1220] [client 192.168.175.201:16065] AH00135: Invalid method in request BPROPPATCH /restricted/WvM06vPo.htm HTTP/1.1
[Thu Mar 12 14:38:37.484478 2015] [cgi:error] [pid 7568:tid 1220] [client 192.168.175.201:16093] script not found or unable to stat: E:/nuevo/cgi-bin/cart32.exe
[Thu Mar 12 14:38:37.531278 2015] [core:error] [pid 7568:tid 1180] [client 192.168.175.201:16092] AH00135: Invalid method in request DEBUG /restricted/WvM06vPo.htm HTTP/1.1
[Thu Mar 12 14:38:37.702879 2015] [core:error] [pid 7568:tid 1220] [client 192.168.175.201:16111] AH00135: Invalid method in request INDEX /restricted/WvM06vPo.htm HTTP/1.1
[Thu Mar 12 14:38:37.734079 2015] [cgi:error] [pid 7568:tid 1180] [client 192.168.175.201:16117] script not found or unable to stat: E:/nuevo/cgi-bin/index.cgi
[Thu Mar 12 14:38:37.890079 2015] [core:error] [pid 7568:tid 1180] [client 192.168.175.201:16120] AH00135: Invalid method in request NOTIFY /restricted/WvM06vPo.htm HTTP/1.1
[Thu Mar 12 14:38:38.030479 2015] [cgi:error] [pid 7568:tid 1220] [client 192.168.175.201:16152] script not found or unable to stat: E:/nuevo/cgi-bin/index.php
[Thu Mar 12 14:38:38.467280 2015] [core:error] [pid 7568:tid 1180] [client 192.168.175.201:16185] AH00135: Invalid method in request ORDERPATCH /restricted/WvM06vPo.htm HTTP/1.1
[Thu Mar 12 14:38:38.529680 2015] [cgi:error] [pid 7568:tid 1220] [client 192.168.175.201:16186] script not found or unable to stat: E:/nuevo/cgi-bin/modules.php
[Thu Mar 12 14:38:38.545280 2015] [:error] [pid 7568:tid 1220] [client 192.168.175.201:16186] script 'E:/nuevo/htdocs/modules.php' not found or unable to stat
[Thu Mar 12 14:38:38.950881 2015] [core:error] [pid 7568:tid 1180] [client 192.168.175.201:16195] AH00135: Invalid method in request POLL /restricted/WvM06vPo.htm HTTP/1.1
[Thu Mar 12 14:38:39.200481 2015] [cgi:error] [pid 7568:tid 1220] [client 192.168.175.201:16327] script not found or unable to stat: E:/nuevo/cgi-bin/htmlscript
[Thu Mar 12 14:38:39.387682 2015] [core:error] [pid 7568:tid 728] [client 192.168.175.201:16337] AH00135: Invalid method in request RPC_IN_DATA /restricted/WvM06vPo.htm HTTP/1.1
[Thu Mar 12 14:38:39.434482 2015] [core:error] [pid 7568:tid 1220] [client 192.168.175.201:16358] AH00135: Invalid method in request RPC_OUT_DATA /restricted/WvM06vPo.htm HTTP/1.1
[Thu Mar 12 14:38:39.481282 2015] [cgi:error] [pid 7568:tid 1180] [client 192.168.175.201:16365] script not found or unable to stat: E:/nuevo/cgi-bin/lostpass.php
[Thu Mar 12 14:38:39.528082 2015] [core:error] [pid 7568:tid 1220] [client 192.168.175.201:16368] AH00135: Invalid method in request SEARCH /restricted/WvM06vPo.htm HTTP/1.1
[Thu Mar 12 14:38:39.528082 2015] [:error] [pid 7568:tid 1180] [client 192.168.175.201:16376] script 'E:/nuevo/htdocs/lostpass.php' not found or unable to stat
[Thu Mar 12 14:38:39.590482 2015] [core:error] [pid 7568:tid 1220] [client 192.168.175.201:16390] AH00135: Invalid method in request SUBSCRIBE /restricted/WvM06vPo.htm HTTP/1.1
[Thu Mar 12 14:38:39.606082 2015] [cgi:error] [pid 7568:tid 728] [client 192.168.175.201:16392] script not found or unable to stat: E:/nuevo/cgi-bin/album.pl
[Thu Mar 12 14:38:39.637282 2015] [core:error] [pid 7568:tid 1220] [client 192.168.175.201:16399] AH00135: Invalid method in request TESTZZZ /restricted/WvM06vPo.htm HTTP/1.1
[Thu Mar 12 14:38:39.668482 2015] [cgi:error] [pid 7568:tid 728] [client 192.168.175.201:16400] script not found or unable to stat: E:/nuevo/htdocs/album.pl
[Thu Mar 12 14:38:39.746482 2015] [core:error] [pid 7568:tid 728] [client 192.168.175.201:16406] AH00135: Invalid method in request UNSUBSCRIBE /restricted/WvM06vPo.htm HTTP/1.1
[Thu Mar 12 14:38:39.855682 2015] [core:error] [pid 7568:tid 1180] [client 192.168.175.201:16417] AH00135: Invalid method in request X-MS-ENUMATTS /restricted/WvM06vPo.htm HTTP/1.1
[Thu Mar 12 14:38:40.011683 2015] [negotiation:error] [pid 7568:tid 1180] [client 192.168.175.201:16446] AH00690: no acceptable variant: E:/nuevo/apache/error/HTTP_NOT_FOUND.html.var
[Thu Mar 12 14:38:40.198883 2015] [cgi:error] [pid 7568:tid 728] [client 192.168.175.201:16538] script not found or unable to stat: E:/nuevo/cgi-bin/index.php
[Thu Mar 12 14:38:40.245683 2015] [cgi:error] [pid 7568:tid 1180] [client 192.168.175.201:16550] script not found or unable to stat: E:/nuevo/cgi-bin/manager
[Thu Mar 12 14:38:40.417283 2015] [core:error] [pid 7568:tid 1220] (20024)The given path is misformatted or contained invalid characters: [client 192.168.175.201:16568] AH00127: Cannot map GET /http://www.ambientebogota.gov.co HTTP/1.1 to file
[Thu Mar 12 14:38:40.542084 2015] [access_compat:error] [pid 7568:tid 728] [client 192.168.175.201:16569] AH01797: client denied by server configuration: E:/nuevo/htdocs/server-status
[Thu Mar 12 14:38:40.791684 2015] [cgi:error] [pid 7568:tid 1180] [client 192.168.175.201:16610] script not found or unable to stat: E:/nuevo/cgi-bin/admin.php
[Thu Mar 12 14:38:40.822884 2015] [cgi:error] [pid 7568:tid 728] [client 192.168.175.201:16607] script not found or unable to stat: E:/nuevo/cgi-bin/index.php
[Thu Mar 12 14:38:40.854084 2015] [:error] [pid 7568:tid 1220] [client 192.168.175.201:16616] script 'E:/nuevo/htdocs/admin.php' not found or unable to stat
[Thu Mar 12 14:38:40.994484 2015] [cgi:error] [pid 7568:tid 1220] [client 192.168.175.201:16636] script not found or unable to stat: E:/nuevo/cgi-bin/index.php
[Thu Mar 12 14:38:41.166085 2015] [cgi:error] [pid 7568:tid 728] [client 192.168.175.201:16668] attempt to invoke directory as script: E:/nuevo/cgi-bin/
[Thu Mar 12 14:38:41.259685 2015] [cgi:error] [pid 7568:tid 1220] [client 192.168.175.201:16677] script not found or unable to stat: E:/nuevo/cgi-bin/page
[Thu Mar 12 14:38:41.337685 2015] [cgi:error] [pid 7568:tid 1180] [client 192.168.175.201:16683] script not found or unable to stat: E:/nuevo/cgi-bin/login
[Thu Mar 12 14:38:41.431285 2015] [cgi:error] [pid 7568:tid 728] [client 192.168.175.201:16690] script not found or unable to stat: E:/nuevo/cgi-bin/nbmember.cgi
[Thu Mar 12 14:38:41.462485 2015] [cgi:error] [pid 7568:tid 728] [client 192.168.175.201:16690] script not found or unable to stat: E:/nuevo/htdocs/nbmember.cgi
[Thu Mar 12 14:38:41.524885 2015] [cgi:error] [pid 7568:tid 1180] [client 192.168.175.201:16702] attempt to invoke directory as script: E:/nuevo/cgi-bin/
[Thu Mar 12 14:38:41.727686 2015] [cgi:error] [pid 7568:tid 1180] [client 192.168.175.201:16735] script not found or unable to stat: E:/nuevo/cgi-bin/db
[Thu Mar 12 14:38:41.743286 2015] [cgi:error] [pid 7568:tid 728] [client 192.168.175.201:16737] script not found or unable to stat: E:/nuevo/cgi-bin/forums
[Thu Mar 12 14:38:41.758886 2015] [cgi:error] [pid 7568:tid 776] [client 192.168.175.201:16740] script not found or unable to stat: E:/nuevo/cgi-bin/viart_shop.xml
[Thu Mar 12 14:38:41.961686 2015] [cgi:error] [pid 7568:tid 728] [client 192.168.175.201:16769] script not found or unable to stat: E:/nuevo/cgi-bin/printenv
[Thu Mar 12 14:38:42.180087 2015] [cgi:error] [pid 7568:tid 1700] [client 192.168.175.201:16795] script not found or unable to stat: E:/nuevo/cgi-bin/acp
[Thu Mar 12 14:38:42.211287 2015] [cgi:error] [pid 7568:tid 1700] [client 192.168.175.201:16803] script not found or unable to stat: E:/nuevo/cgi-bin/acp
[Thu Mar 12 14:38:42.273687 2015] [cgi:error] [pid 7568:tid 728] [client 192.168.175.201:16810] script not found or unable to stat: E:/nuevo/cgi-bin/disp_album.php
[Thu Mar 12 14:38:42.351687 2015] [:error] [pid 7568:tid 728] [client 192.168.175.201:16819] script 'E:/nuevo/htdocs/disp_album.php' not found or unable to stat
[Thu Mar 12 14:38:42.492087 2015] [cgi:error] [pid 7568:tid 1180] [client 192.168.175.201:16831] script not found or unable to stat: E:/nuevo/cgi-bin/src
[Thu Mar 12 14:38:42.710487 2015] [cgi:error] [pid 7568:tid 1700] [client 192.168.175.201:16858] script not found or unable to stat: E:/nuevo/cgi-bin/quickstore.cgi
[Thu Mar 12 14:38:42.772888 2015] [cgi:error] [pid 7568:tid 728] [client 192.168.175.201:16868] script not found or unable to stat: E:/nuevo/htdocs/quickstore.cgi
[Thu Mar 12 14:38:43.053688 2015] [cgi:error] [pid 7568:tid 728] [client 192.168.175.201:16898] script not found or unable to stat: E:/nuevo/cgi-bin/netauth.cgi
[Thu Mar 12 14:38:43.100488 2015] [cgi:error] [pid 7568:tid 728] [client 192.168.175.201:16916] script not found or unable to stat: E:/nuevo/htdocs/netauth.cgi
[Thu Mar 12 14:38:43.662089 2015] [cgi:error] [pid 7568:tid 1180] [client 192.168.175.201:16956] script not found or unable to stat: E:/nuevo/cgi-bin/mylog.html
[Thu Mar 12 14:38:43.662089 2015] [cgi:error] [pid 7568:tid 1180] [client 192.168.175.201:16956] script not found or unable to stat: E:/nuevo/cgi-bin/mlog.html
[Thu Mar 12 14:38:44.145690 2015] [cgi:error] [pid 7568:tid 1220] [client 192.168.175.201:17088] script not found or unable to stat: E:/nuevo/cgi-bin/ncbook.cgi
[Thu Mar 12 14:38:44.176890 2015] [cgi:error] [pid 7568:tid 728] [client 192.168.175.201:17091] script not found or unable to stat: E:/nuevo/cgi-bin/search.pl
[Thu Mar 12 14:38:44.254890 2015] [cgi:error] [pid 7568:tid 1220] [client 192.168.175.201:17094] script not found or unable to stat: E:/nuevo/cgi-bin/ncbook
[Thu Mar 12 14:38:44.254890 2015] [cgi:error] [pid 7568:tid 728] [client 192.168.175.201:17097] script not found or unable to stat: E:/nuevo/htdocs/search.pl
[Thu Mar 12 14:38:44.286090 2015] [cgi:error] [pid 7568:tid 728] [client 192.168.175.201:17107] script not found or unable to stat: E:/nuevo/htdocs/ncbook.cgi
[Thu Mar 12 14:38:44.535691 2015] [cgi:error] [pid 7568:tid 1220] [client 192.168.175.201:17130] script not found or unable to stat: E:/nuevo/cgi-bin/openwebmail.pl
[Thu Mar 12 14:38:44.551291 2015] [cgi:error] [pid 7568:tid 1220] [client 192.168.175.201:17130] script not found or unable to stat: E:/nuevo/htdocs/openwebmail.pl
[Thu Mar 12 14:38:44.800891 2015] [cgi:error] [pid 7568:tid 728] [client 192.168.175.201:17162] script not found or unable to stat: E:/nuevo/cgi-bin/roschedule.php
[Thu Mar 12 14:38:44.863291 2015] [:error] [pid 7568:tid 728] [client 192.168.175.201:17176] script 'E:/nuevo/htdocs/roschedule.php' not found or unable to stat
[Thu Mar 12 14:38:44.894491 2015] [cgi:error] [pid 7568:tid 1220] [client 192.168.175.201:17177] script not found or unable to stat: E:/nuevo/cgi-bin/login.php
[Thu Mar 12 14:38:44.972491 2015] [:error] [pid 7568:tid 1220] [client 192.168.175.201:17188] script 'E:/nuevo/htdocs/login.php' not found or unable to stat
[Thu Mar 12 14:38:45.128492 2015] [cgi:error] [pid 7568:tid 728] [client 192.168.175.201:17201] script not found or unable to stat: E:/nuevo/cgi-bin/admin
[Thu Mar 12 14:38:45.752493 2015] [cgi:error] [pid 7568:tid 728] [client 192.168.175.201:17328] script not found or unable to stat: E:/nuevo/cgi-bin/view_user.php
[Thu Mar 12 14:38:45.752493 2015] [:error] [pid 7568:tid 728] [client 192.168.175.201:17328] script 'E:/nuevo/htdocs/view_user.php' not found or unable to stat
[Thu Mar 12 14:38:45.814893 2015] [access_compat:error] [pid 7568:tid 1364] [client 192.168.175.201:17339] AH01797: client denied by server configuration: E:/nuevo/htdocs/server-status
[Thu Mar 12 14:38:45.924093 2015] [cgi:error] [pid 7568:tid 728] [client 192.168.175.201:17351] script not found or unable to stat: E:/nuevo/cgi-bin/Count.cgi
[Thu Mar 12 14:38:45.955293 2015] [cgi:error] [pid 7568:tid 1364] [client 192.168.175.201:17355] script not found or unable to stat: E:/nuevo/htdocs/Count.cgi
[Thu Mar 12 14:38:46.392094 2015] [cgi:error] [pid 7568:tid 1732] [client 192.168.175.201:17397] script not found or unable to stat: E:/nuevo/cgi-bin/info.dat
[Thu Mar 12 14:38:47.655696 2015] [cgi:error] [pid 7568:tid 1364] [client 192.168.175.201:17489] script not found or unable to stat: E:/nuevo/cgi-bin/test-cgi
[Thu Mar 12 14:38:47.998897 2015] [cgi:error] [pid 7568:tid 1732] [client 192.168.175.201:17519] script not found or unable to stat: E:/nuevo/cgi-bin/jgs_portal_statistik.php
[Thu Mar 12 14:38:48.014497 2015] [:error] [pid 7568:tid 1732] [client 192.168.175.201:17519] script 'E:/nuevo/htdocs/jgs_portal_statistik.php' not found or unable to stat
[Thu Mar 12 14:38:48.264097 2015] [cgi:error] [pid 7568:tid 1652] [client 192.168.175.201:17576] script not found or unable to stat: E:/nuevo/cgi-bin/index.php
[Thu Mar 12 14:38:48.466898 2015] [cgi:error] [pid 7568:tid 1364] [client 192.168.175.201:17594] script not found or unable to stat: E:/nuevo/cgi-bin/misc
[Thu Mar 12 14:38:48.466898 2015] [cgi:error] [pid 7568:tid 1652] [client 192.168.175.201:17595] script not found or unable to stat: E:/nuevo/cgi-bin/wiki.php
[Thu Mar 12 14:38:48.482498 2015] [:error] [pid 7568:tid 1652] [client 192.168.175.201:17595] script 'E:/nuevo/htdocs/wiki.php' not found or unable to stat
[Thu Mar 12 14:38:48.778898 2015] [cgi:error] [pid 7568:tid 1364] [client 192.168.175.201:17628] attempt to invoke directory as script: E:/nuevo/cgi-bin/
[Thu Mar 12 14:38:49.044099 2015] [cgi:error] [pid 7568:tid 1188] [client 192.168.175.201:17660] script not found or unable to stat: E:/nuevo/cgi-bin/auktion.cgi
[Thu Mar 12 14:38:49.137699 2015] [cgi:error] [pid 7568:tid 1188] [client 192.168.175.201:17666] script not found or unable to stat: E:/nuevo/htdocs/auktion.cgi
[Thu Mar 12 14:39:06.687730 2015] [cgi:error] [pid 7568:tid 1180] [client 192.168.175.201:19497] script not found or unable to stat: E:/nuevo/cgi-bin/db
[Thu Mar 12 14:39:14.503343 2015] [cgi:error] [pid 7568:tid 1404] [client 192.168.175.201:20311] script not found or unable to stat: E:/nuevo/cgi-bin/search.php
[Thu Mar 12 14:39:14.596943 2015] [:error] [pid 7568:tid 1404] [client 192.168.175.201:20371] script 'E:/nuevo/htdocs/search.php' not found or unable to stat
[Thu Mar 12 14:39:15.766945 2015] [cgi:error] [pid 7568:tid 1404] [client 192.168.175.201:20568] script not found or unable to stat: E:/nuevo/cgi-bin/faxsurvey
[Thu Mar 12 14:39:16.016546 2015] [cgi:error] [pid 7568:tid 1404] [client 192.168.175.201:20599] script not found or unable to stat: E:/nuevo/cgi-bin/login.jsp
[Thu Mar 12 14:39:16.500147 2015] [cgi:error] [pid 7568:tid 1388] [client 192.168.175.201:20657] script not found or unable to stat: E:/nuevo/cgi-bin/blog.cgi
[Thu Mar 12 14:39:16.531347 2015] [cgi:error] [pid 7568:tid 1404] [client 192.168.175.201:20664] script not found or unable to stat: E:/nuevo/htdocs/blog.cgi
[Thu Mar 12 14:39:16.640547 2015] [cgi:error] [pid 7568:tid 1388] [client 192.168.175.201:20677] script not found or unable to stat: E:/nuevo/cgi-bin/wizard
[Thu Mar 12 14:39:18.933751 2015] [cgi:error] [pid 7568:tid 1860] [client 192.168.175.201:20883] script not found or unable to stat: E:/nuevo/cgi-bin/bb-hostsvc.sh
[Thu Mar 12 14:39:18.964951 2015] [cgi:error] [pid 7568:tid 1388] [client 192.168.175.201:20887] script not found or unable to stat: E:/nuevo/cgi-bin/index.php
[Thu Mar 12 14:39:19.276952 2015] [cgi:error] [pid 7568:tid 1860] [client 192.168.175.201:20925] script not found or unable to stat: E:/nuevo/cgi-bin/cgi-bin
[Thu Mar 12 14:39:19.339352 2015] [cgi:error] [pid 7568:tid 1388] [client 192.168.175.201:20930] script not found or unable to stat: E:/nuevo/cgi-bin/library.cgi
[Thu Mar 12 14:39:20.228553 2015] [cgi:error] [pid 7568:tid 1180] [client 192.168.175.201:21087] script not found or unable to stat: E:/nuevo/cgi-bin/admin
[Thu Mar 12 14:39:20.743354 2015] [cgi:error] [pid 7568:tid 1180] [client 192.168.175.201:21195] script not found or unable to stat: E:/nuevo/cgi-bin/base_main.php
[Thu Mar 12 14:39:20.790154 2015] [:error] [pid 7568:tid 1180] [client 192.168.175.201:21230] script 'E:/nuevo/htdocs/base_main.php' not found or unable to stat
[Thu Mar 12 14:39:20.914955 2015] [cgi:error] [pid 7568:tid 1468] [client 192.168.175.201:21252] script not found or unable to stat: E:/nuevo/htdocs/cgi-bin
[Thu Mar 12 14:39:21.008555 2015] [cgi:error] [pid 7568:tid 1468] [client 192.168.175.201:21262] script not found or unable to stat: E:/nuevo/htdocs/cgi-bin
[Thu Mar 12 14:39:21.070955 2015] [cgi:error] [pid 7568:tid 1180] [client 192.168.175.201:21272] script not found or unable to stat: E:/nuevo/cgi-bin/texis.exe
[Thu Mar 12 14:39:21.070955 2015] [core:error] [pid 7568:tid 1468] (20024)The given path is misformatted or contained invalid characters: [client 192.168.175.201:21279] AH00127: Cannot map GET /.|./.|./.|./.|./.|./.|./.|./.|./.|./.|./.|./.|./windows/win.ini HTTP/1.1 to file
[Thu Mar 12 14:39:21.102155 2015] [core:error] [pid 7568:tid 1468] (20024)The given path is misformatted or contained invalid characters: [client 192.168.175.201:21279] AH00127: Cannot map GET /.|./.|./.|./.|./.|./.|./.|./.|./.|./.|./.|./.|./winnt/win.ini HTTP/1.1 to file
[Thu Mar 12 14:39:21.445355 2015] [cgi:error] [pid 7568:tid 1180] [client 192.168.175.201:21348] script not found or unable to stat: E:/nuevo/cgi-bin/admin
[Thu Mar 12 14:39:21.460955 2015] [cgi:error] [pid 7568:tid 1468] [client 192.168.175.201:21353] script not found or unable to stat: E:/nuevo/cgi-bin/modules
[Thu Mar 12 14:39:21.788556 2015] [cgi:error] [pid 7568:tid 920] [client 192.168.175.201:21400] script not found or unable to stat: E:/nuevo/htdocs/sdbsearch.cgi, referer: https://172.22.2.2/../../../../etc
[Thu Mar 12 14:39:21.850956 2015] [cgi:error] [pid 7568:tid 1180] [client 192.168.175.201:21407] script not found or unable to stat: E:/nuevo/cgi-bin/usrdetails.php
[Thu Mar 12 14:39:21.897756 2015] [:error] [pid 7568:tid 1180] [client 192.168.175.201:21412] script 'E:/nuevo/htdocs/usrdetails.php' not found or unable to stat
[Thu Mar 12 14:39:21.897756 2015] [cgi:error] [pid 7568:tid 920] [client 192.168.175.201:21413] script not found or unable to stat: E:/nuevo/cgi-bin/sdbsearch.cgi, referer: https://172.22.2.2/../../../../etc
[Thu Mar 12 14:39:21.960156 2015] [cgi:error] [pid 7568:tid 1180] [client 192.168.175.201:21417] script not found or unable to stat: E:/nuevo/htdocs/sdbsearch.cgi, referer: https://172.22.2.2/../../../../etc
[Thu Mar 12 14:39:22.240957 2015] [cgi:error] [pid 7568:tid 920] [client 192.168.175.201:21459] attempt to invoke directory as script: E:/nuevo/cgi-bin/
[Thu Mar 12 14:39:22.240957 2015] [cgi:error] [pid 7568:tid 1180] [client 192.168.175.201:21461] script not found or unable to stat: E:/nuevo/cgi-bin/login.mako
[Thu Mar 12 14:39:22.677758 2015] [cgi:error] [pid 7568:tid 1180] [client 192.168.175.201:21516] script not found or unable to stat: E:/nuevo/cgi-bin/logs
[Thu Mar 12 14:39:22.958558 2015] [cgi:error] [pid 7568:tid 920] [client 192.168.175.201:21546] script not found or unable to stat: E:/nuevo/cgi-bin/.svn
[Thu Mar 12 14:39:23.130158 2015] [cgi:error] [pid 7568:tid 1868] [client 192.168.175.201:21592] script not found or unable to stat: E:/nuevo/cgi-bin/index.php
[Thu Mar 12 14:39:23.863360 2015] [cgi:error] [pid 7568:tid 1868] [client 192.168.175.201:21682] script not found or unable to stat: E:/nuevo/cgi-bin/CFIDE
[Thu Mar 12 14:39:23.878960 2015] [cgi:error] [pid 7568:tid 920] [client 192.168.175.201:21684] script not found or unable to stat: E:/nuevo/cgi-bin/formmail.pl
[Thu Mar 12 14:39:23.925760 2015] [cgi:error] [pid 7568:tid 1868] [client 192.168.175.201:21696] script not found or unable to stat: E:/nuevo/cgi-bin/formmail
[Thu Mar 12 14:39:24.003760 2015] [cgi:error] [pid 7568:tid 1868] [client 192.168.175.201:21706] script not found or unable to stat: E:/nuevo/htdocs/formmail.pl
[Thu Mar 12 14:39:24.284560 2015] [cgi:error] [pid 7568:tid 1868] [client 192.168.175.201:21755] script not found or unable to stat: E:/nuevo/cgi-bin/SystemInfo
[Thu Mar 12 14:39:24.362561 2015] [cgi:error] [pid 7568:tid 1868] [client 192.168.175.201:21763] script not found or unable to stat: E:/nuevo/cgi-bin/admin
[Thu Mar 12 14:39:24.565361 2015] [cgi:error] [pid 7568:tid 920] [client 192.168.175.201:21788] script not found or unable to stat: E:/nuevo/cgi-bin/admin
[Thu Mar 12 14:39:24.674561 2015] [cgi:error] [pid 7568:tid 1868] [client 192.168.175.201:21823] attempt to invoke directory as script: E:/nuevo/cgi-bin/
[Thu Mar 12 14:39:25.095762 2015] [cgi:error] [pid 7568:tid 1868] [client 192.168.175.201:21930] script not found or unable to stat: E:/nuevo/cgi-bin/vhost.php
[Thu Mar 12 14:39:25.158162 2015] [:error] [pid 7568:tid 1868] [client 192.168.175.201:21933] script 'E:/nuevo/htdocs/vhost.php' not found or unable to stat
[Thu Mar 12 14:39:25.532563 2015] [cgi:error] [pid 7568:tid 1868] [client 192.168.175.201:21983] script not found or unable to stat: E:/nuevo/cgi-bin/login.action
[Thu Mar 12 14:39:25.782163 2015] [cgi:error] [pid 7568:tid 920] [client 192.168.175.201:22023] script not found or unable to stat: E:/nuevo/cgi-bin/mj_wwwusr
[Thu Mar 12 14:39:26.078564 2015] [cgi:error] [pid 7568:tid 1868] [client 192.168.175.201:22124] script not found or unable to stat: E:/nuevo/cgi-bin/index.php
[Thu Mar 12 14:39:26.343764 2015] [cgi:error] [pid 7568:tid 920] [client 192.168.175.201:22161] script not found or unable to stat: E:/nuevo/cgi-bin/remindpasswd
[Thu Mar 12 14:39:26.421764 2015] [cgi:error] [pid 7568:tid 920] [client 192.168.175.201:22172] script not found or unable to stat: E:/nuevo/cgi-bin/pfdispaly
[Thu Mar 12 14:39:26.468564 2015] [cgi:error] [pid 7568:tid 920] [client 192.168.175.201:22178] script not found or unable to stat: E:/nuevo/cgi-bin/pfdispaly.cgi
[Thu Mar 12 14:39:26.671365 2015] [cgi:error] [pid 7568:tid 1868] [client 192.168.175.201:22195] script not found or unable to stat: E:/nuevo/htdocs/pfdispaly.cgi
[Thu Mar 12 14:39:29.884970 2015] [cgi:error] [pid 7568:tid 1388] [client 192.168.175.201:22560] script not found or unable to stat: E:/nuevo/cgi-bin/swc
[Thu Mar 12 14:39:32.131374 2015] [cgi:error] [pid 7568:tid 920] [client 192.168.175.201:22821] script not found or unable to stat: E:/nuevo/cgi-bin/pdesk.cgi
[Thu Mar 12 14:39:34.471378 2015] [cgi:error] [pid 7568:tid 840] [client 192.168.175.201:23060] script not found or unable to stat: E:/nuevo/cgi-bin/main.php
[Thu Mar 12 14:39:34.533778 2015] [:error] [pid 7568:tid 840] [client 192.168.175.201:23073] script 'E:/nuevo/htdocs/main.php' not found or unable to stat
[Thu Mar 12 14:39:42.988993 2015] [cgi:error] [pid 7568:tid 1556] [client 192.168.175.201:23998] script not found or unable to stat: E:/nuevo/cgi-bin/tiki-index.php
[Thu Mar 12 14:39:43.082593 2015] [:error] [pid 7568:tid 1556] [client 192.168.175.201:24003] script 'E:/nuevo/htdocs/tiki-index.php' not found or unable to stat
[Thu Mar 12 14:39:44.486596 2015] [authz_core:error] [pid 7568:tid 1556] [client 192.168.175.201:24115] AH01630: client denied by server configuration: E:/nuevo/htdocs/.htaccess.old
[Thu Mar 12 14:39:44.548996 2015] [authz_core:error] [pid 7568:tid 1556] [client 192.168.175.201:24115] AH01630: client denied by server configuration: E:/nuevo/htdocs/.htaccess.bak
[Thu Mar 12 14:39:44.564596 2015] [authz_core:error] [pid 7568:tid 1556] [client 192.168.175.201:24115] AH01630: client denied by server configuration: E:/nuevo/htdocs/.htaccess~
[Thu Mar 12 14:39:44.611396 2015] [authz_core:error] [pid 7568:tid 1556] [client 192.168.175.201:24115] AH01630: client denied by server configuration: E:/nuevo/htdocs/.htaccess.copy
[Thu Mar 12 14:39:44.626996 2015] [authz_core:error] [pid 7568:tid 1556] [client 192.168.175.201:24115] AH01630: client denied by server configuration: E:/nuevo/htdocs/.htaccess.tmp
[Thu Mar 12 14:39:44.720596 2015] [authz_core:error] [pid 7568:tid 1556] [client 192.168.175.201:24145] AH01630: client denied by server configuration: E:/nuevo/htdocs/.htaccess.1
[Thu Mar 12 14:39:44.751796 2015] [authz_core:error] [pid 7568:tid 1556] [client 192.168.175.201:24145] AH01630: client denied by server configuration: E:/nuevo/htdocs/.htaccess.~1~
[Thu Mar 12 14:39:50.118206 2015] [cgi:error] [pid 7568:tid 1780] [client 192.168.175.201:24634] script not found or unable to stat: E:/nuevo/cgi-bin/htgrep
[Thu Mar 12 14:39:51.007407 2015] [cgi:error] [pid 7568:tid 1780] [client 192.168.175.201:24785] script not found or unable to stat: E:/nuevo/cgi-bin/index.php
[Thu Mar 12 14:39:51.849809 2015] [cgi:error] [pid 7568:tid 1780] [client 192.168.175.201:24923] script not found or unable to stat: E:/nuevo/cgi-bin/YaBB.pl
[Thu Mar 12 14:39:52.037009 2015] [cgi:error] [pid 7568:tid 1780] [client 192.168.175.201:24932] script not found or unable to stat: E:/nuevo/htdocs/YaBB.pl
[Thu Mar 12 14:39:54.236613 2015] [cgi:error] [pid 7568:tid 1268] [client 192.168.175.201:25131] script not found or unable to stat: E:/nuevo/cgi-bin/pollit
[Thu Mar 12 14:39:54.938614 2015] [cgi:error] [pid 7568:tid 816] [client 192.168.175.201:25207] script not found or unable to stat: E:/nuevo/cgi-bin/biztalkhttpreceive.dll
[Thu Mar 12 14:39:55.079015 2015] [cgi:error] [pid 7568:tid 816] [client 192.168.175.201:25218] script not found or unable to stat: E:/nuevo/cgi-bin/admin
[Thu Mar 12 14:39:56.748217 2015] [cgi:error] [pid 7568:tid 1508] [client 192.168.175.201:25500] script not found or unable to stat: E:/nuevo/cgi-bin/gadgets
[Thu Mar 12 14:39:57.231818 2015] [cgi:error] [pid 7568:tid 1604] [client 192.168.175.201:25565] script not found or unable to stat: E:/nuevo/cgi-bin/index.php
[Thu Mar 12 14:39:57.356619 2015] [cgi:error] [pid 7568:tid 1604] [client 192.168.175.201:25579] script not found or unable to stat: E:/nuevo/cgi-bin/rest
[Thu Mar 12 14:39:57.434619 2015] [cgi:error] [pid 7568:tid 1604] [client 192.168.175.201:25582] script not found or unable to stat: E:/nuevo/cgi-bin/tiki-index.php
[Thu Mar 12 14:39:57.450219 2015] [cgi:error] [pid 7568:tid 1876] [client 192.168.175.201:25585] script not found or unable to stat: E:/nuevo/cgi-bin/rest
[Thu Mar 12 14:39:57.450219 2015] [:error] [pid 7568:tid 1604] [client 192.168.175.201:25582] script 'E:/nuevo/htdocs/tiki-index.php' not found or unable to stat
[Thu Mar 12 14:39:57.481419 2015] [cgi:error] [pid 7568:tid 1604] [client 192.168.175.201:25590] script not found or unable to stat: E:/nuevo/cgi-bin/secure
[Thu Mar 12 14:39:57.528219 2015] [cgi:error] [pid 7568:tid 1604] [client 192.168.175.201:25595] script not found or unable to stat: E:/nuevo/cgi-bin/500page.jsp
[Thu Mar 12 14:39:57.684219 2015] [cgi:error] [pid 7568:tid 1604] [client 192.168.175.201:25616] script not found or unable to stat: E:/nuevo/cgi-bin/main.php
[Thu Mar 12 14:39:57.715419 2015] [:error] [pid 7568:tid 1604] [client 192.168.175.201:25619] script 'E:/nuevo/htdocs/main.php' not found or unable to stat
[Thu Mar 12 14:39:58.058620 2015] [:error] [pid 7568:tid 1604] [client 192.168.175.201:25673] script 'E:/nuevo/htdocs/view.php' not found or unable to stat
[Thu Mar 12 14:39:58.323820 2015] [cgi:error] [pid 7568:tid 1604] [client 192.168.175.201:25707] script not found or unable to stat: E:/nuevo/cgi-bin/guestbook
[Thu Mar 12 14:39:58.386220 2015] [cgi:error] [pid 7568:tid 1604] [client 192.168.175.201:25713] script not found or unable to stat: E:/nuevo/cgi-bin/view.php
[Thu Mar 12 14:39:58.651421 2015] [:error] [pid 7568:tid 1876] [client 192.168.175.201:25732] script 'E:/nuevo/htdocs/view.php' not found or unable to stat
[Thu Mar 12 14:39:58.901021 2015] [cgi:error] [pid 7568:tid 1876] [client 192.168.175.201:25767] script not found or unable to stat: E:/nuevo/cgi-bin/index.php
[Thu Mar 12 14:39:58.947821 2015] [cgi:error] [pid 7568:tid 1876] [client 192.168.175.201:25772] script not found or unable to stat: E:/nuevo/cgi-bin/content.php
[Thu Mar 12 14:39:59.103822 2015] [:error] [pid 7568:tid 1876] [client 192.168.175.201:25788] script 'E:/nuevo/htdocs/content.php' not found or unable to stat
[Thu Mar 12 14:39:59.509422 2015] [cgi:error] [pid 7568:tid 1876] [client 192.168.175.201:25833] script not found or unable to stat: E:/nuevo/cgi-bin/news.php
[Thu Mar 12 14:39:59.556222 2015] [:error] [pid 7568:tid 1876] [client 192.168.175.201:25850] script 'E:/nuevo/htdocs/news.php' not found or unable to stat
[Thu Mar 12 14:39:59.587422 2015] [cgi:error] [pid 7568:tid 1604] [client 192.168.175.201:25855] script not found or unable to stat: E:/nuevo/cgi-bin/index.php
[Thu Mar 12 14:40:00.102223 2015] [cgi:error] [pid 7568:tid 1876] [client 192.168.175.201:25923] script not found or unable to stat: E:/nuevo/cgi-bin/includes
[Thu Mar 12 14:40:00.367424 2015] [cgi:error] [pid 7568:tid 1876] [client 192.168.175.201:25975] script not found or unable to stat: E:/nuevo/cgi-bin/corporate
[Thu Mar 12 14:40:00.367424 2015] [cgi:error] [pid 7568:tid 1604] [client 192.168.175.201:25944] script not found or unable to stat: E:/nuevo/cgi-bin/guestbook.php
[Thu Mar 12 14:40:00.414224 2015] [:error] [pid 7568:tid 1604] [client 192.168.175.201:25944] script 'E:/nuevo/htdocs/guestbook.php' not found or unable to stat
[Thu Mar 12 14:40:00.476624 2015] [cgi:error] [pid 7568:tid 1876] [client 192.168.175.201:26012] script not found or unable to stat: E:/nuevo/cgi-bin/corporate
[Thu Mar 12 14:40:00.741824 2015] [cgi:error] [pid 7568:tid 1604] [client 192.168.175.201:26038] script not found or unable to stat: E:/nuevo/cgi-bin/query
[Thu Mar 12 14:40:00.897825 2015] [cgi:error] [pid 7568:tid 1604] [client 192.168.175.201:26057] script not found or unable to stat: E:/nuevo/cgi-bin/listing.php
[Thu Mar 12 14:40:00.960225 2015] [:error] [pid 7568:tid 1604] [client 192.168.175.201:26063] script 'E:/nuevo/htdocs/listing.php' not found or unable to stat
[Thu Mar 12 14:40:01.225425 2015] [cgi:error] [pid 7568:tid 1876] [client 192.168.175.201:26095] script not found or unable to stat: E:/nuevo/cgi-bin/eclient
[Thu Mar 12 14:40:01.568626 2015] [cgi:error] [pid 7568:tid 1300] [client 192.168.175.201:26202] script not found or unable to stat: E:/nuevo/cgi-bin/cgiforum.pl
[Thu Mar 12 14:40:01.599826 2015] [:error] [pid 7568:tid 1604] [client 192.168.175.201:26215] script 'E:/nuevo/htdocs/awstatstotals.php' not found or unable to stat
[Thu Mar 12 14:40:01.662226 2015] [:error] [pid 7568:tid 1604] [client 192.168.175.201:26221] script 'E:/nuevo/htdocs/awstatstotals.php' not found or unable to stat
[Thu Mar 12 14:40:01.693426 2015] [:error] [pid 7568:tid 1604] [client 192.168.175.201:26226] script 'E:/nuevo/htdocs/awstatstotals.php' not found or unable to stat
[Thu Mar 12 14:40:01.724626 2015] [cgi:error] [pid 7568:tid 1300] [client 192.168.175.201:26220] script not found or unable to stat: E:/nuevo/htdocs/cgiforum.pl
[Thu Mar 12 14:40:01.755826 2015] [:error] [pid 7568:tid 1604] [client 192.168.175.201:26229] script 'E:/nuevo/htdocs/awstatstotals.php' not found or unable to stat
[Thu Mar 12 14:40:02.083427 2015] [cgi:error] [pid 7568:tid 1604] [client 192.168.175.201:26264] script not found or unable to stat: E:/nuevo/cgi-bin/library
[Thu Mar 12 14:40:03.159829 2015] [cgi:error] [pid 7568:tid 1300] [client 192.168.175.201:26370] script not found or unable to stat: E:/nuevo/cgi-bin/inc
[Thu Mar 12 14:40:03.206629 2015] [cgi:error] [pid 7568:tid 1604] [client 192.168.175.201:26379] script not found or unable to stat: E:/nuevo/cgi-bin/awstatstotals.php
[Thu Mar 12 14:40:03.347029 2015] [cgi:error] [pid 7568:tid 1300] [client 192.168.175.201:26387] script not found or unable to stat: E:/nuevo/cgi-bin/awstatstotals.php
[Thu Mar 12 14:40:03.456229 2015] [cgi:error] [pid 7568:tid 1604] [client 192.168.175.201:26397] script not found or unable to stat: E:/nuevo/cgi-bin/awstatstotals.php
[Thu Mar 12 14:40:03.581029 2015] [cgi:error] [pid 7568:tid 1604] [client 192.168.175.201:26409] script not found or unable to stat: E:/nuevo/cgi-bin/awstatstotals.php
[Thu Mar 12 14:40:09.821040 2015] [negotiation:error] [pid 7568:tid 1468] [client 192.168.175.201:27000] AH00690: no acceptable variant: E:/nuevo/apache/error/HTTP_NOT_FOUND.html.var
[Thu Mar 12 14:40:09.899041 2015] [cgi:error] [pid 7568:tid 1268] [client 192.168.175.201:27003] script not found or unable to stat: E:/nuevo/cgi-bin/crystalimagehandler.aspx
[Thu Mar 12 14:40:10.148641 2015] [cgi:error] [pid 7568:tid 1468] [client 192.168.175.201:27028] script not found or unable to stat: E:/nuevo/cgi-bin/login.php
[Thu Mar 12 14:40:10.304641 2015] [:error] [pid 7568:tid 1268] [client 192.168.175.201:27036] script 'E:/nuevo/htdocs/login.php' not found or unable to stat
[Thu Mar 12 14:40:10.569842 2015] [cgi:error] [pid 7568:tid 1780] [client 192.168.175.201:27130] script not found or unable to stat: E:/nuevo/cgi-bin/index.php
[Thu Mar 12 14:40:10.803842 2015] [cgi:error] [pid 7568:tid 1780] [client 192.168.175.201:27167] script not found or unable to stat: E:/nuevo/cgi-bin/sawmillcl.exe
[Thu Mar 12 14:40:10.913042 2015] [cgi:error] [pid 7568:tid 1364] [client 192.168.175.201:27175] script not found or unable to stat: E:/nuevo/cgi-bin/sawmill6cl.exe
[Thu Mar 12 14:40:10.991042 2015] [cgi:error] [pid 7568:tid 1364] [client 192.168.175.201:27184] attempt to invoke directory as script: E:/nuevo/cgi-bin/
[Thu Mar 12 14:40:11.225043 2015] [cgi:error] [pid 7568:tid 1364] [client 192.168.175.201:27214] script not found or unable to stat: E:/nuevo/cgi-bin/admin
[Thu Mar 12 14:40:11.615044 2015] [cgi:error] [pid 7568:tid 1220] [client 192.168.175.201:27253] attempt to invoke directory as script: E:/nuevo/cgi-bin/
[Thu Mar 12 14:40:11.958244 2015] [cgi:error] [pid 7568:tid 1780] [client 192.168.175.201:27363] attempt to invoke directory as script: E:/nuevo/cgi-bin/
[Thu Mar 12 14:40:12.504245 2015] [cgi:error] [pid 7568:tid 1780] [client 192.168.175.201:27433] script not found or unable to stat: E:/nuevo/cgi-bin/index.php
[Thu Mar 12 14:40:12.675845 2015] [cgi:error] [pid 7568:tid 1220] [client 192.168.175.201:27453] script not found or unable to stat: E:/nuevo/cgi-bin/ikonboard.cgi
[Thu Mar 12 14:40:12.769446 2015] [cgi:error] [pid 7568:tid 1268] [client 192.168.175.201:27456] script not found or unable to stat: E:/nuevo/htdocs/ikonboard.cgi
[Thu Mar 12 14:40:13.050246 2015] [cgi:error] [pid 7568:tid 1268] [client 192.168.175.201:27493] script not found or unable to stat: E:/nuevo/cgi-bin/sitemap.xml
[Thu Mar 12 14:40:16.201452 2015] [cgi:error] [pid 7568:tid 1388] [client 192.168.175.201:27820] script not found or unable to stat: E:/nuevo/cgi-bin/x_news.php
[Thu Mar 12 14:40:16.201452 2015] [:error] [pid 7568:tid 1388] [client 192.168.175.201:27820] script 'E:/nuevo/htdocs/x_news.php' not found or unable to stat
[Thu Mar 12 14:40:23.611465 2015] [cgi:error] [pid 7568:tid 1604] [client 192.168.175.201:28532] script not found or unable to stat: E:/nuevo/cgi-bin/tiki-index.php
[Thu Mar 12 14:40:23.627065 2015] [:error] [pid 7568:tid 1604] [client 192.168.175.201:28532] script 'E:/nuevo/htdocs/tiki-index.php' not found or unable to stat
[Thu Mar 12 14:40:24.141866 2015] [cgi:error] [pid 7568:tid 1604] [client 192.168.175.201:28623] script not found or unable to stat: E:/nuevo/cgi-bin/guestbook
[Thu Mar 12 14:40:24.173066 2015] [core:error] [pid 7568:tid 1604] [client 192.168.175.201:28624] AH00126: Invalid URI in request GET . HTTP/1.0
[Thu Mar 12 14:40:24.173066 2015] [cgi:error] [pid 7568:tid 1212] [client 192.168.175.201:28625] script not found or unable to stat: E:/nuevo/cgi-bin/cfooter.php3
[Thu Mar 12 14:40:24.422666 2015] [cgi:error] [pid 7568:tid 1212] [client 192.168.175.201:28659] script not found or unable to stat: E:/nuevo/cgi-bin/login.php
[Thu Mar 12 14:40:24.438266 2015] [cgi:error] [pid 7568:tid 1604] [client 192.168.175.201:28662] script not found or unable to stat: E:/nuevo/cgi-bin/index.php
[Thu Mar 12 14:40:24.469466 2015] [:error] [pid 7568:tid 1212] [client 192.168.175.201:28663] script 'E:/nuevo/htdocs/login.php' not found or unable to stat
[Thu Mar 12 14:40:24.563066 2015] [:error] [pid 7568:tid 1212] [client 192.168.175.201:28683] script 'E:/nuevo/htdocs/trade.php' not found or unable to stat
[Thu Mar 12 14:40:24.750267 2015] [cgi:error] [pid 7568:tid 1212] [client 192.168.175.201:28700] script not found or unable to stat: E:/nuevo/cgi-bin/login.php
[Thu Mar 12 14:40:24.828267 2015] [cgi:error] [pid 7568:tid 1212] [client 192.168.175.201:28707] script not found or unable to stat: E:/nuevo/cgi-bin/1426189384-ror_session_fixation.nasl
[Thu Mar 12 14:40:24.843867 2015] [:error] [pid 7568:tid 1604] [client 192.168.175.201:28708] script 'E:/nuevo/htdocs/login.php' not found or unable to stat
[Thu Mar 12 14:40:30.194676 2015] [cgi:error] [pid 7568:tid 1876] [client 192.168.175.201:29304] attempt to invoke directory as script: E:/nuevo/cgi-bin/
[Thu Mar 12 14:40:32.503480 2015] [cgi:error] [pid 7568:tid 1212] [client 192.168.175.201:29566] script not found or unable to stat: E:/nuevo/cgi-bin/index.php
[Thu Mar 12 14:40:35.873086 2015] [cgi:error] [pid 7568:tid 1140] [client 192.168.175.201:29918] script not found or unable to stat: E:/nuevo/cgi-bin/index.php
[Thu Mar 12 14:40:40.022693 2015] [cgi:error] [pid 7568:tid 1220] [client 192.168.175.201:30395] script not found or unable to stat: E:/nuevo/cgi-bin/forum.php3
[Thu Mar 12 14:40:40.038294 2015] [cgi:error] [pid 7568:tid 1220] [client 192.168.175.201:30395] script not found or unable to stat: E:/nuevo/cgi-bin/forum.php
[Thu Mar 12 14:40:40.069494 2015] [:error] [pid 7568:tid 1220] [client 192.168.175.201:30395] script 'E:/nuevo/htdocs/forum.php' not found or unable to stat
[Thu Mar 12 14:40:40.490694 2015] [cgi:error] [pid 7568:tid 1220] [client 192.168.175.201:30464] script not found or unable to stat: E:/nuevo/cgi-bin/index.php
[Thu Mar 12 14:40:40.537494 2015] [cgi:error] [pid 7568:tid 1268] [client 192.168.175.201:30468] script not found or unable to stat: E:/nuevo/cgi-bin/admincp
[Thu Mar 12 14:40:40.599894 2015] [cgi:error] [pid 7568:tid 1268] [client 192.168.175.201:30474] script not found or unable to stat: E:/nuevo/cgi-bin/login
[Thu Mar 12 14:40:40.880695 2015] [cgi:error] [pid 7568:tid 1220] [client 192.168.175.201:30505] script not found or unable to stat: E:/nuevo/cgi-bin/admin
[Thu Mar 12 14:40:41.145895 2015] [cgi:error] [pid 7568:tid 1268] [client 192.168.175.201:30603] script not found or unable to stat: E:/nuevo/cgi-bin/search.cfm
[Thu Mar 12 14:40:41.208296 2015] [cgi:error] [pid 7568:tid 1220] [client 192.168.175.201:30608] script not found or unable to stat: E:/nuevo/cgi-bin/search.aspx
[Thu Mar 12 14:40:41.286296 2015] [cgi:error] [pid 7568:tid 1220] [client 192.168.175.201:30613] script not found or unable to stat: E:/nuevo/cgi-bin/index.php
[Thu Mar 12 14:40:41.801097 2015] [cgi:error] [pid 7568:tid 1268] [client 192.168.175.201:30674] script not found or unable to stat: E:/nuevo/cgi-bin/sendtemp.pl
[Thu Mar 12 14:40:41.894697 2015] [cgi:error] [pid 7568:tid 1268] [client 192.168.175.201:30687] script not found or unable to stat: E:/nuevo/htdocs/sendtemp.pl
[Thu Mar 12 14:40:42.003897 2015] [cgi:error] [pid 7568:tid 1268] [client 192.168.175.201:30697] script not found or unable to stat: E:/nuevo/cgi-bin/search.cgi
[Thu Mar 12 14:40:42.081897 2015] [cgi:error] [pid 7568:tid 1268] [client 192.168.175.201:30701] script not found or unable to stat: E:/nuevo/cgi-bin/search.pl
[Thu Mar 12 14:40:42.128697 2015] [cgi:error] [pid 7568:tid 1220] [client 192.168.175.201:30708] script not found or unable to stat: E:/nuevo/cgi-bin/search.exe
[Thu Mar 12 14:40:42.159897 2015] [cgi:error] [pid 7568:tid 1220] [client 192.168.175.201:30715] script not found or unable to stat: E:/nuevo/htdocs/search.cgi
[Thu Mar 12 14:40:42.191097 2015] [cgi:error] [pid 7568:tid 1220] [client 192.168.175.201:30719] script not found or unable to stat: E:/nuevo/htdocs/search.pl
[Thu Mar 12 14:40:42.378298 2015] [cgi:error] [pid 7568:tid 1220] [client 192.168.175.201:30737] script not found or unable to stat: E:/nuevo/cgi-bin/rpc.php
[Thu Mar 12 14:40:42.456298 2015] [:error] [pid 7568:tid 1268] [client 192.168.175.201:30746] script 'E:/nuevo/htdocs/rpc.php' not found or unable to stat
[Thu Mar 12 14:40:42.534298 2015] [cgi:error] [pid 7568:tid 1220] [client 192.168.175.201:30758] script not found or unable to stat: E:/nuevo/cgi-bin/misc.php
[Thu Mar 12 14:40:42.565498 2015] [:error] [pid 7568:tid 1268] [client 192.168.175.201:30762] script 'E:/nuevo/htdocs/misc.php' not found or unable to stat
[Thu Mar 12 14:40:42.877498 2015] [cgi:error] [pid 7568:tid 1220] [client 192.168.175.201:30890] script not found or unable to stat: E:/nuevo/cgi-bin/index.php
[Thu Mar 12 14:40:42.986699 2015] [cgi:error] [pid 7568:tid 1220] [client 192.168.175.201:30902] script not found or unable to stat: E:/nuevo/cgi-bin/index.php
[Thu Mar 12 14:40:43.563900 2015] [cgi:error] [pid 7568:tid 1388] [client 192.168.175.201:30967] script not found or unable to stat: E:/nuevo/cgi-bin/loadpage.cgi
[Thu Mar 12 14:40:43.673100 2015] [cgi:error] [pid 7568:tid 1388] [client 192.168.175.201:30982] script not found or unable to stat: E:/nuevo/cgi-bin/search.cgi
[Thu Mar 12 14:40:43.751100 2015] [cgi:error] [pid 7568:tid 1268] [client 192.168.175.201:30994] script not found or unable to stat: E:/nuevo/htdocs/loadpage.cgi
[Thu Mar 12 14:40:43.813500 2015] [cgi:error] [pid 7568:tid 1268] [client 192.168.175.201:31001] script not found or unable to stat: E:/nuevo/htdocs/search.cgi
[Thu Mar 12 14:40:43.969500 2015] [cgi:error] [pid 7568:tid 1268] [client 192.168.175.201:31014] script not found or unable to stat: E:/nuevo/cgi-bin/recordings
[Thu Mar 12 14:40:44.016300 2015] [cgi:error] [pid 7568:tid 1268] [client 192.168.175.201:31019] attempt to invoke directory as script: E:/nuevo/cgi-bin/
[Thu Mar 12 14:40:44.250301 2015] [cgi:error] [pid 7568:tid 1388] [client 192.168.175.201:31043] script not found or unable to stat: E:/nuevo/cgi-bin/kb.cgi
[Thu Mar 12 14:40:44.281501 2015] [cgi:error] [pid 7568:tid 1268] [client 192.168.175.201:31051] script not found or unable to stat: E:/nuevo/htdocs/kb.cgi
[Thu Mar 12 14:40:44.297101 2015] [cgi:error] [pid 7568:tid 1388] [client 192.168.175.201:31052] script not found or unable to stat: E:/nuevo/cgi-bin/index.php
[Thu Mar 12 14:40:44.562301 2015] [cgi:error] [pid 7568:tid 1268] [client 192.168.175.201:31075] script not found or unable to stat: E:/nuevo/htdocs/InitialPage.asp
[Thu Mar 12 14:40:44.655902 2015] [cgi:error] [pid 7568:tid 1268] [client 192.168.175.201:31097] script not found or unable to stat: E:/nuevo/cgi-bin/about.php
