[Sat Jul 04 16:56:58.408582 2015] [:error] [pid 6976:tid 1492] [client 181.134.91.148:42213] script 'E:/nuevo/htdocs/user.php' not found or unable to stat
[Sat Jul 04 16:56:59.516183 2015] [cgi:error] [pid 6976:tid 1692] [client 181.134.91.148:48924] script not found or unable to stat: E:/nuevo/cgi-bin/index.php
[Sat Jul 04 16:56:59.999784 2015] [cgi:error] [pid 6976:tid 1636] [client 181.134.91.148:46630] script not found or unable to stat: E:/nuevo/cgi-bin/admin
[Sat Jul 04 16:57:00.108985 2015] [cgi:error] [pid 6976:tid 1456] [client 181.134.91.148:46936] script not found or unable to stat: E:/nuevo/cgi-bin/www
[Sat Jul 04 16:57:00.826586 2015] [:error] [pid 6976:tid 1524] [client 181.134.91.148:37149] script 'E:/nuevo/htdocs/index.php' not found or unable to stat
[Sat Jul 04 16:57:00.951386 2015] [:error] [pid 6976:tid 1456] [client 181.134.91.148:55029] script 'E:/nuevo/htdocs/index.php' not found or unable to stat
[Sat Jul 04 16:57:01.232186 2015] [cgi:error] [pid 6976:tid 1692] [client 181.134.91.148:58553] script not found or unable to stat: E:/nuevo/htdocs/index.asp
[Sat Jul 04 16:57:01.403787 2015] [cgi:error] [pid 6976:tid 1692] [client 181.134.91.148:58553] script not found or unable to stat: E:/nuevo/cgi-bin/index.asp
[Sat Jul 04 16:57:01.590987 2015] [cgi:error] [pid 6976:tid 1692] [client 181.134.91.148:58553] script not found or unable to stat: E:/nuevo/htdocs/index.asp
[Sat Jul 04 16:57:02.448989 2015] [cgi:error] [pid 6976:tid 1688] [client 181.134.91.148:50564] script not found or unable to stat: E:/nuevo/cgi-bin/index.php
[Sat Jul 04 16:57:02.620589 2015] [cgi:error] [pid 6976:tid 1492] [client 181.134.91.148:42213] script not found or unable to stat: E:/nuevo/cgi-bin/user.php
[Sat Jul 04 16:57:03.072990 2015] [core:error] [pid 6976:tid 1472] [client 181.134.91.148:37180] AH00126: Invalid URI in request GET campsite1/implementation/site/admin/login.php HTTP/1.1
[Sat Jul 04 16:57:03.837391 2015] [core:error] [pid 6976:tid 1692] [client 181.134.91.148:54353] AH00126: Invalid URI in request GET campsite1/implementation/site//index.php HTTP/1.1
[Sat Jul 04 16:57:03.993391 2015] [cgi:error] [pid 6976:tid 1832] [client 181.134.91.148:53601] script not found or unable to stat: E:/nuevo/cgi-bin/index.php
[Sat Jul 04 16:57:04.274192 2015] [:error] [pid 6976:tid 1636] [client 181.134.91.148:50097] script 'E:/nuevo/htdocs/index.php' not found or unable to stat
[Sat Jul 04 16:57:04.289792 2015] [:error] [pid 6976:tid 1832] [client 181.134.91.148:53601] script 'E:/nuevo/htdocs/index.php' not found or unable to stat
[Sat Jul 04 16:57:04.336592 2015] [:error] [pid 6976:tid 1492] [client 181.134.91.148:42213] script 'E:/nuevo/htdocs/user.php' not found or unable to stat
[Sat Jul 04 16:57:04.523792 2015] [cgi:error] [pid 6976:tid 1524] [client 181.134.91.148:40820] script not found or unable to stat: E:/nuevo/cgi-bin/admin
[Sat Jul 04 16:57:04.788993 2015] [cgi:error] [pid 6976:tid 1692] [client 181.134.91.148:60088] script not found or unable to stat: E:/nuevo/cgi-bin/index.php
[Sat Jul 04 16:57:05.007393 2015] [:error] [pid 6976:tid 1692] [client 181.134.91.148:60088] script 'E:/nuevo/htdocs/index.php' not found or unable to stat
[Sat Jul 04 16:57:05.334994 2015] [cgi:error] [pid 6976:tid 1524] [client 181.134.91.148:39491] script not found or unable to stat: E:/nuevo/cgi-bin/index.php
[Sat Jul 04 16:57:05.537794 2015] [:error] [pid 6976:tid 1688] [client 181.134.91.148:39534] script 'E:/nuevo/htdocs/license.php' not found or unable to stat
[Sat Jul 04 16:57:06.317795 2015] [cgi:error] [pid 6976:tid 1688] [client 181.134.91.148:56353] script not found or unable to stat: E:/nuevo/cgi-bin/license.php
[Sat Jul 04 16:57:07.799798 2015] [:error] [pid 6976:tid 1524] [client 181.134.91.148:56817] script 'E:/nuevo/htdocs/license.php' not found or unable to stat
[Sat Jul 04 16:57:08.189799 2015] [:error] [pid 6976:tid 1492] [client 181.134.91.148:53461] script 'E:/nuevo/htdocs/index.php' not found or unable to stat
[Sat Jul 04 16:57:08.392599 2015] [cgi:error] [pid 6976:tid 1492] [client 181.134.91.148:53461] script not found or unable to stat: E:/nuevo/cgi-bin/index.php
[Sat Jul 04 16:57:08.454999 2015] [:error] [pid 6976:tid 1636] [client 181.134.91.148:40036] script 'E:/nuevo/htdocs/index.php' not found or unable to stat
[Sat Jul 04 16:57:08.470599 2015] [:error] [pid 6976:tid 1524] [client 181.134.91.148:36798] script 'E:/nuevo/htdocs/evalsmsi.php' not found or unable to stat
[Sat Jul 04 16:57:08.470599 2015] [cgi:error] [pid 6976:tid 1492] [client 181.134.91.148:53461] script not found or unable to stat: E:/nuevo/cgi-bin/readme.txt
[Sat Jul 04 16:57:08.798200 2015] [:error] [pid 6976:tid 1492] [client 181.134.91.148:53461] script 'E:/nuevo/htdocs/index.php' not found or unable to stat
[Sat Jul 04 16:57:09.188200 2015] [cgi:error] [pid 6976:tid 1524] [client 181.134.91.148:39119] script not found or unable to stat: E:/nuevo/cgi-bin/evalsmsi.php
[Sat Jul 04 16:57:10.139802 2015] [cgi:error] [pid 6976:tid 1832] [client 181.134.91.148:54613] script not found or unable to stat: E:/nuevo/cgi-bin/index.php
[Sat Jul 04 16:57:10.670203 2015] [:error] [pid 6976:tid 1492] [client 181.134.91.148:56462] script 'E:/nuevo/htdocs/evalsmsi.php' not found or unable to stat
[Sat Jul 04 16:57:10.873003 2015] [cgi:error] [pid 6976:tid 1524] [client 181.134.91.148:33347] script not found or unable to stat: E:/nuevo/cgi-bin/index.php
[Sat Jul 04 16:57:11.153804 2015] [:error] [pid 6976:tid 1524] [client 181.134.91.148:33347] script 'E:/nuevo/htdocs/index.php' not found or unable to stat
[Sat Jul 04 16:57:11.746605 2015] [:error] [pid 6976:tid 1636] [client 181.134.91.148:41852] script 'E:/nuevo/htdocs/index.php' not found or unable to stat
[Sat Jul 04 16:57:13.228608 2015] [cgi:error] [pid 6976:tid 1492] [client 181.134.91.148:35764] script not found or unable to stat: E:/nuevo/cgi-bin/Count.cgi
[Sat Jul 04 16:57:13.400208 2015] [cgi:error] [pid 6976:tid 1492] [client 181.134.91.148:35764] script not found or unable to stat: E:/nuevo/htdocs/Count.cgi
[Sat Jul 04 16:57:13.821409 2015] [cgi:error] [pid 6976:tid 1832] [client 181.134.91.148:50761] script not found or unable to stat: E:/nuevo/cgi-bin/index.php
[Sat Jul 04 16:57:13.993009 2015] [:error] [pid 6976:tid 1832] [client 181.134.91.148:50761] script 'E:/nuevo/htdocs/index.php' not found or unable to stat
[Sat Jul 04 16:57:14.024209 2015] [:error] [pid 6976:tid 1480] [client 181.134.91.148:32805] script 'E:/nuevo/htdocs/login.php' not found or unable to stat
[Sat Jul 04 16:57:14.648210 2015] [cgi:error] [pid 6976:tid 1636] [client 181.134.91.148:45841] script not found or unable to stat: E:/nuevo/cgi-bin/login.php
[Sat Jul 04 16:57:14.991411 2015] [cgi:error] [pid 6976:tid 1524] [client 181.134.91.148:51750] script not found or unable to stat: E:/nuevo/cgi-bin/services
[Sat Jul 04 16:57:15.147411 2015] [cgi:error] [pid 6976:tid 1524] [client 181.134.91.148:51750] script not found or unable to stat: E:/nuevo/cgi-bin/axis2-admin
[Sat Jul 04 16:57:15.272211 2015] [cgi:error] [pid 6976:tid 1524] [client 181.134.91.148:51750] script not found or unable to stat: E:/nuevo/cgi-bin/axis2-web
[Sat Jul 04 16:57:16.145813 2015] [:error] [pid 6976:tid 1492] [client 181.134.91.148:58343] script 'E:/nuevo/htdocs/login.php' not found or unable to stat
[Sat Jul 04 16:57:17.019414 2015] [:error] [pid 6976:tid 1472] [client 181.134.91.148:39022] script 'E:/nuevo/htdocs/images/index.php' not found or unable to stat
[Sat Jul 04 16:57:17.128614 2015] [:error] [pid 6976:tid 1472] [client 181.134.91.148:39022] script 'E:/nuevo/htdocs/css/index.php' not found or unable to stat
[Sat Jul 04 16:57:17.222215 2015] [:error] [pid 6976:tid 1472] [client 181.134.91.148:39022] script 'E:/nuevo/htdocs/index.php' not found or unable to stat
[Sat Jul 04 16:57:17.440615 2015] [:error] [pid 6976:tid 1688] [client 181.134.91.148:33429] script 'E:/nuevo/htdocs/index.php' not found or unable to stat
[Sat Jul 04 16:57:17.471815 2015] [:error] [pid 6976:tid 1480] [client 181.134.91.148:38831] script 'E:/nuevo/htdocs/index.php' not found or unable to stat
[Sat Jul 04 16:57:18.439017 2015] [cgi:error] [pid 6976:tid 1832] [client 181.134.91.148:51810] script not found or unable to stat: E:/nuevo/cgi-bin/bin
[Sat Jul 04 16:57:19.141018 2015] [cgi:error] [pid 6976:tid 1692] [client 181.134.91.148:57414] script not found or unable to stat: E:/nuevo/cgi-bin/do
[Sat Jul 04 16:57:19.733819 2015] [:error] [pid 6976:tid 1472] [client 181.134.91.148:44390] script 'E:/nuevo/htdocs/index.php' not found or unable to stat
[Sat Jul 04 16:57:19.749419 2015] [:error] [pid 6976:tid 1480] [client 181.134.91.148:52571] script 'E:/nuevo/htdocs/images/index.php' not found or unable to stat
[Sat Jul 04 16:57:20.389020 2015] [:error] [pid 6976:tid 1492] [client 181.134.91.148:54694] script 'E:/nuevo/htdocs/images/login.php' not found or unable to stat
[Sat Jul 04 16:57:20.467020 2015] [:error] [pid 6976:tid 1692] [client 181.134.91.148:59364] script 'E:/nuevo/htdocs/images/index.php' not found or unable to stat
[Sat Jul 04 16:57:20.498220 2015] [:error] [pid 6976:tid 1480] [client 181.134.91.148:49465] script 'E:/nuevo/htdocs/css/index.php' not found or unable to stat
[Sat Jul 04 16:57:20.529420 2015] [:error] [pid 6976:tid 1492] [client 181.134.91.148:54694] script 'E:/nuevo/htdocs/css/login.php' not found or unable to stat
[Sat Jul 04 16:57:20.654221 2015] [:error] [pid 6976:tid 1492] [client 181.134.91.148:54694] script 'E:/nuevo/htdocs/login.php' not found or unable to stat
[Sat Jul 04 16:57:21.122221 2015] [:error] [pid 6976:tid 1480] [client 181.134.91.148:59049] script 'E:/nuevo/htdocs/css/index.php' not found or unable to stat
[Sat Jul 04 16:57:21.153421 2015] [:error] [pid 6976:tid 1472] [client 181.134.91.148:40461] script 'E:/nuevo/htdocs/index.php' not found or unable to stat
[Sat Jul 04 16:57:21.917823 2015] [:error] [pid 6976:tid 1480] [client 181.134.91.148:35129] script 'E:/nuevo/htdocs/index.php' not found or unable to stat
[Sat Jul 04 16:57:23.758626 2015] [core:error] [pid 6976:tid 1692] (20025)The given path contained wildcard characters: [client 181.134.91.148:51773] AH00036: access to /restricted/?.jsp failed (filesystem path 'E:/nuevo/htdocs/restricted/?.jsp')
[Sat Jul 04 16:57:23.977026 2015] [core:error] [pid 6976:tid 1692] (20025)The given path contained wildcard characters: [client 181.134.91.148:51773] AH00036: access to /js/?.jsp failed (filesystem path 'E:/nuevo/htdocs/js/?.jsp')
[Sat Jul 04 16:57:24.101827 2015] [core:error] [pid 6976:tid 1692] (20025)The given path contained wildcard characters: [client 181.134.91.148:51773] AH00036: access to /img/?.jsp failed (filesystem path 'E:/nuevo/htdocs/img/?.jsp')
[Sat Jul 04 16:57:24.164227 2015] [core:error] [pid 6976:tid 1692] (20025)The given path contained wildcard characters: [client 181.134.91.148:51773] AH00036: access to /images/?.jsp failed (filesystem path 'E:/nuevo/htdocs/images/?.jsp')
[Sat Jul 04 16:57:24.382627 2015] [core:error] [pid 6976:tid 1692] (20025)The given path contained wildcard characters: [client 181.134.91.148:51773] AH00036: access to /icons/?.jsp failed (filesystem path 'E:/nuevo/apache/icons/?.jsp')
[Sat Jul 04 16:57:24.491827 2015] [core:error] [pid 6976:tid 1692] (20025)The given path contained wildcard characters: [client 181.134.91.148:51773] AH00036: access to /error/?.jsp failed (filesystem path 'E:/nuevo/apache/error/?.jsp')
[Sat Jul 04 16:57:24.554227 2015] [core:error] [pid 6976:tid 1692] (20025)The given path contained wildcard characters: [client 181.134.91.148:51773] AH00036: access to /css/?.jsp failed (filesystem path 'E:/nuevo/htdocs/css/?.jsp')
[Sat Jul 04 16:57:24.757028 2015] [core:error] [pid 6976:tid 1692] (20025)The given path contained wildcard characters: [client 181.134.91.148:51773] AH00036: access to /cgi-bin/?.jsp failed (filesystem path 'E:/nuevo/cgi-bin/?.jsp')
[Sat Jul 04 16:57:24.881828 2015] [core:error] [pid 6976:tid 1692] (20025)The given path contained wildcard characters: [client 181.134.91.148:51773] AH00036: access to /images/?.jsp failed (filesystem path 'E:/nuevo/htdocs/images/?.jsp')
[Sat Jul 04 16:57:24.944228 2015] [:error] [pid 6976:tid 1456] [client 181.134.91.148:53499] script 'E:/nuevo/htdocs/pmwiki.php' not found or unable to stat
[Sat Jul 04 16:57:24.975428 2015] [core:error] [pid 6976:tid 1692] (20025)The given path contained wildcard characters: [client 181.134.91.148:51773] AH00036: access to /css/?.jsp failed (filesystem path 'E:/nuevo/htdocs/css/?.jsp')
[Sat Jul 04 16:57:25.115828 2015] [core:error] [pid 6976:tid 1692] (20025)The given path contained wildcard characters: [client 181.134.91.148:51773] AH00036: access to /?.jsp failed (filesystem path 'E:/nuevo/htdocs/?.jsp')
[Sat Jul 04 16:57:25.303029 2015] [:error] [pid 6976:tid 1456] [client 181.134.91.148:53499] script 'E:/nuevo/htdocs/images/pmwiki.php' not found or unable to stat
[Sat Jul 04 16:57:25.396629 2015] [:error] [pid 6976:tid 1456] [client 181.134.91.148:53499] script 'E:/nuevo/htdocs/css/pmwiki.php' not found or unable to stat
[Sat Jul 04 16:57:25.505829 2015] [:error] [pid 6976:tid 1456] [client 181.134.91.148:53499] script 'E:/nuevo/htdocs/pmwiki.php' not found or unable to stat
[Sat Jul 04 16:57:26.317031 2015] [:error] [pid 6976:tid 1832] [client 181.134.91.148:38685] script 'E:/nuevo/htdocs/images/index.php' not found or unable to stat
[Sat Jul 04 16:57:26.426231 2015] [:error] [pid 6976:tid 1832] [client 181.134.91.148:38685] script 'E:/nuevo/htdocs/css/index.php' not found or unable to stat
[Sat Jul 04 16:57:26.519831 2015] [:error] [pid 6976:tid 1832] [client 181.134.91.148:38685] script 'E:/nuevo/htdocs/index.php' not found or unable to stat
[Sat Jul 04 16:57:26.707031 2015] [:error] [pid 6976:tid 1692] [client 181.134.91.148:59828] script 'E:/nuevo/htdocs/index.php' not found or unable to stat
[Sat Jul 04 16:57:26.894232 2015] [:error] [pid 6976:tid 1692] [client 181.134.91.148:59828] script 'E:/nuevo/htdocs/index.php' not found or unable to stat
[Sat Jul 04 16:57:27.034632 2015] [:error] [pid 6976:tid 1692] [client 181.134.91.148:59828] script 'E:/nuevo/htdocs/images/index.php' not found or unable to stat
[Sat Jul 04 16:57:27.081432 2015] [:error] [pid 6976:tid 1480] [client 181.134.91.148:41995] script 'E:/nuevo/htdocs/index.php' not found or unable to stat
[Sat Jul 04 16:57:27.190632 2015] [:error] [pid 6976:tid 1692] [client 181.134.91.148:59828] script 'E:/nuevo/htdocs/images/index.php' not found or unable to stat
[Sat Jul 04 16:57:27.346632 2015] [:error] [pid 6976:tid 1692] [client 181.134.91.148:59828] script 'E:/nuevo/htdocs/css/index.php' not found or unable to stat
[Sat Jul 04 16:57:27.424633 2015] [:error] [pid 6976:tid 1692] [client 181.134.91.148:59828] script 'E:/nuevo/htdocs/css/index.php' not found or unable to stat
[Sat Jul 04 16:57:27.533833 2015] [:error] [pid 6976:tid 1692] [client 181.134.91.148:59828] script 'E:/nuevo/htdocs/index.php' not found or unable to stat
[Sat Jul 04 16:57:27.580633 2015] [:error] [pid 6976:tid 1832] [client 181.134.91.148:59195] script 'E:/nuevo/htdocs/images/index.php' not found or unable to stat
[Sat Jul 04 16:57:27.611833 2015] [:error] [pid 6976:tid 1692] [client 181.134.91.148:59828] script 'E:/nuevo/htdocs/index.php' not found or unable to stat
[Sat Jul 04 16:57:27.674233 2015] [:error] [pid 6976:tid 1832] [client 181.134.91.148:59195] script 'E:/nuevo/htdocs/css/index.php' not found or unable to stat
[Sat Jul 04 16:57:27.814633 2015] [:error] [pid 6976:tid 1832] [client 181.134.91.148:59195] script 'E:/nuevo/htdocs/index.php' not found or unable to stat
[Sat Jul 04 16:57:29.218636 2015] [:error] [pid 6976:tid 1456] [client 181.134.91.148:37531] script 'E:/nuevo/htdocs/index.php' not found or unable to stat
[Sat Jul 04 16:57:29.468236 2015] [:error] [pid 6976:tid 1688] [client 181.134.91.148:47597] script 'E:/nuevo/htdocs/images/index.php' not found or unable to stat
[Sat Jul 04 16:57:29.749037 2015] [core:error] [pid 6976:tid 1456] [client 181.134.91.148:60546] AH00126: Invalid URI in request GET  HTTP/1.1
[Sat Jul 04 16:57:30.295038 2015] [:error] [pid 6976:tid 1492] [client 181.134.91.148:39318] script 'E:/nuevo/htdocs/css/index.php' not found or unable to stat
[Sat Jul 04 16:57:31.028239 2015] [:error] [pid 6976:tid 1832] [client 181.134.91.148:37203] script 'E:/nuevo/htdocs/index.php' not found or unable to stat
[Sat Jul 04 16:57:31.433840 2015] [:error] [pid 6976:tid 1472] [client 181.134.91.148:49932] script 'E:/nuevo/htdocs/images/index.php' not found or unable to stat
[Sat Jul 04 16:57:32.135841 2015] [:error] [pid 6976:tid 1688] [client 181.134.91.148:44047] script 'E:/nuevo/htdocs/css/index.php' not found or unable to stat
[Sat Jul 04 16:57:32.915842 2015] [:error] [pid 6976:tid 1472] [client 181.134.91.148:57839] script 'E:/nuevo/htdocs/index.php' not found or unable to stat
[Sat Jul 04 16:57:33.992244 2015] [:error] [pid 6976:tid 1472] [client 181.134.91.148:46984] script 'E:/nuevo/htdocs/index.php' not found or unable to stat
[Sat Jul 04 16:57:34.928246 2015] [cgi:error] [pid 6976:tid 1832] [client 181.134.91.148:52128] script not found or unable to stat: E:/nuevo/cgi-bin/mapserv
[Sat Jul 04 16:57:34.928246 2015] [:error] [pid 6976:tid 1492] [client 181.134.91.148:38891] script 'E:/nuevo/htdocs/index.php' not found or unable to stat
[Sat Jul 04 16:57:35.037446 2015] [cgi:error] [pid 6976:tid 1832] [client 181.134.91.148:52128] script not found or unable to stat: E:/nuevo/cgi-bin/mapserv.exe
[Sat Jul 04 16:57:35.255846 2015] [:error] [pid 6976:tid 1524] [client 181.134.91.148:34198] script 'E:/nuevo/htdocs/images/index.php' not found or unable to stat
[Sat Jul 04 16:57:35.380646 2015] [:error] [pid 6976:tid 1524] [client 181.134.91.148:34198] script 'E:/nuevo/htdocs/css/index.php' not found or unable to stat
[Sat Jul 04 16:57:35.443047 2015] [:error] [pid 6976:tid 1524] [client 181.134.91.148:34198] script 'E:/nuevo/htdocs/index.php' not found or unable to stat
[Sat Jul 04 16:57:35.630247 2015] [:error] [pid 6976:tid 1528] [client 181.134.91.148:42478] script 'E:/nuevo/htdocs/images/index.php' not found or unable to stat
[Sat Jul 04 16:57:36.035848 2015] [:error] [pid 6976:tid 1692] [client 181.134.91.148:54312] script 'E:/nuevo/htdocs/images/index.php' not found or unable to stat
[Sat Jul 04 16:57:36.207448 2015] [:error] [pid 6976:tid 1492] [client 181.134.91.148:45294] script 'E:/nuevo/htdocs/images/index.php' not found or unable to stat
[Sat Jul 04 16:57:36.238648 2015] [:error] [pid 6976:tid 1528] [client 181.134.91.148:48744] script 'E:/nuevo/htdocs/css/index.php' not found or unable to stat
[Sat Jul 04 16:57:36.269848 2015] [:error] [pid 6976:tid 1492] [client 181.134.91.148:45294] script 'E:/nuevo/htdocs/css/index.php' not found or unable to stat
[Sat Jul 04 16:57:36.394648 2015] [:error] [pid 6976:tid 1492] [client 181.134.91.148:45294] script 'E:/nuevo/htdocs/index.php' not found or unable to stat
[Sat Jul 04 16:57:36.457048 2015] [:error] [pid 6976:tid 1524] [client 181.134.91.148:54114] script 'E:/nuevo/htdocs/images/tools.php' not found or unable to stat
[Sat Jul 04 16:57:36.597449 2015] [:error] [pid 6976:tid 1524] [client 181.134.91.148:54114] script 'E:/nuevo/htdocs/css/tools.php' not found or unable to stat
[Sat Jul 04 16:57:36.659849 2015] [:error] [pid 6976:tid 1692] [client 181.134.91.148:38289] script 'E:/nuevo/htdocs/news.php' not found or unable to stat
[Sat Jul 04 16:57:36.675449 2015] [:error] [pid 6976:tid 1524] [client 181.134.91.148:54114] script 'E:/nuevo/htdocs/tools.php' not found or unable to stat
[Sat Jul 04 16:57:36.831449 2015] [:error] [pid 6976:tid 1608] [client 181.134.91.148:49608] script 'E:/nuevo/htdocs/css/index.php' not found or unable to stat
[Sat Jul 04 16:57:37.034249 2015] [:error] [pid 6976:tid 1688] [client 181.134.91.148:36680] script 'E:/nuevo/htdocs/index.php' not found or unable to stat
[Sat Jul 04 16:57:37.143450 2015] [:error] [pid 6976:tid 1492] [client 181.134.91.148:47667] script 'E:/nuevo/htdocs/images/index.php' not found or unable to stat
[Sat Jul 04 16:57:37.237050 2015] [:error] [pid 6976:tid 1492] [client 181.134.91.148:47667] script 'E:/nuevo/htdocs/css/index.php' not found or unable to stat
[Sat Jul 04 16:57:37.408650 2015] [:error] [pid 6976:tid 1492] [client 181.134.91.148:47667] script 'E:/nuevo/htdocs/index.php' not found or unable to stat
[Sat Jul 04 16:57:37.439850 2015] [:error] [pid 6976:tid 1524] [client 181.134.91.148:49902] script 'E:/nuevo/htdocs/images/news.php' not found or unable to stat
[Sat Jul 04 16:57:37.471050 2015] [:error] [pid 6976:tid 1608] [client 181.134.91.148:53862] script 'E:/nuevo/htdocs/index.php' not found or unable to stat
[Sat Jul 04 16:57:38.297852 2015] [:error] [pid 6976:tid 1608] [client 181.134.91.148:58983] script 'E:/nuevo/htdocs/css/news.php' not found or unable to stat
[Sat Jul 04 16:57:38.703452 2015] [:error] [pid 6976:tid 1688] [client 181.134.91.148:44451] script 'E:/nuevo/htdocs/images/index.php' not found or unable to stat
[Sat Jul 04 16:57:38.781452 2015] [:error] [pid 6976:tid 1688] [client 181.134.91.148:44451] script 'E:/nuevo/htdocs/css/index.php' not found or unable to stat
[Sat Jul 04 16:57:38.906253 2015] [:error] [pid 6976:tid 1688] [client 181.134.91.148:44451] script 'E:/nuevo/htdocs/index.php' not found or unable to stat
[Sat Jul 04 16:57:38.968653 2015] [:error] [pid 6976:tid 1608] [client 181.134.91.148:50588] script 'E:/nuevo/htdocs/news.php' not found or unable to stat
[Sat Jul 04 16:57:40.684656 2015] [:error] [pid 6976:tid 1472] [client 181.134.91.148:39854] script 'E:/nuevo/htdocs/images/login.php' not found or unable to stat
[Sat Jul 04 16:57:40.809456 2015] [:error] [pid 6976:tid 1472] [client 181.134.91.148:39854] script 'E:/nuevo/htdocs/css/login.php' not found or unable to stat
[Sat Jul 04 16:57:40.934256 2015] [:error] [pid 6976:tid 1472] [client 181.134.91.148:39854] script 'E:/nuevo/htdocs/login.php' not found or unable to stat
[Sat Jul 04 16:57:41.901458 2015] [:error] [pid 6976:tid 1688] [client 181.134.91.148:57158] script 'E:/nuevo/htdocs/images/index.php' not found or unable to stat
[Sat Jul 04 16:57:41.917058 2015] [:error] [pid 6976:tid 1492] [client 181.134.91.148:45875] script 'E:/nuevo/htdocs/images/index.php' not found or unable to stat
[Sat Jul 04 16:57:41.948258 2015] [:error] [pid 6976:tid 1528] [client 181.134.91.148:56494] script 'E:/nuevo/htdocs/index.php' not found or unable to stat
[Sat Jul 04 16:57:41.963858 2015] [:error] [pid 6976:tid 1688] [client 181.134.91.148:57158] script 'E:/nuevo/htdocs/css/index.php' not found or unable to stat
[Sat Jul 04 16:57:41.979458 2015] [cgi:error] [pid 6976:tid 1608] [client 181.134.91.148:55359] script not found or unable to stat: E:/nuevo/htdocs/images/viewvc.cgi
[Sat Jul 04 16:57:42.010658 2015] [:error] [pid 6976:tid 1492] [client 181.134.91.148:45875] script 'E:/nuevo/htdocs/css/index.php' not found or unable to stat
[Sat Jul 04 16:57:42.088658 2015] [:error] [pid 6976:tid 1688] [client 181.134.91.148:57158] script 'E:/nuevo/htdocs/index.php' not found or unable to stat
[Sat Jul 04 16:57:42.119858 2015] [:error] [pid 6976:tid 1492] [client 181.134.91.148:45875] script 'E:/nuevo/htdocs/index.php' not found or unable to stat
[Sat Jul 04 16:57:42.182258 2015] [cgi:error] [pid 6976:tid 1608] [client 181.134.91.148:55359] script not found or unable to stat: E:/nuevo/htdocs/css/viewvc.cgi
[Sat Jul 04 16:57:42.385059 2015] [cgi:error] [pid 6976:tid 1608] [client 181.134.91.148:55359] script not found or unable to stat: E:/nuevo/htdocs/viewvc.cgi
[Sat Jul 04 16:57:43.118260 2015] [:error] [pid 6976:tid 1716] [client 181.134.91.148:38923] script 'E:/nuevo/htdocs/images/index.php' not found or unable to stat
[Sat Jul 04 16:57:43.196260 2015] [:error] [pid 6976:tid 1716] [client 181.134.91.148:38923] script 'E:/nuevo/htdocs/css/index.php' not found or unable to stat
[Sat Jul 04 16:57:43.289860 2015] [:error] [pid 6976:tid 1716] [client 181.134.91.148:38923] script 'E:/nuevo/htdocs/index.php' not found or unable to stat
[Sat Jul 04 16:57:45.099464 2015] [:error] [pid 6976:tid 1716] [client 181.134.91.148:46553] script 'E:/nuevo/htdocs/images/index.php' not found or unable to stat
[Sat Jul 04 16:57:45.146264 2015] [:error] [pid 6976:tid 1528] [client 181.134.91.148:35022] script 'E:/nuevo/htdocs/images/index.php' not found or unable to stat
[Sat Jul 04 16:57:45.193064 2015] [:error] [pid 6976:tid 1716] [client 181.134.91.148:46553] script 'E:/nuevo/htdocs/css/index.php' not found or unable to stat
[Sat Jul 04 16:57:45.333464 2015] [:error] [pid 6976:tid 1716] [client 181.134.91.148:46553] script 'E:/nuevo/htdocs/index.php' not found or unable to stat
[Sat Jul 04 16:57:45.926265 2015] [:error] [pid 6976:tid 1528] [client 181.134.91.148:48523] script 'E:/nuevo/htdocs/css/index.php' not found or unable to stat
[Sat Jul 04 16:57:46.519066 2015] [:error] [pid 6976:tid 1528] [client 181.134.91.148:53484] script 'E:/nuevo/htdocs/index.php' not found or unable to stat
[Sat Jul 04 16:57:46.784267 2015] [:error] [pid 6976:tid 1608] [client 181.134.91.148:59932] script 'E:/nuevo/htdocs/images/index.php' not found or unable to stat
[Sat Jul 04 16:57:46.909067 2015] [:error] [pid 6976:tid 1608] [client 181.134.91.148:59932] script 'E:/nuevo/htdocs/css/index.php' not found or unable to stat
[Sat Jul 04 16:57:47.018267 2015] [:error] [pid 6976:tid 1608] [client 181.134.91.148:59932] script 'E:/nuevo/htdocs/index.php' not found or unable to stat
[Sat Jul 04 16:57:47.189867 2015] [:error] [pid 6976:tid 1528] [client 181.134.91.148:43986] script 'E:/nuevo/htdocs/update.php' not found or unable to stat
[Sat Jul 04 16:57:47.392668 2015] [:error] [pid 6976:tid 1716] [client 181.134.91.148:59933] script 'E:/nuevo/htdocs/images/index.php' not found or unable to stat
[Sat Jul 04 16:57:47.486268 2015] [:error] [pid 6976:tid 1716] [client 181.134.91.148:59933] script 'E:/nuevo/htdocs/css/index.php' not found or unable to stat
[Sat Jul 04 16:57:47.595468 2015] [:error] [pid 6976:tid 1716] [client 181.134.91.148:59933] script 'E:/nuevo/htdocs/index.php' not found or unable to stat
[Sat Jul 04 16:57:49.295871 2015] [:error] [pid 6976:tid 1608] [client 181.134.91.148:51438] script 'E:/nuevo/htdocs/index.php' not found or unable to stat
[Sat Jul 04 16:57:49.295871 2015] [:error] [pid 6976:tid 1832] [client 181.134.91.148:41505] script 'E:/nuevo/htdocs/images/update.php' not found or unable to stat
[Sat Jul 04 16:57:49.342671 2015] [:error] [pid 6976:tid 1688] [client 181.134.91.148:48381] script 'E:/nuevo/htdocs/index.php' not found or unable to stat
[Sat Jul 04 16:57:49.576671 2015] [:error] [pid 6976:tid 1688] [client 181.134.91.148:48381] script 'E:/nuevo/htdocs/imagesindex.php' not found or unable to stat
[Sat Jul 04 16:57:49.701472 2015] [:error] [pid 6976:tid 1688] [client 181.134.91.148:48381] script 'E:/nuevo/htdocs/cssindex.php' not found or unable to stat
[Sat Jul 04 16:57:49.763872 2015] [core:error] [pid 6976:tid 1688] [client 181.134.91.148:48381] AH00126: Invalid URI in request GET index.php HTTP/1.1
[Sat Jul 04 16:57:49.904272 2015] [:error] [pid 6976:tid 1528] [client 181.134.91.148:52515] script 'E:/nuevo/htdocs/images/login.php' not found or unable to stat
[Sat Jul 04 16:57:49.951072 2015] [:error] [pid 6976:tid 1832] [client 181.134.91.148:44003] script 'E:/nuevo/htdocs/login.php' not found or unable to stat
[Sat Jul 04 16:57:49.951072 2015] [:error] [pid 6976:tid 1472] [client 181.134.91.148:42151] script 'E:/nuevo/htdocs/css/update.php' not found or unable to stat
[Sat Jul 04 16:57:49.982272 2015] [:error] [pid 6976:tid 1528] [client 181.134.91.148:52515] script 'E:/nuevo/htdocs/css/login.php' not found or unable to stat
[Sat Jul 04 16:57:50.107072 2015] [:error] [pid 6976:tid 1528] [client 181.134.91.148:52515] script 'E:/nuevo/htdocs/login.php' not found or unable to stat
[Sat Jul 04 16:57:50.731073 2015] [:error] [pid 6976:tid 1492] [client 181.134.91.148:58652] script 'E:/nuevo/htdocs/images/login.php' not found or unable to stat
[Sat Jul 04 16:57:50.731073 2015] [:error] [pid 6976:tid 1832] [client 181.134.91.148:33062] script 'E:/nuevo/htdocs/update.php' not found or unable to stat
[Sat Jul 04 16:57:51.339475 2015] [:error] [pid 6976:tid 1820] [client 181.134.91.148:39488] script 'E:/nuevo/htdocs/css/login.php' not found or unable to stat
[Sat Jul 04 16:57:52.135076 2015] [:error] [pid 6976:tid 1820] [client 181.134.91.148:42092] script 'E:/nuevo/htdocs/login.php' not found or unable to stat
[Sat Jul 04 16:57:52.259876 2015] [:error] [pid 6976:tid 1472] [client 181.134.91.148:53691] script 'E:/nuevo/htdocs/images/index.php' not found or unable to stat
[Sat Jul 04 16:57:53.008677 2015] [:error] [pid 6976:tid 1688] [client 181.134.91.148:43108] script 'E:/nuevo/htdocs/css/index.php' not found or unable to stat
[Sat Jul 04 16:57:53.648279 2015] [:error] [pid 6976:tid 1528] [client 181.134.91.148:53883] script 'E:/nuevo/htdocs/index.php' not found or unable to stat
[Sat Jul 04 16:57:54.553080 2015] [cgi:error] [pid 6976:tid 1528] [client 181.134.91.148:34707] script not found or unable to stat: E:/nuevo/htdocs/public.pl
[Sat Jul 04 16:57:54.911881 2015] [:error] [pid 6976:tid 1820] [client 181.134.91.148:46162] script 'E:/nuevo/htdocs/images/index.php' not found or unable to stat
[Sat Jul 04 16:57:55.021081 2015] [:error] [pid 6976:tid 1820] [client 181.134.91.148:46162] script 'E:/nuevo/htdocs/css/index.php' not found or unable to stat
[Sat Jul 04 16:57:55.145881 2015] [:error] [pid 6976:tid 1820] [client 181.134.91.148:46162] script 'E:/nuevo/htdocs/index.php' not found or unable to stat
[Sat Jul 04 16:57:55.348682 2015] [cgi:error] [pid 6976:tid 1528] [client 181.134.91.148:58612] script not found or unable to stat: E:/nuevo/htdocs/index.pl
[Sat Jul 04 16:57:55.426682 2015] [:error] [pid 6976:tid 1688] [client 181.134.91.148:40751] script 'E:/nuevo/htdocs/images/login.php' not found or unable to stat
[Sat Jul 04 16:57:55.520282 2015] [:error] [pid 6976:tid 1688] [client 181.134.91.148:40751] script 'E:/nuevo/htdocs/css/login.php' not found or unable to stat
[Sat Jul 04 16:57:55.551482 2015] [:error] [pid 6976:tid 1832] [client 181.134.91.148:42442] script 'E:/nuevo/htdocs/index.php' not found or unable to stat
[Sat Jul 04 16:57:55.629482 2015] [:error] [pid 6976:tid 1688] [client 181.134.91.148:40751] script 'E:/nuevo/htdocs/login.php' not found or unable to stat
[Sat Jul 04 16:57:55.738682 2015] [:error] [pid 6976:tid 1800] [client 181.134.91.148:47981] script 'E:/nuevo/htdocs/index.php' not found or unable to stat
[Sat Jul 04 16:57:55.738682 2015] [cgi:error] [pid 6976:tid 1580] [client 181.134.91.148:50913] script not found or unable to stat: E:/nuevo/cgi-bin/awstats.pl
[Sat Jul 04 16:57:56.003883 2015] [:error] [pid 6976:tid 1800] [client 181.134.91.148:47981] script 'E:/nuevo/htdocs/images/index.php' not found or unable to stat
[Sat Jul 04 16:57:56.003883 2015] [cgi:error] [pid 6976:tid 1580] [client 181.134.91.148:50913] script not found or unable to stat: E:/nuevo/htdocs/awstats.pl
[Sat Jul 04 16:57:56.113083 2015] [:error] [pid 6976:tid 1800] [client 181.134.91.148:47981] script 'E:/nuevo/htdocs/css/index.php' not found or unable to stat
[Sat Jul 04 16:57:56.144283 2015] [cgi:error] [pid 6976:tid 1528] [client 181.134.91.148:51117] script not found or unable to stat: E:/nuevo/htdocs/installer.pl
[Sat Jul 04 16:57:56.175483 2015] [:error] [pid 6976:tid 1800] [client 181.134.91.148:47981] script 'E:/nuevo/htdocs/index.php' not found or unable to stat
[Sat Jul 04 16:57:56.331483 2015] [:error] [pid 6976:tid 1688] [client 181.134.91.148:52141] script 'E:/nuevo/htdocs/images/index.php' not found or unable to stat
[Sat Jul 04 16:57:56.752684 2015] [:error] [pid 6976:tid 1820] [client 181.134.91.148:59720] script 'E:/nuevo/htdocs/images/index.php' not found or unable to stat
[Sat Jul 04 16:57:57.080285 2015] [:error] [pid 6976:tid 1688] [client 181.134.91.148:37726] script 'E:/nuevo/htdocs/css/index.php' not found or unable to stat
[Sat Jul 04 16:57:57.532685 2015] [:error] [pid 6976:tid 1820] [client 181.134.91.148:51347] script 'E:/nuevo/htdocs/css/index.php' not found or unable to stat
[Sat Jul 04 16:57:57.860286 2015] [:error] [pid 6976:tid 1800] [client 181.134.91.148:52241] script 'E:/nuevo/htdocs/index.php' not found or unable to stat
[Sat Jul 04 16:57:58.250287 2015] [:error] [pid 6976:tid 1472] [client 181.134.91.148:35830] script 'E:/nuevo/htdocs/index.php' not found or unable to stat
[Sat Jul 04 16:57:58.468687 2015] [:error] [pid 6976:tid 1832] [client 181.134.91.148:39944] script 'E:/nuevo/htdocs/settings.php' not found or unable to stat
[Sat Jul 04 16:57:58.546687 2015] [:error] [pid 6976:tid 1820] [client 181.134.91.148:58853] script 'E:/nuevo/htdocs/site.php' not found or unable to stat
[Sat Jul 04 16:57:58.733887 2015] [:error] [pid 6976:tid 1832] [client 181.134.91.148:39944] script 'E:/nuevo/htdocs/images/settings.php' not found or unable to stat
[Sat Jul 04 16:57:58.889888 2015] [:error] [pid 6976:tid 1820] [client 181.134.91.148:58853] script 'E:/nuevo/htdocs/images/site.php' not found or unable to stat
[Sat Jul 04 16:57:58.889888 2015] [:error] [pid 6976:tid 1832] [client 181.134.91.148:39944] script 'E:/nuevo/htdocs/css/settings.php' not found or unable to stat
[Sat Jul 04 16:57:58.983488 2015] [:error] [pid 6976:tid 1820] [client 181.134.91.148:58853] script 'E:/nuevo/htdocs/css/site.php' not found or unable to stat
[Sat Jul 04 16:57:58.999088 2015] [:error] [pid 6976:tid 1832] [client 181.134.91.148:39944] script 'E:/nuevo/htdocs/settings.php' not found or unable to stat
[Sat Jul 04 16:57:59.092688 2015] [:error] [pid 6976:tid 1820] [client 181.134.91.148:58853] script 'E:/nuevo/htdocs/site.php' not found or unable to stat
[Sat Jul 04 16:58:00.886691 2015] [:error] [pid 6976:tid 1832] [client 181.134.91.148:45504] script 'E:/nuevo/htdocs/images/index.php' not found or unable to stat
[Sat Jul 04 16:58:01.058292 2015] [:error] [pid 6976:tid 1832] [client 181.134.91.148:45504] script 'E:/nuevo/htdocs/css/index.php' not found or unable to stat
[Sat Jul 04 16:58:01.167492 2015] [:error] [pid 6976:tid 1832] [client 181.134.91.148:45504] script 'E:/nuevo/htdocs/index.php' not found or unable to stat
[Sat Jul 04 16:58:01.900693 2015] [:error] [pid 6976:tid 1820] [client 181.134.91.148:54228] script 'E:/nuevo/htdocs/images/index.php' not found or unable to stat
[Sat Jul 04 16:58:01.994293 2015] [:error] [pid 6976:tid 1820] [client 181.134.91.148:54228] script 'E:/nuevo/htdocs/css/index.php' not found or unable to stat
[Sat Jul 04 16:58:02.103493 2015] [:error] [pid 6976:tid 1820] [client 181.134.91.148:54228] script 'E:/nuevo/htdocs/index.php' not found or unable to stat
[Sat Jul 04 16:58:02.743095 2015] [:error] [pid 6976:tid 1820] [client 181.134.91.148:50885] script 'E:/nuevo/htdocs/index.php' not found or unable to stat
[Sat Jul 04 16:58:02.836695 2015] [:error] [pid 6976:tid 1820] [client 181.134.91.148:50885] script 'E:/nuevo/htdocs/start.php' not found or unable to stat
[Sat Jul 04 16:58:02.961495 2015] [access_compat:error] [pid 6976:tid 1820] [client 181.134.91.148:50885] AH01797: client denied by server configuration: E:/nuevo/htdocs/xampp/index.php
[Sat Jul 04 16:58:03.070695 2015] [:error] [pid 6976:tid 1820] [client 181.134.91.148:50885] script 'E:/nuevo/htdocs/images/index.php' not found or unable to stat
[Sat Jul 04 16:58:03.195495 2015] [:error] [pid 6976:tid 1820] [client 181.134.91.148:50885] script 'E:/nuevo/htdocs/start.php' not found or unable to stat
[Sat Jul 04 16:58:03.335896 2015] [:error] [pid 6976:tid 1820] [client 181.134.91.148:50885] script 'E:/nuevo/htdocs/css/index.php' not found or unable to stat
[Sat Jul 04 16:58:03.445096 2015] [cgi:error] [pid 6976:tid 1472] [client 181.134.91.148:49531] script not found or unable to stat: E:/nuevo/htdocs/images/public.pl
[Sat Jul 04 16:58:03.460696 2015] [:error] [pid 6976:tid 1820] [client 181.134.91.148:50885] script 'E:/nuevo/htdocs/start.php' not found or unable to stat
[Sat Jul 04 16:58:03.523096 2015] [:error] [pid 6976:tid 1820] [client 181.134.91.148:50885] script 'E:/nuevo/htdocs/index.php' not found or unable to stat
[Sat Jul 04 16:58:03.585496 2015] [:error] [pid 6976:tid 1820] [client 181.134.91.148:50885] script 'E:/nuevo/htdocs/start.php' not found or unable to stat
[Sat Jul 04 16:58:04.131497 2015] [cgi:error] [pid 6976:tid 1472] [client 181.134.91.148:40683] script not found or unable to stat: E:/nuevo/htdocs/images/index.pl
[Sat Jul 04 16:58:04.537098 2015] [cgi:error] [pid 6976:tid 1832] [client 181.134.91.148:41328] script not found or unable to stat: E:/nuevo/cgi-bin/mt
[Sat Jul 04 16:58:04.693098 2015] [cgi:error] [pid 6976:tid 1832] [client 181.134.91.148:41328] script not found or unable to stat: E:/nuevo/htdocs/images/mt.cgi
[Sat Jul 04 16:58:04.786698 2015] [cgi:error] [pid 6976:tid 1832] [client 181.134.91.148:41328] script not found or unable to stat: E:/nuevo/htdocs/css/mt.cgi
[Sat Jul 04 16:58:04.911498 2015] [cgi:error] [pid 6976:tid 1472] [client 181.134.91.148:54309] script not found or unable to stat: E:/nuevo/htdocs/images/installer.pl
[Sat Jul 04 16:58:04.973898 2015] [cgi:error] [pid 6976:tid 1832] [client 181.134.91.148:41328] script not found or unable to stat: E:/nuevo/htdocs/mt.cgi
[Sat Jul 04 16:58:05.816300 2015] [cgi:error] [pid 6976:tid 1820] [client 181.134.91.148:49635] script not found or unable to stat: E:/nuevo/htdocs/css/public.pl
[Sat Jul 04 16:58:06.424701 2015] [cgi:error] [pid 6976:tid 1488] [client 181.134.91.148:60356] script not found or unable to stat: E:/nuevo/htdocs/css/index.pl
[Sat Jul 04 16:58:07.157902 2015] [cgi:error] [pid 6976:tid 1824] [client 181.134.91.148:58453] script not found or unable to stat: E:/nuevo/htdocs/css/installer.pl
[Sat Jul 04 16:58:07.360703 2015] [:error] [pid 6976:tid 1820] [client 181.134.91.148:59841] script 'E:/nuevo/htdocs/index.php' not found or unable to stat
[Sat Jul 04 16:58:07.766303 2015] [:error] [pid 6976:tid 1472] [client 181.134.91.148:54797] script 'E:/nuevo/htdocs/index.php' not found or unable to stat
[Sat Jul 04 16:58:07.922304 2015] [cgi:error] [pid 6976:tid 1528] [client 181.134.91.148:60542] script not found or unable to stat: E:/nuevo/htdocs/public.pl
[Sat Jul 04 16:58:07.937904 2015] [:error] [pid 6976:tid 1832] [client 181.134.91.148:45332] script 'E:/nuevo/htdocs/index.php' not found or unable to stat
[Sat Jul 04 16:58:07.953504 2015] [authz_core:error] [pid 6976:tid 1472] [client 181.134.91.148:54797] AH01630: client denied by server configuration: E:/nuevo/htdocs/.htaccess
[Sat Jul 04 16:58:08.530705 2015] [cgi:error] [pid 6976:tid 1832] [client 181.134.91.148:57643] script not found or unable to stat: E:/nuevo/htdocs/index.pl
[Sat Jul 04 16:58:08.717905 2015] [:error] [pid 6976:tid 1824] [client 181.134.91.148:60981] script 'E:/nuevo/htdocs/index.php' not found or unable to stat
[Sat Jul 04 16:58:09.123506 2015] [:error] [pid 6976:tid 1472] [client 181.134.91.148:54797] script 'E:/nuevo/htdocs/images/index.php' not found or unable to stat
[Sat Jul 04 16:58:09.217106 2015] [authz_core:error] [pid 6976:tid 1472] [client 181.134.91.148:54797] AH01630: client denied by server configuration: E:/nuevo/htdocs/images/.htaccess
[Sat Jul 04 16:58:09.404306 2015] [cgi:error] [pid 6976:tid 1528] [client 181.134.91.148:43966] script not found or unable to stat: E:/nuevo/htdocs/installer.pl
[Sat Jul 04 16:58:09.404306 2015] [:error] [pid 6976:tid 1824] [client 181.134.91.148:46889] script 'E:/nuevo/htdocs/images/index.php' not found or unable to stat
[Sat Jul 04 16:58:09.591507 2015] [:error] [pid 6976:tid 1472] [client 181.134.91.148:54797] script 'E:/nuevo/htdocs/css/index.php' not found or unable to stat
[Sat Jul 04 16:58:09.607107 2015] [:error] [pid 6976:tid 1800] [client 181.134.91.148:54820] script 'E:/nuevo/htdocs/images/index.php' not found or unable to stat
[Sat Jul 04 16:58:09.700707 2015] [:error] [pid 6976:tid 1820] [client 181.134.91.148:37142] script 'E:/nuevo/htdocs/images/index.php' not found or unable to stat
[Sat Jul 04 16:58:09.700707 2015] [authz_core:error] [pid 6976:tid 1472] [client 181.134.91.148:54797] AH01630: client denied by server configuration: E:/nuevo/htdocs/css/.htaccess
[Sat Jul 04 16:58:10.028307 2015] [:error] [pid 6976:tid 1472] [client 181.134.91.148:54797] script 'E:/nuevo/htdocs/index.php' not found or unable to stat
[Sat Jul 04 16:58:10.059507 2015] [:error] [pid 6976:tid 1528] [client 181.134.91.148:48848] script 'E:/nuevo/htdocs/images/index.php' not found or unable to stat
[Sat Jul 04 16:58:10.153108 2015] [authz_core:error] [pid 6976:tid 1472] [client 181.134.91.148:54797] AH01630: client denied by server configuration: E:/nuevo/htdocs/.htaccess
[Sat Jul 04 16:58:10.402708 2015] [:error] [pid 6976:tid 1800] [client 181.134.91.148:44147] script 'E:/nuevo/htdocs/css/index.php' not found or unable to stat
[Sat Jul 04 16:58:10.449508 2015] [:error] [pid 6976:tid 1820] [client 181.134.91.148:34583] script 'E:/nuevo/htdocs/css/index.php' not found or unable to stat
[Sat Jul 04 16:58:10.901909 2015] [:error] [pid 6976:tid 1528] [client 181.134.91.148:56431] script 'E:/nuevo/htdocs/css/index.php' not found or unable to stat
[Sat Jul 04 16:58:11.073509 2015] [:error] [pid 6976:tid 1472] [client 181.134.91.148:53713] script 'E:/nuevo/htdocs/images/forum_answer.php' not found or unable to stat
[Sat Jul 04 16:58:11.073509 2015] [:error] [pid 6976:tid 1800] [client 181.134.91.148:55869] script 'E:/nuevo/htdocs/index.php' not found or unable to stat
[Sat Jul 04 16:58:11.276310 2015] [:error] [pid 6976:tid 1820] [client 181.134.91.148:45136] script 'E:/nuevo/htdocs/index.php' not found or unable to stat
[Sat Jul 04 16:58:11.557110 2015] [:error] [pid 6976:tid 1528] [client 181.134.91.148:54341] script 'E:/nuevo/htdocs/css/index.php' not found or unable to stat
[Sat Jul 04 16:58:11.869111 2015] [:error] [pid 6976:tid 1472] [client 181.134.91.148:40215] script 'E:/nuevo/htdocs/css/forum_answer.php' not found or unable to stat
[Sat Jul 04 16:58:12.274711 2015] [:error] [pid 6976:tid 1528] [client 181.134.91.148:55051] script 'E:/nuevo/htdocs/index.php' not found or unable to stat
[Sat Jul 04 16:58:12.664712 2015] [:error] [pid 6976:tid 1472] [client 181.134.91.148:50360] script 'E:/nuevo/htdocs/forum_answer.php' not found or unable to stat
[Sat Jul 04 16:58:13.117113 2015] [:error] [pid 6976:tid 1832] [client 181.134.91.148:37310] script 'E:/nuevo/htdocs/index.php' not found or unable to stat
[Sat Jul 04 16:58:14.146715 2015] [:error] [pid 6976:tid 1472] [client 181.134.91.148:49065] script 'E:/nuevo/htdocs/login.php' not found or unable to stat
[Sat Jul 04 16:58:15.519517 2015] [core:error] [pid 6976:tid 1488] [client 181.134.91.148:50730] AH00126: Invalid URI in request GET groupoffice/about.php HTTP/1.1
[Sat Jul 04 16:58:15.550717 2015] [:error] [pid 6976:tid 1732] [client 181.134.91.148:57278] script 'E:/nuevo/htdocs/index.php' not found or unable to stat
[Sat Jul 04 16:58:15.675517 2015] [:error] [pid 6976:tid 1864] [client 181.134.91.148:53372] script 'E:/nuevo/htdocs/images/index.php' not found or unable to stat
[Sat Jul 04 16:58:16.237118 2015] [:error] [pid 6976:tid 1472] [client 181.134.91.148:36131] script 'E:/nuevo/htdocs/images/index.php' not found or unable to stat
[Sat Jul 04 16:58:16.517919 2015] [:error] [pid 6976:tid 1732] [client 181.134.91.148:35293] script 'E:/nuevo/htdocs/images/login.php' not found or unable to stat
[Sat Jul 04 16:58:16.533519 2015] [:error] [pid 6976:tid 1864] [client 181.134.91.148:46512] script 'E:/nuevo/htdocs/css/index.php' not found or unable to stat
[Sat Jul 04 16:58:16.783119 2015] [:error] [pid 6976:tid 1832] [client 181.134.91.148:57900] script 'E:/nuevo/htdocs/images/about.php' not found or unable to stat
[Sat Jul 04 16:58:16.923519 2015] [:error] [pid 6976:tid 1832] [client 181.134.91.148:57900] script 'E:/nuevo/htdocs/css/about.php' not found or unable to stat
[Sat Jul 04 16:58:17.017120 2015] [:error] [pid 6976:tid 1832] [client 181.134.91.148:57900] script 'E:/nuevo/htdocs/about.php' not found or unable to stat
[Sat Jul 04 16:58:17.095120 2015] [:error] [pid 6976:tid 1472] [client 181.134.91.148:40154] script 'E:/nuevo/htdocs/css/index.php' not found or unable to stat
[Sat Jul 04 16:58:17.188720 2015] [:error] [pid 6976:tid 1580] [client 181.134.91.148:35930] script 'E:/nuevo/htdocs/css/login.php' not found or unable to stat
[Sat Jul 04 16:58:17.266720 2015] [:error] [pid 6976:tid 1732] [client 181.134.91.148:51094] script 'E:/nuevo/htdocs/index.php' not found or unable to stat
[Sat Jul 04 16:58:17.594321 2015] [:error] [pid 6976:tid 1488] [client 181.134.91.148:47989] script 'E:/nuevo/htdocs/index.php' not found or unable to stat
[Sat Jul 04 16:58:17.859521 2015] [:error] [pid 6976:tid 1820] [client 181.134.91.148:54624] script 'E:/nuevo/htdocs/index.php' not found or unable to stat
[Sat Jul 04 16:58:18.031121 2015] [:error] [pid 6976:tid 1580] [client 181.134.91.148:43527] script 'E:/nuevo/htdocs/login.php' not found or unable to stat
[Sat Jul 04 16:58:18.623922 2015] [:error] [pid 6976:tid 1580] [client 181.134.91.148:58921] script 'E:/nuevo/htdocs/index.php' not found or unable to stat
[Sat Jul 04 16:58:19.591124 2015] [:error] [pid 6976:tid 1580] [client 181.134.91.148:38012] script 'E:/nuevo/htdocs/index.php' not found or unable to stat
[Sat Jul 04 16:58:19.825125 2015] [:error] [pid 6976:tid 1488] [client 181.134.91.148:54442] script 'E:/nuevo/htdocs/images/index.php' not found or unable to stat
[Sat Jul 04 16:58:20.386726 2015] [:error] [pid 6976:tid 1864] [client 181.134.91.148:51085] script 'E:/nuevo/htdocs/images/index.php' not found or unable to stat
[Sat Jul 04 16:58:20.495926 2015] [:error] [pid 6976:tid 1864] [client 181.134.91.148:51085] script 'E:/nuevo/htdocs/css/index.php' not found or unable to stat
[Sat Jul 04 16:58:20.605126 2015] [:error] [pid 6976:tid 1864] [client 181.134.91.148:51085] script 'E:/nuevo/htdocs/index.php' not found or unable to stat
[Sat Jul 04 16:58:20.651926 2015] [:error] [pid 6976:tid 1620] [client 181.134.91.148:58186] script 'E:/nuevo/htdocs/css/index.php' not found or unable to stat
[Sat Jul 04 16:58:21.057527 2015] [:error] [pid 6976:tid 1732] [client 181.134.91.148:57675] script 'E:/nuevo/htdocs/index.php' not found or unable to stat
[Sat Jul 04 16:58:21.229127 2015] [:error] [pid 6976:tid 1832] [client 181.134.91.148:60842] script 'E:/nuevo/htdocs/images/login.php' not found or unable to stat
[Sat Jul 04 16:58:21.353927 2015] [:error] [pid 6976:tid 1832] [client 181.134.91.148:60842] script 'E:/nuevo/htdocs/css/login.php' not found or unable to stat
[Sat Jul 04 16:58:21.400727 2015] [:error] [pid 6976:tid 1732] [client 181.134.91.148:57675] script 'E:/nuevo/htdocs/images/index.php' not found or unable to stat
[Sat Jul 04 16:58:21.416327 2015] [:error] [pid 6976:tid 1832] [client 181.134.91.148:60842] script 'E:/nuevo/htdocs/login.php' not found or unable to stat
[Sat Jul 04 16:58:21.525528 2015] [:error] [pid 6976:tid 1864] [client 181.134.91.148:56506] script 'E:/nuevo/htdocs/index.php' not found or unable to stat
[Sat Jul 04 16:58:21.541128 2015] [:error] [pid 6976:tid 1732] [client 181.134.91.148:57675] script 'E:/nuevo/htdocs/css/index.php' not found or unable to stat
[Sat Jul 04 16:58:21.681528 2015] [:error] [pid 6976:tid 1732] [client 181.134.91.148:57675] script 'E:/nuevo/htdocs/index.php' not found or unable to stat
[Sat Jul 04 16:58:21.728328 2015] [:error] [pid 6976:tid 1472] [client 181.134.91.148:38723] script 'E:/nuevo/htdocs/images/register.php' not found or unable to stat
[Sat Jul 04 16:58:21.759528 2015] [:error] [pid 6976:tid 1820] [client 181.134.91.148:36130] script 'E:/nuevo/htdocs/images/index.php' not found or unable to stat
[Sat Jul 04 16:58:21.806328 2015] [:error] [pid 6976:tid 1472] [client 181.134.91.148:38723] script 'E:/nuevo/htdocs/css/register.php' not found or unable to stat
[Sat Jul 04 16:58:21.915528 2015] [:error] [pid 6976:tid 1472] [client 181.134.91.148:38723] script 'E:/nuevo/htdocs/register.php' not found or unable to stat
[Sat Jul 04 16:58:22.009128 2015] [cgi:error] [pid 6976:tid 1580] [client 181.134.91.148:58574] script not found or unable to stat: E:/nuevo/htdocs/images/awstats.pl
[Sat Jul 04 16:58:22.118329 2015] [cgi:error] [pid 6976:tid 1580] [client 181.134.91.148:58574] script not found or unable to stat: E:/nuevo/htdocs/css/awstats.pl
[Sat Jul 04 16:58:22.211929 2015] [cgi:error] [pid 6976:tid 1580] [client 181.134.91.148:58574] script not found or unable to stat: E:/nuevo/htdocs/awstats.pl
[Sat Jul 04 16:58:22.539529 2015] [:error] [pid 6976:tid 1492] [client 181.134.91.148:53535] script 'E:/nuevo/htdocs/css/index.php' not found or unable to stat
[Sat Jul 04 16:58:22.945130 2015] [:error] [pid 6976:tid 1580] [client 181.134.91.148:58585] script 'E:/nuevo/htdocs/index.php' not found or unable to stat
[Sat Jul 04 16:58:23.132330 2015] [:error] [pid 6976:tid 1472] [client 181.134.91.148:44048] script 'E:/nuevo/htdocs/scripts.php' not found or unable to stat
[Sat Jul 04 16:58:23.179130 2015] [:error] [pid 6976:tid 1488] [client 181.134.91.148:43605] script 'E:/nuevo/htdocs/index.php' not found or unable to stat
[Sat Jul 04 16:58:23.865532 2015] [:error] [pid 6976:tid 1492] [client 181.134.91.148:50127] script 'E:/nuevo/htdocs/images/scripts.php' not found or unable to stat
[Sat Jul 04 16:58:24.645533 2015] [:error] [pid 6976:tid 1732] [client 181.134.91.148:49225] script 'E:/nuevo/htdocs/css/scripts.php' not found or unable to stat
[Sat Jul 04 16:58:24.645533 2015] [:error] [pid 6976:tid 1492] [client 181.134.91.148:46727] script 'E:/nuevo/htdocs/images/index.php' not found or unable to stat
[Sat Jul 04 16:58:25.394334 2015] [:error] [pid 6976:tid 1820] [client 181.134.91.148:36890] script 'E:/nuevo/htdocs/images/index.php' not found or unable to stat
[Sat Jul 04 16:58:25.425534 2015] [:error] [pid 6976:tid 1492] [client 181.134.91.148:37382] script 'E:/nuevo/htdocs/scripts.php' not found or unable to stat
