[Sat Jul 04 17:12:02.851370 2015] [:error] [pid 6976:tid 1576] [client 181.134.91.148:53402] script 'E:/nuevo/htdocs/images/index.php' not found or unable to stat
[Sat Jul 04 17:12:02.929370 2015] [:error] [pid 6976:tid 1576] [client 181.134.91.148:53402] script 'E:/nuevo/htdocs/css/index.php' not found or unable to stat
[Sat Jul 04 17:12:02.991770 2015] [:error] [pid 6976:tid 1576] [client 181.134.91.148:53402] script 'E:/nuevo/htdocs/index.php' not found or unable to stat
[Sat Jul 04 17:12:05.238174 2015] [:error] [pid 6976:tid 1552] [client 181.134.91.148:55375] script 'E:/nuevo/htdocs/images/charts.php' not found or unable to stat
[Sat Jul 04 17:12:06.532977 2015] [:error] [pid 6976:tid 1464] [client 181.134.91.148:43840] script 'E:/nuevo/htdocs/images/charts.php' not found or unable to stat
[Sat Jul 04 17:12:06.673377 2015] [:error] [pid 6976:tid 1796] [client 181.134.91.148:48276] script 'E:/nuevo/htdocs/images/oldnews_reader.php' not found or unable to stat
[Sat Jul 04 17:12:07.359778 2015] [:error] [pid 6976:tid 1736] [client 181.134.91.148:39727] script 'E:/nuevo/htdocs/images/charts.php' not found or unable to stat
[Sat Jul 04 17:12:07.546978 2015] [:error] [pid 6976:tid 1796] [client 181.134.91.148:56923] script 'E:/nuevo/htdocs/images/oldnews_reader.php' not found or unable to stat
[Sat Jul 04 17:12:09.855782 2015] [:error] [pid 6976:tid 1576] [client 181.134.91.148:45211] script 'E:/nuevo/htdocs/css/oldnews_reader.php' not found or unable to stat
[Sat Jul 04 17:12:10.011783 2015] [core:error] [pid 6976:tid 1776] (22)Invalid argument: [client 181.134.91.148:57986] AH00127: Cannot map GET /%80../%80../%80../%80../%80../%80../%80../%80../boot.ini HTTP/1.1 to file
[Sat Jul 04 17:12:10.604584 2015] [:error] [pid 6976:tid 1576] [client 181.134.91.148:42148] script 'E:/nuevo/htdocs/css/oldnews_reader.php' not found or unable to stat
[Sat Jul 04 17:12:10.963384 2015] [:error] [pid 6976:tid 1544] [client 181.134.91.148:55556] script 'E:/nuevo/htdocs/css/charts.php' not found or unable to stat
[Sat Jul 04 17:12:11.041384 2015] [:error] [pid 6976:tid 1464] [client 181.134.91.148:41419] script 'E:/nuevo/htdocs/images/index.php' not found or unable to stat
[Sat Jul 04 17:12:11.197385 2015] [:error] [pid 6976:tid 1552] [client 181.134.91.148:33642] script 'E:/nuevo/htdocs/oldnews_reader.php' not found or unable to stat
[Sat Jul 04 17:12:11.556185 2015] [:error] [pid 6976:tid 1464] [client 181.134.91.148:54161] script 'E:/nuevo/htdocs/css/charts.php' not found or unable to stat
[Sat Jul 04 17:12:11.805786 2015] [:error] [pid 6976:tid 1776] [client 181.134.91.148:52387] script 'E:/nuevo/htdocs/images/index.php' not found or unable to stat
[Sat Jul 04 17:12:11.961786 2015] [:error] [pid 6976:tid 1552] [client 181.134.91.148:46949] script 'E:/nuevo/htdocs/oldnews_reader.php' not found or unable to stat
[Sat Jul 04 17:12:12.804188 2015] [:error] [pid 6976:tid 1544] [client 181.134.91.148:47806] script 'E:/nuevo/htdocs/css/charts.php' not found or unable to stat
[Sat Jul 04 17:12:13.178588 2015] [:error] [pid 6976:tid 1704] [client 181.134.91.148:55025] script 'E:/nuevo/htdocs/css/index.php' not found or unable to stat
[Sat Jul 04 17:12:13.194188 2015] [:error] [pid 6976:tid 1776] [client 181.134.91.148:56295] script 'E:/nuevo/htdocs/bible.php' not found or unable to stat
[Sat Jul 04 17:12:13.584189 2015] [:error] [pid 6976:tid 1544] [client 181.134.91.148:59153] script 'E:/nuevo/htdocs/charts.php' not found or unable to stat
[Sat Jul 04 17:12:13.896190 2015] [:error] [pid 6976:tid 1464] [client 181.134.91.148:57156] script 'E:/nuevo/htdocs/images/bible.php' not found or unable to stat
[Sat Jul 04 17:12:13.896190 2015] [:error] [pid 6976:tid 1736] [client 181.134.91.148:33187] script 'E:/nuevo/htdocs/css/index.php' not found or unable to stat
[Sat Jul 04 17:12:13.974190 2015] [core:error] [pid 6976:tid 1704] [client 181.134.91.148:32912] AH00126: Invalid URI in request POST 0/login.php HTTP/1.1, referer: http://dama.gov.co0/login.php
[Sat Jul 04 17:12:14.504591 2015] [:error] [pid 6976:tid 1544] [client 181.134.91.148:33463] script 'E:/nuevo/htdocs/charts.php' not found or unable to stat
[Sat Jul 04 17:12:14.566991 2015] [:error] [pid 6976:tid 1464] [client 181.134.91.148:40479] script 'E:/nuevo/htdocs/index.php' not found or unable to stat
[Sat Jul 04 17:12:14.566991 2015] [:error] [pid 6976:tid 1776] [client 181.134.91.148:45363] script 'E:/nuevo/htdocs/css/bible.php' not found or unable to stat
[Sat Jul 04 17:12:18.186197 2015] [:error] [pid 6976:tid 1544] [client 181.134.91.148:46380] script 'E:/nuevo/htdocs/charts.php' not found or unable to stat
[Sat Jul 04 17:12:18.186197 2015] [:error] [pid 6976:tid 1704] [client 181.134.91.148:52710] script 'E:/nuevo/htdocs/index.php' not found or unable to stat
[Sat Jul 04 17:12:18.201797 2015] [:error] [pid 6976:tid 1776] [client 181.134.91.148:50690] script 'E:/nuevo/htdocs/bible.php' not found or unable to stat
[Sat Jul 04 17:12:23.318606 2015] [:error] [pid 6976:tid 1540] [client 181.134.91.148:48266] script 'E:/nuevo/htdocs/images/search.php' not found or unable to stat
[Sat Jul 04 17:12:24.644608 2015] [:error] [pid 6976:tid 1668] [client 181.134.91.148:49340] script 'E:/nuevo/htdocs/index.php' not found or unable to stat
[Sat Jul 04 17:12:24.753809 2015] [:error] [pid 6976:tid 1880] [client 181.134.91.148:42170] script 'E:/nuevo/htdocs/images/index.php' not found or unable to stat
[Sat Jul 04 17:12:24.909809 2015] [:error] [pid 6976:tid 1540] [client 181.134.91.148:56154] script 'E:/nuevo/htdocs/css/search.php' not found or unable to stat
[Sat Jul 04 17:12:25.377810 2015] [:error] [pid 6976:tid 1668] [client 181.134.91.148:50220] script 'E:/nuevo/htdocs/images/index.php' not found or unable to stat
[Sat Jul 04 17:12:25.580610 2015] [:error] [pid 6976:tid 1760] [client 181.134.91.148:48783] script 'E:/nuevo/htdocs/css/index.php' not found or unable to stat
[Sat Jul 04 17:12:26.360611 2015] [:error] [pid 6976:tid 1576] [client 181.134.91.148:54607] script 'E:/nuevo/htdocs/css/index.php' not found or unable to stat
[Sat Jul 04 17:12:26.594612 2015] [:error] [pid 6976:tid 1540] [client 181.134.91.148:40319] script 'E:/nuevo/htdocs/index.php' not found or unable to stat
[Sat Jul 04 17:12:26.844212 2015] [:error] [pid 6976:tid 1880] [client 181.134.91.148:52140] script 'E:/nuevo/htdocs/search.php' not found or unable to stat
[Sat Jul 04 17:12:27.125013 2015] [:error] [pid 6976:tid 1668] [client 181.134.91.148:52391] script 'E:/nuevo/htdocs/index.php' not found or unable to stat
[Sat Jul 04 17:12:27.671014 2015] [:error] [pid 6976:tid 1540] [client 181.134.91.148:46440] script 'E:/nuevo/htdocs/images/index.php' not found or unable to stat
[Sat Jul 04 17:12:28.451015 2015] [:error] [pid 6976:tid 1540] [client 181.134.91.148:57577] script 'E:/nuevo/htdocs/images/index.php' not found or unable to stat
[Sat Jul 04 17:12:30.510219 2015] [:error] [pid 6976:tid 1876] [client 181.134.91.148:55102] script 'E:/nuevo/htdocs/images/index.php' not found or unable to stat
[Sat Jul 04 17:12:31.305820 2015] [:error] [pid 6976:tid 1876] [client 181.134.91.148:46819] script 'E:/nuevo/htdocs/images/down.php' not found or unable to stat
[Sat Jul 04 17:12:31.305820 2015] [:error] [pid 6976:tid 1540] [client 181.134.91.148:57383] script 'E:/nuevo/htdocs/css/index.php' not found or unable to stat
[Sat Jul 04 17:12:32.117022 2015] [:error] [pid 6976:tid 1760] [client 181.134.91.148:49171] script 'E:/nuevo/htdocs/css/down.php' not found or unable to stat
[Sat Jul 04 17:12:32.132622 2015] [:error] [pid 6976:tid 1880] [client 181.134.91.148:47228] script 'E:/nuevo/htdocs/css/index.php' not found or unable to stat
[Sat Jul 04 17:12:33.614624 2015] [:error] [pid 6976:tid 1576] [client 181.134.91.148:57290] script 'E:/nuevo/htdocs/css/index.php' not found or unable to stat
[Sat Jul 04 17:12:33.614624 2015] [:error] [pid 6976:tid 1760] [client 181.134.91.148:33168] script 'E:/nuevo/htdocs/down.php' not found or unable to stat
[Sat Jul 04 17:12:34.301025 2015] [:error] [pid 6976:tid 1760] [client 181.134.91.148:36256] script 'E:/nuevo/htdocs/index.php' not found or unable to stat
[Sat Jul 04 17:12:34.893826 2015] [:error] [pid 6976:tid 1876] [client 181.134.91.148:35700] script 'E:/nuevo/htdocs/index.php' not found or unable to stat
[Sat Jul 04 17:12:35.174627 2015] [:error] [pid 6976:tid 1704] [client 181.134.91.148:35510] script 'E:/nuevo/htdocs/index.php' not found or unable to stat
[Sat Jul 04 17:12:36.032628 2015] [:error] [pid 6976:tid 1760] [client 181.134.91.148:57698] script 'E:/nuevo/htdocs/index.php' not found or unable to stat
[Sat Jul 04 17:12:36.750230 2015] [:error] [pid 6976:tid 1756] [client 181.134.91.148:59499] script 'E:/nuevo/htdocs/images/index.php' not found or unable to stat
[Sat Jul 04 17:12:36.812630 2015] [:error] [pid 6976:tid 1416] [client 181.134.91.148:35674] script 'E:/nuevo/htdocs/index.php' not found or unable to stat
[Sat Jul 04 17:12:36.937430 2015] [:error] [pid 6976:tid 1416] [client 181.134.91.148:35674] script 'E:/nuevo/htdocs/images/index.php' not found or unable to stat
[Sat Jul 04 17:12:37.062230 2015] [:error] [pid 6976:tid 1416] [client 181.134.91.148:35674] script 'E:/nuevo/htdocs/css/index.php' not found or unable to stat
[Sat Jul 04 17:12:37.218230 2015] [:error] [pid 6976:tid 1416] [client 181.134.91.148:35674] script 'E:/nuevo/htdocs/index.php' not found or unable to stat
[Sat Jul 04 17:12:37.499031 2015] [:error] [pid 6976:tid 1540] [client 181.134.91.148:53359] script 'E:/nuevo/htdocs/images/smarty.php' not found or unable to stat
[Sat Jul 04 17:12:37.577031 2015] [:error] [pid 6976:tid 1756] [client 181.134.91.148:34043] script 'E:/nuevo/htdocs/css/index.php' not found or unable to stat
[Sat Jul 04 17:12:41.149437 2015] [:error] [pid 6976:tid 1576] [client 181.134.91.148:54314] script 'E:/nuevo/htdocs/images/smarty.php' not found or unable to stat
[Sat Jul 04 17:12:41.399038 2015] [:error] [pid 6976:tid 1704] [client 181.134.91.148:58869] script 'E:/nuevo/htdocs/index.php' not found or unable to stat
[Sat Jul 04 17:12:41.461438 2015] [:error] [pid 6976:tid 1540] [client 181.134.91.148:44752] script 'E:/nuevo/htdocs/images/index.php' not found or unable to stat
[Sat Jul 04 17:12:41.648638 2015] [:error] [pid 6976:tid 1880] [client 181.134.91.148:38193] script 'E:/nuevo/htdocs/images/index.php' not found or unable to stat
[Sat Jul 04 17:12:41.945039 2015] [:error] [pid 6976:tid 1408] [client 181.134.91.148:33789] script 'E:/nuevo/htdocs/images/smarty.php' not found or unable to stat
[Sat Jul 04 17:12:42.225839 2015] [:error] [pid 6976:tid 1668] [client 181.134.91.148:40038] script 'E:/nuevo/htdocs/images/index.php' not found or unable to stat
[Sat Jul 04 17:12:42.335039 2015] [:error] [pid 6976:tid 1540] [client 181.134.91.148:37943] script 'E:/nuevo/htdocs/images/index.php' not found or unable to stat
[Sat Jul 04 17:12:42.397440 2015] [:error] [pid 6976:tid 1668] [client 181.134.91.148:40038] script 'E:/nuevo/htdocs/css/index.php' not found or unable to stat
[Sat Jul 04 17:12:42.537840 2015] [:error] [pid 6976:tid 1668] [client 181.134.91.148:40038] script 'E:/nuevo/htdocs/index.php' not found or unable to stat
[Sat Jul 04 17:12:42.584640 2015] [:error] [pid 6976:tid 1880] [client 181.134.91.148:56933] script 'E:/nuevo/htdocs/images/index.php' not found or unable to stat
[Sat Jul 04 17:12:43.177441 2015] [:error] [pid 6976:tid 1408] [client 181.134.91.148:39856] script 'E:/nuevo/htdocs/css/smarty.php' not found or unable to stat
[Sat Jul 04 17:12:43.302241 2015] [:error] [pid 6976:tid 1704] [client 181.134.91.148:60849] script 'E:/nuevo/htdocs/index.php' not found or unable to stat
[Sat Jul 04 17:12:43.427041 2015] [:error] [pid 6976:tid 1540] [client 181.134.91.148:32973] script 'E:/nuevo/htdocs/css/index.php' not found or unable to stat
[Sat Jul 04 17:12:43.785842 2015] [:error] [pid 6976:tid 1668] [client 181.134.91.148:55854] script 'E:/nuevo/htdocs/index.php' not found or unable to stat
[Sat Jul 04 17:12:43.801442 2015] [:error] [pid 6976:tid 1880] [client 181.134.91.148:53243] script 'E:/nuevo/htdocs/css/index.php' not found or unable to stat
[Sat Jul 04 17:12:43.973042 2015] [:error] [pid 6976:tid 1756] [client 181.134.91.148:34934] script 'E:/nuevo/htdocs/css/smarty.php' not found or unable to stat
[Sat Jul 04 17:12:44.004242 2015] [:error] [pid 6976:tid 1480] [client 181.134.91.148:34701] script 'E:/nuevo/htdocs/images/index.php' not found or unable to stat
[Sat Jul 04 17:12:44.175843 2015] [:error] [pid 6976:tid 1540] [client 181.134.91.148:40079] script 'E:/nuevo/htdocs/css/index.php' not found or unable to stat
[Sat Jul 04 17:12:44.565843 2015] [:error] [pid 6976:tid 1668] [client 181.134.91.148:43060] script 'E:/nuevo/htdocs/css/index.php' not found or unable to stat
[Sat Jul 04 17:12:44.675044 2015] [:error] [pid 6976:tid 1880] [client 181.134.91.148:36539] script 'E:/nuevo/htdocs/images/index.php' not found or unable to stat
[Sat Jul 04 17:12:44.831044 2015] [:error] [pid 6976:tid 1480] [client 181.134.91.148:59335] script 'E:/nuevo/htdocs/css/smarty.php' not found or unable to stat
[Sat Jul 04 17:12:44.862244 2015] [:error] [pid 6976:tid 1756] [client 181.134.91.148:54615] script 'E:/nuevo/htdocs/css/index.php' not found or unable to stat
[Sat Jul 04 17:12:45.049444 2015] [:error] [pid 6976:tid 1704] [client 181.134.91.148:48192] script 'E:/nuevo/htdocs/index.php' not found or unable to stat
[Sat Jul 04 17:12:45.392645 2015] [:error] [pid 6976:tid 1540] [client 181.134.91.148:38937] script 'E:/nuevo/htdocs/index.php' not found or unable to stat
[Sat Jul 04 17:12:45.455045 2015] [:error] [pid 6976:tid 1408] [client 181.134.91.148:60717] script 'E:/nuevo/htdocs/images/index.php' not found or unable to stat
[Sat Jul 04 17:12:45.470645 2015] [:error] [pid 6976:tid 1668] [client 181.134.91.148:33607] script 'E:/nuevo/htdocs/css/index.php' not found or unable to stat
[Sat Jul 04 17:12:45.611045 2015] [:error] [pid 6976:tid 1756] [client 181.134.91.148:38049] script 'E:/nuevo/htdocs/smarty.php' not found or unable to stat
[Sat Jul 04 17:12:45.626645 2015] [:error] [pid 6976:tid 1880] [client 181.134.91.148:57786] script 'E:/nuevo/htdocs/index.php' not found or unable to stat
[Sat Jul 04 17:12:45.813846 2015] [:error] [pid 6976:tid 1480] [client 181.134.91.148:59270] script 'E:/nuevo/htdocs/index.php' not found or unable to stat
[Sat Jul 04 17:12:46.827847 2015] [:error] [pid 6976:tid 1408] [client 181.134.91.148:37301] script 'E:/nuevo/htdocs/index.php' not found or unable to stat
[Sat Jul 04 17:12:46.827847 2015] [:error] [pid 6976:tid 1540] [client 181.134.91.148:57727] script 'E:/nuevo/htdocs/index.php' not found or unable to stat
[Sat Jul 04 17:12:46.890247 2015] [:error] [pid 6976:tid 1756] [client 181.134.91.148:37971] script 'E:/nuevo/htdocs/smarty.php' not found or unable to stat
[Sat Jul 04 17:12:46.921448 2015] [:error] [pid 6976:tid 1704] [client 181.134.91.148:43718] script 'E:/nuevo/htdocs/css/index.php' not found or unable to stat
[Sat Jul 04 17:12:47.717049 2015] [:error] [pid 6976:tid 1408] [client 181.134.91.148:55643] script 'E:/nuevo/htdocs/index.php' not found or unable to stat
[Sat Jul 04 17:12:47.795049 2015] [:error] [pid 6976:tid 1704] [client 181.134.91.148:48623] script 'E:/nuevo/htdocs/smarty.php' not found or unable to stat
[Sat Jul 04 17:12:49.089851 2015] [:error] [pid 6976:tid 1704] [client 181.134.91.148:56243] script 'E:/nuevo/htdocs/images/login.php' not found or unable to stat
[Sat Jul 04 17:12:49.199052 2015] [:error] [pid 6976:tid 1704] [client 181.134.91.148:56243] script 'E:/nuevo/htdocs/css/login.php' not found or unable to stat
[Sat Jul 04 17:12:49.292652 2015] [:error] [pid 6976:tid 1704] [client 181.134.91.148:56243] script 'E:/nuevo/htdocs/login.php' not found or unable to stat
[Sat Jul 04 17:12:50.025853 2015] [core:error] [pid 6976:tid 1760] [client 181.134.91.148:48257] AH00126: Invalid URI in request POST 0/login.php HTTP/1.1, referer: http://dama.gov.co0/login.php
[Sat Jul 04 17:12:50.135053 2015] [:error] [pid 6976:tid 1408] [client 181.134.91.148:40800] script 'E:/nuevo/htdocs/index.php' not found or unable to stat
[Sat Jul 04 17:12:50.275453 2015] [:error] [pid 6976:tid 1408] [client 181.134.91.148:40800] script 'E:/nuevo/htdocs/images/index.php' not found or unable to stat
[Sat Jul 04 17:12:50.384654 2015] [:error] [pid 6976:tid 1408] [client 181.134.91.148:40800] script 'E:/nuevo/htdocs/css/index.php' not found or unable to stat
[Sat Jul 04 17:12:50.571854 2015] [:error] [pid 6976:tid 1408] [client 181.134.91.148:40800] script 'E:/nuevo/htdocs/index.php' not found or unable to stat
[Sat Jul 04 17:12:51.679456 2015] [:error] [pid 6976:tid 1424] [client 181.134.91.148:36276] script 'E:/nuevo/htdocs/images/index.php' not found or unable to stat
[Sat Jul 04 17:12:51.851056 2015] [:error] [pid 6976:tid 1424] [client 181.134.91.148:36276] script 'E:/nuevo/htdocs/css/index.php' not found or unable to stat
[Sat Jul 04 17:12:52.007056 2015] [:error] [pid 6976:tid 1424] [client 181.134.91.148:36276] script 'E:/nuevo/htdocs/index.php' not found or unable to stat
[Sat Jul 04 17:12:52.038257 2015] [cgi:error] [pid 6976:tid 1408] [client 181.134.91.148:48324] script not found or unable to stat: E:/nuevo/htdocs/boat-webdesignprintdetail.asp
[Sat Jul 04 17:12:53.598259 2015] [access_compat:error] [pid 6976:tid 1420] [client 181.134.91.148:57821] AH01797: client denied by server configuration: E:/nuevo/htdocs/xampp/phonebook.php
[Sat Jul 04 17:12:58.137867 2015] [cgi:error] [pid 6976:tid 1416] [client 181.134.91.148:52883] script not found or unable to stat: E:/nuevo/htdocs/images/detail.asp
[Sat Jul 04 17:12:59.619870 2015] [cgi:error] [pid 6976:tid 1360] [client 181.134.91.148:43380] script not found or unable to stat: E:/nuevo/htdocs/imagesprintdetail.asp
[Sat Jul 04 17:13:01.351473 2015] [cgi:error] [pid 6976:tid 1424] [client 181.134.91.148:39290] script not found or unable to stat: E:/nuevo/htdocs/css/detail.asp
[Sat Jul 04 17:13:01.913074 2015] [:error] [pid 6976:tid 1880] [client 181.134.91.148:35473] script 'E:/nuevo/htdocs/index.php' not found or unable to stat
[Sat Jul 04 17:13:02.084674 2015] [:error] [pid 6976:tid 1408] [client 181.134.91.148:60097] script 'E:/nuevo/htdocs/images/team.rc5-72.php' not found or unable to stat
[Sat Jul 04 17:13:02.677475 2015] [:error] [pid 6976:tid 1420] [client 181.134.91.148:36125] script 'E:/nuevo/htdocs/images/index.php' not found or unable to stat
[Sat Jul 04 17:13:02.755475 2015] [cgi:error] [pid 6976:tid 1880] [client 181.134.91.148:60611] script not found or unable to stat: E:/nuevo/htdocs/cssprintdetail.asp
[Sat Jul 04 17:13:02.895876 2015] [:error] [pid 6976:tid 1408] [client 181.134.91.148:40336] script 'E:/nuevo/htdocs/images/team.rc5-72.php' not found or unable to stat
[Sat Jul 04 17:13:04.721079 2015] [:error] [pid 6976:tid 1408] [client 181.134.91.148:38499] script 'E:/nuevo/htdocs/images/team.rc5-72.php' not found or unable to stat
[Sat Jul 04 17:13:05.267080 2015] [:error] [pid 6976:tid 1880] [client 181.134.91.148:44476] script 'E:/nuevo/htdocs/index.php' not found or unable to stat
[Sat Jul 04 17:13:05.469880 2015] [:error] [pid 6976:tid 1392] [client 181.134.91.148:52758] script 'E:/nuevo/htdocs/css/team.rc5-72.php' not found or unable to stat
[Sat Jul 04 17:13:05.563480 2015] [:error] [pid 6976:tid 1880] [client 181.134.91.148:44476] script 'E:/nuevo/htdocs/images/index.php' not found or unable to stat
[Sat Jul 04 17:13:05.657080 2015] [:error] [pid 6976:tid 1880] [client 181.134.91.148:44476] script 'E:/nuevo/htdocs/css/index.php' not found or unable to stat
[Sat Jul 04 17:13:05.766281 2015] [:error] [pid 6976:tid 1880] [client 181.134.91.148:44476] script 'E:/nuevo/htdocs/index.php' not found or unable to stat
[Sat Jul 04 17:13:06.249881 2015] [:error] [pid 6976:tid 1392] [client 181.134.91.148:41119] script 'E:/nuevo/htdocs/css/team.rc5-72.php' not found or unable to stat
[Sat Jul 04 17:13:06.374682 2015] [:error] [pid 6976:tid 1420] [client 181.134.91.148:56059] script 'E:/nuevo/htdocs/css/index.php' not found or unable to stat
[Sat Jul 04 17:13:07.622684 2015] [:error] [pid 6976:tid 1408] [client 181.134.91.148:33335] script 'E:/nuevo/htdocs/css/team.rc5-72.php' not found or unable to stat
[Sat Jul 04 17:13:07.638284 2015] [cgi:error] [pid 6976:tid 1416] [client 181.134.91.148:48320] script not found or unable to stat: E:/nuevo/htdocs/detail.asp
[Sat Jul 04 17:13:07.685084 2015] [:error] [pid 6976:tid 1392] [client 181.134.91.148:37763] script 'E:/nuevo/htdocs/index.php' not found or unable to stat
[Sat Jul 04 17:13:08.293485 2015] [:error] [pid 6976:tid 1408] [client 181.134.91.148:47060] script 'E:/nuevo/htdocs/team.rc5-72.php' not found or unable to stat
[Sat Jul 04 17:13:08.683486 2015] [:error] [pid 6976:tid 1668] [client 181.134.91.148:50221] script 'E:/nuevo/htdocs/images/index.php' not found or unable to stat
[Sat Jul 04 17:13:08.839486 2015] [:error] [pid 6976:tid 1880] [client 181.134.91.148:55493] script 'E:/nuevo/htdocs/index.php' not found or unable to stat
[Sat Jul 04 17:13:08.886286 2015] [:error] [pid 6976:tid 1880] [client 181.134.91.148:55493] script 'E:/nuevo/htdocs/images/index.php' not found or unable to stat
[Sat Jul 04 17:13:09.057886 2015] [:error] [pid 6976:tid 1880] [client 181.134.91.148:55493] script 'E:/nuevo/htdocs/css/index.php' not found or unable to stat
[Sat Jul 04 17:13:09.057886 2015] [core:error] [pid 6976:tid 1408] [client 181.134.91.148:35477] AH00126: Invalid URI in request GET printdetail.asp?Id=661 and 1=1 HTTP/1.1
[Sat Jul 04 17:13:09.198287 2015] [:error] [pid 6976:tid 1392] [client 181.134.91.148:42375] script 'E:/nuevo/htdocs/team.rc5-72.php' not found or unable to stat
[Sat Jul 04 17:13:09.229487 2015] [:error] [pid 6976:tid 1880] [client 181.134.91.148:55493] script 'E:/nuevo/htdocs/index.php' not found or unable to stat
[Sat Jul 04 17:13:09.447887 2015] [:error] [pid 6976:tid 1668] [client 181.134.91.148:53068] script 'E:/nuevo/htdocs/css/index.php' not found or unable to stat
[Sat Jul 04 17:13:09.978288 2015] [:error] [pid 6976:tid 1880] [client 181.134.91.148:58778] script 'E:/nuevo/htdocs/team.rc5-72.php' not found or unable to stat
[Sat Jul 04 17:13:10.181088 2015] [:error] [pid 6976:tid 1420] [client 181.134.91.148:42477] script 'E:/nuevo/htdocs/index.php' not found or unable to stat
[Sat Jul 04 17:13:10.196688 2015] [:error] [pid 6976:tid 1668] [client 181.134.91.148:53165] script 'E:/nuevo/htdocs/index.php' not found or unable to stat
[Sat Jul 04 17:13:11.101490 2015] [:error] [pid 6976:tid 1668] [client 181.134.91.148:53165] script 'E:/nuevo/htdocs/images/index.php' not found or unable to stat
[Sat Jul 04 17:13:11.210690 2015] [:error] [pid 6976:tid 1668] [client 181.134.91.148:53165] script 'E:/nuevo/htdocs/css/index.php' not found or unable to stat
[Sat Jul 04 17:13:11.335490 2015] [:error] [pid 6976:tid 1668] [client 181.134.91.148:53165] script 'E:/nuevo/htdocs/index.php' not found or unable to stat
[Sat Jul 04 17:13:12.801893 2015] [cgi:error] [pid 6976:tid 1668] [client 181.134.91.148:40001] script not found or unable to stat: E:/nuevo/htdocs/default.asp
[Sat Jul 04 17:13:13.472694 2015] [cgi:error] [pid 6976:tid 1668] [client 181.134.91.148:40001] script not found or unable to stat: E:/nuevo/htdocs/images/default.asp
[Sat Jul 04 17:13:13.566294 2015] [cgi:error] [pid 6976:tid 1668] [client 181.134.91.148:40001] script not found or unable to stat: E:/nuevo/htdocs/css/default.asp
[Sat Jul 04 17:13:13.644294 2015] [cgi:error] [pid 6976:tid 1668] [client 181.134.91.148:40001] script not found or unable to stat: E:/nuevo/htdocs/default.asp
[Sat Jul 04 17:13:15.469498 2015] [:error] [pid 6976:tid 1408] [client 181.134.91.148:43945] script 'E:/nuevo/htdocs/index.php' not found or unable to stat
[Sat Jul 04 17:13:15.672298 2015] [:error] [pid 6976:tid 1880] [client 181.134.91.148:42400] script 'E:/nuevo/htdocs/index.php' not found or unable to stat
[Sat Jul 04 17:13:15.719098 2015] [:error] [pid 6976:tid 1756] [client 181.134.91.148:46005] script 'E:/nuevo/htdocs/index.php' not found or unable to stat
[Sat Jul 04 17:13:16.077899 2015] [:error] [pid 6976:tid 1756] [client 181.134.91.148:46005] script 'E:/nuevo/htdocs/images/index.php' not found or unable to stat
[Sat Jul 04 17:13:16.187099 2015] [:error] [pid 6976:tid 1756] [client 181.134.91.148:46005] script 'E:/nuevo/htdocs/css/index.php' not found or unable to stat
[Sat Jul 04 17:13:16.280699 2015] [cgi:error] [pid 6976:tid 1420] [client 181.134.91.148:52197] script not found or unable to stat: E:/nuevo/cgi-bin/.svn
[Sat Jul 04 17:13:16.327499 2015] [:error] [pid 6976:tid 1756] [client 181.134.91.148:46005] script 'E:/nuevo/htdocs/index.php' not found or unable to stat
[Sat Jul 04 17:13:18.027902 2015] [:error] [pid 6976:tid 1408] [client 181.134.91.148:55125] script 'E:/nuevo/htdocs/images/index.php' not found or unable to stat
[Sat Jul 04 17:13:18.433503 2015] [:error] [pid 6976:tid 1756] [client 181.134.91.148:54170] script 'E:/nuevo/htdocs/images/index.php' not found or unable to stat
[Sat Jul 04 17:13:18.979504 2015] [:error] [pid 6976:tid 1408] [client 181.134.91.148:60659] script 'E:/nuevo/htdocs/css/index.php' not found or unable to stat
[Sat Jul 04 17:13:19.166704 2015] [:error] [pid 6976:tid 1756] [client 181.134.91.148:54724] script 'E:/nuevo/htdocs/css/index.php' not found or unable to stat
[Sat Jul 04 17:13:19.229104 2015] [:error] [pid 6976:tid 1416] [client 181.134.91.148:40703] script 'E:/nuevo/htdocs/index.php' not found or unable to stat
[Sat Jul 04 17:13:19.385105 2015] [:error] [pid 6976:tid 1416] [client 181.134.91.148:40703] script 'E:/nuevo/htdocs/images/index.php' not found or unable to stat
[Sat Jul 04 17:13:19.400705 2015] [:error] [pid 6976:tid 1880] [client 181.134.91.148:57644] script 'E:/nuevo/htdocs/index.php' not found or unable to stat
[Sat Jul 04 17:13:19.509905 2015] [:error] [pid 6976:tid 1416] [client 181.134.91.148:40703] script 'E:/nuevo/htdocs/css/index.php' not found or unable to stat
[Sat Jul 04 17:13:19.603505 2015] [:error] [pid 6976:tid 1416] [client 181.134.91.148:40703] script 'E:/nuevo/htdocs/index.php' not found or unable to stat
[Sat Jul 04 17:13:19.759505 2015] [:error] [pid 6976:tid 1880] [client 181.134.91.148:57644] script 'E:/nuevo/htdocs/images/index.php' not found or unable to stat
[Sat Jul 04 17:13:19.821905 2015] [:error] [pid 6976:tid 1408] [client 181.134.91.148:57774] script 'E:/nuevo/htdocs/index.php' not found or unable to stat
[Sat Jul 04 17:13:19.853105 2015] [:error] [pid 6976:tid 1880] [client 181.134.91.148:57644] script 'E:/nuevo/htdocs/css/index.php' not found or unable to stat
[Sat Jul 04 17:13:19.977906 2015] [:error] [pid 6976:tid 1880] [client 181.134.91.148:57644] script 'E:/nuevo/htdocs/index.php' not found or unable to stat
[Sat Jul 04 17:13:19.993506 2015] [:error] [pid 6976:tid 1756] [client 181.134.91.148:58004] script 'E:/nuevo/htdocs/index.php' not found or unable to stat
[Sat Jul 04 17:13:22.614310 2015] [:error] [pid 6976:tid 1608] [client 181.134.91.148:58624] script 'E:/nuevo/htdocs/index.php' not found or unable to stat
[Sat Jul 04 17:13:22.832711 2015] [:error] [pid 6976:tid 1880] [client 181.134.91.148:39162] script 'E:/nuevo/htdocs/index.php' not found or unable to stat
[Sat Jul 04 17:13:22.957511 2015] [:error] [pid 6976:tid 1608] [client 181.134.91.148:58624] script 'E:/nuevo/htdocs/images/index.php' not found or unable to stat
[Sat Jul 04 17:13:23.035511 2015] [:error] [pid 6976:tid 1756] [client 181.134.91.148:56052] script 'E:/nuevo/htdocs/index.php' not found or unable to stat
[Sat Jul 04 17:13:23.082311 2015] [:error] [pid 6976:tid 1608] [client 181.134.91.148:58624] script 'E:/nuevo/htdocs/css/index.php' not found or unable to stat
[Sat Jul 04 17:13:23.129111 2015] [:error] [pid 6976:tid 1756] [client 181.134.91.148:56052] script 'E:/nuevo/htdocs/images/index.php' not found or unable to stat
[Sat Jul 04 17:13:23.207111 2015] [:error] [pid 6976:tid 1608] [client 181.134.91.148:58624] script 'E:/nuevo/htdocs/index.php' not found or unable to stat
[Sat Jul 04 17:13:23.269511 2015] [:error] [pid 6976:tid 1756] [client 181.134.91.148:56052] script 'E:/nuevo/htdocs/css/index.php' not found or unable to stat
[Sat Jul 04 17:13:23.331911 2015] [:error] [pid 6976:tid 1756] [client 181.134.91.148:56052] script 'E:/nuevo/htdocs/index.php' not found or unable to stat
[Sat Jul 04 17:13:23.378712 2015] [:error] [pid 6976:tid 1880] [client 181.134.91.148:39162] script 'E:/nuevo/htdocs/images/index.php' not found or unable to stat
[Sat Jul 04 17:13:23.472312 2015] [:error] [pid 6976:tid 1880] [client 181.134.91.148:39162] script 'E:/nuevo/htdocs/css/index.php' not found or unable to stat
[Sat Jul 04 17:13:23.597112 2015] [:error] [pid 6976:tid 1880] [client 181.134.91.148:39162] script 'E:/nuevo/htdocs/index.php' not found or unable to stat
[Sat Jul 04 17:13:26.186716 2015] [:error] [pid 6976:tid 1756] [client 181.134.91.148:38788] script 'E:/nuevo/htdocs/admin.php' not found or unable to stat
[Sat Jul 04 17:13:26.623517 2015] [:error] [pid 6976:tid 1756] [client 181.134.91.148:38788] script 'E:/nuevo/htdocs/images/admin.php' not found or unable to stat
[Sat Jul 04 17:13:26.732717 2015] [:error] [pid 6976:tid 1756] [client 181.134.91.148:38788] script 'E:/nuevo/htdocs/css/admin.php' not found or unable to stat
[Sat Jul 04 17:13:26.888718 2015] [:error] [pid 6976:tid 1756] [client 181.134.91.148:38788] script 'E:/nuevo/htdocs/admin.php' not found or unable to stat
[Sat Jul 04 17:13:29.025921 2015] [cgi:error] [pid 6976:tid 1416] [client 181.134.91.148:34326] script not found or unable to stat: E:/nuevo/htdocs/logon_senha.asp
[Sat Jul 04 17:13:29.493922 2015] [cgi:error] [pid 6976:tid 1416] [client 181.134.91.148:34326] script not found or unable to stat: E:/nuevo/htdocs/images/logon_senha.asp
[Sat Jul 04 17:13:29.649923 2015] [cgi:error] [pid 6976:tid 1416] [client 181.134.91.148:34326] script not found or unable to stat: E:/nuevo/htdocs/css/logon_senha.asp
[Sat Jul 04 17:13:29.743523 2015] [cgi:error] [pid 6976:tid 1416] [client 181.134.91.148:34326] script not found or unable to stat: E:/nuevo/htdocs/logon_senha.asp
[Sat Jul 04 17:13:30.929125 2015] [:error] [pid 6976:tid 1608] [client 181.134.91.148:56872] script 'E:/nuevo/htdocs/index.php' not found or unable to stat
[Sat Jul 04 17:13:31.833926 2015] [:error] [pid 6976:tid 1608] [client 181.134.91.148:56872] script 'E:/nuevo/htdocs/images/index.php' not found or unable to stat
[Sat Jul 04 17:13:31.880726 2015] [:error] [pid 6976:tid 1608] [client 181.134.91.148:56872] script 'E:/nuevo/htdocs/css/index.php' not found or unable to stat
[Sat Jul 04 17:13:31.958727 2015] [:error] [pid 6976:tid 1608] [client 181.134.91.148:56872] script 'E:/nuevo/htdocs/index.php' not found or unable to stat
[Sat Jul 04 17:13:32.598328 2015] [:error] [pid 6976:tid 1416] [client 181.134.91.148:38401] script 'E:/nuevo/htdocs/login.php' not found or unable to stat
[Sat Jul 04 17:13:33.284729 2015] [:error] [pid 6976:tid 1608] [client 181.134.91.148:51471] script 'E:/nuevo/htdocs/index.php' not found or unable to stat
[Sat Jul 04 17:13:33.284729 2015] [:error] [pid 6976:tid 1336] [client 181.134.91.148:40487] script 'E:/nuevo/htdocs/index.php' not found or unable to stat
[Sat Jul 04 17:13:33.425129 2015] [:error] [pid 6976:tid 1336] [client 181.134.91.148:40487] script 'E:/nuevo/htdocs/images/index.php' not found or unable to stat
[Sat Jul 04 17:13:33.549929 2015] [:error] [pid 6976:tid 1336] [client 181.134.91.148:40487] script 'E:/nuevo/htdocs/css/index.php' not found or unable to stat
[Sat Jul 04 17:13:33.674730 2015] [:error] [pid 6976:tid 1336] [client 181.134.91.148:40487] script 'E:/nuevo/htdocs/index.php' not found or unable to stat
[Sat Jul 04 17:13:35.343933 2015] [:error] [pid 6976:tid 1608] [client 181.134.91.148:40862] script 'E:/nuevo/htdocs/index.php' not found or unable to stat
[Sat Jul 04 17:13:35.874333 2015] [:error] [pid 6976:tid 1336] [client 181.134.91.148:38615] script 'E:/nuevo/htdocs/images/login.php' not found or unable to stat
[Sat Jul 04 17:13:36.139534 2015] [:error] [pid 6976:tid 1416] [client 181.134.91.148:55673] script 'E:/nuevo/htdocs/images/index.php' not found or unable to stat
[Sat Jul 04 17:13:36.482735 2015] [:error] [pid 6976:tid 1392] [client 181.134.91.148:43846] script 'E:/nuevo/htdocs/products.php' not found or unable to stat
[Sat Jul 04 17:13:36.513935 2015] [:error] [pid 6976:tid 1608] [client 181.134.91.148:49895] script 'E:/nuevo/htdocs/images/download.php' not found or unable to stat
[Sat Jul 04 17:13:36.701135 2015] [:error] [pid 6976:tid 1336] [client 181.134.91.148:60478] script 'E:/nuevo/htdocs/css/login.php' not found or unable to stat
[Sat Jul 04 17:13:36.950735 2015] [:error] [pid 6976:tid 1416] [client 181.134.91.148:46204] script 'E:/nuevo/htdocs/css/index.php' not found or unable to stat
[Sat Jul 04 17:13:37.137936 2015] [:error] [pid 6976:tid 1392] [client 181.134.91.148:43846] script 'E:/nuevo/htdocs/images/products.php' not found or unable to stat
[Sat Jul 04 17:13:37.309536 2015] [:error] [pid 6976:tid 1392] [client 181.134.91.148:43846] script 'E:/nuevo/htdocs/css/products.php' not found or unable to stat
[Sat Jul 04 17:13:37.356336 2015] [:error] [pid 6976:tid 1608] [client 181.134.91.148:43719] script 'E:/nuevo/htdocs/css/download.php' not found or unable to stat
[Sat Jul 04 17:13:37.527936 2015] [:error] [pid 6976:tid 1392] [client 181.134.91.148:43846] script 'E:/nuevo/htdocs/products.php' not found or unable to stat
[Sat Jul 04 17:13:37.621537 2015] [:error] [pid 6976:tid 1408] [client 181.134.91.148:42754] script 'E:/nuevo/htdocs/login.php' not found or unable to stat
[Sat Jul 04 17:13:37.886737 2015] [:error] [pid 6976:tid 1416] [client 181.134.91.148:50107] script 'E:/nuevo/htdocs/index.php' not found or unable to stat
[Sat Jul 04 17:13:38.573138 2015] [:error] [pid 6976:tid 1336] [client 181.134.91.148:47839] script 'E:/nuevo/htdocs/download.php' not found or unable to stat
[Sat Jul 04 17:13:38.573138 2015] [:error] [pid 6976:tid 1392] [client 181.134.91.148:33124] script 'E:/nuevo/htdocs/index.php' not found or unable to stat
[Sat Jul 04 17:13:39.087939 2015] [:error] [pid 6976:tid 1392] [client 181.134.91.148:33124] script 'E:/nuevo/htdocs/images/index.php' not found or unable to stat
[Sat Jul 04 17:13:39.290739 2015] [:error] [pid 6976:tid 1392] [client 181.134.91.148:33124] script 'E:/nuevo/htdocs/css/index.php' not found or unable to stat
[Sat Jul 04 17:13:39.446740 2015] [:error] [pid 6976:tid 1392] [client 181.134.91.148:33124] script 'E:/nuevo/htdocs/index.php' not found or unable to stat
[Sat Jul 04 17:13:41.693144 2015] [:error] [pid 6976:tid 1392] [client 181.134.91.148:36086] script 'E:/nuevo/htdocs/index.php' not found or unable to stat
[Sat Jul 04 17:13:41.942744 2015] [:error] [pid 6976:tid 1392] [client 181.134.91.148:36086] script 'E:/nuevo/htdocs/images/index.php' not found or unable to stat
[Sat Jul 04 17:13:42.067544 2015] [:error] [pid 6976:tid 1392] [client 181.134.91.148:36086] script 'E:/nuevo/htdocs/css/index.php' not found or unable to stat
[Sat Jul 04 17:13:42.161145 2015] [:error] [pid 6976:tid 1392] [client 181.134.91.148:36086] script 'E:/nuevo/htdocs/index.php' not found or unable to stat
[Sat Jul 04 17:13:43.237546 2015] [:error] [pid 6976:tid 1608] [client 181.134.91.148:41696] script 'E:/nuevo/htdocs/images/index.php' not found or unable to stat
[Sat Jul 04 17:13:43.409147 2015] [cgi:error] [pid 6976:tid 1416] [client 181.134.91.148:50929] script not found or unable to stat: E:/nuevo/htdocs/images/star57.cgi
[Sat Jul 04 17:13:43.440347 2015] [:error] [pid 6976:tid 1608] [client 181.134.91.148:41696] script 'E:/nuevo/htdocs/css/index.php' not found or unable to stat
[Sat Jul 04 17:13:43.658747 2015] [:error] [pid 6976:tid 1608] [client 181.134.91.148:41696] script 'E:/nuevo/htdocs/index.php' not found or unable to stat
[Sat Jul 04 17:13:44.220348 2015] [cgi:error] [pid 6976:tid 1704] [client 181.134.91.148:41182] script not found or unable to stat: E:/nuevo/htdocs/css/star57.cgi
[Sat Jul 04 17:13:44.454349 2015] [:error] [pid 6976:tid 1392] [client 181.134.91.148:44391] script 'E:/nuevo/htdocs/images/download.php' not found or unable to stat
[Sat Jul 04 17:13:45.109550 2015] [cgi:error] [pid 6976:tid 1440] [client 181.134.91.148:44269] script not found or unable to stat: E:/nuevo/htdocs/star57.cgi
[Sat Jul 04 17:13:45.140750 2015] [:error] [pid 6976:tid 1704] [client 181.134.91.148:53826] script 'E:/nuevo/htdocs/login.php' not found or unable to stat
[Sat Jul 04 17:13:45.468350 2015] [:error] [pid 6976:tid 1392] [client 181.134.91.148:46711] script 'E:/nuevo/htdocs/css/download.php' not found or unable to stat
[Sat Jul 04 17:13:45.530750 2015] [:error] [pid 6976:tid 1608] [client 181.134.91.148:55509] script 'E:/nuevo/htdocs/images/index.php' not found or unable to stat
[Sat Jul 04 17:13:46.357552 2015] [:error] [pid 6976:tid 1608] [client 181.134.91.148:38946] script 'E:/nuevo/htdocs/download.php' not found or unable to stat
[Sat Jul 04 17:13:46.451152 2015] [:error] [pid 6976:tid 1392] [client 181.134.91.148:33553] script 'E:/nuevo/htdocs/css/index.php' not found or unable to stat
[Sat Jul 04 17:13:47.355954 2015] [:error] [pid 6976:tid 1392] [client 181.134.91.148:39111] script 'E:/nuevo/htdocs/index.php' not found or unable to stat
[Sat Jul 04 17:13:48.915956 2015] [:error] [pid 6976:tid 1408] [client 181.134.91.148:35475] script 'E:/nuevo/htdocs/login.php' not found or unable to stat
[Sat Jul 04 17:13:49.040757 2015] [:error] [pid 6976:tid 1408] [client 181.134.91.148:35475] script 'E:/nuevo/htdocs/index.php' not found or unable to stat
[Sat Jul 04 17:13:49.243557 2015] [:error] [pid 6976:tid 1668] [client 181.134.91.148:35991] script 'E:/nuevo/htdocs/index.php' not found or unable to stat
[Sat Jul 04 17:13:49.399557 2015] [access_compat:error] [pid 6976:tid 1392] [client 181.134.91.148:45469] AH01797: client denied by server configuration: E:/nuevo/htdocs/xampp/splash.php
[Sat Jul 04 17:13:49.524357 2015] [:error] [pid 6976:tid 1392] [client 181.134.91.148:45469] script 'E:/nuevo/htdocs/splash.php' not found or unable to stat
[Sat Jul 04 17:13:49.571158 2015] [:error] [pid 6976:tid 1668] [client 181.134.91.148:35991] script 'E:/nuevo/htdocs/images/index.php' not found or unable to stat
[Sat Jul 04 17:13:49.602358 2015] [:error] [pid 6976:tid 1408] [client 181.134.91.148:35475] script 'E:/nuevo/htdocs/images/login.php' not found or unable to stat
[Sat Jul 04 17:13:49.602358 2015] [:error] [pid 6976:tid 1392] [client 181.134.91.148:45469] script 'E:/nuevo/htdocs/images/splash.php' not found or unable to stat
[Sat Jul 04 17:13:49.649158 2015] [:error] [pid 6976:tid 1668] [client 181.134.91.148:35991] script 'E:/nuevo/htdocs/css/index.php' not found or unable to stat
[Sat Jul 04 17:13:49.680358 2015] [:error] [pid 6976:tid 1408] [client 181.134.91.148:35475] script 'E:/nuevo/htdocs/images/index.php' not found or unable to stat
[Sat Jul 04 17:13:49.711558 2015] [:error] [pid 6976:tid 1392] [client 181.134.91.148:45469] script 'E:/nuevo/htdocs/css/splash.php' not found or unable to stat
[Sat Jul 04 17:13:49.711558 2015] [:error] [pid 6976:tid 1668] [client 181.134.91.148:35991] script 'E:/nuevo/htdocs/index.php' not found or unable to stat
[Sat Jul 04 17:13:49.820758 2015] [:error] [pid 6976:tid 1408] [client 181.134.91.148:35475] script 'E:/nuevo/htdocs/css/login.php' not found or unable to stat
[Sat Jul 04 17:13:49.867558 2015] [:error] [pid 6976:tid 1392] [client 181.134.91.148:45469] script 'E:/nuevo/htdocs/splash.php' not found or unable to stat
[Sat Jul 04 17:13:49.898758 2015] [:error] [pid 6976:tid 1408] [client 181.134.91.148:35475] script 'E:/nuevo/htdocs/css/index.php' not found or unable to stat
[Sat Jul 04 17:13:50.039158 2015] [:error] [pid 6976:tid 1408] [client 181.134.91.148:35475] script 'E:/nuevo/htdocs/login.php' not found or unable to stat
[Sat Jul 04 17:13:50.163959 2015] [:error] [pid 6976:tid 1408] [client 181.134.91.148:35475] script 'E:/nuevo/htdocs/index.php' not found or unable to stat
[Sat Jul 04 17:13:52.893963 2015] [:error] [pid 6976:tid 1668] [client 181.134.91.148:44922] script 'E:/nuevo/htdocs/index.php' not found or unable to stat
[Sat Jul 04 17:13:53.127964 2015] [:error] [pid 6976:tid 1408] [client 181.134.91.148:52649] script 'E:/nuevo/htdocs/index.php' not found or unable to stat
[Sat Jul 04 17:13:53.252764 2015] [:error] [pid 6976:tid 1668] [client 181.134.91.148:44922] script 'E:/nuevo/htdocs/images/index.php' not found or unable to stat
[Sat Jul 04 17:13:53.330764 2015] [:error] [pid 6976:tid 1668] [client 181.134.91.148:44922] script 'E:/nuevo/htdocs/css/index.php' not found or unable to stat
[Sat Jul 04 17:13:53.455564 2015] [:error] [pid 6976:tid 1408] [client 181.134.91.148:52649] script 'E:/nuevo/htdocs/images/index.php' not found or unable to stat
[Sat Jul 04 17:13:53.471164 2015] [:error] [pid 6976:tid 1668] [client 181.134.91.148:44922] script 'E:/nuevo/htdocs/index.php' not found or unable to stat
[Sat Jul 04 17:13:53.533565 2015] [:error] [pid 6976:tid 1408] [client 181.134.91.148:52649] script 'E:/nuevo/htdocs/css/index.php' not found or unable to stat
[Sat Jul 04 17:13:53.673965 2015] [:error] [pid 6976:tid 1408] [client 181.134.91.148:52649] script 'E:/nuevo/htdocs/index.php' not found or unable to stat
[Sat Jul 04 17:13:56.575570 2015] [:error] [pid 6976:tid 1760] [client 181.134.91.148:51127] script 'E:/nuevo/htdocs/index.php' not found or unable to stat
[Sat Jul 04 17:13:56.934370 2015] [:error] [pid 6976:tid 1760] [client 181.134.91.148:51127] script 'E:/nuevo/htdocs/images/index.php' not found or unable to stat
[Sat Jul 04 17:13:57.059171 2015] [:error] [pid 6976:tid 1760] [client 181.134.91.148:51127] script 'E:/nuevo/htdocs/css/index.php' not found or unable to stat
[Sat Jul 04 17:13:57.168371 2015] [core:error] [pid 6976:tid 1440] [client 181.134.91.148:39808] AH00126: Invalid URI in request GET  HTTP/1.1
[Sat Jul 04 17:13:57.183971 2015] [:error] [pid 6976:tid 1760] [client 181.134.91.148:51127] script 'E:/nuevo/htdocs/index.php' not found or unable to stat
[Sat Jul 04 17:13:57.589572 2015] [:error] [pid 6976:tid 1392] [client 181.134.91.148:50300] script 'E:/nuevo/htdocs/index.php' not found or unable to stat
[Sat Jul 04 17:13:57.948372 2015] [:error] [pid 6976:tid 1392] [client 181.134.91.148:50300] script 'E:/nuevo/htdocs/images/index.php' not found or unable to stat
[Sat Jul 04 17:13:58.057572 2015] [:error] [pid 6976:tid 1392] [client 181.134.91.148:50300] script 'E:/nuevo/htdocs/css/index.php' not found or unable to stat
[Sat Jul 04 17:13:58.166773 2015] [:error] [pid 6976:tid 1392] [client 181.134.91.148:50300] script 'E:/nuevo/htdocs/index.php' not found or unable to stat
[Sat Jul 04 17:14:00.101176 2015] [:error] [pid 6976:tid 1408] [client 181.134.91.148:36551] script 'E:/nuevo/htdocs/index.php' not found or unable to stat
[Sat Jul 04 17:14:00.147976 2015] [:error] [pid 6976:tid 1608] [client 181.134.91.148:58985] script 'E:/nuevo/htdocs/index.php' not found or unable to stat
[Sat Jul 04 17:14:00.553577 2015] [:error] [pid 6976:tid 1408] [client 181.134.91.148:36551] script 'E:/nuevo/htdocs/images/index.php' not found or unable to stat
[Sat Jul 04 17:14:00.725177 2015] [:error] [pid 6976:tid 1408] [client 181.134.91.148:36551] script 'E:/nuevo/htdocs/css/index.php' not found or unable to stat
[Sat Jul 04 17:14:00.756377 2015] [cgi:error] [pid 6976:tid 1760] [client 181.134.91.148:55741] script not found or unable to stat: E:/nuevo/htdocs/images/innoedit.cgi
[Sat Jul 04 17:14:00.881177 2015] [:error] [pid 6976:tid 1408] [client 181.134.91.148:36551] script 'E:/nuevo/htdocs/index.php' not found or unable to stat
[Sat Jul 04 17:14:02.347580 2015] [cgi:error] [pid 6976:tid 1408] [client 181.134.91.148:56040] script not found or unable to stat: E:/nuevo/htdocs/css/innoedit.cgi
[Sat Jul 04 17:14:03.189981 2015] [:error] [pid 6976:tid 1408] [client 181.134.91.148:60895] script 'E:/nuevo/htdocs/images/index.php' not found or unable to stat
[Sat Jul 04 17:14:03.221182 2015] [cgi:error] [pid 6976:tid 1608] [client 181.134.91.148:36791] script not found or unable to stat: E:/nuevo/htdocs/innoedit.cgi
[Sat Jul 04 17:14:03.377182 2015] [:error] [pid 6976:tid 1760] [client 181.134.91.148:47493] script 'E:/nuevo/htdocs/index.php' not found or unable to stat
[Sat Jul 04 17:14:03.377182 2015] [:error] [pid 6976:tid 1704] [client 181.134.91.148:56536] script 'E:/nuevo/htdocs/index.php' not found or unable to stat
[Sat Jul 04 17:14:03.689182 2015] [:error] [pid 6976:tid 1704] [client 181.134.91.148:56536] script 'E:/nuevo/htdocs/images/index.php' not found or unable to stat
[Sat Jul 04 17:14:03.767182 2015] [:error] [pid 6976:tid 1760] [client 181.134.91.148:47493] script 'E:/nuevo/htdocs/images/index.php' not found or unable to stat
[Sat Jul 04 17:14:03.813983 2015] [:error] [pid 6976:tid 1704] [client 181.134.91.148:56536] script 'E:/nuevo/htdocs/css/index.php' not found or unable to stat
[Sat Jul 04 17:14:03.876383 2015] [:error] [pid 6976:tid 1760] [client 181.134.91.148:47493] script 'E:/nuevo/htdocs/css/index.php' not found or unable to stat
[Sat Jul 04 17:14:03.923183 2015] [:error] [pid 6976:tid 1704] [client 181.134.91.148:56536] script 'E:/nuevo/htdocs/index.php' not found or unable to stat
[Sat Jul 04 17:14:04.016783 2015] [:error] [pid 6976:tid 1608] [client 181.134.91.148:36295] script 'E:/nuevo/htdocs/css/index.php' not found or unable to stat
[Sat Jul 04 17:14:04.110383 2015] [:error] [pid 6976:tid 1760] [client 181.134.91.148:47493] script 'E:/nuevo/htdocs/index.php' not found or unable to stat
[Sat Jul 04 17:14:04.905984 2015] [:error] [pid 6976:tid 1440] [client 181.134.91.148:38726] script 'E:/nuevo/htdocs/index.php' not found or unable to stat
[Sat Jul 04 17:14:05.951186 2015] [:error] [pid 6976:tid 1608] [client 181.134.91.148:49364] script 'E:/nuevo/htdocs/login.php' not found or unable to stat
[Sat Jul 04 17:14:06.091587 2015] [:error] [pid 6976:tid 1608] [client 181.134.91.148:49364] script 'E:/nuevo/htdocs/images/login.php' not found or unable to stat
[Sat Jul 04 17:14:06.169587 2015] [:error] [pid 6976:tid 1608] [client 181.134.91.148:49364] script 'E:/nuevo/htdocs/css/login.php' not found or unable to stat
[Sat Jul 04 17:14:06.294387 2015] [:error] [pid 6976:tid 1608] [client 181.134.91.148:49364] script 'E:/nuevo/htdocs/login.php' not found or unable to stat
[Sat Jul 04 17:14:06.606387 2015] [:error] [pid 6976:tid 1668] [client 181.134.91.148:57692] script 'E:/nuevo/htdocs/images/loader-wizard.php' not found or unable to stat
[Sat Jul 04 17:14:06.668788 2015] [:error] [pid 6976:tid 1736] [client 181.134.91.148:47260] script 'E:/nuevo/htdocs/login.php' not found or unable to stat
[Sat Jul 04 17:14:07.199189 2015] [:error] [pid 6976:tid 1736] [client 181.134.91.148:47260] script 'E:/nuevo/htdocs/images/login.php' not found or unable to stat
[Sat Jul 04 17:14:07.339589 2015] [:error] [pid 6976:tid 1736] [client 181.134.91.148:47260] script 'E:/nuevo/htdocs/css/login.php' not found or unable to stat
[Sat Jul 04 17:14:07.370789 2015] [cgi:error] [pid 6976:tid 1760] [client 181.134.91.148:55904] script not found or unable to stat: E:/nuevo/htdocs/adminpasswd.cgi
[Sat Jul 04 17:14:07.401989 2015] [:error] [pid 6976:tid 1608] [client 181.134.91.148:36172] script 'E:/nuevo/htdocs/css/loader-wizard.php' not found or unable to stat
[Sat Jul 04 17:14:07.511189 2015] [:error] [pid 6976:tid 1736] [client 181.134.91.148:47260] script 'E:/nuevo/htdocs/login.php' not found or unable to stat
[Sat Jul 04 17:14:09.695193 2015] [:error] [pid 6976:tid 1336] [client 181.134.91.148:35241] script 'E:/nuevo/htdocs/loader-wizard.php' not found or unable to stat
[Sat Jul 04 17:14:11.723196 2015] [:error] [pid 6976:tid 1392] [client 181.134.91.148:33213] script 'E:/nuevo/htdocs/index.php' not found or unable to stat
[Sat Jul 04 17:14:13.751200 2015] [:error] [pid 6976:tid 1440] [client 181.134.91.148:45768] script 'E:/nuevo/htdocs/index.php' not found or unable to stat
[Sat Jul 04 17:14:13.969600 2015] [:error] [pid 6976:tid 1736] [client 181.134.91.148:35162] script 'E:/nuevo/htdocs/index.php' not found or unable to stat
[Sat Jul 04 17:14:14.016400 2015] [core:error] [pid 6976:tid 1608] [client 181.134.91.148:42911] AH00126: Invalid URI in request GET  HTTP/1.1
[Sat Jul 04 17:14:14.203601 2015] [:error] [pid 6976:tid 1440] [client 181.134.91.148:45768] script 'E:/nuevo/htdocs/images/index.php' not found or unable to stat
[Sat Jul 04 17:14:14.281601 2015] [:error] [pid 6976:tid 1440] [client 181.134.91.148:45768] script 'E:/nuevo/htdocs/css/index.php' not found or unable to stat
[Sat Jul 04 17:14:14.406401 2015] [:error] [pid 6976:tid 1440] [client 181.134.91.148:45768] script 'E:/nuevo/htdocs/index.php' not found or unable to stat
[Sat Jul 04 17:14:14.546801 2015] [:error] [pid 6976:tid 1736] [client 181.134.91.148:35162] script 'E:/nuevo/htdocs/images/index.php' not found or unable to stat
[Sat Jul 04 17:14:14.718402 2015] [:error] [pid 6976:tid 1736] [client 181.134.91.148:35162] script 'E:/nuevo/htdocs/css/index.php' not found or unable to stat
[Sat Jul 04 17:14:14.858802 2015] [:error] [pid 6976:tid 1736] [client 181.134.91.148:35162] script 'E:/nuevo/htdocs/index.php' not found or unable to stat
[Sat Jul 04 17:14:15.467203 2015] [:error] [pid 6976:tid 1392] [client 181.134.91.148:35595] script 'E:/nuevo/htdocs/index.php' not found or unable to stat
[Sat Jul 04 17:14:16.496805 2015] [:error] [pid 6976:tid 1392] [client 181.134.91.148:35595] script 'E:/nuevo/htdocs/images/index.php' not found or unable to stat
[Sat Jul 04 17:14:16.559205 2015] [:error] [pid 6976:tid 1736] [client 181.134.91.148:32789] script 'E:/nuevo/htdocs/login.php' not found or unable to stat
[Sat Jul 04 17:14:16.606005 2015] [:error] [pid 6976:tid 1392] [client 181.134.91.148:35595] script 'E:/nuevo/htdocs/css/index.php' not found or unable to stat
