190.147.58.36 - - [29/Sep/2014:08:05:49 -0500] "GET /galeria/nivo-slider/demo/images/BannerIDRD1.png HTTP/1.1" 200 316313 "http://190.27.245.106/galeria/nivo-slider/demo/demo.html" "Mozilla/5.0 (Windows NT 6.3) AppleWebKit/537.36 (KHTML, like Gecko) Chrome/37.0.2062.124 Safari/537.36"
190.147.58.36 - - [29/Sep/2014:08:05:49 -0500] "GET /galeria/nivo-slider/demo/images/bannerEcolecta3.jpg HTTP/1.1" 200 280034 "http://190.27.245.106/galeria/nivo-slider/demo/demo.html" "Mozilla/5.0 (Windows NT 6.3) AppleWebKit/537.36 (KHTML, like Gecko) Chrome/37.0.2062.124 Safari/537.36"
190.147.58.36 - - [29/Sep/2014:08:05:51 -0500] "GET /galeria/nivo-slider/demo/images/Recilaton02.jpg HTTP/1.1" 200 82162 "http://190.27.245.106/galeria/nivo-slider/demo/demo.html" "Mozilla/5.0 (Windows NT 6.3) AppleWebKit/537.36 (KHTML, like Gecko) Chrome/37.0.2062.124 Safari/537.36"
190.147.58.36 - - [29/Sep/2014:08:05:51 -0500] "GET /galeria/nivo-slider/demo/images/marchaxclima05a.jpg HTTP/1.1" 200 127534 "http://190.27.245.106/galeria/nivo-slider/demo/demo.html" "Mozilla/5.0 (Windows NT 6.3) AppleWebKit/537.36 (KHTML, like Gecko) Chrome/37.0.2062.124 Safari/537.36"
190.147.58.36 - - [29/Sep/2014:08:05:52 -0500] "GET /galeria/nivo-slider/demo/images/banner-encuesta.jpg HTTP/1.1" 200 42764 "http://190.27.245.106/galeria/nivo-slider/demo/demo.html" "Mozilla/5.0 (Windows NT 6.3) AppleWebKit/537.36 (KHTML, like Gecko) Chrome/37.0.2062.124 Safari/537.36"
190.147.58.36 - - [29/Sep/2014:08:05:51 -0500] "GET /galeria/nivo-slider/demo/images/cumbre-climaNvaYork.jpg HTTP/1.1" 200 71628 "http://190.27.245.106/galeria/nivo-slider/demo/demo.html" "Mozilla/5.0 (Windows NT 6.3) AppleWebKit/537.36 (KHTML, like Gecko) Chrome/37.0.2062.124 Safari/537.36"
190.147.58.36 - - [29/Sep/2014:08:05:52 -0500] "GET /galeria/nivo-slider/demo/images/9Signos.jpg HTTP/1.1" 200 93040 "http://190.27.245.106/galeria/nivo-slider/demo/demo.html" "Mozilla/5.0 (Windows NT 6.3) AppleWebKit/537.36 (KHTML, like Gecko) Chrome/37.0.2062.124 Safari/537.36"
186.145.162.140 - - [29/Sep/2014:08:05:53 -0500] "GET /forms/java/frmall_jinit.jar HTTP/1.1" 304 - "-" "Java1.3.1.22-internal"
186.145.162.140 - - [29/Sep/2014:08:05:54 -0500] "GET /forms/java/icons.jar HTTP/1.1" 304 - "-" "Java1.3.1.22-internal"
190.147.58.36 - - [29/Sep/2014:08:05:53 -0500] "GET /galeria/nivo-slider/demo/images/banner-llantas2.jpg HTTP/1.1" 200 73153 "http://190.27.245.106/galeria/nivo-slider/demo/demo.html" "Mozilla/5.0 (Windows NT 6.3) AppleWebKit/537.36 (KHTML, like Gecko) Chrome/37.0.2062.124 Safari/537.36"
186.145.162.140 - - [29/Sep/2014:08:05:54 -0500] "GET /forms/java/java/awt/KeyboardFocusManager.class HTTP/1.1" 404 352 "-" "Mozilla/5.0 (compatible; MSIE 10.0; Windows NT 6.1; WOW64; Trident/6.0; NP06)"
186.145.162.140 - - [29/Sep/2014:08:05:54 -0500] "GET /forms/java/java/awt/KeyboardFocusManager.class HTTP/1.1" 404 352 "-" "Java1.3.1.22-internal"
179.219.41.177 - - [29/Sep/2014:08:05:54 -0500] "GET /BLA/boletinlegal/js/jquery.scrollTo-min.js HTTP/1.1" 200 1150 "http://ambientebogota.gov.co/en/plan-institucional-de-gestion-ambiental-piga1" "Mozilla/5.0 (Macintosh; Intel Mac OS X 10.7; rv:32.0) Gecko/20100101 Firefox/32.0"
179.219.41.177 - - [29/Sep/2014:08:05:54 -0500] "GET /BLA/boletinlegal/js/jquery.scrollShow.js HTTP/1.1" 200 4586 "http://ambientebogota.gov.co/en/plan-institucional-de-gestion-ambiental-piga1" "Mozilla/5.0 (Macintosh; Intel Mac OS X 10.7; rv:32.0) Gecko/20100101 Firefox/32.0"
190.147.58.36 - - [29/Sep/2014:08:05:49 -0500] "GET /galeria/nivo-slider/demo/images/marchaxclima03a.jpg HTTP/1.1" 200 179842 "http://190.27.245.106/galeria/nivo-slider/demo/demo.html" "Mozilla/5.0 (Windows NT 6.3) AppleWebKit/537.36 (KHTML, like Gecko) Chrome/37.0.2062.124 Safari/537.36"
190.147.58.36 - - [29/Sep/2014:08:05:51 -0500] "GET /galeria/nivo-slider/demo/images/Banner-Caracol-Africano.jpg HTTP/1.1" 200 331986 "http://190.27.245.106/galeria/nivo-slider/demo/demo.html" "Mozilla/5.0 (Windows NT 6.3) AppleWebKit/537.36 (KHTML, like Gecko) Chrome/37.0.2062.124 Safari/537.36"
186.145.162.140 - - [29/Sep/2014:08:05:55 -0500] "GET /forms/java/java/awt/event/MouseWheelListener.class HTTP/1.1" 404 356 "-" "Mozilla/5.0 (compatible; MSIE 10.0; Windows NT 6.1; WOW64; Trident/6.0; NP06)"
179.219.41.177 - - [29/Sep/2014:08:05:54 -0500] "GET /BLA/boletinlegal/js/jquery.js HTTP/1.1" 200 57254 "http://ambientebogota.gov.co/en/plan-institucional-de-gestion-ambiental-piga1" "Mozilla/5.0 (Macintosh; Intel Mac OS X 10.7; rv:32.0) Gecko/20100101 Firefox/32.0"
186.145.162.140 - - [29/Sep/2014:08:05:55 -0500] "GET /forms/java/java/awt/event/MouseWheelListener.class HTTP/1.1" 404 356 "-" "Java1.3.1.22-internal"
190.147.58.36 - - [29/Sep/2014:08:05:53 -0500] "GET /galeria/nivo-slider/demo/images/ConstructorasFNL.jpg HTTP/1.1" 200 216551 "http://190.27.245.106/galeria/nivo-slider/demo/demo.html" "Mozilla/5.0 (Windows NT 6.3) AppleWebKit/537.36 (KHTML, like Gecko) Chrome/37.0.2062.124 Safari/537.36"
186.145.162.140 - - [29/Sep/2014:08:05:56 -0500] "GET /forms/java/oracle/forms/registry/Registry.dat HTTP/1.1" 200 4213 "-" "Java1.3.1.22-internal"
186.145.162.140 - - [29/Sep/2014:08:05:56 -0500] "GET /forms/java/oracle/forms/registry/default.dat HTTP/1.1" 404 350 "-" "Java1.3.1.22-internal"
190.147.58.36 - - [29/Sep/2014:08:05:53 -0500] "GET /galeria/nivo-slider/demo/images/Hacienda_Molinos.jpg HTTP/1.1" 200 319171 "http://190.27.245.106/galeria/nivo-slider/demo/demo.html" "Mozilla/5.0 (Windows NT 6.3) AppleWebKit/537.36 (KHTML, like Gecko) Chrome/37.0.2062.124 Safari/537.36"
186.145.162.140 - - [29/Sep/2014:08:05:56 -0500] "GET /forms/frmservlet?config=sia&acceptLanguage=es-CO&ifcmd=startsession HTTP/1.1" 200 119 "-" "Java1.3.1.22-internal"
186.145.162.140 - - [29/Sep/2014:08:05:56 -0500] "GET /forms/lservlet;jsessionid=ac16012b30d54661e737b9614ff5ba42d5f9c4d89e7e.e3iSbxaKaheRe34Sa3yKbhiTahb0n6jAmljGr5XDqQLvpAe?ifcmd=getinfo&ifhost=JennyPao&ifip=192.168.0.11 HTTP/1.1" 200 8 "-" "Java1.3.1.22-internal"
186.145.162.140 - - [29/Sep/2014:08:05:56 -0500] "POST /forms/lservlet;jsessionid=ac16012b30d54661e737b9614ff5ba42d5f9c4d89e7e.e3iSbxaKaheRe34Sa3yKbhiTahb0n6jAmljGr5XDqQLvpAe HTTP/1.1" 200 8 "-" "Java1.3.1.22-internal"
190.147.58.36 - - [29/Sep/2014:08:05:53 -0500] "GET /galeria/nivo-slider/demo/images/banner-caballos.png HTTP/1.1" 200 389106 "http://190.27.245.106/galeria/nivo-slider/demo/demo.html" "Mozilla/5.0 (Windows NT 6.3) AppleWebKit/537.36 (KHTML, like Gecko) Chrome/37.0.2062.124 Safari/537.36"
190.147.58.36 - - [29/Sep/2014:08:05:56 -0500] "GET /galeria/nivo-slider/themes/default/bullets.png HTTP/1.1" 200 1281 "http://190.27.245.106/galeria/nivo-slider/themes/default/default.css" "Mozilla/5.0 (Windows NT 6.3) AppleWebKit/537.36 (KHTML, like Gecko) Chrome/37.0.2062.124 Safari/537.36"
190.147.58.36 - - [29/Sep/2014:08:05:56 -0500] "GET /galeria/nivo-slider/themes/default/arrows.png HTTP/1.1" 200 824 "http://190.27.245.106/galeria/nivo-slider/themes/default/default.css" "Mozilla/5.0 (Windows NT 6.3) AppleWebKit/537.36 (KHTML, like Gecko) Chrome/37.0.2062.124 Safari/537.36"
186.145.162.140 - - [29/Sep/2014:08:05:56 -0500] "POST /forms/lservlet;jsessionid=ac16012b30d54661e737b9614ff5ba42d5f9c4d89e7e.e3iSbxaKaheRe34Sa3yKbhiTahb0n6jAmljGr5XDqQLvpAe HTTP/1.1" 200 64000 "-" "Java1.3.1.22-internal"
186.145.162.140 - - [29/Sep/2014:08:05:57 -0500] "POST /forms/lservlet;jsessionid=ac16012b30d54661e737b9614ff5ba42d5f9c4d89e7e.e3iSbxaKaheRe34Sa3yKbhiTahb0n6jAmljGr5XDqQLvpAe HTTP/1.1" 200 64000 "-" "Java1.3.1.22-internal"
186.145.162.140 - - [29/Sep/2014:08:05:57 -0500] "POST /forms/lservlet;jsessionid=ac16012b30d54661e737b9614ff5ba42d5f9c4d89e7e.e3iSbxaKaheRe34Sa3yKbhiTahb0n6jAmljGr5XDqQLvpAe HTTP/1.1" 200 63623 "-" "Java1.3.1.22-internal"
186.145.162.140 - - [29/Sep/2014:08:05:59 -0500] "HEAD /imagenes/dama_logo.gif HTTP/1.1" 200 - "-" "Java1.3.1.22-internal"
186.145.162.140 - - [29/Sep/2014:08:05:59 -0500] "GET /imagenes/dama_logo.gif HTTP/1.1" 200 21482 "-" "Java1.3.1.22-internal"
201.245.192.253 - - [29/Sep/2014:08:05:59 -0500] "GET /galeria/carrusel/Carrusel/jquery-ui-%20%201.8.13.custom.min.js HTTP/1.1" 404 1206 "-" "Mozilla/4.0 (compatible;)"
186.145.162.140 - - [29/Sep/2014:08:05:59 -0500] "POST /forms/lservlet;jsessionid=ac16012b30d54661e737b9614ff5ba42d5f9c4d89e7e.e3iSbxaKaheRe34Sa3yKbhiTahb0n6jAmljGr5XDqQLvpAe HTTP/1.1" 200 2 "-" "Java1.3.1.22-internal"
186.145.162.140 - - [29/Sep/2014:08:05:59 -0500] "POST /forms/lservlet;jsessionid=ac16012b30d54661e737b9614ff5ba42d5f9c4d89e7e.e3iSbxaKaheRe34Sa3yKbhiTahb0n6jAmljGr5XDqQLvpAe HTTP/1.1" 200 2 "-" "Java1.3.1.22-internal"
201.245.192.253 - - [29/Sep/2014:08:06:00 -0500] "GET /forest/skins/gdocs-jar/popup/popup.jsp?width=1100&height=500&title=Buscar%20procesos&uri=/forest/buscar.do%3Ftype%3Dprocesos&name=undefined&_a=0.059918064861750664&a=0.4307833695476678 HTTP/1.1" 200 1175 "http://190.27.245.106/forest/index2.jsp?a=0.324212538392623" "Mozilla/5.0 (Windows NT 6.1; rv:32.0) Gecko/20100101 Firefox/32.0"
66.249.64.47 - - [29/Sep/2014:08:06:00 -0500] "GET /fabian/CertificacionRes02.doc HTTP/1.1" 200 821248 "-" "Mozilla/5.0 (compatible; Googlebot/2.1; +http://www.google.com/bot.html)"
190.26.43.250 - - [29/Sep/2014:08:06:05 -0500] "GET /Residuos/curtiembres/files/guia_curtiembres.pdf HTTP/1.1" 200 13618642 "https://www.google.com.co/" "Mozilla/5.0 (Windows NT 6.1) AppleWebKit/537.36 (KHTML, like Gecko) Chrome/37.0.2062.124 Safari/537.36"
190.26.43.250 - - [29/Sep/2014:08:06:06 -0500] "GET /Residuos/curtiembres/files/guia_curtiembres.pdf HTTP/1.1" 206 32768 "http://www.dama.gov.co/Residuos/curtiembres/files/guia_curtiembres.pdf" "Mozilla/5.0 (Windows NT 6.1) AppleWebKit/537.36 (KHTML, like Gecko) Chrome/37.0.2062.124 Safari/537.36"
201.234.186.2 - - [29/Sep/2014:08:06:06 -0500] "GET /BLA/resoluciones/RESOLUCIONES%202014/1121.pdf HTTP/1.1" 206 16384 "-" "Mozilla/5.0 (compatible; MSIE 10.0; Windows NT 6.1; WOW64; Trident/6.0)"
201.234.186.2 - - [29/Sep/2014:08:06:08 -0500] "GET /BLA/resoluciones/RESOLUCIONES%202014/1121.pdf HTTP/1.1" 206 16384 "-" "Mozilla/5.0 (compatible; MSIE 10.0; Windows NT 6.1; WOW64; Trident/6.0)"
201.234.186.2 - - [29/Sep/2014:08:06:08 -0500] "GET /BLA/resoluciones/RESOLUCIONES%202014/1121.pdf HTTP/1.1" 206 231656 "-" "Mozilla/5.0 (compatible; MSIE 10.0; Windows NT 6.1; WOW64; Trident/6.0)"
186.145.162.140 - - [29/Sep/2014:08:06:12 -0500] "POST /forms/lservlet;jsessionid=ac16012b30d54661e737b9614ff5ba42d5f9c4d89e7e.e3iSbxaKaheRe34Sa3yKbhiTahb0n6jAmljGr5XDqQLvpAe HTTP/1.1" 200 8000 "-" "Java1.3.1.22-internal"
186.145.162.140 - - [29/Sep/2014:08:06:13 -0500] "POST /forms/lservlet;jsessionid=ac16012b30d54661e737b9614ff5ba42d5f9c4d89e7e.e3iSbxaKaheRe34Sa3yKbhiTahb0n6jAmljGr5XDqQLvpAe HTTP/1.1" 200 64 "-" "Java1.3.1.22-internal"
186.145.162.140 - - [29/Sep/2014:08:06:13 -0500] "POST /forms/lservlet;jsessionid=ac16012b30d54661e737b9614ff5ba42d5f9c4d89e7e.e3iSbxaKaheRe34Sa3yKbhiTahb0n6jAmljGr5XDqQLvpAe HTTP/1.1" 200 2 "-" "Java1.3.1.22-internal"
186.145.162.140 - - [29/Sep/2014:08:06:13 -0500] "POST /forms/lservlet;jsessionid=ac16012b30d54661e737b9614ff5ba42d5f9c4d89e7e.e3iSbxaKaheRe34Sa3yKbhiTahb0n6jAmljGr5XDqQLvpAe HTTP/1.1" 200 2 "-" "Java1.3.1.22-internal"
186.145.162.140 - - [29/Sep/2014:08:06:13 -0500] "POST /forms/lservlet;jsessionid=ac16012b30d54661e737b9614ff5ba42d5f9c4d89e7e.e3iSbxaKaheRe34Sa3yKbhiTahb0n6jAmljGr5XDqQLvpAe HTTP/1.1" 200 2 "-" "Java1.3.1.22-internal"
186.145.162.140 - - [29/Sep/2014:08:06:16 -0500] "POST /forms/lservlet;jsessionid=ac16012b30d54661e737b9614ff5ba42d5f9c4d89e7e.e3iSbxaKaheRe34Sa3yKbhiTahb0n6jAmljGr5XDqQLvpAe HTTP/1.1" 200 34711 "-" "Java1.3.1.22-internal"
186.145.162.140 - - [29/Sep/2014:08:06:17 -0500] "GET /imagenes/listval.gif HTTP/1.1" 200 905 "-" "Java1.3.1.22-internal"
186.145.162.140 - - [29/Sep/2014:08:06:18 -0500] "GET /imagenes/tree1.gif HTTP/1.1" 200 1161 "-" "Java1.3.1.22-internal"
186.145.162.140 - - [29/Sep/2014:08:06:18 -0500] "GET /imagenes/listval.gif HTTP/1.1" 200 905 "-" "Java1.3.1.22-internal"
186.145.162.140 - - [29/Sep/2014:08:06:18 -0500] "GET /imagenes/CAMERA3.gif HTTP/1.1" 200 4150 "-" "Java1.3.1.22-internal"
186.145.162.140 - - [29/Sep/2014:08:06:18 -0500] "GET /imagenes/SLIDE1.gif HTTP/1.1" 200 1111 "-" "Java1.3.1.22-internal"
186.145.162.140 - - [29/Sep/2014:08:06:18 -0500] "GET /imagenes/flexcomb.gif HTTP/1.1" 200 1169 "-" "Java1.3.1.22-internal"
186.145.162.140 - - [29/Sep/2014:08:06:18 -0500] "GET /imagenes/GO.gif HTTP/1.1" 200 904 "-" "Java1.3.1.22-internal"
186.145.162.140 - - [29/Sep/2014:08:06:18 -0500] "GET /imagenes/HRTOOLS.gif HTTP/1.1" 200 2238 "-" "Java1.3.1.22-internal"
186.145.162.140 - - [29/Sep/2014:08:06:18 -0500] "GET /imagenes/rt_rec1.gif HTTP/1.1" 200 867 "-" "Java1.3.1.22-internal"
186.145.162.140 - - [29/Sep/2014:08:06:18 -0500] "GET /imagenes/apply.gif HTTP/1.1" 200 903 "-" "Java1.3.1.22-internal"
186.145.162.140 - - [29/Sep/2014:08:06:18 -0500] "GET /imagenes/exit.gif HTTP/1.1" 200 916 "-" "Java1.3.1.22-internal"
186.145.162.140 - - [29/Sep/2014:08:06:18 -0500] "GET /imagenes/LISTVAL.gif HTTP/1.1" 200 905 "-" "Java1.3.1.22-internal"
186.145.162.140 - - [29/Sep/2014:08:06:18 -0500] "GET /imagenes/edit.gif HTTP/1.1" 200 919 "-" "Java1.3.1.22-internal"
186.145.162.140 - - [29/Sep/2014:08:06:18 -0500] "GET /imagenes/rt_rec4.gif HTTP/1.1" 200 865 "-" "Java1.3.1.22-internal"
186.145.162.140 - - [29/Sep/2014:08:06:18 -0500] "GET /imagenes/rt_rec3.gif HTTP/1.1" 200 844 "-" "Java1.3.1.22-internal"
186.145.162.140 - - [29/Sep/2014:08:06:18 -0500] "GET /imagenes/rt_rec2.gif HTTP/1.1" 200 847 "-" "Java1.3.1.22-internal"
186.145.162.140 - - [29/Sep/2014:08:06:18 -0500] "GET /imagenes/rt_rdel.gif HTTP/1.1" 200 899 "-" "Java1.3.1.22-internal"
186.145.162.140 - - [29/Sep/2014:08:06:18 -0500] "GET /imagenes/rt_radd.gif HTTP/1.1" 200 907 "-" "Java1.3.1.22-internal"
186.145.162.140 - - [29/Sep/2014:08:06:18 -0500] "GET /imagenes/rt_quer3.gif HTTP/1.1" 200 939 "-" "Java1.3.1.22-internal"
186.145.162.140 - - [29/Sep/2014:08:06:18 -0500] "GET /imagenes/rt_quer2.gif HTTP/1.1" 200 936 "-" "Java1.3.1.22-internal"
186.145.162.140 - - [29/Sep/2014:08:06:18 -0500] "GET /imagenes/rt_quer1.gif HTTP/1.1" 200 930 "-" "Java1.3.1.22-internal"
186.145.162.140 - - [29/Sep/2014:08:06:18 -0500] "GET /imagenes/rt_save.gif HTTP/1.1" 200 903 "-" "Java1.3.1.22-internal"
186.145.162.140 - - [29/Sep/2014:08:06:18 -0500] "GET /imagenes/rt_pset.gif HTTP/1.1" 200 914 "-" "Java1.3.1.22-internal"
186.145.162.140 - - [29/Sep/2014:08:06:18 -0500] "GET /imagenes/QUEJA.gif HTTP/1.1" 200 1091 "-" "Java1.3.1.22-internal"
190.147.58.36 - - [29/Sep/2014:08:05:54 -0500] "GET /videos/VideoOABFLV.flv HTTP/1.1" 200 7889923 "http://www.ambientebogota.gov.co/" "Mozilla/5.0 (Windows NT 6.3) AppleWebKit/537.36 (KHTML, like Gecko) Chrome/37.0.2062.124 Safari/537.36"
186.145.162.140 - - [29/Sep/2014:08:06:18 -0500] "GET /imagenes/ARBOL.gif HTTP/1.1" 200 1026 "-" "Java1.3.1.22-internal"
186.145.162.140 - - [29/Sep/2014:08:06:18 -0500] "GET /imagenes/Clipboard.gif HTTP/1.1" 200 1466 "-" "Java1.3.1.22-internal"
186.145.162.140 - - [29/Sep/2014:08:06:18 -0500] "GET /imagenes/DINERO.gif HTTP/1.1" 200 1766 "-" "Java1.3.1.22-internal"
186.145.162.140 - - [29/Sep/2014:08:06:18 -0500] "GET /imagenes/URGENTE.gif HTTP/1.1" 200 964 "-" "Java1.3.1.22-internal"
186.145.162.140 - - [29/Sep/2014:08:06:18 -0500] "GET /imagenes/TREE4.gif HTTP/1.1" 200 4150 "-" "Java1.3.1.22-internal"
186.145.162.140 - - [29/Sep/2014:08:06:19 -0500] "POST /forms/lservlet;jsessionid=ac16012b30d54661e737b9614ff5ba42d5f9c4d89e7e.e3iSbxaKaheRe34Sa3yKbhiTahb0n6jAmljGr5XDqQLvpAe HTTP/1.1" 200 7 "-" "Java1.3.1.22-internal"
186.145.162.140 - - [29/Sep/2014:08:06:19 -0500] "POST /forms/lservlet;jsessionid=ac16012b30d54661e737b9614ff5ba42d5f9c4d89e7e.e3iSbxaKaheRe34Sa3yKbhiTahb0n6jAmljGr5XDqQLvpAe HTTP/1.1" 200 34 "-" "Java1.3.1.22-internal"
186.145.162.140 - - [29/Sep/2014:08:06:19 -0500] "POST /forms/lservlet;jsessionid=ac16012b30d54661e737b9614ff5ba42d5f9c4d89e7e.e3iSbxaKaheRe34Sa3yKbhiTahb0n6jAmljGr5XDqQLvpAe HTTP/1.1" 200 2 "-" "Java1.3.1.22-internal"
186.145.162.140 - - [29/Sep/2014:08:06:19 -0500] "POST /forms/lservlet;jsessionid=ac16012b30d54661e737b9614ff5ba42d5f9c4d89e7e.e3iSbxaKaheRe34Sa3yKbhiTahb0n6jAmljGr5XDqQLvpAe HTTP/1.1" 200 647 "-" "Java1.3.1.22-internal"
186.145.162.140 - - [29/Sep/2014:08:06:22 -0500] "POST /forms/lservlet;jsessionid=ac16012b30d54661e737b9614ff5ba42d5f9c4d89e7e.e3iSbxaKaheRe34Sa3yKbhiTahb0n6jAmljGr5XDqQLvpAe HTTP/1.1" 200 24 "-" "Java1.3.1.22-internal"
186.145.162.140 - - [29/Sep/2014:08:06:22 -0500] "POST /forms/lservlet;jsessionid=ac16012b30d54661e737b9614ff5ba42d5f9c4d89e7e.e3iSbxaKaheRe34Sa3yKbhiTahb0n6jAmljGr5XDqQLvpAe HTTP/1.1" 200 3987 "-" "Java1.3.1.22-internal"
186.145.162.140 - - [29/Sep/2014:08:06:23 -0500] "POST /forms/lservlet;jsessionid=ac16012b30d54661e737b9614ff5ba42d5f9c4d89e7e.e3iSbxaKaheRe34Sa3yKbhiTahb0n6jAmljGr5XDqQLvpAe HTTP/1.1" 200 2 "-" "Java1.3.1.22-internal"
186.145.162.140 - - [29/Sep/2014:08:06:27 -0500] "POST /forms/lservlet;jsessionid=ac16012b30d54661e737b9614ff5ba42d5f9c4d89e7e.e3iSbxaKaheRe34Sa3yKbhiTahb0n6jAmljGr5XDqQLvpAe HTTP/1.1" 200 2 "-" "Java1.3.1.22-internal"
186.145.162.140 - - [29/Sep/2014:08:06:27 -0500] "POST /forms/lservlet;jsessionid=ac16012b30d54661e737b9614ff5ba42d5f9c4d89e7e.e3iSbxaKaheRe34Sa3yKbhiTahb0n6jAmljGr5XDqQLvpAe HTTP/1.1" 200 13854 "-" "Java1.3.1.22-internal"
186.145.162.140 - - [29/Sep/2014:08:06:28 -0500] "GET /imagenes/open.gif HTTP/1.1" 200 919 "-" "Java1.3.1.22-internal"
186.145.162.140 - - [29/Sep/2014:08:06:28 -0500] "GET /imagenes/open.gif HTTP/1.1" 200 919 "-" "Java1.3.1.22-internal"
186.145.162.140 - - [29/Sep/2014:08:06:28 -0500] "GET /imagenes/rt_print.gif HTTP/1.1" 200 916 "-" "Java1.3.1.22-internal"
186.145.162.140 - - [29/Sep/2014:08:06:28 -0500] "GET /imagenes/listval.gif HTTP/1.1" 200 905 "-" "Java1.3.1.22-internal"
186.145.162.140 - - [29/Sep/2014:08:06:28 -0500] "POST /forms/lservlet;jsessionid=ac16012b30d54661e737b9614ff5ba42d5f9c4d89e7e.e3iSbxaKaheRe34Sa3yKbhiTahb0n6jAmljGr5XDqQLvpAe HTTP/1.1" 200 29 "-" "Java1.3.1.22-internal"
186.145.162.140 - - [29/Sep/2014:08:06:28 -0500] "POST /forms/lservlet;jsessionid=ac16012b30d54661e737b9614ff5ba42d5f9c4d89e7e.e3iSbxaKaheRe34Sa3yKbhiTahb0n6jAmljGr5XDqQLvpAe HTTP/1.1" 200 2 "-" "Java1.3.1.22-internal"
186.145.162.140 - - [29/Sep/2014:08:06:29 -0500] "GET /imagenes/open.gif HTTP/1.1" 200 919 "-" "Java1.3.1.22-internal"
186.145.162.140 - - [29/Sep/2014:08:06:29 -0500] "GET /imagenes/listval.gif HTTP/1.1" 200 905 "-" "Java1.3.1.22-internal"
186.145.162.140 - - [29/Sep/2014:08:06:29 -0500] "POST /forms/lservlet;jsessionid=ac16012b30d54661e737b9614ff5ba42d5f9c4d89e7e.e3iSbxaKaheRe34Sa3yKbhiTahb0n6jAmljGr5XDqQLvpAe HTTP/1.1" 200 1080 "-" "Java1.3.1.22-internal"
186.145.162.140 - - [29/Sep/2014:08:06:30 -0500] "POST /forms/lservlet;jsessionid=ac16012b30d54661e737b9614ff5ba42d5f9c4d89e7e.e3iSbxaKaheRe34Sa3yKbhiTahb0n6jAmljGr5XDqQLvpAe HTTP/1.1" 200 2 "-" "Java1.3.1.22-internal"
186.145.162.140 - - [29/Sep/2014:08:06:30 -0500] "POST /forms/lservlet;jsessionid=ac16012b30d54661e737b9614ff5ba42d5f9c4d89e7e.e3iSbxaKaheRe34Sa3yKbhiTahb0n6jAmljGr5XDqQLvpAe HTTP/1.1" 200 109 "-" "Java1.3.1.22-internal"
186.145.162.140 - - [29/Sep/2014:08:06:31 -0500] "POST /forms/lservlet;jsessionid=ac16012b30d54661e737b9614ff5ba42d5f9c4d89e7e.e3iSbxaKaheRe34Sa3yKbhiTahb0n6jAmljGr5XDqQLvpAe HTTP/1.1" 200 2 "-" "Java1.3.1.22-internal"
186.145.162.140 - - [29/Sep/2014:08:06:31 -0500] "POST /forms/lservlet;jsessionid=ac16012b30d54661e737b9614ff5ba42d5f9c4d89e7e.e3iSbxaKaheRe34Sa3yKbhiTahb0n6jAmljGr5XDqQLvpAe HTTP/1.1" 200 168 "-" "Java1.3.1.22-internal"
186.145.162.140 - - [29/Sep/2014:08:06:33 -0500] "POST /forms/lservlet;jsessionid=ac16012b30d54661e737b9614ff5ba42d5f9c4d89e7e.e3iSbxaKaheRe34Sa3yKbhiTahb0n6jAmljGr5XDqQLvpAe HTTP/1.1" 200 72 "-" "Java1.3.1.22-internal"
186.145.162.140 - - [29/Sep/2014:08:06:35 -0500] "POST /forms/lservlet;jsessionid=ac16012b30d54661e737b9614ff5ba42d5f9c4d89e7e.e3iSbxaKaheRe34Sa3yKbhiTahb0n6jAmljGr5XDqQLvpAe HTTP/1.1" 200 271 "-" "Java1.3.1.22-internal"
186.145.162.140 - - [29/Sep/2014:08:06:35 -0500] "POST /forms/lservlet;jsessionid=ac16012b30d54661e737b9614ff5ba42d5f9c4d89e7e.e3iSbxaKaheRe34Sa3yKbhiTahb0n6jAmljGr5XDqQLvpAe HTTP/1.1" 200 369 "-" "Java1.3.1.22-internal"
186.145.162.140 - - [29/Sep/2014:08:06:36 -0500] "POST /forms/lservlet;jsessionid=ac16012b30d54661e737b9614ff5ba42d5f9c4d89e7e.e3iSbxaKaheRe34Sa3yKbhiTahb0n6jAmljGr5XDqQLvpAe HTTP/1.1" 200 2 "-" "Java1.3.1.22-internal"
186.145.162.140 - - [29/Sep/2014:08:06:37 -0500] "POST /forms/lservlet;jsessionid=ac16012b30d54661e737b9614ff5ba42d5f9c4d89e7e.e3iSbxaKaheRe34Sa3yKbhiTahb0n6jAmljGr5XDqQLvpAe HTTP/1.1" 200 100 "-" "Java1.3.1.22-internal"
186.145.162.140 - - [29/Sep/2014:08:06:38 -0500] "POST /forms/lservlet;jsessionid=ac16012b30d54661e737b9614ff5ba42d5f9c4d89e7e.e3iSbxaKaheRe34Sa3yKbhiTahb0n6jAmljGr5XDqQLvpAe HTTP/1.1" 200 221 "-" "Java1.3.1.22-internal"
200.93.167.254 - - [29/Sep/2014:08:06:39 -0500] "GET /galeria/nivo-slider/themes/default/default.css HTTP/1.1" 200 1569 "http://190.27.245.106/galeria/nivo-slider/demo/demo.html" "Mozilla/5.0 (Windows NT 6.1; WOW64) AppleWebKit/537.36 (KHTML, like Gecko) Chrome/37.0.2062.124 Safari/537.36"
200.93.167.254 - - [29/Sep/2014:08:06:39 -0500] "GET /galeria/nivo-slider/themes/orman/orman.css HTTP/1.1" 200 2152 "http://190.27.245.106/galeria/nivo-slider/demo/demo.html" "Mozilla/5.0 (Windows NT 6.1; WOW64) AppleWebKit/537.36 (KHTML, like Gecko) Chrome/37.0.2062.124 Safari/537.36"
200.93.167.254 - - [29/Sep/2014:08:06:39 -0500] "GET /galeria/nivo-slider/demo/style.css HTTP/1.1" 200 2222 "http://190.27.245.106/galeria/nivo-slider/demo/demo.html" "Mozilla/5.0 (Windows NT 6.1; WOW64) AppleWebKit/537.36 (KHTML, like Gecko) Chrome/37.0.2062.124 Safari/537.36"
200.93.167.254 - - [29/Sep/2014:08:06:39 -0500] "GET /galeria/nivo-slider/nivo-slider.css HTTP/1.1" 200 1507 "http://190.27.245.106/galeria/nivo-slider/demo/demo.html" "Mozilla/5.0 (Windows NT 6.1; WOW64) AppleWebKit/537.36 (KHTML, like Gecko) Chrome/37.0.2062.124 Safari/537.36"
200.93.167.254 - - [29/Sep/2014:08:06:39 -0500] "GET /galeria/nivo-slider/themes/pascal/pascal.css HTTP/1.1" 200 2258 "http://190.27.245.106/galeria/nivo-slider/demo/demo.html" "Mozilla/5.0 (Windows NT 6.1; WOW64) AppleWebKit/537.36 (KHTML, like Gecko) Chrome/37.0.2062.124 Safari/537.36"
200.93.167.254 - - [29/Sep/2014:08:06:39 -0500] "GET /galeria/nivo-slider/demo/images/banner_adopcion2.jpg HTTP/1.1" 200 136406 "http://190.27.245.106/galeria/nivo-slider/demo/demo.html" "Mozilla/5.0 (Windows NT 6.1; WOW64) AppleWebKit/537.36 (KHTML, like Gecko) Chrome/37.0.2062.124 Safari/537.36"
200.93.167.254 - - [29/Sep/2014:08:06:39 -0500] "GET /galeria/nivo-slider/jquery.nivo.slider.pack.js HTTP/1.1" 200 11561 "http://190.27.245.106/galeria/nivo-slider/demo/demo.html" "Mozilla/5.0 (Windows NT 6.1; WOW64) AppleWebKit/537.36 (KHTML, like Gecko) Chrome/37.0.2062.124 Safari/537.36"
186.145.162.140 - - [29/Sep/2014:08:06:39 -0500] "POST /forms/lservlet;jsessionid=ac16012b30d54661e737b9614ff5ba42d5f9c4d89e7e.e3iSbxaKaheRe34Sa3yKbhiTahb0n6jAmljGr5XDqQLvpAe HTTP/1.1" 200 357 "-" "Java1.3.1.22-internal"
200.93.167.254 - - [29/Sep/2014:08:06:39 -0500] "GET /galeria/nivo-slider/demo/images/marchaxclima03a.jpg HTTP/1.1" 200 179842 "http://190.27.245.106/galeria/nivo-slider/demo/demo.html" "Mozilla/5.0 (Windows NT 6.1; WOW64) AppleWebKit/537.36 (KHTML, like Gecko) Chrome/37.0.2062.124 Safari/537.36"
200.93.167.254 - - [29/Sep/2014:08:06:39 -0500] "GET /galeria/nivo-slider/demo/scripts/jquery-1.7.1.min.js HTTP/1.1" 200 93868 "http://190.27.245.106/galeria/nivo-slider/demo/demo.html" "Mozilla/5.0 (Windows NT 6.1; WOW64) AppleWebKit/537.36 (KHTML, like Gecko) Chrome/37.0.2062.124 Safari/537.36"
200.93.167.254 - - [29/Sep/2014:08:06:39 -0500] "GET /galeria/nivo-slider/demo/images/jovenesplaza1.jpg HTTP/1.1" 200 152570 "http://190.27.245.106/galeria/nivo-slider/demo/demo.html" "Mozilla/5.0 (Windows NT 6.1; WOW64) AppleWebKit/537.36 (KHTML, like Gecko) Chrome/37.0.2062.124 Safari/537.36"
200.93.167.254 - - [29/Sep/2014:08:06:39 -0500] "GET /galeria/nivo-slider/demo/images/4Simple_Slider.png HTTP/1.1" 200 11722 "http://190.27.245.106/galeria/nivo-slider/demo/style.css" "Mozilla/5.0 (Windows NT 6.1; WOW64) AppleWebKit/537.36 (KHTML, like Gecko) Chrome/37.0.2062.124 Safari/537.36"
200.93.167.254 - - [29/Sep/2014:08:06:39 -0500] "GET /galeria/nivo-slider/themes/default/loading.gif HTTP/1.1" 200 1737 "http://190.27.245.106/galeria/nivo-slider/themes/default/default.css" "Mozilla/5.0 (Windows NT 6.1; WOW64) AppleWebKit/537.36 (KHTML, like Gecko) Chrome/37.0.2062.124 Safari/537.36"
200.93.167.254 - - [29/Sep/2014:08:06:39 -0500] "GET /galeria/nivo-slider/demo/images/bannerEcolecta3.jpg HTTP/1.1" 200 280034 "http://190.27.245.106/galeria/nivo-slider/demo/demo.html" "Mozilla/5.0 (Windows NT 6.1; WOW64) AppleWebKit/537.36 (KHTML, like Gecko) Chrome/37.0.2062.124 Safari/537.36"
200.93.167.254 - - [29/Sep/2014:08:06:39 -0500] "GET /galeria/nivo-slider/demo/images/BannerIDRD1.png HTTP/1.1" 200 316313 "http://190.27.245.106/galeria/nivo-slider/demo/demo.html" "Mozilla/5.0 (Windows NT 6.1; WOW64) AppleWebKit/537.36 (KHTML, like Gecko) Chrome/37.0.2062.124 Safari/537.36"
200.93.167.254 - - [29/Sep/2014:08:06:39 -0500] "GET /galeria/nivo-slider/demo/images/marchaxclima05a.jpg HTTP/1.1" 200 127534 "http://190.27.245.106/galeria/nivo-slider/demo/demo.html" "Mozilla/5.0 (Windows NT 6.1; WOW64) AppleWebKit/537.36 (KHTML, like Gecko) Chrome/37.0.2062.124 Safari/537.36"
200.93.167.254 - - [29/Sep/2014:08:06:40 -0500] "GET /galeria/nivo-slider/demo/images/cumbre-climaNvaYork.jpg HTTP/1.1" 200 71628 "http://190.27.245.106/galeria/nivo-slider/demo/demo.html" "Mozilla/5.0 (Windows NT 6.1; WOW64) AppleWebKit/537.36 (KHTML, like Gecko) Chrome/37.0.2062.124 Safari/537.36"
200.93.167.254 - - [29/Sep/2014:08:06:40 -0500] "GET /galeria/nivo-slider/demo/images/9Signos.jpg HTTP/1.1" 200 93040 "http://190.27.245.106/galeria/nivo-slider/demo/demo.html" "Mozilla/5.0 (Windows NT 6.1; WOW64) AppleWebKit/537.36 (KHTML, like Gecko) Chrome/37.0.2062.124 Safari/537.36"
186.145.162.140 - - [29/Sep/2014:08:06:40 -0500] "POST /forms/lservlet;jsessionid=ac16012b30d54661e737b9614ff5ba42d5f9c4d89e7e.e3iSbxaKaheRe34Sa3yKbhiTahb0n6jAmljGr5XDqQLvpAe HTTP/1.1" 200 2 "-" "Java1.3.1.22-internal"
200.93.167.254 - - [29/Sep/2014:08:06:40 -0500] "GET /galeria/nivo-slider/demo/images/banner-encuesta.jpg HTTP/1.1" 200 42764 "http://190.27.245.106/galeria/nivo-slider/demo/demo.html" "Mozilla/5.0 (Windows NT 6.1; WOW64) AppleWebKit/537.36 (KHTML, like Gecko) Chrome/37.0.2062.124 Safari/537.36"
200.93.167.254 - - [29/Sep/2014:08:06:39 -0500] "GET /galeria/nivo-slider/demo/images/marchaxclima01a.jpg HTTP/1.1" 200 157427 "http://190.27.245.106/galeria/nivo-slider/demo/demo.html" "Mozilla/5.0 (Windows NT 6.1; WOW64) AppleWebKit/537.36 (KHTML, like Gecko) Chrome/37.0.2062.124 Safari/537.36"
200.93.167.254 - - [29/Sep/2014:08:06:39 -0500] "GET /galeria/nivo-slider/demo/images/Recilaton02.jpg HTTP/1.1" 200 82162 "http://190.27.245.106/galeria/nivo-slider/demo/demo.html" "Mozilla/5.0 (Windows NT 6.1; WOW64) AppleWebKit/537.36 (KHTML, like Gecko) Chrome/37.0.2062.124 Safari/537.36"
200.93.167.254 - - [29/Sep/2014:08:06:40 -0500] "GET /galeria/nivo-slider/demo/images/banner-llantas2.jpg HTTP/1.1" 200 73153 "http://190.27.245.106/galeria/nivo-slider/demo/demo.html" "Mozilla/5.0 (Windows NT 6.1; WOW64) AppleWebKit/537.36 (KHTML, like Gecko) Chrome/37.0.2062.124 Safari/537.36"
186.145.162.140 - - [29/Sep/2014:08:06:42 -0500] "POST /forms/lservlet;jsessionid=ac16012b30d54661e737b9614ff5ba42d5f9c4d89e7e.e3iSbxaKaheRe34Sa3yKbhiTahb0n6jAmljGr5XDqQLvpAe HTTP/1.1" 200 100 "-" "Java1.3.1.22-internal"
200.93.167.254 - - [29/Sep/2014:08:06:40 -0500] "GET /galeria/nivo-slider/demo/images/banner-caballos.png HTTP/1.1" 200 389106 "http://190.27.245.106/galeria/nivo-slider/demo/demo.html" "Mozilla/5.0 (Windows NT 6.1; WOW64) AppleWebKit/537.36 (KHTML, like Gecko) Chrome/37.0.2062.124 Safari/537.36"
200.93.167.254 - - [29/Sep/2014:08:06:41 -0500] "GET /galeria/nivo-slider/demo/images/ConstructorasFNL.jpg HTTP/1.1" 200 216551 "http://190.27.245.106/galeria/nivo-slider/demo/demo.html" "Mozilla/5.0 (Windows NT 6.1; WOW64) AppleWebKit/537.36 (KHTML, like Gecko) Chrome/37.0.2062.124 Safari/537.36"
200.93.167.254 - - [29/Sep/2014:08:06:41 -0500] "GET /galeria/nivo-slider/demo/images/Hacienda_Molinos.jpg HTTP/1.1" 200 319171 "http://190.27.245.106/galeria/nivo-slider/demo/demo.html" "Mozilla/5.0 (Windows NT 6.1; WOW64) AppleWebKit/537.36 (KHTML, like Gecko) Chrome/37.0.2062.124 Safari/537.36"
200.93.167.254 - - [29/Sep/2014:08:06:40 -0500] "GET /galeria/nivo-slider/demo/images/Banner-Caracol-Africano.jpg HTTP/1.1" 200 331986 "http://190.27.245.106/galeria/nivo-slider/demo/demo.html" "Mozilla/5.0 (Windows NT 6.1; WOW64) AppleWebKit/537.36 (KHTML, like Gecko) Chrome/37.0.2062.124 Safari/537.36"
200.93.167.254 - - [29/Sep/2014:08:06:42 -0500] "GET /galeria/nivo-slider/themes/default/arrows.png HTTP/1.1" 200 824 "http://190.27.245.106/galeria/nivo-slider/themes/default/default.css" "Mozilla/5.0 (Windows NT 6.1; WOW64) AppleWebKit/537.36 (KHTML, like Gecko) Chrome/37.0.2062.124 Safari/537.36"
200.93.167.254 - - [29/Sep/2014:08:06:42 -0500] "GET /galeria/nivo-slider/themes/default/bullets.png HTTP/1.1" 200 1281 "http://190.27.245.106/galeria/nivo-slider/themes/default/default.css" "Mozilla/5.0 (Windows NT 6.1; WOW64) AppleWebKit/537.36 (KHTML, like Gecko) Chrome/37.0.2062.124 Safari/537.36"
186.145.162.140 - - [29/Sep/2014:08:06:43 -0500] "POST /forms/lservlet;jsessionid=ac16012b30d54661e737b9614ff5ba42d5f9c4d89e7e.e3iSbxaKaheRe34Sa3yKbhiTahb0n6jAmljGr5XDqQLvpAe HTTP/1.1" 200 2 "-" "Java1.3.1.22-internal"
186.145.162.140 - - [29/Sep/2014:08:06:43 -0500] "POST /forms/lservlet;jsessionid=ac16012b30d54661e737b9614ff5ba42d5f9c4d89e7e.e3iSbxaKaheRe34Sa3yKbhiTahb0n6jAmljGr5XDqQLvpAe HTTP/1.1" 200 76 "-" "Java1.3.1.22-internal"
186.145.162.140 - - [29/Sep/2014:08:06:44 -0500] "POST /forms/lservlet;jsessionid=ac16012b30d54661e737b9614ff5ba42d5f9c4d89e7e.e3iSbxaKaheRe34Sa3yKbhiTahb0n6jAmljGr5XDqQLvpAe HTTP/1.1" 200 2 "-" "Java1.3.1.22-internal"
186.145.162.140 - - [29/Sep/2014:08:06:44 -0500] "POST /forms/lservlet;jsessionid=ac16012b30d54661e737b9614ff5ba42d5f9c4d89e7e.e3iSbxaKaheRe34Sa3yKbhiTahb0n6jAmljGr5XDqQLvpAe HTTP/1.1" 200 2 "-" "Java1.3.1.22-internal"
186.145.162.140 - - [29/Sep/2014:08:06:45 -0500] "POST /forms/lservlet;jsessionid=ac16012b30d54661e737b9614ff5ba42d5f9c4d89e7e.e3iSbxaKaheRe34Sa3yKbhiTahb0n6jAmljGr5XDqQLvpAe HTTP/1.1" 200 7835 "-" "Java1.3.1.22-internal"
186.145.162.140 - - [29/Sep/2014:08:06:46 -0500] "POST /forms/lservlet;jsessionid=ac16012b30d54661e737b9614ff5ba42d5f9c4d89e7e.e3iSbxaKaheRe34Sa3yKbhiTahb0n6jAmljGr5XDqQLvpAe HTTP/1.1" 200 2 "-" "Java1.3.1.22-internal"
186.145.162.140 - - [29/Sep/2014:08:06:48 -0500] "POST /forms/lservlet;jsessionid=ac16012b30d54661e737b9614ff5ba42d5f9c4d89e7e.e3iSbxaKaheRe34Sa3yKbhiTahb0n6jAmljGr5XDqQLvpAe HTTP/1.1" 200 2 "-" "Java1.3.1.22-internal"
186.145.162.140 - - [29/Sep/2014:08:06:48 -0500] "POST /forms/lservlet;jsessionid=ac16012b30d54661e737b9614ff5ba42d5f9c4d89e7e.e3iSbxaKaheRe34Sa3yKbhiTahb0n6jAmljGr5XDqQLvpAe HTTP/1.1" 200 14 "-" "Java1.3.1.22-internal"
186.145.162.140 - - [29/Sep/2014:08:06:49 -0500] "POST /forms/lservlet;jsessionid=ac16012b30d54661e737b9614ff5ba42d5f9c4d89e7e.e3iSbxaKaheRe34Sa3yKbhiTahb0n6jAmljGr5XDqQLvpAe HTTP/1.1" 200 60 "-" "Java1.3.1.22-internal"
186.145.162.140 - - [29/Sep/2014:08:06:49 -0500] "POST /forms/lservlet;jsessionid=ac16012b30d54661e737b9614ff5ba42d5f9c4d89e7e.e3iSbxaKaheRe34Sa3yKbhiTahb0n6jAmljGr5XDqQLvpAe HTTP/1.1" 200 2 "-" "Java1.3.1.22-internal"
186.145.162.140 - - [29/Sep/2014:08:06:51 -0500] "POST /forms/lservlet;jsessionid=ac16012b30d54661e737b9614ff5ba42d5f9c4d89e7e.e3iSbxaKaheRe34Sa3yKbhiTahb0n6jAmljGr5XDqQLvpAe HTTP/1.1" 200 2 "-" "Java1.3.1.22-internal"
200.93.167.254 - - [29/Sep/2014:08:06:40 -0500] "GET /videos/VideoOABFLV.flv HTTP/1.1" 200 7889923 "http://ambientebogota.gov.co/es/" "Mozilla/5.0 (Windows NT 6.1; WOW64) AppleWebKit/537.36 (KHTML, like Gecko) Chrome/37.0.2062.124 Safari/537.36"
186.145.162.140 - - [29/Sep/2014:08:06:51 -0500] "POST /forms/lservlet;jsessionid=ac16012b30d54661e737b9614ff5ba42d5f9c4d89e7e.e3iSbxaKaheRe34Sa3yKbhiTahb0n6jAmljGr5XDqQLvpAe HTTP/1.1" 200 14 "-" "Java1.3.1.22-internal"
186.145.162.140 - - [29/Sep/2014:08:06:53 -0500] "POST /forms/lservlet;jsessionid=ac16012b30d54661e737b9614ff5ba42d5f9c4d89e7e.e3iSbxaKaheRe34Sa3yKbhiTahb0n6jAmljGr5XDqQLvpAe HTTP/1.1" 200 23 "-" "Java1.3.1.22-internal"
186.145.162.140 - - [29/Sep/2014:08:06:53 -0500] "POST /forms/lservlet;jsessionid=ac16012b30d54661e737b9614ff5ba42d5f9c4d89e7e.e3iSbxaKaheRe34Sa3yKbhiTahb0n6jAmljGr5XDqQLvpAe HTTP/1.1" 200 2 "-" "Java1.3.1.22-internal"
186.145.162.140 - - [29/Sep/2014:08:06:55 -0500] "POST /forms/lservlet;jsessionid=ac16012b30d54661e737b9614ff5ba42d5f9c4d89e7e.e3iSbxaKaheRe34Sa3yKbhiTahb0n6jAmljGr5XDqQLvpAe HTTP/1.1" 200 115 "-" "Java1.3.1.22-internal"
186.145.162.140 - - [29/Sep/2014:08:06:55 -0500] "POST /forms/lservlet;jsessionid=ac16012b30d54661e737b9614ff5ba42d5f9c4d89e7e.e3iSbxaKaheRe34Sa3yKbhiTahb0n6jAmljGr5XDqQLvpAe HTTP/1.1" 200 8 "-" "Java1.3.1.22-internal"
186.145.162.140 - - [29/Sep/2014:08:06:55 -0500] "POST /forms/lservlet;jsessionid=ac16012b30d54661e737b9614ff5ba42d5f9c4d89e7e.e3iSbxaKaheRe34Sa3yKbhiTahb0n6jAmljGr5XDqQLvpAe HTTP/1.1" 200 2 "-" "Java1.3.1.22-internal"
186.145.162.140 - - [29/Sep/2014:08:06:56 -0500] "POST /forms/lservlet;jsessionid=ac16012b30d54661e737b9614ff5ba42d5f9c4d89e7e.e3iSbxaKaheRe34Sa3yKbhiTahb0n6jAmljGr5XDqQLvpAe HTTP/1.1" 200 7 "-" "Java1.3.1.22-internal"
186.145.162.140 - - [29/Sep/2014:08:06:56 -0500] "POST /forms/lservlet;jsessionid=ac16012b30d54661e737b9614ff5ba42d5f9c4d89e7e.e3iSbxaKaheRe34Sa3yKbhiTahb0n6jAmljGr5XDqQLvpAe HTTP/1.1" 200 29683 "-" "Java1.3.1.22-internal"
186.145.162.140 - - [29/Sep/2014:08:06:57 -0500] "POST /forms/lservlet;jsessionid=ac16012b30d54661e737b9614ff5ba42d5f9c4d89e7e.e3iSbxaKaheRe34Sa3yKbhiTahb0n6jAmljGr5XDqQLvpAe HTTP/1.1" 200 2 "-" "Java1.3.1.22-internal"
186.145.162.140 - - [29/Sep/2014:08:06:57 -0500] "POST /forms/lservlet;jsessionid=ac16012b30d54661e737b9614ff5ba42d5f9c4d89e7e.e3iSbxaKaheRe34Sa3yKbhiTahb0n6jAmljGr5XDqQLvpAe HTTP/1.1" 200 22 "-" "Java1.3.1.22-internal"
186.145.162.140 - - [29/Sep/2014:08:06:59 -0500] "POST /forms/lservlet;jsessionid=ac16012b30d54661e737b9614ff5ba42d5f9c4d89e7e.e3iSbxaKaheRe34Sa3yKbhiTahb0n6jAmljGr5XDqQLvpAe HTTP/1.1" 200 813 "-" "Java1.3.1.22-internal"
186.145.162.140 - - [29/Sep/2014:08:06:59 -0500] "POST /forms/lservlet;jsessionid=ac16012b30d54661e737b9614ff5ba42d5f9c4d89e7e.e3iSbxaKaheRe34Sa3yKbhiTahb0n6jAmljGr5XDqQLvpAe HTTP/1.1" 200 7 "-" "Java1.3.1.22-internal"
186.145.162.140 - - [29/Sep/2014:08:06:59 -0500] "POST /forms/lservlet;jsessionid=ac16012b30d54661e737b9614ff5ba42d5f9c4d89e7e.e3iSbxaKaheRe34Sa3yKbhiTahb0n6jAmljGr5XDqQLvpAe HTTP/1.1" 200 92 "-" "Java1.3.1.22-internal"
186.145.162.140 - - [29/Sep/2014:08:07:00 -0500] "GET /imagenes/open.gif HTTP/1.1" 200 919 "-" "Java1.3.1.22-internal"
186.85.34.227 - - [29/Sep/2014:08:07:01 -0500] "GET /BLA/boletinlegal/js/jquery.scrollShow.js HTTP/1.1" 200 4586 "http://ambientebogota.gov.co/red-de-calidad-del-aire" "Mozilla/5.0 (Windows NT 6.1) AppleWebKit/537.36 (KHTML, like Gecko) Chrome/37.0.2062.124 Safari/537.36"
186.85.34.227 - - [29/Sep/2014:08:07:01 -0500] "GET /BLA/boletinlegal/js/jquery.js HTTP/1.1" 200 57254 "http://ambientebogota.gov.co/red-de-calidad-del-aire" "Mozilla/5.0 (Windows NT 6.1) AppleWebKit/537.36 (KHTML, like Gecko) Chrome/37.0.2062.124 Safari/537.36"
186.85.34.227 - - [29/Sep/2014:08:07:01 -0500] "GET /BLA/boletinlegal/js/jquery.scrollTo-min.js HTTP/1.1" 200 1150 "http://ambientebogota.gov.co/red-de-calidad-del-aire" "Mozilla/5.0 (Windows NT 6.1) AppleWebKit/537.36 (KHTML, like Gecko) Chrome/37.0.2062.124 Safari/537.36"
201.234.186.2 - - [29/Sep/2014:08:07:07 -0500] "GET /BLA/resoluciones/RESOLUCIONES%202014/1121.pdf HTTP/1.1" 206 168675 "-" "Mozilla/5.0 (compatible; MSIE 10.0; Windows NT 6.1; WOW64; Trident/6.0)"
186.145.162.140 - - [29/Sep/2014:08:07:09 -0500] "POST /forms/lservlet;jsessionid=ac16012b30d54661e737b9614ff5ba42d5f9c4d89e7e.e3iSbxaKaheRe34Sa3yKbhiTahb0n6jAmljGr5XDqQLvpAe HTTP/1.1" 200 2 "-" "Java1.3.1.22-internal"
186.145.162.140 - - [29/Sep/2014:08:07:09 -0500] "POST /forms/lservlet;jsessionid=ac16012b30d54661e737b9614ff5ba42d5f9c4d89e7e.e3iSbxaKaheRe34Sa3yKbhiTahb0n6jAmljGr5XDqQLvpAe HTTP/1.1" 200 68 "-" "Java1.3.1.22-internal"
186.145.162.140 - - [29/Sep/2014:08:07:09 -0500] "POST /forms/lservlet;jsessionid=ac16012b30d54661e737b9614ff5ba42d5f9c4d89e7e.e3iSbxaKaheRe34Sa3yKbhiTahb0n6jAmljGr5XDqQLvpAe HTTP/1.1" 200 2 "-" "Java1.3.1.22-internal"
190.147.116.46 - - [29/Sep/2014:08:07:08 -0500] "GET /BLA/boletinlegal/js/jquery.js HTTP/1.1" 200 57254 "http://www.ambientebogota.gov.co/web/sda/servicio-al-ciudadano" "Mozilla/5.0 (Windows NT 6.1; WOW64; rv:32.0) Gecko/20100101 Firefox/32.0"
186.145.162.140 - - [29/Sep/2014:08:07:10 -0500] "POST /forms/lservlet;jsessionid=ac16012b30d54661e737b9614ff5ba42d5f9c4d89e7e.e3iSbxaKaheRe34Sa3yKbhiTahb0n6jAmljGr5XDqQLvpAe HTTP/1.1" 200 2 "-" "Java1.3.1.22-internal"
201.245.192.253 - - [29/Sep/2014:08:06:28 -0500] "GET /forest/xmlresponse.do?lista=searchTerceroByName&xmlret=1&todos=false&partNomTer=secretaria%20distrital%20de%20ambiente&a=0.3159926589987061 HTTP/1.1" 200 220 "http://190.27.245.106/forest/radicacion.do?codMod=11&group_system_actual=4&_a=0.29934753945646" "Mozilla/5.0 (Windows NT 6.1; rv:32.0) Gecko/20100101 Firefox/32.0"
190.147.116.46 - - [29/Sep/2014:08:07:08 -0500] "GET /BLA/boletinlegal/js/jquery.scrollTo-min.js HTTP/1.1" 200 1150 "http://www.ambientebogota.gov.co/web/sda/servicio-al-ciudadano" "Mozilla/5.0 (Windows NT 6.1; WOW64; rv:32.0) Gecko/20100101 Firefox/32.0"
190.147.116.46 - - [29/Sep/2014:08:07:08 -0500] "GET /BLA/boletinlegal/js/jquery.scrollShow.js HTTP/1.1" 200 4586 "http://www.ambientebogota.gov.co/web/sda/servicio-al-ciudadano" "Mozilla/5.0 (Windows NT 6.1; WOW64; rv:32.0) Gecko/20100101 Firefox/32.0"
186.145.162.140 - - [29/Sep/2014:08:07:12 -0500] "POST /forms/lservlet;jsessionid=ac16012b30d54661e737b9614ff5ba42d5f9c4d89e7e.e3iSbxaKaheRe34Sa3yKbhiTahb0n6jAmljGr5XDqQLvpAe HTTP/1.1" 200 1518 "-" "Java1.3.1.22-internal"
186.145.162.140 - - [29/Sep/2014:08:07:12 -0500] "POST /forms/lservlet;jsessionid=ac16012b30d54661e737b9614ff5ba42d5f9c4d89e7e.e3iSbxaKaheRe34Sa3yKbhiTahb0n6jAmljGr5XDqQLvpAe HTTP/1.1" 200 2 "-" "Java1.3.1.22-internal"
186.145.162.140 - - [29/Sep/2014:08:07:12 -0500] "POST /forms/lservlet;jsessionid=ac16012b30d54661e737b9614ff5ba42d5f9c4d89e7e.e3iSbxaKaheRe34Sa3yKbhiTahb0n6jAmljGr5XDqQLvpAe HTTP/1.1" 200 2 "-" "Java1.3.1.22-internal"
186.145.162.140 - - [29/Sep/2014:08:07:15 -0500] "POST /forms/lservlet;jsessionid=ac16012b30d54661e737b9614ff5ba42d5f9c4d89e7e.e3iSbxaKaheRe34Sa3yKbhiTahb0n6jAmljGr5XDqQLvpAe HTTP/1.1" 200 32 "-" "Java1.3.1.22-internal"
186.145.162.140 - - [29/Sep/2014:08:07:15 -0500] "POST /forms/lservlet;jsessionid=ac16012b30d54661e737b9614ff5ba42d5f9c4d89e7e.e3iSbxaKaheRe34Sa3yKbhiTahb0n6jAmljGr5XDqQLvpAe HTTP/1.1" 200 8 "-" "Java1.3.1.22-internal"
186.145.162.140 - - [29/Sep/2014:08:07:15 -0500] "POST /forms/lservlet;jsessionid=ac16012b30d54661e737b9614ff5ba42d5f9c4d89e7e.e3iSbxaKaheRe34Sa3yKbhiTahb0n6jAmljGr5XDqQLvpAe HTTP/1.1" 200 2 "-" "Java1.3.1.22-internal"
186.145.162.140 - - [29/Sep/2014:08:07:18 -0500] "POST /forms/lservlet;jsessionid=ac16012b30d54661e737b9614ff5ba42d5f9c4d89e7e.e3iSbxaKaheRe34Sa3yKbhiTahb0n6jAmljGr5XDqQLvpAe HTTP/1.1" 200 7 "-" "Java1.3.1.22-internal"
186.145.162.140 - - [29/Sep/2014:08:07:18 -0500] "POST /forms/lservlet;jsessionid=ac16012b30d54661e737b9614ff5ba42d5f9c4d89e7e.e3iSbxaKaheRe34Sa3yKbhiTahb0n6jAmljGr5XDqQLvpAe HTTP/1.1" 200 29689 "-" "Java1.3.1.22-internal"
201.245.192.253 - - [29/Sep/2014:08:05:27 -0500] "GET /forest/buscar.do?type=procesos HTTP/1.1" 200 96427 "http://190.27.245.106/forest/index2.jsp?a=0.324212538392623" "Mozilla/5.0 (Windows NT 6.1; rv:32.0) Gecko/20100101 Firefox/32.0"
201.245.192.253 - - [29/Sep/2014:08:06:25 -0500] "GET /forest/xmlresponse.do?lista=searchTerceroByName&xmlret=1&todos=false&partNomTer=secretaria&a=0.3440977825740942 HTTP/1.1" 200 2852 "http://190.27.245.106/forest/radicacion.do?codMod=11&group_system_actual=4&_a=0.29934753945646" "Mozilla/5.0 (Windows NT 6.1; rv:32.0) Gecko/20100101 Firefox/32.0"
201.245.192.253 - - [29/Sep/2014:08:07:19 -0500] "GET /forest/buscar.do?type=procesos HTTP/1.1" 200 96427 "http://190.27.245.106/forest/index2.jsp?a=0.324212538392623" "Mozilla/5.0 (Windows NT 6.1; rv:32.0) Gecko/20100101 Firefox/32.0"
201.245.192.253 - - [29/Sep/2014:08:07:19 -0500] "GET /forest/buscar.do?type=procesos HTTP/1.1" 200 96427 "http://190.27.245.106/forest/index2.jsp?a=0.324212538392623" "Mozilla/5.0 (Windows NT 6.1; rv:32.0) Gecko/20100101 Firefox/32.0"
186.145.162.140 - - [29/Sep/2014:08:07:19 -0500] "POST /forms/lservlet;jsessionid=ac16012b30d54661e737b9614ff5ba42d5f9c4d89e7e.e3iSbxaKaheRe34Sa3yKbhiTahb0n6jAmljGr5XDqQLvpAe HTTP/1.1" 200 2 "-" "Java1.3.1.22-internal"
186.145.162.140 - - [29/Sep/2014:08:07:19 -0500] "POST /forms/lservlet;jsessionid=ac16012b30d54661e737b9614ff5ba42d5f9c4d89e7e.e3iSbxaKaheRe34Sa3yKbhiTahb0n6jAmljGr5XDqQLvpAe HTTP/1.1" 200 2 "-" "Java1.3.1.22-internal"
186.145.162.140 - - [29/Sep/2014:08:07:19 -0500] "POST /forms/lservlet;jsessionid=ac16012b30d54661e737b9614ff5ba42d5f9c4d89e7e.e3iSbxaKaheRe34Sa3yKbhiTahb0n6jAmljGr5XDqQLvpAe HTTP/1.1" 200 22 "-" "Java1.3.1.22-internal"
201.245.192.253 - - [29/Sep/2014:08:07:19 -0500] "GET /forest/buscar.do?type=procesos HTTP/1.1" 200 96427 "http://190.27.245.106/forest/index2.jsp?a=0.324212538392623" "Mozilla/5.0 (Windows NT 6.1; rv:32.0) Gecko/20100101 Firefox/32.0"
200.104.46.103 - - [29/Sep/2014:08:05:30 -0500] "GET /videos/VideoOABFLV.flv HTTP/1.1" 200 7889923 "http://www.ambientebogota.gov.co/" "Mozilla/5.0 (Macintosh; Intel Mac OS X 10_8_4) AppleWebKit/536.30.1 (KHTML, like Gecko) Version/6.0.5 Safari/536.30.1"
186.145.162.140 - - [29/Sep/2014:08:07:21 -0500] "POST /forms/lservlet;jsessionid=ac16012b30d54661e737b9614ff5ba42d5f9c4d89e7e.e3iSbxaKaheRe34Sa3yKbhiTahb0n6jAmljGr5XDqQLvpAe HTTP/1.1" 200 813 "-" "Java1.3.1.22-internal"
186.145.162.140 - - [29/Sep/2014:08:07:21 -0500] "POST /forms/lservlet;jsessionid=ac16012b30d54661e737b9614ff5ba42d5f9c4d89e7e.e3iSbxaKaheRe34Sa3yKbhiTahb0n6jAmljGr5XDqQLvpAe HTTP/1.1" 200 7 "-" "Java1.3.1.22-internal"
186.145.162.140 - - [29/Sep/2014:08:07:21 -0500] "POST /forms/lservlet;jsessionid=ac16012b30d54661e737b9614ff5ba42d5f9c4d89e7e.e3iSbxaKaheRe34Sa3yKbhiTahb0n6jAmljGr5XDqQLvpAe HTTP/1.1" 200 92 "-" "Java1.3.1.22-internal"
186.145.162.140 - - [29/Sep/2014:08:07:21 -0500] "GET /imagenes/open.gif HTTP/1.1" 200 919 "-" "Java1.3.1.22-internal"
186.145.162.140 - - [29/Sep/2014:08:07:28 -0500] "POST /forms/lservlet;jsessionid=ac16012b30d54661e737b9614ff5ba42d5f9c4d89e7e.e3iSbxaKaheRe34Sa3yKbhiTahb0n6jAmljGr5XDqQLvpAe HTTP/1.1" 200 76 "-" "Java1.3.1.22-internal"
186.145.162.140 - - [29/Sep/2014:08:07:28 -0500] "POST /forms/lservlet;jsessionid=ac16012b30d54661e737b9614ff5ba42d5f9c4d89e7e.e3iSbxaKaheRe34Sa3yKbhiTahb0n6jAmljGr5XDqQLvpAe HTTP/1.1" 200 8 "-" "Java1.3.1.22-internal"
186.145.162.140 - - [29/Sep/2014:08:07:28 -0500] "POST /forms/lservlet;jsessionid=ac16012b30d54661e737b9614ff5ba42d5f9c4d89e7e.e3iSbxaKaheRe34Sa3yKbhiTahb0n6jAmljGr5XDqQLvpAe HTTP/1.1" 200 2 "-" "Java1.3.1.22-internal"
201.245.192.253 - - [29/Sep/2014:08:07:33 -0500] "GET /forest/session.jsp?a=0.7862368470704694 HTTP/1.1" 200 4 "http://190.27.245.106/forest/radicacion.do?codMod=11&group_system_actual=4&_a=0.29934753945646" "Mozilla/5.0 (Windows NT 6.1; rv:32.0) Gecko/20100101 Firefox/32.0"
201.234.186.2 - - [29/Sep/2014:08:07:36 -0500] "GET /BLA/resoluciones/RESOLUCIONES%202014/1121.pdf HTTP/1.1" 206 149854 "http://190.27.245.106/BLA/boletinlegal/actos.php" "Mozilla/5.0 (compatible; MSIE 10.0; Windows NT 6.1; WOW64; Trident/6.0)"
186.145.162.140 - - [29/Sep/2014:08:07:40 -0500] "POST /forms/lservlet;jsessionid=ac16012b30d54661e737b9614ff5ba42d5f9c4d89e7e.e3iSbxaKaheRe34Sa3yKbhiTahb0n6jAmljGr5XDqQLvpAe HTTP/1.1" 200 2 "-" "Java1.3.1.22-internal"
186.145.162.140 - - [29/Sep/2014:08:07:40 -0500] "POST /forms/lservlet;jsessionid=ac16012b30d54661e737b9614ff5ba42d5f9c4d89e7e.e3iSbxaKaheRe34Sa3yKbhiTahb0n6jAmljGr5XDqQLvpAe HTTP/1.1" 200 69 "-" "Java1.3.1.22-internal"
186.145.162.140 - - [29/Sep/2014:08:07:41 -0500] "POST /forms/lservlet;jsessionid=ac16012b30d54661e737b9614ff5ba42d5f9c4d89e7e.e3iSbxaKaheRe34Sa3yKbhiTahb0n6jAmljGr5XDqQLvpAe HTTP/1.1" 200 2 "-" "Java1.3.1.22-internal"
181.234.249.192 - - [29/Sep/2014:08:07:41 -0500] "GET /BLA/boletinlegal/js/jquery.scrollTo-min.js HTTP/1.1" 200 1150 "http://www.ambientebogota.gov.co/web/sda/registro-unico-ambiental-rua-y-registro-de-generadores-de-residuos-peligrosos" "Mozilla/5.0 (compatible; MSIE 10.0; Windows Phone 8.0; Trident/6.0; IEMobile/10.0; ARM; Touch; NOKIA; Lumia 520)"
186.145.162.140 - - [29/Sep/2014:08:07:41 -0500] "POST /forms/lservlet;jsessionid=ac16012b30d54661e737b9614ff5ba42d5f9c4d89e7e.e3iSbxaKaheRe34Sa3yKbhiTahb0n6jAmljGr5XDqQLvpAe HTTP/1.1" 200 2 "-" "Java1.3.1.22-internal"
181.234.249.192 - - [29/Sep/2014:08:07:41 -0500] "GET /BLA/boletinlegal/js/jquery.js HTTP/1.1" 200 57254 "http://www.ambientebogota.gov.co/web/sda/registro-unico-ambiental-rua-y-registro-de-generadores-de-residuos-peligrosos" "Mozilla/5.0 (compatible; MSIE 10.0; Windows Phone 8.0; Trident/6.0; IEMobile/10.0; ARM; Touch; NOKIA; Lumia 520)"
181.234.249.192 - - [29/Sep/2014:08:07:41 -0500] "GET /BLA/boletinlegal/js/jquery.scrollShow.js HTTP/1.1" 200 4586 "http://www.ambientebogota.gov.co/web/sda/registro-unico-ambiental-rua-y-registro-de-generadores-de-residuos-peligrosos" "Mozilla/5.0 (compatible; MSIE 10.0; Windows Phone 8.0; Trident/6.0; IEMobile/10.0; ARM; Touch; NOKIA; Lumia 520)"
186.145.162.140 - - [29/Sep/2014:08:07:42 -0500] "POST /forms/lservlet;jsessionid=ac16012b30d54661e737b9614ff5ba42d5f9c4d89e7e.e3iSbxaKaheRe34Sa3yKbhiTahb0n6jAmljGr5XDqQLvpAe HTTP/1.1" 200 1528 "-" "Java1.3.1.22-internal"
186.145.162.140 - - [29/Sep/2014:08:07:42 -0500] "POST /forms/lservlet;jsessionid=ac16012b30d54661e737b9614ff5ba42d5f9c4d89e7e.e3iSbxaKaheRe34Sa3yKbhiTahb0n6jAmljGr5XDqQLvpAe HTTP/1.1" 200 2 "-" "Java1.3.1.22-internal"
186.145.162.140 - - [29/Sep/2014:08:07:42 -0500] "POST /forms/lservlet;jsessionid=ac16012b30d54661e737b9614ff5ba42d5f9c4d89e7e.e3iSbxaKaheRe34Sa3yKbhiTahb0n6jAmljGr5XDqQLvpAe HTTP/1.1" 200 2 "-" "Java1.3.1.22-internal"
186.145.162.140 - - [29/Sep/2014:08:07:43 -0500] "POST /forms/lservlet;jsessionid=ac16012b30d54661e737b9614ff5ba42d5f9c4d89e7e.e3iSbxaKaheRe34Sa3yKbhiTahb0n6jAmljGr5XDqQLvpAe HTTP/1.1" 200 127 "-" "Java1.3.1.22-internal"
186.145.162.140 - - [29/Sep/2014:08:07:43 -0500] "POST /forms/lservlet;jsessionid=ac16012b30d54661e737b9614ff5ba42d5f9c4d89e7e.e3iSbxaKaheRe34Sa3yKbhiTahb0n6jAmljGr5XDqQLvpAe HTTP/1.1" 200 8 "-" "Java1.3.1.22-internal"
186.145.162.140 - - [29/Sep/2014:08:07:43 -0500] "POST /forms/lservlet;jsessionid=ac16012b30d54661e737b9614ff5ba42d5f9c4d89e7e.e3iSbxaKaheRe34Sa3yKbhiTahb0n6jAmljGr5XDqQLvpAe HTTP/1.1" 200 2 "-" "Java1.3.1.22-internal"
186.145.162.140 - - [29/Sep/2014:08:07:44 -0500] "POST /forms/lservlet;jsessionid=ac16012b30d54661e737b9614ff5ba42d5f9c4d89e7e.e3iSbxaKaheRe34Sa3yKbhiTahb0n6jAmljGr5XDqQLvpAe HTTP/1.1" 200 7 "-" "Java1.3.1.22-internal"
186.145.162.140 - - [29/Sep/2014:08:07:44 -0500] "POST /forms/lservlet;jsessionid=ac16012b30d54661e737b9614ff5ba42d5f9c4d89e7e.e3iSbxaKaheRe34Sa3yKbhiTahb0n6jAmljGr5XDqQLvpAe HTTP/1.1" 200 29675 "-" "Java1.3.1.22-internal"
186.145.162.140 - - [29/Sep/2014:08:07:45 -0500] "POST /forms/lservlet;jsessionid=ac16012b30d54661e737b9614ff5ba42d5f9c4d89e7e.e3iSbxaKaheRe34Sa3yKbhiTahb0n6jAmljGr5XDqQLvpAe HTTP/1.1" 200 2 "-" "Java1.3.1.22-internal"
186.145.162.140 - - [29/Sep/2014:08:07:45 -0500] "POST /forms/lservlet;jsessionid=ac16012b30d54661e737b9614ff5ba42d5f9c4d89e7e.e3iSbxaKaheRe34Sa3yKbhiTahb0n6jAmljGr5XDqQLvpAe HTTP/1.1" 200 2 "-" "Java1.3.1.22-internal"
186.145.162.140 - - [29/Sep/2014:08:07:45 -0500] "POST /forms/lservlet;jsessionid=ac16012b30d54661e737b9614ff5ba42d5f9c4d89e7e.e3iSbxaKaheRe34Sa3yKbhiTahb0n6jAmljGr5XDqQLvpAe HTTP/1.1" 200 22 "-" "Java1.3.1.22-internal"
186.145.162.140 - - [29/Sep/2014:08:07:46 -0500] "POST /forms/lservlet;jsessionid=ac16012b30d54661e737b9614ff5ba42d5f9c4d89e7e.e3iSbxaKaheRe34Sa3yKbhiTahb0n6jAmljGr5XDqQLvpAe HTTP/1.1" 200 834 "-" "Java1.3.1.22-internal"
186.145.162.140 - - [29/Sep/2014:08:07:46 -0500] "POST /forms/lservlet;jsessionid=ac16012b30d54661e737b9614ff5ba42d5f9c4d89e7e.e3iSbxaKaheRe34Sa3yKbhiTahb0n6jAmljGr5XDqQLvpAe HTTP/1.1" 200 7 "-" "Java1.3.1.22-internal"
186.145.162.140 - - [29/Sep/2014:08:07:47 -0500] "POST /forms/lservlet;jsessionid=ac16012b30d54661e737b9614ff5ba42d5f9c4d89e7e.e3iSbxaKaheRe34Sa3yKbhiTahb0n6jAmljGr5XDqQLvpAe HTTP/1.1" 200 92 "-" "Java1.3.1.22-internal"
186.145.162.140 - - [29/Sep/2014:08:07:49 -0500] "POST /forms/lservlet;jsessionid=ac16012b30d54661e737b9614ff5ba42d5f9c4d89e7e.e3iSbxaKaheRe34Sa3yKbhiTahb0n6jAmljGr5XDqQLvpAe HTTP/1.1" 200 76 "-" "Java1.3.1.22-internal"
186.145.162.140 - - [29/Sep/2014:08:07:49 -0500] "POST /forms/lservlet;jsessionid=ac16012b30d54661e737b9614ff5ba42d5f9c4d89e7e.e3iSbxaKaheRe34Sa3yKbhiTahb0n6jAmljGr5XDqQLvpAe HTTP/1.1" 200 8 "-" "Java1.3.1.22-internal"
186.145.162.140 - - [29/Sep/2014:08:07:49 -0500] "POST /forms/lservlet;jsessionid=ac16012b30d54661e737b9614ff5ba42d5f9c4d89e7e.e3iSbxaKaheRe34Sa3yKbhiTahb0n6jAmljGr5XDqQLvpAe HTTP/1.1" 200 2 "-" "Java1.3.1.22-internal"
