66.249.83.62 - - [29/Sep/2014:05:31:24 -0500] "GET /BLA/boletinlegal/js/jquery.js HTTP/1.1" 200 57254 "http://ambientebogota.gov.co/archivo-de-noticias/-/asset_publisher/5PPa/content/id/1436355" "Mozilla/5.0 (Linux; Android 4.2.2; ONE TOUCH 6012A Build/JDQ39) AppleWebKit/537.36 (KHTML, like Gecko) Chrome/37.0.2062.117 Mobile Safari/537.36"
90.174.135.5 - - [29/Sep/2014:05:32:35 -0500] "GET /BLA/resoluciones/RESOLUCIONES%202007/RES%202007%20801%20AL%20900/RESOLUCION%200872%20DE%202007.pdf HTTP/1.1" 200 624652 "https://www.google.es/" "Mozilla/5.0 (Windows NT 6.3; WOW64) AppleWebKit/537.36 (KHTML, like Gecko) Chrome/37.0.2062.124 Safari/537.36"
90.174.135.5 - - [29/Sep/2014:05:32:35 -0500] "GET /BLA/resoluciones/RESOLUCIONES%202007/RES%202007%20801%20AL%20900/RESOLUCION%200872%20DE%202007.pdf HTTP/1.1" 206 32768 "http://190.27.245.106/BLA/resoluciones/RESOLUCIONES%202007/RES%202007%20801%20AL%20900/RESOLUCION%200872%20DE%202007.pdf" "Mozilla/5.0 (Windows NT 6.3; WOW64) AppleWebKit/537.36 (KHTML, like Gecko) Chrome/37.0.2062.124 Safari/537.36"
90.174.135.5 - - [29/Sep/2014:05:32:36 -0500] "GET /BLA/resoluciones/RESOLUCIONES%202007/RES%202007%20801%20AL%20900/RESOLUCION%200872%20DE%202007.pdf HTTP/1.1" 206 591884 "http://190.27.245.106/BLA/resoluciones/RESOLUCIONES%202007/RES%202007%20801%20AL%20900/RESOLUCION%200872%20DE%202007.pdf" "Mozilla/5.0 (Windows NT 6.3; WOW64) AppleWebKit/537.36 (KHTML, like Gecko) Chrome/37.0.2062.124 Safari/537.36"
90.174.135.5 - - [29/Sep/2014:05:32:43 -0500] "GET /favicon.ico HTTP/1.1" 200 18567 "-" "Mozilla/5.0 (Windows NT 6.3; WOW64) AppleWebKit/537.36 (KHTML, like Gecko) Chrome/37.0.2062.124 Safari/537.36"
74.86.158.107 - - [29/Sep/2014:05:33:28 -0500] "HEAD / HTTP/1.1" 302 - "-" "Mozilla/5.0+(compatible; UptimeRobot/2.0; http://www.uptimerobot.com/)"
186.154.155.16 - - [29/Sep/2014:05:33:29 -0500] "GET /galeria/nivo-slider/demo/images/marchaxclima01a.jpg HTTP/1.1" 304 - "http://190.27.245.106/galeria/nivo-slider/demo/demo.html" "Mozilla/5.0 (Windows NT 6.1; WOW64) AppleWebKit/537.36 (KHTML, like Gecko) Chrome/34.0.1847.131 Safari/537.36"
186.145.232.195 - - [29/Sep/2014:05:33:30 -0500] "GET /BLA/boletinlegal/js/jquery.scrollTo-min.js HTTP/1.1" 200 1150 "http://ambientebogota.gov.co/la-entidad" "Mozilla/5.0 (Windows NT 6.1) AppleWebKit/537.36 (KHTML, like Gecko) Chrome/37.0.2062.124 Safari/537.36"
186.145.232.195 - - [29/Sep/2014:05:33:30 -0500] "GET /BLA/boletinlegal/js/jquery.scrollShow.js HTTP/1.1" 200 4586 "http://ambientebogota.gov.co/la-entidad" "Mozilla/5.0 (Windows NT 6.1) AppleWebKit/537.36 (KHTML, like Gecko) Chrome/37.0.2062.124 Safari/537.36"
186.145.232.195 - - [29/Sep/2014:05:33:30 -0500] "GET /BLA/boletinlegal/js/jquery.js HTTP/1.1" 200 57254 "http://ambientebogota.gov.co/la-entidad" "Mozilla/5.0 (Windows NT 6.1) AppleWebKit/537.36 (KHTML, like Gecko) Chrome/37.0.2062.124 Safari/537.36"
186.154.155.16 - - [29/Sep/2014:05:33:39 -0500] "GET /galeria/nivo-slider/demo/images/marchaxclima03a.jpg HTTP/1.1" 304 - "http://190.27.245.106/galeria/nivo-slider/demo/demo.html" "Mozilla/5.0 (Windows NT 6.1; WOW64) AppleWebKit/537.36 (KHTML, like Gecko) Chrome/34.0.1847.131 Safari/537.36"
186.154.155.16 - - [29/Sep/2014:05:33:50 -0500] "GET /galeria/nivo-slider/demo/images/marchaxclima05a.jpg HTTP/1.1" 304 - "http://190.27.245.106/galeria/nivo-slider/demo/demo.html" "Mozilla/5.0 (Windows NT 6.1; WOW64) AppleWebKit/537.36 (KHTML, like Gecko) Chrome/34.0.1847.131 Safari/537.36"
190.25.232.143 - - [29/Sep/2014:05:33:50 -0500] "GET /galeria/nivo-slider/demo/images/luciernaga5.jpg HTTP/1.1" 304 - "-" "Mozilla/4.0 (compatible;)"
198.58.111.134 - - [29/Sep/2014:05:34:08 -0500] "GET /galeria/nivo-slider/demo/demo.html HTTP/1.0" 304 - "http://www.ambientebogota.gov.co/web/sda" "Mozilla/5.0 (Windows NT 6.1) AppleWebKit/537.36 (KHTML, like Gecko) Chrome/37.0.2062.103 Safari/537.36"
66.249.67.75 - - [29/Sep/2014:05:34:08 -0500] "GET /BLA/resoluciones/RESOLUCIONES%202008/1104.pdf HTTP/1.1" 200 359228 "-" "Mozilla/5.0 (compatible; Googlebot/2.1; +http://www.google.com/bot.html)"
198.58.111.134 - - [29/Sep/2014:05:34:17 -0500] "GET /galeria/nivo-slider/demo/images/banner_adopcion2.jpg HTTP/1.0" 304 - "http://190.27.245.106/galeria/nivo-slider/demo/demo.html" "Mozilla/5.0 (Windows NT 6.1) AppleWebKit/537.36 (KHTML, like Gecko) Chrome/37.0.2062.103 Safari/537.36"
198.58.111.134 - - [29/Sep/2014:05:34:17 -0500] "GET /galeria/nivo-slider/demo/images/bannerEcolecta3.jpg HTTP/1.0" 304 - "http://190.27.245.106/galeria/nivo-slider/demo/demo.html" "Mozilla/5.0 (Windows NT 6.1) AppleWebKit/537.36 (KHTML, like Gecko) Chrome/37.0.2062.103 Safari/537.36"
198.58.111.134 - - [29/Sep/2014:05:34:18 -0500] "GET /galeria/nivo-slider/demo/images/BannerIDRD1.png HTTP/1.0" 304 - "http://190.27.245.106/galeria/nivo-slider/demo/demo.html" "Mozilla/5.0 (Windows NT 6.1) AppleWebKit/537.36 (KHTML, like Gecko) Chrome/37.0.2062.103 Safari/537.36"
198.58.111.134 - - [29/Sep/2014:05:34:18 -0500] "GET /galeria/nivo-slider/demo/images/jovenesplaza1.jpg HTTP/1.0" 304 - "http://190.27.245.106/galeria/nivo-slider/demo/demo.html" "Mozilla/5.0 (Windows NT 6.1) AppleWebKit/537.36 (KHTML, like Gecko) Chrome/37.0.2062.103 Safari/537.36"
198.58.111.134 - - [29/Sep/2014:05:34:18 -0500] "GET /galeria/nivo-slider/demo/images/marchaxclima01a.jpg HTTP/1.0" 304 - "http://190.27.245.106/galeria/nivo-slider/demo/demo.html" "Mozilla/5.0 (Windows NT 6.1) AppleWebKit/537.36 (KHTML, like Gecko) Chrome/37.0.2062.103 Safari/537.36"
198.58.111.134 - - [29/Sep/2014:05:34:19 -0500] "GET /galeria/nivo-slider/demo/images/marchaxclima03a.jpg HTTP/1.0" 304 - "http://190.27.245.106/galeria/nivo-slider/demo/demo.html" "Mozilla/5.0 (Windows NT 6.1) AppleWebKit/537.36 (KHTML, like Gecko) Chrome/37.0.2062.103 Safari/537.36"
198.58.111.134 - - [29/Sep/2014:05:34:27 -0500] "GET /galeria/nivo-slider/demo/images/marchaxclima05a.jpg HTTP/1.0" 304 - "http://190.27.245.106/galeria/nivo-slider/demo/demo.html" "Mozilla/5.0 (Windows NT 6.1) AppleWebKit/537.36 (KHTML, like Gecko) Chrome/37.0.2062.103 Safari/537.36"
198.58.111.134 - - [29/Sep/2014:05:34:49 -0500] "GET /videos/VideoOABFLV.flv HTTP/1.0" 304 - "http://www.ambientebogota.gov.co/web/sda" "Mozilla/5.0 (Windows NT 6.1) AppleWebKit/537.36 (KHTML, like Gecko) Chrome/37.0.2062.103 Safari/537.36"
220.181.108.85 - - [29/Sep/2014:05:35:47 -0500] "GET /BLA/resoluciones/RESOLUCIONES%25202010/6920.pdf HTTP/1.1" 404 1206 "-" "Mozilla/5.0 (compatible; Baiduspider/2.0; +http://www.baidu.com/search/spider.html)"
191.94.63.233 - - [29/Sep/2014:05:35:58 -0500] "GET /BLA/boletinlegal/js/jquery.scrollTo-min.js HTTP/1.1" 200 1150 "http://ambientebogota.gov.co/plan-para-la-gestion-integral-de-residuos-peligrosos-para-el-distrito-capital" "Mozilla/5.0 (Linux; U; Android 4.1.1; es-us; SAMSUNG-SGH-I747 Build/JRO03L) AppleWebKit/534.30 (KHTML, like Gecko) Version/4.0 Mobile Safari/534.30"
191.94.63.233 - - [29/Sep/2014:05:35:58 -0500] "GET /BLA/boletinlegal/js/jquery.scrollShow.js HTTP/1.1" 200 4586 "http://ambientebogota.gov.co/plan-para-la-gestion-integral-de-residuos-peligrosos-para-el-distrito-capital" "Mozilla/5.0 (Linux; U; Android 4.1.1; es-us; SAMSUNG-SGH-I747 Build/JRO03L) AppleWebKit/534.30 (KHTML, like Gecko) Version/4.0 Mobile Safari/534.30"
191.94.63.233 - - [29/Sep/2014:05:35:58 -0500] "GET /BLA/boletinlegal/js/jquery.js HTTP/1.1" 200 57254 "http://ambientebogota.gov.co/plan-para-la-gestion-integral-de-residuos-peligrosos-para-el-distrito-capital" "Mozilla/5.0 (Linux; U; Android 4.1.1; es-us; SAMSUNG-SGH-I747 Build/JRO03L) AppleWebKit/534.30 (KHTML, like Gecko) Version/4.0 Mobile Safari/534.30"
190.233.38.150 - - [29/Sep/2014:05:36:42 -0500] "GET /BLA/boletinlegal/js/jquery.scrollTo-min.js HTTP/1.1" 200 1150 "http://ambientebogota.gov.co/web/fauna-silvestre/conozcamos-la-fauna-silvestre" "Mozilla/5.0 (Windows NT 6.1) AppleWebKit/537.36 (KHTML, like Gecko) Chrome/37.0.2062.124 Safari/537.36"
190.233.38.150 - - [29/Sep/2014:05:36:42 -0500] "GET /BLA/boletinlegal/js/jquery.scrollShow.js HTTP/1.1" 200 4586 "http://ambientebogota.gov.co/web/fauna-silvestre/conozcamos-la-fauna-silvestre" "Mozilla/5.0 (Windows NT 6.1) AppleWebKit/537.36 (KHTML, like Gecko) Chrome/37.0.2062.124 Safari/537.36"
190.233.38.150 - - [29/Sep/2014:05:36:42 -0500] "GET /BLA/boletinlegal/js/jquery.js HTTP/1.1" 200 57254 "http://ambientebogota.gov.co/web/fauna-silvestre/conozcamos-la-fauna-silvestre" "Mozilla/5.0 (Windows NT 6.1) AppleWebKit/537.36 (KHTML, like Gecko) Chrome/37.0.2062.124 Safari/537.36"
101.226.65.108 - - [29/Sep/2014:05:37:36 -0500] "GET / HTTP/1.1" 302 - "-" "Mozilla/4.0"
101.226.65.108 - - [29/Sep/2014:05:37:40 -0500] "GET / HTTP/1.1" 302 - "-" "Mozilla/4.0"
100.43.85.25 - - [29/Sep/2014:05:37:55 -0500] "GET /pread/pread/tsld012.htm HTTP/1.1" 200 1645 "-" "Mozilla/5.0 (compatible; YandexBot/3.0; +http://yandex.com/bots)"
74.86.158.107 - - [29/Sep/2014:05:38:28 -0500] "HEAD / HTTP/1.1" 302 - "-" "Mozilla/5.0+(compatible; UptimeRobot/2.0; http://www.uptimerobot.com/)"
66.249.67.83 - - [29/Sep/2014:05:39:45 -0500] "GET /Residuos/textiles/files/search/search100.xml HTTP/1.1" 200 7047 "-" "Mozilla/5.0 (compatible; Googlebot/2.1; +http://www.google.com/bot.html)"
66.249.67.67 - - [29/Sep/2014:05:39:48 -0500] "GET /BLA/resoluciones/RESOLUCIONES%202005/RES%202005%20801-850/00000850.tif HTTP/1.1" 200 81706 "-" "Googlebot-Image/1.0"
186.154.19.71 - - [29/Sep/2014:05:40:50 -0500] "GET /BLA/boletinlegal/js/jquery.scrollTo-min.js HTTP/1.1" 200 1150 "http://www.ambientebogota.gov.co/" "Mozilla/5.0 (Windows NT 6.1) AppleWebKit/537.36 (KHTML, like Gecko) Chrome/34.0.1847.131 Safari/537.36"
186.154.19.71 - - [29/Sep/2014:05:40:50 -0500] "GET /BLA/boletinlegal/js/jquery.scrollShow.js HTTP/1.1" 200 4586 "http://www.ambientebogota.gov.co/" "Mozilla/5.0 (Windows NT 6.1) AppleWebKit/537.36 (KHTML, like Gecko) Chrome/34.0.1847.131 Safari/537.36"
186.154.19.71 - - [29/Sep/2014:05:40:50 -0500] "GET /galeria/carrusel/Carrusel/jquery.thumbnailScroller.css HTTP/1.1" 200 2066 "http://www.ambientebogota.gov.co/" "Mozilla/5.0 (Windows NT 6.1) AppleWebKit/537.36 (KHTML, like Gecko) Chrome/34.0.1847.131 Safari/537.36"
186.154.19.71 - - [29/Sep/2014:05:40:50 -0500] "GET /BLA/boletinlegal/js/jquery.js HTTP/1.1" 200 57254 "http://www.ambientebogota.gov.co/" "Mozilla/5.0 (Windows NT 6.1) AppleWebKit/537.36 (KHTML, like Gecko) Chrome/34.0.1847.131 Safari/537.36"
186.154.19.71 - - [29/Sep/2014:05:40:50 -0500] "GET /galeria/carrusel/Carrusel/jquery-ui-1.8.13.custom.min.js HTTP/1.1" 200 10800 "http://www.ambientebogota.gov.co/" "Mozilla/5.0 (Windows NT 6.1) AppleWebKit/537.36 (KHTML, like Gecko) Chrome/34.0.1847.131 Safari/537.36"
186.154.19.71 - - [29/Sep/2014:05:40:50 -0500] "GET /galeria/carrusel/Carrusel/jquery.thumbnailScroller.js HTTP/1.1" 200 8157 "http://www.ambientebogota.gov.co/" "Mozilla/5.0 (Windows NT 6.1) AppleWebKit/537.36 (KHTML, like Gecko) Chrome/34.0.1847.131 Safari/537.36"
187.171.48.66 - - [29/Sep/2014:05:40:56 -0500] "GET /BLA/boletinlegal/js/jquery.js HTTP/1.1" 200 57254 "http://ambientebogota.gov.co/web/fauna-silvestre/conozcamos-la-fauna-silvestre" "Mozilla/4.0 (compatible; MSIE 7.0; Windows NT 6.0; SLCC1; .NET CLR 2.0.50727; Media Center PC 5.0; .NET CLR 3.0.04506; InfoPath.2)"
187.171.48.66 - - [29/Sep/2014:05:40:57 -0500] "GET /BLA/boletinlegal/js/jquery.scrollTo-min.js HTTP/1.1" 200 1150 "http://ambientebogota.gov.co/web/fauna-silvestre/conozcamos-la-fauna-silvestre" "Mozilla/4.0 (compatible; MSIE 7.0; Windows NT 6.0; SLCC1; .NET CLR 2.0.50727; Media Center PC 5.0; .NET CLR 3.0.04506; InfoPath.2)"
187.171.48.66 - - [29/Sep/2014:05:40:58 -0500] "GET /BLA/boletinlegal/js/jquery.scrollShow.js HTTP/1.1" 200 4586 "http://ambientebogota.gov.co/web/fauna-silvestre/conozcamos-la-fauna-silvestre" "Mozilla/4.0 (compatible; MSIE 7.0; Windows NT 6.0; SLCC1; .NET CLR 2.0.50727; Media Center PC 5.0; .NET CLR 3.0.04506; InfoPath.2)"
202.46.52.36 - - [29/Sep/2014:05:41:10 -0500] "GET / HTTP/1.1" 302 - "-" "Mozilla/4.0 (compatible; MSIE 7.0; Windows NT 6.0)"
119.63.193.196 - - [29/Sep/2014:05:41:29 -0500] "GET / HTTP/1.1" 302 - "-" "Mozilla/4.0 (compatible; MSIE 7.0; Windows NT 6.0)"
54.171.58.139 - - [29/Sep/2014:05:42:19 -0500] "GET / HTTP/1.1" 302 - "-" "Mozilla/5.0 (X11; Linux x86_64) AppleWebKit/534.34 (KHTML, like Gecko) wkhtmltoimage Safari/534.34"
54.171.58.139 - - [29/Sep/2014:05:42:22 -0500] "GET /BLA/boletinlegal/js/jquery.scrollTo-min.js HTTP/1.1" 200 1150 "http://www.ambientebogota.gov.co/" "Mozilla/5.0 (X11; Linux x86_64) AppleWebKit/534.34 (KHTML, like Gecko) wkhtmltoimage Safari/534.34"
54.171.58.139 - - [29/Sep/2014:05:42:22 -0500] "GET /galeria/carrusel/Carrusel/jquery.thumbnailScroller.css HTTP/1.1" 200 2066 "http://www.ambientebogota.gov.co/" "Mozilla/5.0 (X11; Linux x86_64) AppleWebKit/534.34 (KHTML, like Gecko) wkhtmltoimage Safari/534.34"
54.171.58.139 - - [29/Sep/2014:05:42:22 -0500] "GET /BLA/boletinlegal/js/jquery.scrollShow.js HTTP/1.1" 200 4586 "http://www.ambientebogota.gov.co/" "Mozilla/5.0 (X11; Linux x86_64) AppleWebKit/534.34 (KHTML, like Gecko) wkhtmltoimage Safari/534.34"
54.171.58.139 - - [29/Sep/2014:05:42:22 -0500] "GET /galeria/carrusel/Carrusel/jquery.thumbnailScroller.js HTTP/1.1" 200 8157 "http://www.ambientebogota.gov.co/" "Mozilla/5.0 (X11; Linux x86_64) AppleWebKit/534.34 (KHTML, like Gecko) wkhtmltoimage Safari/534.34"
54.171.58.139 - - [29/Sep/2014:05:42:22 -0500] "GET /galeria/carrusel/Carrusel/jquery-ui-1.8.13.custom.min.js HTTP/1.1" 200 10800 "http://www.ambientebogota.gov.co/" "Mozilla/5.0 (X11; Linux x86_64) AppleWebKit/534.34 (KHTML, like Gecko) wkhtmltoimage Safari/534.34"
54.171.58.139 - - [29/Sep/2014:05:42:22 -0500] "GET /BLA/boletinlegal/js/jquery.js HTTP/1.1" 200 57254 "http://www.ambientebogota.gov.co/" "Mozilla/5.0 (X11; Linux x86_64) AppleWebKit/534.34 (KHTML, like Gecko) wkhtmltoimage Safari/534.34"
54.171.58.139 - - [29/Sep/2014:05:42:27 -0500] "GET /galeria/nivo-slider/demo/demo.html HTTP/1.1" 200 4440 "http://www.ambientebogota.gov.co/" "Mozilla/5.0 (X11; Linux x86_64) AppleWebKit/534.34 (KHTML, like Gecko) wkhtmltoimage Safari/534.34"
54.171.58.139 - - [29/Sep/2014:05:42:29 -0500] "GET /galeria/nivo-slider/themes/default/default.css HTTP/1.1" 200 1569 "http://190.27.245.106/galeria/nivo-slider/demo/demo.html" "Mozilla/5.0 (X11; Linux x86_64) AppleWebKit/534.34 (KHTML, like Gecko) wkhtmltoimage Safari/534.34"
54.171.58.139 - - [29/Sep/2014:05:42:29 -0500] "GET /galeria/nivo-slider/themes/pascal/pascal.css HTTP/1.1" 200 2258 "http://190.27.245.106/galeria/nivo-slider/demo/demo.html" "Mozilla/5.0 (X11; Linux x86_64) AppleWebKit/534.34 (KHTML, like Gecko) wkhtmltoimage Safari/534.34"
54.171.58.139 - - [29/Sep/2014:05:42:29 -0500] "GET /galeria/nivo-slider/nivo-slider.css HTTP/1.1" 200 1507 "http://190.27.245.106/galeria/nivo-slider/demo/demo.html" "Mozilla/5.0 (X11; Linux x86_64) AppleWebKit/534.34 (KHTML, like Gecko) wkhtmltoimage Safari/534.34"
54.171.58.139 - - [29/Sep/2014:05:42:29 -0500] "GET /galeria/nivo-slider/demo/style.css HTTP/1.1" 200 2222 "http://190.27.245.106/galeria/nivo-slider/demo/demo.html" "Mozilla/5.0 (X11; Linux x86_64) AppleWebKit/534.34 (KHTML, like Gecko) wkhtmltoimage Safari/534.34"
54.171.58.139 - - [29/Sep/2014:05:42:29 -0500] "GET /galeria/nivo-slider/themes/orman/orman.css HTTP/1.1" 200 2152 "http://190.27.245.106/galeria/nivo-slider/demo/demo.html" "Mozilla/5.0 (X11; Linux x86_64) AppleWebKit/534.34 (KHTML, like Gecko) wkhtmltoimage Safari/534.34"
207.46.13.102 - - [29/Sep/2014:05:42:30 -0500] "GET / HTTP/1.1" 302 - "-" "Mozilla/5.0 (compatible; bingbot/2.0; +http://www.bing.com/bingbot.htm)"
54.171.58.139 - - [29/Sep/2014:05:42:29 -0500] "GET /galeria/nivo-slider/jquery.nivo.slider.pack.js HTTP/1.1" 200 11561 "http://190.27.245.106/galeria/nivo-slider/demo/demo.html" "Mozilla/5.0 (X11; Linux x86_64) AppleWebKit/534.34 (KHTML, like Gecko) wkhtmltoimage Safari/534.34"
54.171.58.139 - - [29/Sep/2014:05:42:29 -0500] "GET /galeria/nivo-slider/demo/images/banner_adopcion2.jpg HTTP/1.1" 200 136406 "http://190.27.245.106/galeria/nivo-slider/demo/demo.html" "Mozilla/5.0 (X11; Linux x86_64) AppleWebKit/534.34 (KHTML, like Gecko) wkhtmltoimage Safari/534.34"
54.171.58.139 - - [29/Sep/2014:05:42:29 -0500] "GET /galeria/nivo-slider/demo/scripts/jquery-1.7.1.min.js HTTP/1.1" 200 93868 "http://190.27.245.106/galeria/nivo-slider/demo/demo.html" "Mozilla/5.0 (X11; Linux x86_64) AppleWebKit/534.34 (KHTML, like Gecko) wkhtmltoimage Safari/534.34"
54.171.58.139 - - [29/Sep/2014:05:42:29 -0500] "GET /galeria/nivo-slider/demo/images/jovenesplaza1.jpg HTTP/1.1" 200 152570 "http://190.27.245.106/galeria/nivo-slider/demo/demo.html" "Mozilla/5.0 (X11; Linux x86_64) AppleWebKit/534.34 (KHTML, like Gecko) wkhtmltoimage Safari/534.34"
54.171.58.139 - - [29/Sep/2014:05:42:30 -0500] "GET /galeria/nivo-slider/demo/images/marchaxclima05a.jpg HTTP/1.1" 200 127534 "http://190.27.245.106/galeria/nivo-slider/demo/demo.html" "Mozilla/5.0 (X11; Linux x86_64) AppleWebKit/534.34 (KHTML, like Gecko) wkhtmltoimage Safari/534.34"
54.171.58.139 - - [29/Sep/2014:05:42:30 -0500] "GET /galeria/nivo-slider/demo/images/marchaxclima03a.jpg HTTP/1.1" 200 179842 "http://190.27.245.106/galeria/nivo-slider/demo/demo.html" "Mozilla/5.0 (X11; Linux x86_64) AppleWebKit/534.34 (KHTML, like Gecko) wkhtmltoimage Safari/534.34"
54.171.58.139 - - [29/Sep/2014:05:42:30 -0500] "GET /galeria/nivo-slider/demo/images/marchaxclima01a.jpg HTTP/1.1" 200 157427 "http://190.27.245.106/galeria/nivo-slider/demo/demo.html" "Mozilla/5.0 (X11; Linux x86_64) AppleWebKit/534.34 (KHTML, like Gecko) wkhtmltoimage Safari/534.34"
54.171.58.139 - - [29/Sep/2014:05:42:31 -0500] "GET /galeria/nivo-slider/demo/images/Recilaton02.jpg HTTP/1.1" 200 82162 "http://190.27.245.106/galeria/nivo-slider/demo/demo.html" "Mozilla/5.0 (X11; Linux x86_64) AppleWebKit/534.34 (KHTML, like Gecko) wkhtmltoimage Safari/534.34"
54.171.58.139 - - [29/Sep/2014:05:42:31 -0500] "GET /galeria/nivo-slider/demo/images/banner-encuesta.jpg HTTP/1.1" 200 42764 "http://190.27.245.106/galeria/nivo-slider/demo/demo.html" "Mozilla/5.0 (X11; Linux x86_64) AppleWebKit/534.34 (KHTML, like Gecko) wkhtmltoimage Safari/534.34"
54.171.58.139 - - [29/Sep/2014:05:42:31 -0500] "GET /galeria/nivo-slider/demo/images/9Signos.jpg HTTP/1.1" 200 93040 "http://190.27.245.106/galeria/nivo-slider/demo/demo.html" "Mozilla/5.0 (X11; Linux x86_64) AppleWebKit/534.34 (KHTML, like Gecko) wkhtmltoimage Safari/534.34"
54.171.58.139 - - [29/Sep/2014:05:42:31 -0500] "GET /galeria/nivo-slider/demo/images/banner-llantas2.jpg HTTP/1.1" 200 73153 "http://190.27.245.106/galeria/nivo-slider/demo/demo.html" "Mozilla/5.0 (X11; Linux x86_64) AppleWebKit/534.34 (KHTML, like Gecko) wkhtmltoimage Safari/534.34"
54.171.58.139 - - [29/Sep/2014:05:42:29 -0500] "GET /galeria/nivo-slider/demo/images/BannerIDRD1.png HTTP/1.1" 200 316313 "http://190.27.245.106/galeria/nivo-slider/demo/demo.html" "Mozilla/5.0 (X11; Linux x86_64) AppleWebKit/534.34 (KHTML, like Gecko) wkhtmltoimage Safari/534.34"
54.171.58.139 - - [29/Sep/2014:05:42:32 -0500] "GET /galeria/nivo-slider/demo/images/ConstructorasFNL.jpg HTTP/1.1" 200 216551 "http://190.27.245.106/galeria/nivo-slider/demo/demo.html" "Mozilla/5.0 (X11; Linux x86_64) AppleWebKit/534.34 (KHTML, like Gecko) wkhtmltoimage Safari/534.34"
54.171.58.139 - - [29/Sep/2014:05:42:29 -0500] "GET /galeria/nivo-slider/demo/images/bannerEcolecta3.jpg HTTP/1.1" 200 280034 "http://190.27.245.106/galeria/nivo-slider/demo/demo.html" "Mozilla/5.0 (X11; Linux x86_64) AppleWebKit/534.34 (KHTML, like Gecko) wkhtmltoimage Safari/534.34"
54.171.58.139 - - [29/Sep/2014:05:42:31 -0500] "GET /galeria/nivo-slider/demo/images/cumbre-climaNvaYork.jpg HTTP/1.1" 200 71628 "http://190.27.245.106/galeria/nivo-slider/demo/demo.html" "Mozilla/5.0 (X11; Linux x86_64) AppleWebKit/534.34 (KHTML, like Gecko) wkhtmltoimage Safari/534.34"
54.171.58.139 - - [29/Sep/2014:05:42:32 -0500] "GET /galeria/nivo-slider/demo/images/4Simple_Slider.png HTTP/1.1" 200 11722 "http://190.27.245.106/galeria/nivo-slider/demo/demo.html" "Mozilla/5.0 (X11; Linux x86_64) AppleWebKit/534.34 (KHTML, like Gecko) wkhtmltoimage Safari/534.34"
54.171.58.139 - - [29/Sep/2014:05:42:32 -0500] "GET /galeria/nivo-slider/themes/default/loading.gif HTTP/1.1" 200 1737 "http://190.27.245.106/galeria/nivo-slider/demo/demo.html" "Mozilla/5.0 (X11; Linux x86_64) AppleWebKit/534.34 (KHTML, like Gecko) wkhtmltoimage Safari/534.34"
54.171.58.139 - - [29/Sep/2014:05:42:31 -0500] "GET /galeria/nivo-slider/demo/images/banner-caballos.png HTTP/1.1" 200 389106 "http://190.27.245.106/galeria/nivo-slider/demo/demo.html" "Mozilla/5.0 (X11; Linux x86_64) AppleWebKit/534.34 (KHTML, like Gecko) wkhtmltoimage Safari/534.34"
54.171.58.139 - - [29/Sep/2014:05:42:32 -0500] "GET /galeria/nivo-slider/demo/images/Hacienda_Molinos.jpg HTTP/1.1" 200 319171 "http://190.27.245.106/galeria/nivo-slider/demo/demo.html" "Mozilla/5.0 (X11; Linux x86_64) AppleWebKit/534.34 (KHTML, like Gecko) wkhtmltoimage Safari/534.34"
54.171.58.139 - - [29/Sep/2014:05:42:31 -0500] "GET /galeria/nivo-slider/demo/images/Banner-Caracol-Africano.jpg HTTP/1.1" 200 331986 "http://190.27.245.106/galeria/nivo-slider/demo/demo.html" "Mozilla/5.0 (X11; Linux x86_64) AppleWebKit/534.34 (KHTML, like Gecko) wkhtmltoimage Safari/534.34"
54.171.58.139 - - [29/Sep/2014:05:42:35 -0500] "GET /galeria/nivo-slider/themes/default/arrows.png HTTP/1.1" 200 824 "http://190.27.245.106/galeria/nivo-slider/demo/demo.html" "Mozilla/5.0 (X11; Linux x86_64) AppleWebKit/534.34 (KHTML, like Gecko) wkhtmltoimage Safari/534.34"
54.171.58.139 - - [29/Sep/2014:05:42:35 -0500] "GET /galeria/nivo-slider/themes/default/bullets.png HTTP/1.1" 200 1281 "http://190.27.245.106/galeria/nivo-slider/demo/demo.html" "Mozilla/5.0 (X11; Linux x86_64) AppleWebKit/534.34 (KHTML, like Gecko) wkhtmltoimage Safari/534.34"
74.86.158.107 - - [29/Sep/2014:05:43:27 -0500] "HEAD / HTTP/1.1" 302 - "-" "Mozilla/5.0+(compatible; UptimeRobot/2.0; http://www.uptimerobot.com/)"
101.226.65.108 - - [29/Sep/2014:05:43:35 -0500] "GET /BLA/boletinlegal/js/jquery.scrollTo-min.js HTTP/1.1" 200 1150 "http://190.27.245.106/BLA/boletinlegal/js/jquery.scrollTo-min.js" "Mozilla/4.0"
101.226.65.108 - - [29/Sep/2014:05:43:35 -0500] "GET /galeria/nivo-slider/demo/demo.html HTTP/1.1" 200 4440 "-" "Mozilla/4.0"
101.226.65.108 - - [29/Sep/2014:05:43:35 -0500] "GET /galeria/carrusel/Carrusel/jquery.thumbnailScroller.js HTTP/1.1" 200 8157 "http://190.27.245.106/galeria/carrusel/Carrusel/jquery.thumbnailScroller.js" "Mozilla/4.0"
101.226.65.108 - - [29/Sep/2014:05:43:35 -0500] "GET /BLA/boletinlegal/js/jquery.scrollShow.js HTTP/1.1" 200 4586 "http://190.27.245.106/BLA/boletinlegal/js/jquery.scrollShow.js" "Mozilla/4.0"
101.226.65.108 - - [29/Sep/2014:05:43:35 -0500] "GET /BLA/boletinlegal/js/jquery.js HTTP/1.1" 200 57254 "http://190.27.245.106/BLA/boletinlegal/js/jquery.js" "Mozilla/4.0"
186.113.10.143 - - [29/Sep/2014:05:43:44 -0500] "GET /galeria/nivo-slider/demo/images/PremioMoraci-Delicias.jpg HTTP/1.1" 304 - "-" "Mozilla/4.0 (compatible;)"
100.43.85.25 - - [29/Sep/2014:05:45:23 -0500] "GET /portel_dama/libreria/pdf/ecosistemas/restauracion/sitio/33_publi/protoc/7_cuad6.html HTTP/1.1" 200 110040 "-" "Mozilla/5.0 (compatible; YandexBot/3.0; +http://yandex.com/bots)"
66.249.64.171 - - [29/Sep/2014:05:45:23 -0500] "GET /robots.txt HTTP/1.1" 404 1206 "-" "Mozilla/5.0 (compatible; Googlebot/2.1; +http://www.google.com/bot.html)"
66.249.64.163 - - [29/Sep/2014:05:45:23 -0500] "GET /BLA/resoluciones/RESOLUCIONES%202007/RES%202007%201301%20AL%201400/RESOLUCION%201369%20DE%202007.pdf HTTP/1.1" 200 229104 "-" "Mozilla/5.0 (compatible; Googlebot/2.1; +http://www.google.com/bot.html)"
190.25.232.143 - - [29/Sep/2014:05:45:49 -0500] "GET /galeria/nivo-slider/demo/images/morrocoy1.jpg HTTP/1.1" 304 - "-" "Mozilla/4.0 (compatible;)"
74.86.158.107 - - [29/Sep/2014:05:48:27 -0500] "HEAD / HTTP/1.1" 302 - "-" "Mozilla/5.0+(compatible; UptimeRobot/2.0; http://www.uptimerobot.com/)"
66.249.64.163 - - [29/Sep/2014:05:48:53 -0500] "GET /BLA/resoluciones/AUTOS%202006/AUTOS%202006%201301-1400/00001366.tif HTTP/1.1" 200 62138 "-" "Googlebot-Image/1.0"
101.226.65.108 - - [29/Sep/2014:05:48:55 -0500] "GET /galeria/nivo-slider/jquery.nivo.slider.pack.js HTTP/1.1" 200 11561 "http://190.27.245.106/galeria/nivo-slider/jquery.nivo.slider.pack.js" "Mozilla/4.0"
101.226.65.108 - - [29/Sep/2014:05:48:55 -0500] "GET /galeria/nivo-slider/demo/scripts/jquery-1.7.1.min.js HTTP/1.1" 200 93868 "http://190.27.245.106/galeria/nivo-slider/demo/scripts/jquery-1.7.1.min.js" "Mozilla/4.0"
66.249.64.57 - - [29/Sep/2014:05:50:08 -0500] "GET /robots.txt HTTP/1.1" 404 1205 "-" "Mozilla/5.0 (compatible; Googlebot/2.1; +http://www.google.com/bot.html)"
66.249.64.57 - - [29/Sep/2014:05:50:08 -0500] "GET /portel_dama/administracion/imagenes/help_small.gif HTTP/1.1" 304 - "-" "Googlebot-Image/1.0"
186.82.93.61 - - [29/Sep/2014:05:50:18 -0500] "GET /Report2/logout.do HTTP/1.1" 200 4294 "http://190.27.245.106/Report2/login.do;jsessionid=E5A5BE138BFBD108FE054C71806ABF21" "Mozilla/5.0 (Macintosh; Intel Mac OS X 10_9_5) AppleWebKit/600.1.17 (KHTML, like Gecko) Version/7.1 Safari/537.85.10"
190.90.95.2 - - [29/Sep/2014:05:50:28 -0500] "GET /BLA/boletinlegal/js/jquery.scrollTo-min.js HTTP/1.1" 200 1150 "http://ambientebogota.gov.co/archivo-de-noticias/-/asset_publisher/5PPa/content/id/1443058" "Mozilla/5.0 (Windows NT 6.1) AppleWebKit/537.36 (KHTML, like Gecko) Chrome/37.0.2062.124 Safari/537.36"
190.90.95.2 - - [29/Sep/2014:05:50:28 -0500] "GET /BLA/boletinlegal/js/jquery.scrollShow.js HTTP/1.1" 200 4586 "http://ambientebogota.gov.co/archivo-de-noticias/-/asset_publisher/5PPa/content/id/1443058" "Mozilla/5.0 (Windows NT 6.1) AppleWebKit/537.36 (KHTML, like Gecko) Chrome/37.0.2062.124 Safari/537.36"
190.90.95.2 - - [29/Sep/2014:05:50:28 -0500] "GET /BLA/boletinlegal/js/jquery.js HTTP/1.1" 200 57254 "http://ambientebogota.gov.co/archivo-de-noticias/-/asset_publisher/5PPa/content/id/1443058" "Mozilla/5.0 (Windows NT 6.1) AppleWebKit/537.36 (KHTML, like Gecko) Chrome/37.0.2062.124 Safari/537.36"
64.76.213.197 - - [29/Sep/2014:05:50:34 -0500] "GET /galeria/nivo-slider/demo/images/ubaguaya01.jpg HTTP/1.1" 304 - "-" "Mozilla/4.0 (compatible;)"
201.245.192.253 - - [29/Sep/2014:05:50:57 -0500] "GET /forest/1ibre/1ibre.css HTTP/1.1" 304 - "-" "Mozilla/4.0 (compatible;)"
66.249.64.163 - - [29/Sep/2014:05:51:00 -0500] "GET /BLA/resoluciones/RESOLUCIONES%202007/RES%202007%203301%20AL%203400/RESOLUCION%203372%20DE%202007.pdf HTTP/1.1" 304 - "-" "Mozilla/5.0 (compatible; Googlebot/2.1; +http://www.google.com/bot.html)"
200.118.66.50 - - [29/Sep/2014:05:51:33 -0500] "GET /BLA/boletinlegal/js/jquery.scrollTo-min.js HTTP/1.1" 200 1150 "http://ambientebogota.gov.co/archivo-de-noticias/-/asset_publisher/5PPa/content/parque-ecologico-entrenubes-y-al-mirador-de-los-nevados-tesoros-naturales-de-bogota?redirect=http%3A%2F%2Fambientebogota.gov.co%2Farchivo-de-noticias%3Fp_p_id%3D101_INSTANCE_5PPa%26p_p_lifecycle%3D0%26p_p_state%3Dnormal%26p_p_mode%3Dview%26p_p_col_id%3Dcolumn-2%26p_p_col_pos%3D1%26p_p_col_count%3D2" "Mozilla/5.0 (Linux; U; Android 4.2.2; es-sa; LG-D805 Build/JDQ39B) AppleWebKit/534.30 (KHTML, like Gecko) Version/4.2 Mobile Safari/534.30"
200.118.66.50 - - [29/Sep/2014:05:51:33 -0500] "GET /BLA/boletinlegal/js/jquery.scrollShow.js HTTP/1.1" 200 4586 "http://ambientebogota.gov.co/archivo-de-noticias/-/asset_publisher/5PPa/content/parque-ecologico-entrenubes-y-al-mirador-de-los-nevados-tesoros-naturales-de-bogota?redirect=http%3A%2F%2Fambientebogota.gov.co%2Farchivo-de-noticias%3Fp_p_id%3D101_INSTANCE_5PPa%26p_p_lifecycle%3D0%26p_p_state%3Dnormal%26p_p_mode%3Dview%26p_p_col_id%3Dcolumn-2%26p_p_col_pos%3D1%26p_p_col_count%3D2" "Mozilla/5.0 (Linux; U; Android 4.2.2; es-sa; LG-D805 Build/JDQ39B) AppleWebKit/534.30 (KHTML, like Gecko) Version/4.2 Mobile Safari/534.30"
200.118.66.50 - - [29/Sep/2014:05:51:33 -0500] "GET /BLA/boletinlegal/js/jquery.js HTTP/1.1" 200 57254 "http://ambientebogota.gov.co/archivo-de-noticias/-/asset_publisher/5PPa/content/parque-ecologico-entrenubes-y-al-mirador-de-los-nevados-tesoros-naturales-de-bogota?redirect=http%3A%2F%2Fambientebogota.gov.co%2Farchivo-de-noticias%3Fp_p_id%3D101_INSTANCE_5PPa%26p_p_lifecycle%3D0%26p_p_state%3Dnormal%26p_p_mode%3Dview%26p_p_col_id%3Dcolumn-2%26p_p_col_pos%3D1%26p_p_col_count%3D2" "Mozilla/5.0 (Linux; U; Android 4.2.2; es-sa; LG-D805 Build/JDQ39B) AppleWebKit/534.30 (KHTML, like Gecko) Version/4.2 Mobile Safari/534.30"
100.43.85.25 - - [29/Sep/2014:05:52:51 -0500] "GET /ifweb/ifx/Image23.jpg HTTP/1.1" 200 668961 "-" "Mozilla/5.0 (compatible; YandexBot/3.0; +http://yandex.com/bots)"
200.106.216.102 - - [29/Sep/2014:05:52:52 -0500] "GET /BLA/resoluciones/RESOLUCIONES%202007/RES%202007%203601%20AL%203700/RESOLUCION%203662%20DE%202007.pdf HTTP/1.1" 200 674847 "http://www.google.com.co/url?sa=t&rct=j&q=&esrc=s&source=web&cd=3&ved=0CCoQFjAC&url=http%3A%2F%2F190.27.245.106%2FBLA%2Fresoluciones%2FRESOLUCIONES%25202007%2FRES%25202007%25203601%2520AL%25203700%2FRESOLUCION%25203662%2520DE%25202007.pdf&ei=jDopVMqMMtKNNs-igIgD&usg=AFQjCNEU9C4u9k-EEYE4WAAOGK-1BXhwow&bvm=bv.76247554,d.eXY" "Mozilla/5.0 (Macintosh; Intel Mac OS X 10.8; rv:32.0) Gecko/20100101 Firefox/32.0"
200.106.216.102 - - [29/Sep/2014:05:52:53 -0500] "GET /favicon.ico HTTP/1.1" 200 18567 "-" "Mozilla/5.0 (Macintosh; Intel Mac OS X 10.8; rv:32.0) Gecko/20100101 Firefox/32.0"
200.106.216.102 - - [29/Sep/2014:05:52:54 -0500] "GET /BLA/resoluciones/RESOLUCIONES%202007/RES%202007%203601%20AL%203700/RESOLUCION%203662%20DE%202007.pdf HTTP/1.1" 206 19487 "http://www.google.com.co/url?sa=t&rct=j&q=&esrc=s&source=web&cd=3&ved=0CCoQFjAC&url=http%3A%2F%2F190.27.245.106%2FBLA%2Fresoluciones%2FRESOLUCIONES%25202007%2FRES%25202007%25203601%2520AL%25203700%2FRESOLUCION%25203662%2520DE%25202007.pdf&ei=jDopVMqMMtKNNs-igIgD&usg=AFQjCNEU9C4u9k-EEYE4WAAOGK-1BXhwow&bvm=bv.76247554,d.eXY" "Mozilla/5.0 (Macintosh; Intel Mac OS X 10.8; rv:32.0) Gecko/20100101 Firefox/32.0"
200.106.216.102 - - [29/Sep/2014:05:52:54 -0500] "GET /BLA/resoluciones/RESOLUCIONES%202007/RES%202007%203601%20AL%203700/RESOLUCION%203662%20DE%202007.pdf HTTP/1.1" 206 65536 "http://www.google.com.co/url?sa=t&rct=j&q=&esrc=s&source=web&cd=3&ved=0CCoQFjAC&url=http%3A%2F%2F190.27.245.106%2FBLA%2Fresoluciones%2FRESOLUCIONES%25202007%2FRES%25202007%25203601%2520AL%25203700%2FRESOLUCION%25203662%2520DE%25202007.pdf&ei=jDopVMqMMtKNNs-igIgD&usg=AFQjCNEU9C4u9k-EEYE4WAAOGK-1BXhwow&bvm=bv.76247554,d.eXY" "Mozilla/5.0 (Macintosh; Intel Mac OS X 10.8; rv:32.0) Gecko/20100101 Firefox/32.0"
200.106.216.102 - - [29/Sep/2014:05:52:54 -0500] "GET /BLA/resoluciones/RESOLUCIONES%202007/RES%202007%203601%20AL%203700/RESOLUCION%203662%20DE%202007.pdf HTTP/1.1" 206 65536 "http://www.google.com.co/url?sa=t&rct=j&q=&esrc=s&source=web&cd=3&ved=0CCoQFjAC&url=http%3A%2F%2F190.27.245.106%2FBLA%2Fresoluciones%2FRESOLUCIONES%25202007%2FRES%25202007%25203601%2520AL%25203700%2FRESOLUCION%25203662%2520DE%25202007.pdf&ei=jDopVMqMMtKNNs-igIgD&usg=AFQjCNEU9C4u9k-EEYE4WAAOGK-1BXhwow&bvm=bv.76247554,d.eXY" "Mozilla/5.0 (Macintosh; Intel Mac OS X 10.8; rv:32.0) Gecko/20100101 Firefox/32.0"
200.106.216.102 - - [29/Sep/2014:05:52:54 -0500] "GET /BLA/resoluciones/RESOLUCIONES%202007/RES%202007%203601%20AL%203700/RESOLUCION%203662%20DE%202007.pdf HTTP/1.1" 206 65536 "http://www.google.com.co/url?sa=t&rct=j&q=&esrc=s&source=web&cd=3&ved=0CCoQFjAC&url=http%3A%2F%2F190.27.245.106%2FBLA%2Fresoluciones%2FRESOLUCIONES%25202007%2FRES%25202007%25203601%2520AL%25203700%2FRESOLUCION%25203662%2520DE%25202007.pdf&ei=jDopVMqMMtKNNs-igIgD&usg=AFQjCNEU9C4u9k-EEYE4WAAOGK-1BXhwow&bvm=bv.76247554,d.eXY" "Mozilla/5.0 (Macintosh; Intel Mac OS X 10.8; rv:32.0) Gecko/20100101 Firefox/32.0"
200.106.216.102 - - [29/Sep/2014:05:52:54 -0500] "GET /BLA/resoluciones/RESOLUCIONES%202007/RES%202007%203601%20AL%203700/RESOLUCION%203662%20DE%202007.pdf HTTP/1.1" 206 65536 "http://www.google.com.co/url?sa=t&rct=j&q=&esrc=s&source=web&cd=3&ved=0CCoQFjAC&url=http%3A%2F%2F190.27.245.106%2FBLA%2Fresoluciones%2FRESOLUCIONES%25202007%2FRES%25202007%25203601%2520AL%25203700%2FRESOLUCION%25203662%2520DE%25202007.pdf&ei=jDopVMqMMtKNNs-igIgD&usg=AFQjCNEU9C4u9k-EEYE4WAAOGK-1BXhwow&bvm=bv.76247554,d.eXY" "Mozilla/5.0 (Macintosh; Intel Mac OS X 10.8; rv:32.0) Gecko/20100101 Firefox/32.0"
200.106.216.102 - - [29/Sep/2014:05:52:55 -0500] "GET /BLA/resoluciones/RESOLUCIONES%202007/RES%202007%203601%20AL%203700/RESOLUCION%203662%20DE%202007.pdf HTTP/1.1" 206 65536 "http://www.google.com.co/url?sa=t&rct=j&q=&esrc=s&source=web&cd=3&ved=0CCoQFjAC&url=http%3A%2F%2F190.27.245.106%2FBLA%2Fresoluciones%2FRESOLUCIONES%25202007%2FRES%25202007%25203601%2520AL%25203700%2FRESOLUCION%25203662%2520DE%25202007.pdf&ei=jDopVMqMMtKNNs-igIgD&usg=AFQjCNEU9C4u9k-EEYE4WAAOGK-1BXhwow&bvm=bv.76247554,d.eXY" "Mozilla/5.0 (Macintosh; Intel Mac OS X 10.8; rv:32.0) Gecko/20100101 Firefox/32.0"
200.106.216.102 - - [29/Sep/2014:05:52:55 -0500] "GET /BLA/resoluciones/RESOLUCIONES%202007/RES%202007%203601%20AL%203700/RESOLUCION%203662%20DE%202007.pdf HTTP/1.1" 206 65536 "http://www.google.com.co/url?sa=t&rct=j&q=&esrc=s&source=web&cd=3&ved=0CCoQFjAC&url=http%3A%2F%2F190.27.245.106%2FBLA%2Fresoluciones%2FRESOLUCIONES%25202007%2FRES%25202007%25203601%2520AL%25203700%2FRESOLUCION%25203662%2520DE%25202007.pdf&ei=jDopVMqMMtKNNs-igIgD&usg=AFQjCNEU9C4u9k-EEYE4WAAOGK-1BXhwow&bvm=bv.76247554,d.eXY" "Mozilla/5.0 (Macintosh; Intel Mac OS X 10.8; rv:32.0) Gecko/20100101 Firefox/32.0"
200.106.216.102 - - [29/Sep/2014:05:52:55 -0500] "GET /BLA/resoluciones/RESOLUCIONES%202007/RES%202007%203601%20AL%203700/RESOLUCION%203662%20DE%202007.pdf HTTP/1.1" 206 65536 "http://www.google.com.co/url?sa=t&rct=j&q=&esrc=s&source=web&cd=3&ved=0CCoQFjAC&url=http%3A%2F%2F190.27.245.106%2FBLA%2Fresoluciones%2FRESOLUCIONES%25202007%2FRES%25202007%25203601%2520AL%25203700%2FRESOLUCION%25203662%2520DE%25202007.pdf&ei=jDopVMqMMtKNNs-igIgD&usg=AFQjCNEU9C4u9k-EEYE4WAAOGK-1BXhwow&bvm=bv.76247554,d.eXY" "Mozilla/5.0 (Macintosh; Intel Mac OS X 10.8; rv:32.0) Gecko/20100101 Firefox/32.0"
74.86.158.107 - - [29/Sep/2014:05:53:27 -0500] "HEAD / HTTP/1.1" 302 - "-" "Mozilla/5.0+(compatible; UptimeRobot/2.0; http://www.uptimerobot.com/)"
88.244.89.113 - - [29/Sep/2014:05:53:56 -0500] "GET / HTTP/1.1" 302 - "http://190.27.245.106/" "Mozilla/4.0 (compatible; MSIE 6.0; Windows NT 5.1; SV1)"
66.249.64.49 - - [29/Sep/2014:05:54:54 -0500] "GET /BLA/boletinlegal/Directivas/2011/Directiva%20No.%201%20del%205%20de%20Abril%20de%202011.pdf HTTP/1.1" 304 - "-" "DoCoMo/2.0 N905i(c100;TB;W24H16) (compatible; Googlebot-Mobile/2.1; +http://www.google.com/bot.html)"
66.249.64.171 - - [29/Sep/2014:05:55:03 -0500] "GET /BLA/resoluciones/RESOLUCIONES%202009/2546.pdf HTTP/1.1" 200 423643 "-" "Mozilla/5.0 (iPhone; CPU iPhone OS 6_0 like Mac OS X) AppleWebKit/536.26 (KHTML, like Gecko) Version/6.0 Mobile/10A5376e Safari/8536.25 (compatible; Googlebot/2.1; +http://www.google.com/bot.html)"
66.249.64.53 - - [29/Sep/2014:05:56:38 -0500] "GET /pga/RESUMEN.PDF HTTP/1.1" 200 2286632 "-" "Mozilla/5.0 (compatible; Googlebot/2.1; +http://www.google.com/bot.html)"
186.29.40.199 - - [29/Sep/2014:05:57:15 -0500] "GET /galeria/nivo-slider/demo/demo.html HTTP/1.1" 304 - "http://www.ambientebogota.gov.co/" "Mozilla/5.0 (Windows NT 6.1; Trident/7.0; BOIE9;ESCO; rv:11.0) like Gecko"
186.29.40.199 - - [29/Sep/2014:05:57:17 -0500] "GET /galeria/nivo-slider/demo/images/banner_adopcion2.jpg HTTP/1.1" 304 - "http://190.27.245.106/galeria/nivo-slider/demo/demo.html" "Mozilla/5.0 (Windows NT 6.1; Trident/7.0; BOIE9;ESCO; rv:11.0) like Gecko"
186.29.40.199 - - [29/Sep/2014:05:57:18 -0500] "GET /galeria/nivo-slider/demo/images/bannerEcolecta3.jpg HTTP/1.1" 304 - "http://190.27.245.106/galeria/nivo-slider/demo/demo.html" "Mozilla/5.0 (Windows NT 6.1; Trident/7.0; BOIE9;ESCO; rv:11.0) like Gecko"
186.29.40.199 - - [29/Sep/2014:05:57:18 -0500] "GET /galeria/nivo-slider/demo/images/BannerIDRD1.png HTTP/1.1" 304 - "http://190.27.245.106/galeria/nivo-slider/demo/demo.html" "Mozilla/5.0 (Windows NT 6.1; Trident/7.0; BOIE9;ESCO; rv:11.0) like Gecko"
186.29.40.199 - - [29/Sep/2014:05:57:18 -0500] "GET /galeria/nivo-slider/demo/images/jovenesplaza1.jpg HTTP/1.1" 304 - "http://190.27.245.106/galeria/nivo-slider/demo/demo.html" "Mozilla/5.0 (Windows NT 6.1; Trident/7.0; BOIE9;ESCO; rv:11.0) like Gecko"
186.29.40.199 - - [29/Sep/2014:05:57:18 -0500] "GET /galeria/nivo-slider/demo/images/marchaxclima01a.jpg HTTP/1.1" 304 - "http://190.27.245.106/galeria/nivo-slider/demo/demo.html" "Mozilla/5.0 (Windows NT 6.1; Trident/7.0; BOIE9;ESCO; rv:11.0) like Gecko"
186.29.40.199 - - [29/Sep/2014:05:57:18 -0500] "GET /galeria/nivo-slider/demo/images/marchaxclima03a.jpg HTTP/1.1" 304 - "http://190.27.245.106/galeria/nivo-slider/demo/demo.html" "Mozilla/5.0 (Windows NT 6.1; Trident/7.0; BOIE9;ESCO; rv:11.0) like Gecko"
186.29.40.199 - - [29/Sep/2014:05:57:18 -0500] "GET /galeria/nivo-slider/demo/images/marchaxclima05a.jpg HTTP/1.1" 304 - "http://190.27.245.106/galeria/nivo-slider/demo/demo.html" "Mozilla/5.0 (Windows NT 6.1; Trident/7.0; BOIE9;ESCO; rv:11.0) like Gecko"
186.29.40.199 - - [29/Sep/2014:05:57:19 -0500] "GET /galeria/nivo-slider/demo/images/4Simple_Slider.png HTTP/1.1" 200 11722 "http://190.27.245.106/galeria/nivo-slider/demo/demo.html" "Mozilla/5.0 (Windows NT 6.1; Trident/7.0; BOIE9;ESCO; rv:11.0) like Gecko"
186.29.40.199 - - [29/Sep/2014:05:57:19 -0500] "GET /galeria/nivo-slider/themes/default/arrows.png HTTP/1.1" 200 824 "http://190.27.245.106/galeria/nivo-slider/demo/demo.html" "Mozilla/5.0 (Windows NT 6.1; Trident/7.0; BOIE9;ESCO; rv:11.0) like Gecko"
186.29.40.199 - - [29/Sep/2014:05:57:19 -0500] "GET /galeria/nivo-slider/themes/default/bullets.png HTTP/1.1" 200 1281 "http://190.27.245.106/galeria/nivo-slider/demo/demo.html" "Mozilla/5.0 (Windows NT 6.1; Trident/7.0; BOIE9;ESCO; rv:11.0) like Gecko"
186.29.40.199 - - [29/Sep/2014:05:57:18 -0500] "GET /videos/VideoOABFLV.flv HTTP/1.1" 200 7889923 "http://www.ambientebogota.gov.co/videos/flowplayer-3.2.6.swf" "Mozilla/5.0 (Windows NT 6.1; Trident/7.0; BOIE9;ESCO; rv:11.0) like Gecko"
74.86.158.107 - - [29/Sep/2014:05:58:27 -0500] "HEAD / HTTP/1.1" 302 - "-" "Mozilla/5.0+(compatible; UptimeRobot/2.0; http://www.uptimerobot.com/)"
100.43.85.25 - - [29/Sep/2014:06:00:23 -0500] "GET /sinmi2/htm7/INFORME%2007%20AM%20-%20VER%2097/index.htm HTTP/1.1" 200 1193 "-" "Mozilla/5.0 (compatible; YandexBot/3.0; +http://yandex.com/bots)"
190.184.202.162 - - [29/Sep/2014:06:00:39 -0500] "GET /BLA/boletinlegal/js/jquery.scrollTo-min.js HTTP/1.1" 200 1150 "http://www.ambientebogota.gov.co/web/sda/politicas-ambientales" "Mozilla/5.0 (iPad; CPU OS 8_0_2 like Mac OS X) AppleWebKit/600.1.4 (KHTML, like Gecko) Mobile/12A405"
190.184.202.162 - - [29/Sep/2014:06:00:39 -0500] "GET /BLA/boletinlegal/js/jquery.scrollShow.js HTTP/1.1" 200 4586 "http://www.ambientebogota.gov.co/web/sda/politicas-ambientales" "Mozilla/5.0 (iPad; CPU OS 8_0_2 like Mac OS X) AppleWebKit/600.1.4 (KHTML, like Gecko) Mobile/12A405"
190.184.202.162 - - [29/Sep/2014:06:00:39 -0500] "GET /BLA/boletinlegal/js/jquery.js HTTP/1.1" 200 57254 "http://www.ambientebogota.gov.co/web/sda/politicas-ambientales" "Mozilla/5.0 (iPad; CPU OS 8_0_2 like Mac OS X) AppleWebKit/600.1.4 (KHTML, like Gecko) Mobile/12A405"
152.61.128.66 - - [29/Sep/2014:06:01:02 -0500] "HEAD / HTTP/1.1" 302 - "-" "Mozilla/5.0 (Windows; U; Windows NT 5.1; rv:1.7.3) Gecko/20041001 Firefox/0.10.1"
152.61.128.66 - - [29/Sep/2014:06:01:02 -0500] "GET /arcgis/services/Calidad_del_Agua_WQI/MapServer/WMSServer?request=GetCapabilities&service=WMS HTTP/1.1" 200 32135 "-" "Mozilla/5.0 (Windows; U; Windows NT 5.1; rv:1.7.3) Gecko/20041001 Firefox/0.10.1"
152.61.128.66 - - [29/Sep/2014:06:01:02 -0500] "GET /arcgis/services/Calidad_del_Agua_WQI/MapServer/WMSServer?request=GetCapabilities&service=WMS HTTP/1.0" 200 32135 "-" "Mozilla/5.0 (Windows; U; Windows NT 5.1; rv:1.7.3) Gecko/20041001 Firefox/0.10.1"
152.61.128.66 - - [29/Sep/2014:06:01:03 -0500] "GET /arcgis/services/Calidad_del_Agua_WQI/MapServer/WMSServer?request=GetCapabilities&service=WMS HTTP/1.0" 200 32135 "-" "Mozilla/5.0 (Windows; U; Windows NT 5.1; rv:1.7.3) Gecko/20041001 Firefox/0.10.1"
152.61.128.66 - - [29/Sep/2014:06:01:04 -0500] "GET /arcgis/services/Calidad_del_Agua_WQI/MapServer/WMSServer?request=GetCapabilities&service=WMS HTTP/1.0" 200 32135 "-" "Mozilla/5.0 (Windows; U; Windows NT 5.1; rv:1.7.3) Gecko/20041001 Firefox/0.10.1"
152.61.128.66 - - [29/Sep/2014:06:01:05 -0500] "GET /arcgis/services/Calidad_del_Agua_WQI/MapServer/WMSServer?VERSION=1.1.1&REQUEST=GetMap&LAYERS=0&SRS=EPSG:4326&BBOX=-74.473395,3.674381,-73.963300,4.920569&WIDTH=250&HEIGHT=250&FORMAT=image/bmp&STYLES=& HTTP/1.1" 200 188054 "-" "Mozilla/5.0 (Windows; U; Windows NT 5.1; rv:1.7.3) Gecko/20041001 Firefox/0.10.1"
66.249.64.57 - - [29/Sep/2014:06:02:16 -0500] "GET /Anexos%20estudio%20Organizacional%20SDA/index.php?dir=ANEXO%20No.%204%20-%20ENCUESTA%20DE%20AN%C1LISIS%20ORGANIZACIONAL/&sort=size&order=asc HTTP/1.1" 200 5348 "-" "Mozilla/5.0 (compatible; Googlebot/2.1; +http://www.google.com/bot.html)"
152.61.193.99 - - [29/Sep/2014:06:02:25 -0500] "HEAD / HTTP/1.1" 302 - "-" "Mozilla/5.0 (Windows; U; Windows NT 5.1; rv:1.7.3) Gecko/20041001 Firefox/0.10.1"
152.61.193.99 - - [29/Sep/2014:06:02:26 -0500] "GET /arcgis/services/Calidad_del_Agua_WQI/MapServer/WMSServer?request=GetCapabilities&service=WMS HTTP/1.1" 200 32135 "-" "Mozilla/5.0 (Windows; U; Windows NT 5.1; rv:1.7.3) Gecko/20041001 Firefox/0.10.1"
152.61.193.99 - - [29/Sep/2014:06:02:26 -0500] "GET /arcgis/services/Calidad_del_Agua_WQI/MapServer/WMSServer?request=GetCapabilities&service=WMS HTTP/1.1" 200 32135 "-" "Mozilla/5.0 (Windows; U; Windows NT 5.1; rv:1.7.3) Gecko/20041001 Firefox/0.10.1"
152.61.193.99 - - [29/Sep/2014:06:02:27 -0500] "GET /arcgis/services/Calidad_del_Agua_WQI/MapServer/WMSServer?request=GetCapabilities&service=WMS HTTP/1.1" 200 32135 "-" "Mozilla/5.0 (Windows; U; Windows NT 5.1; rv:1.7.3) Gecko/20041001 Firefox/0.10.1"
152.61.193.99 - - [29/Sep/2014:06:02:27 -0500] "GET /arcgis/services/Calidad_del_Agua_WQI/MapServer/WMSServer?request=GetCapabilities&service=WMS HTTP/1.1" 200 32135 "-" "Mozilla/5.0 (Windows; U; Windows NT 5.1; rv:1.7.3) Gecko/20041001 Firefox/0.10.1"
152.61.193.99 - - [29/Sep/2014:06:02:28 -0500] "GET /arcgis/services/Calidad_del_Agua_WQI/MapServer/WMSServer?VERSION=1.1.1&REQUEST=GetMap&LAYERS=0&SRS=EPSG:4326&BBOX=-74.473395,3.674381,-73.963300,4.920569&WIDTH=250&HEIGHT=250&FORMAT=image/bmp&STYLES=& HTTP/1.1" 200 188054 "-" "Mozilla/5.0 (Windows; U; Windows NT 5.1; rv:1.7.3) Gecko/20041001 Firefox/0.10.1"
62.15.113.107 - - [29/Sep/2014:06:02:35 -0500] "GET /BLA/boletinlegal/js/jquery.scrollTo-min.js HTTP/1.1" 200 1150 "http://ambientebogota.gov.co/archivo-de-noticias/-/asset_publisher/5PPa/content/secretaria-de-ambiente-lanza-campana-para-disminuir-el-uso-de-bolsas-plasticas-en-bogota?redirect=http%3A%2F%2Fambientebogota.gov.co%2Farchivo-de-noticias%3Fp_p_id%3D101_INSTA" "Mozilla/5.0 (Windows NT 6.1) AppleWebKit/537.36 (KHTML, like Gecko) Chrome/37.0.2062.124 Safari/537.36"
62.15.113.107 - - [29/Sep/2014:06:02:35 -0500] "GET /BLA/boletinlegal/js/jquery.scrollShow.js HTTP/1.1" 200 4586 "http://ambientebogota.gov.co/archivo-de-noticias/-/asset_publisher/5PPa/content/secretaria-de-ambiente-lanza-campana-para-disminuir-el-uso-de-bolsas-plasticas-en-bogota?redirect=http%3A%2F%2Fambientebogota.gov.co%2Farchivo-de-noticias%3Fp_p_id%3D101_INSTA" "Mozilla/5.0 (Windows NT 6.1) AppleWebKit/537.36 (KHTML, like Gecko) Chrome/37.0.2062.124 Safari/537.36"
62.15.113.107 - - [29/Sep/2014:06:02:35 -0500] "GET /BLA/boletinlegal/js/jquery.js HTTP/1.1" 200 57254 "http://ambientebogota.gov.co/archivo-de-noticias/-/asset_publisher/5PPa/content/secretaria-de-ambiente-lanza-campana-para-disminuir-el-uso-de-bolsas-plasticas-en-bogota?redirect=http%3A%2F%2Fambientebogota.gov.co%2Farchivo-de-noticias%3Fp_p_id%3D101_INSTA" "Mozilla/5.0 (Windows NT 6.1) AppleWebKit/537.36 (KHTML, like Gecko) Chrome/37.0.2062.124 Safari/537.36"
190.131.194.135 - - [29/Sep/2014:06:03:26 -0500] "GET /galeria/nivo-slider/demo/images/Banner-rape.jpg HTTP/1.1" 304 - "-" "Mozilla/4.0 (compatible;)"
74.86.158.107 - - [29/Sep/2014:06:03:27 -0500] "HEAD / HTTP/1.1" 302 - "-" "Mozilla/5.0+(compatible; UptimeRobot/2.0; http://www.uptimerobot.com/)"
66.249.64.57 - - [29/Sep/2014:06:04:06 -0500] "GET /Anexos%20estudio%20Organizacional%20SDA/ANEXO%20No.%204%20-%20ENCUESTA%20DE%20AN%C3%81LISIS%20ORGANIZACIONAL/RESPUESTA%20A%20ENCUESTA%20SUBDIRECCI%C3%93N%20CONTRACTUAL.DOC HTTP/1.1" 200 150528 "-" "Mozilla/5.0 (compatible; Googlebot/2.1; +http://www.google.com/bot.html)"
190.25.232.143 - - [29/Sep/2014:06:04:18 -0500] "GET /galeria/nivo-slider/demo/images/alimentarte2014.jpg HTTP/1.1" 304 - "-" "Mozilla/4.0 (compatible;)"
189.190.124.93 - - [29/Sep/2014:06:06:43 -0500] "GET /BLA/boletinlegal/js/jquery.scrollTo-min.js HTTP/1.1" 200 1150 "http://ambientebogota.gov.co/web/fauna-silvestre/luchemos-contra-el-trafico" "Mozilla/5.0 (Windows NT 6.1) AppleWebKit/537.36 (KHTML, like Gecko) Chrome/37.0.2062.124 Safari/537.36"
189.190.124.93 - - [29/Sep/2014:06:06:43 -0500] "GET /BLA/boletinlegal/js/jquery.scrollShow.js HTTP/1.1" 200 4586 "http://ambientebogota.gov.co/web/fauna-silvestre/luchemos-contra-el-trafico" "Mozilla/5.0 (Windows NT 6.1) AppleWebKit/537.36 (KHTML, like Gecko) Chrome/37.0.2062.124 Safari/537.36"
189.190.124.93 - - [29/Sep/2014:06:06:43 -0500] "GET /BLA/boletinlegal/js/jquery.js HTTP/1.1" 200 57254 "http://ambientebogota.gov.co/web/fauna-silvestre/luchemos-contra-el-trafico" "Mozilla/5.0 (Windows NT 6.1) AppleWebKit/537.36 (KHTML, like Gecko) Chrome/37.0.2062.124 Safari/537.36"
100.43.85.25 - - [29/Sep/2014:06:07:51 -0500] "GET /even/Ca8xejc/tsld015.htm HTTP/1.1" 200 963 "-" "Mozilla/5.0 (compatible; YandexBot/3.0; +http://yandex.com/bots)"
66.249.64.53 - - [29/Sep/2014:06:07:53 -0500] "GET /counter/digits/caliblu/ HTTP/1.1" 200 2990 "-" "Mozilla/5.0 (compatible; Googlebot/2.1; +http://www.google.com/bot.html)"
74.86.158.107 - - [29/Sep/2014:06:08:27 -0500] "HEAD / HTTP/1.1" 302 - "-" "Mozilla/5.0+(compatible; UptimeRobot/2.0; http://www.uptimerobot.com/)"
66.249.64.171 - - [29/Sep/2014:06:08:36 -0500] "GET /BLA/resoluciones/RESOLUCIONES%202002/RES%202002%20501-550/00000536.tif HTTP/1.1" 200 154498 "-" "Googlebot-Image/1.0"
201.240.64.51 - - [29/Sep/2014:06:08:37 -0500] "GET /BLA/boletinlegal/js/jquery.scrollTo-min.js HTTP/1.1" 200 1150 "http://ambientebogota.gov.co/web/fauna-silvestre/conozcamos-la-fauna-silvestre" "Mozilla/5.0 (Windows NT 6.1) AppleWebKit/537.36 (KHTML, like Gecko) Chrome/37.0.2062.124 Safari/537.36"
201.240.64.51 - - [29/Sep/2014:06:08:37 -0500] "GET /BLA/boletinlegal/js/jquery.scrollShow.js HTTP/1.1" 200 4586 "http://ambientebogota.gov.co/web/fauna-silvestre/conozcamos-la-fauna-silvestre" "Mozilla/5.0 (Windows NT 6.1) AppleWebKit/537.36 (KHTML, like Gecko) Chrome/37.0.2062.124 Safari/537.36"
201.240.64.51 - - [29/Sep/2014:06:08:37 -0500] "GET /BLA/boletinlegal/js/jquery.js HTTP/1.1" 200 57254 "http://ambientebogota.gov.co/web/fauna-silvestre/conozcamos-la-fauna-silvestre" "Mozilla/5.0 (Windows NT 6.1) AppleWebKit/537.36 (KHTML, like Gecko) Chrome/37.0.2062.124 Safari/537.36"
201.245.192.253 - - [29/Sep/2014:06:09:50 -0500] "GET /galeria/nivo-slider/demo/images/jovenesplaza1.jpg HTTP/1.1" 304 - "-" "Mozilla/4.0 (compatible;)"
66.249.64.167 - - [29/Sep/2014:06:10:08 -0500] "GET /BLA/resoluciones/AUTOS%202006/AUTOS%202006%201301-1400/00001342.tif HTTP/1.1" 200 86556 "-" "Googlebot-Image/1.0"
152.61.128.66 - - [29/Sep/2014:06:12:15 -0500] "HEAD / HTTP/1.1" 302 - "-" "Mozilla/5.0 (Windows; U; Windows NT 5.1; rv:1.7.3) Gecko/20041001 Firefox/0.10.1"
152.61.128.66 - - [29/Sep/2014:06:12:15 -0500] "GET /arcgis/services/Calidad_del_Agua_WQI/MapServer/WMSServer?SERVICE=WMS&REQUEST=GetCapabilities HTTP/1.1" 200 32135 "-" "Mozilla/5.0 (Windows; U; Windows NT 5.1; rv:1.7.3) Gecko/20041001 Firefox/0.10.1"
152.61.128.66 - - [29/Sep/2014:06:12:15 -0500] "GET /arcgis/services/Calidad_del_Agua_WQI/MapServer/WMSServer?SERVICE=WMS&REQUEST=GetCapabilities HTTP/1.0" 200 32135 "-" "Mozilla/5.0 (Windows; U; Windows NT 5.1; rv:1.7.3) Gecko/20041001 Firefox/0.10.1"
152.61.128.66 - - [29/Sep/2014:06:12:16 -0500] "GET /arcgis/services/Calidad_del_Agua_WQI/MapServer/WMSServer?SERVICE=WMS&REQUEST=GetCapabilities HTTP/1.0" 200 32135 "-" "Mozilla/5.0 (Windows; U; Windows NT 5.1; rv:1.7.3) Gecko/20041001 Firefox/0.10.1"
152.61.128.66 - - [29/Sep/2014:06:12:17 -0500] "GET /arcgis/services/Calidad_del_Agua_WQI/MapServer/WMSServer?SERVICE=WMS&REQUEST=GetCapabilities HTTP/1.0" 200 32135 "-" "Mozilla/5.0 (Windows; U; Windows NT 5.1; rv:1.7.3) Gecko/20041001 Firefox/0.10.1"
152.61.128.66 - - [29/Sep/2014:06:12:18 -0500] "GET /arcgis/services/Calidad_del_Agua_WQI/MapServer/WMSServer?VERSION=1.1.1&REQUEST=GetMap&LAYERS=0&SRS=EPSG:4326&BBOX=-74.473395,3.674381,-73.963300,4.920569&WIDTH=250&HEIGHT=250&FORMAT=image/bmp&STYLES=& HTTP/1.1" 200 188054 "-" "Mozilla/5.0 (Windows; U; Windows NT 5.1; rv:1.7.3) Gecko/20041001 Firefox/0.10.1"
74.86.158.107 - - [29/Sep/2014:06:13:27 -0500] "HEAD / HTTP/1.1" 302 - "-" "Mozilla/5.0+(compatible; UptimeRobot/2.0; http://www.uptimerobot.com/)"
66.249.64.49 - - [29/Sep/2014:06:13:31 -0500] "GET /counter/digits/ariali/ HTTP/1.1" 200 2988 "-" "Mozilla/5.0 (compatible; Googlebot/2.1; +http://www.google.com/bot.html)"
207.46.13.102 - - [29/Sep/2014:06:13:36 -0500] "GET /dama/libreria/php/frame_detalle.php?patron=&h_id=643&inicio_2=1 HTTP/1.1" 404 1207 "-" "Mozilla/5.0 (compatible; bingbot/2.0; +http://www.bing.com/bingbot.htm)"
12.14.13.130 - - [29/Sep/2014:06:14:43 -0500] "GET /galeria/nivo-slider/demo/images/monterrey.jpg HTTP/1.1" 304 - "-" "Mozilla/4.0 (compatible;)"
