190.25.232.143 - - [29/Sep/2014:03:34:43 -0500] "GET /galeria/nivo-slider/demo/images/PuntoLimpioSuba.jpg HTTP/1.1" 304 - "-" "Mozilla/4.0 (compatible;)"
190.25.232.143 - - [29/Sep/2014:03:35:46 -0500] "GET /galeria/nivo-slider/demo/images/bannerDiaSinCarro.jpg HTTP/1.1" 304 - "-" "Mozilla/4.0 (compatible;)"
186.154.155.16 - - [29/Sep/2014:03:35:48 -0500] "GET /galeria/nivo-slider/demo/images/jovenesplaza1.jpg HTTP/1.1" 200 152570 "http://190.27.245.106/galeria/nivo-slider/demo/demo.html" "Mozilla/5.0 (Windows NT 6.1; WOW64) AppleWebKit/537.36 (KHTML, like Gecko) Chrome/34.0.1847.131 Safari/537.36"
66.249.67.73 - - [29/Sep/2014:03:36:01 -0500] "GET /even1/Otros/Bien%20venido%20Representante%20Los%20Andes.doc HTTP/1.1" 304 - "-" "Mozilla/5.0 (compatible; Googlebot/2.1; +http://www.google.com/bot.html)"
192.99.149.88 - - [29/Sep/2014:03:37:03 -0500] "GET / HTTP/1.1" 302 - "-" "Mozilla/5.0 (Windows NT 6.1; WOW64; Trident/7.0; rv:11.0) like Gecko"
66.249.67.67 - - [29/Sep/2014:03:37:13 -0500] "GET /BLA/resoluciones/RESOLUCIONES%202009/8382.pdf HTTP/1.1" 200 519309 "-" "Mozilla/5.0 (iPhone; CPU iPhone OS 6_0 like Mac OS X) AppleWebKit/536.26 (KHTML, like Gecko) Version/6.0 Mobile/10A5376e Safari/8536.25 (compatible; Googlebot/2.1; +http://www.google.com/bot.html)"
186.154.155.16 - - [29/Sep/2014:03:37:58 -0500] "GET /galeria/nivo-slider/demo/images/banner_adopcion2.jpg HTTP/1.1" 304 - "http://190.27.245.106/galeria/nivo-slider/demo/demo.html" "Mozilla/5.0 (Windows NT 6.1; WOW64) AppleWebKit/537.36 (KHTML, like Gecko) Chrome/34.0.1847.131 Safari/537.36"
186.154.155.16 - - [29/Sep/2014:03:38:08 -0500] "GET /galeria/nivo-slider/demo/images/bannerEcolecta3.jpg HTTP/1.1" 304 - "http://190.27.245.106/galeria/nivo-slider/demo/demo.html" "Mozilla/5.0 (Windows NT 6.1; WOW64) AppleWebKit/537.36 (KHTML, like Gecko) Chrome/34.0.1847.131 Safari/537.36"
186.154.155.16 - - [29/Sep/2014:03:38:18 -0500] "GET /galeria/nivo-slider/demo/images/BannerIDRD1.png HTTP/1.1" 200 316313 "http://190.27.245.106/galeria/nivo-slider/demo/demo.html" "Mozilla/5.0 (Windows NT 6.1; WOW64) AppleWebKit/537.36 (KHTML, like Gecko) Chrome/34.0.1847.131 Safari/537.36"
100.43.85.25 - - [29/Sep/2014:03:38:23 -0500] "GET /portel_dama/libreria/pdf/ecosistemas/restauracion/sitio/33_publi/protoc/10_tto9.html HTTP/1.1" 200 72058 "-" "Mozilla/5.0 (compatible; YandexBot/3.0; +http://yandex.com/bots)"
74.86.158.107 - - [29/Sep/2014:03:38:28 -0500] "HEAD / HTTP/1.1" 302 - "-" "Mozilla/5.0+(compatible; UptimeRobot/2.0; http://www.uptimerobot.com/)"
176.9.34.171 - - [29/Sep/2014:03:38:44 -0500] "GET /robots.txt HTTP/1.0" 404 1203 "-" "Mozilla/5.0 (compatible; MJ12bot/v1.4.5; http://www.majestic12.co.uk/bot.php?+)"
176.9.34.171 - - [29/Sep/2014:03:38:49 -0500] "GET /Politica%20Distrital%20de%20Biodiversidad/%3C?%3E HTTP/1.0" 403 1191 "-" "Mozilla/5.0 (compatible; MJ12bot/v1.4.5; http://www.majestic12.co.uk/bot.php?+)"
176.9.34.171 - - [29/Sep/2014:03:39:02 -0500] "GET /even1/Secci%C3%B3n%201/ HTTP/1.0" 200 2130 "-" "Mozilla/5.0 (compatible; MJ12bot/v1.4.5; http://www.majestic12.co.uk/bot.php?+)"
176.9.34.171 - - [29/Sep/2014:03:39:06 -0500] "GET /even1/Secci%C3%B3n%202/ HTTP/1.0" 200 2350 "-" "Mozilla/5.0 (compatible; MJ12bot/v1.4.5; http://www.majestic12.co.uk/bot.php?+)"
176.9.34.171 - - [29/Sep/2014:03:39:09 -0500] "GET /even1/Secci%C3%B3n%203/ HTTP/1.0" 200 2784 "-" "Mozilla/5.0 (compatible; MJ12bot/v1.4.5; http://www.majestic12.co.uk/bot.php?+)"
176.9.34.171 - - [29/Sep/2014:03:39:11 -0500] "GET /even1/Secci%C3%B3n%204/ HTTP/1.0" 200 1328 "-" "Mozilla/5.0 (compatible; MJ12bot/v1.4.5; http://www.majestic12.co.uk/bot.php?+)"
176.9.34.171 - - [29/Sep/2014:03:39:14 -0500] "GET /hum/FotosHumedales-Fb05/Fotos%20Fundaci%C3%B3n%20La%20Conejera/ HTTP/1.0" 200 1638 "-" "Mozilla/5.0 (compatible; MJ12bot/v1.4.5; http://www.majestic12.co.uk/bot.php?+)"
176.9.34.171 - - [29/Sep/2014:03:39:20 -0500] "GET /portalsiaccapacitaciones/Soportes%20Capacitaciones%20A%C3%B1o%202013 HTTP/1.0" 301 506 "-" "Mozilla/5.0 (compatible; MJ12bot/v1.4.5; http://www.majestic12.co.uk/bot.php?+)"
176.9.34.171 - - [29/Sep/2014:03:39:26 -0500] "GET /portalsiaccapacitaciones/Soportes%20Capacitaciones%20A%C3%B1o%202013/ HTTP/1.0" 200 17171 "-" "Mozilla/5.0 (compatible; MJ12bot/v1.4.5; http://www.majestic12.co.uk/bot.php?+)"
176.9.34.171 - - [29/Sep/2014:03:39:39 -0500] "GET /portalsiaccapacitaciones/Soportes%20Capacitaciones%20A%C3%B1o%202014 HTTP/1.0" 301 506 "-" "Mozilla/5.0 (compatible; MJ12bot/v1.4.5; http://www.majestic12.co.uk/bot.php?+)"
176.9.34.171 - - [29/Sep/2014:03:39:44 -0500] "GET /portalsiaccapacitaciones/Soportes%20Capacitaciones%20A%C3%B1o%202014/ HTTP/1.0" 200 11646 "-" "Mozilla/5.0 (compatible; MJ12bot/v1.4.5; http://www.majestic12.co.uk/bot.php?+)"
176.9.34.171 - - [29/Sep/2014:03:39:46 -0500] "GET /robots.txt HTTP/1.0" 404 1207 "-" "Mozilla/5.0 (compatible; MJ12bot/v1.4.5; http://www.majestic12.co.uk/bot.php?+)"
176.9.34.171 - - [29/Sep/2014:03:39:49 -0500] "GET /Politica%20Distrital%20de%20Biodiversidad/%3C?%3E HTTP/1.0" 403 1195 "-" "Mozilla/5.0 (compatible; MJ12bot/v1.4.5; http://www.majestic12.co.uk/bot.php?+)"
176.9.34.171 - - [29/Sep/2014:03:39:51 -0500] "GET /hum/FotosHumedales-Fb05/Fotos%20Fundaci%C3%B3n%20La%20Conejera/ HTTP/1.0" 200 1642 "-" "Mozilla/5.0 (compatible; MJ12bot/v1.4.5; http://www.majestic12.co.uk/bot.php?+)"
176.9.34.171 - - [29/Sep/2014:03:39:53 -0500] "GET /portalsiaccapacitaciones/Soportes%20Capacitaciones%20A%C3%B1o%202013 HTTP/1.0" 301 514 "-" "Mozilla/5.0 (compatible; MJ12bot/v1.4.5; http://www.majestic12.co.uk/bot.php?+)"
176.9.34.171 - - [29/Sep/2014:03:39:56 -0500] "GET /portalsiaccapacitaciones/Soportes%20Capacitaciones%20A%C3%B1o%202013/ HTTP/1.0" 200 17175 "-" "Mozilla/5.0 (compatible; MJ12bot/v1.4.5; http://www.majestic12.co.uk/bot.php?+)"
176.9.34.171 - - [29/Sep/2014:03:40:02 -0500] "GET /portalsiaccapacitaciones/Soportes%20Capacitaciones%20A%C3%B1o%202014 HTTP/1.0" 301 514 "-" "Mozilla/5.0 (compatible; MJ12bot/v1.4.5; http://www.majestic12.co.uk/bot.php?+)"
176.9.34.171 - - [29/Sep/2014:03:40:09 -0500] "GET /portalsiaccapacitaciones/Soportes%20Capacitaciones%20A%C3%B1o%202014/ HTTP/1.0" 200 11650 "-" "Mozilla/5.0 (compatible; MJ12bot/v1.4.5; http://www.majestic12.co.uk/bot.php?+)"
176.9.34.171 - - [29/Sep/2014:03:40:12 -0500] "GET /portel_dama/configuracion/Para%20Portel%20Instalaci%C3%B3n%20Nueva.sql HTTP/1.0" 200 314729 "-" "Mozilla/5.0 (compatible; MJ12bot/v1.4.5; http://www.majestic12.co.uk/bot.php?+)"
176.9.34.171 - - [29/Sep/2014:03:40:16 -0500] "GET /portel_dama/documentacion/Logo_1era_Versi%C3%B3n.psd HTTP/1.0" 200 460680 "-" "Mozilla/5.0 (compatible; MJ12bot/v1.4.5; http://www.majestic12.co.uk/bot.php?+)"
66.249.67.83 - - [29/Sep/2014:03:41:38 -0500] "GET /BLA/resoluciones/RESOLUCIONES%202007/RES%202007%203101%20AL%203200/RESOLUCION%203187%20DE%202007.pdf HTTP/1.1" 304 - "-" "Mozilla/5.0 (compatible; Googlebot/2.1; +http://www.google.com/bot.html)"
190.25.232.143 - - [29/Sep/2014:03:41:52 -0500] "GET /galeria/nivo-slider/demo/images/juanAmarillo3.jpg HTTP/1.1" 304 - "-" "Mozilla/4.0 (compatible;)"
201.245.192.253 - - [29/Sep/2014:03:42:27 -0500] "GET /isolucionsda/bancoconocimiento/P/PAZYSALVODELCONTRATISTA__v2/paz%20y%20salvo0.doc HTTP/1.1" 304 - "-" "Mozilla/4.0 (compatible;)"
74.86.158.107 - - [29/Sep/2014:03:43:28 -0500] "HEAD / HTTP/1.1" 302 - "-" "Mozilla/5.0+(compatible; UptimeRobot/2.0; http://www.uptimerobot.com/)"
157.55.39.45 - - [29/Sep/2014:03:43:55 -0500] "GET /dama/libreria/pdf/foroaire/UNAL.pdf HTTP/1.1" 404 1207 "-" "Mozilla/5.0 (compatible; bingbot/2.0; +http://www.bing.com/bingbot.htm)"
100.43.85.25 - - [29/Sep/2014:03:45:51 -0500] "GET /portel_dama/libreria/pdf/pigas/piga%20DAMA/cronograma.pdf HTTP/1.1" 200 46512 "-" "Mozilla/5.0 (compatible; YandexBot/3.0; +http://yandex.com/bots)"
180.76.6.51 - - [29/Sep/2014:03:46:48 -0500] "GET /BLA/resoluciones/RESOLUCIONES%202009/1251.pdf HTTP/1.1" 200 575990 "-" "Mozilla/5.0 (compatible; Baiduspider/2.0; +http://www.baidu.com/search/spider.html)"
66.249.67.83 - - [29/Sep/2014:03:47:16 -0500] "GET /BLA/resoluciones/RESOLUCIONES%202008/0604.pdf HTTP/1.1" 200 160736 "-" "Mozilla/5.0 (compatible; Googlebot/2.1; +http://www.google.com/bot.html)"
66.249.67.83 - - [29/Sep/2014:03:47:29 -0500] "GET /BLA/resoluciones/RESOLUCIONES%202002/RES%202002%20501-550/00000533.tif HTTP/1.1" 200 92070 "-" "Googlebot-Image/1.0"
74.86.158.107 - - [29/Sep/2014:03:48:28 -0500] "HEAD / HTTP/1.1" 302 - "-" "Mozilla/5.0+(compatible; UptimeRobot/2.0; http://www.uptimerobot.com/)"
180.76.6.47 - - [29/Sep/2014:03:48:49 -0500] "GET /ideam/ HTTP/1.1" 200 1737 "-" "Mozilla/5.0 (compatible; Baiduspider/2.0; +http://www.baidu.com/search/spider.html)"
66.249.67.67 - - [29/Sep/2014:03:51:09 -0500] "GET /BLA/resoluciones/AUTOS%202006/AUTOS%202006%201301-1400/00001372.tif HTTP/1.1" 200 159616 "-" "Googlebot-Image/1.0"
190.25.232.143 - - [29/Sep/2014:03:51:21 -0500] "GET /galeria/nivo-slider/demo/images/Banner-techos-verdes.jpg HTTP/1.1" 304 - "-" "Mozilla/4.0 (compatible;)"
66.249.67.103 - - [29/Sep/2014:03:52:53 -0500] "GET /phpold/fecha1.php HTTP/1.1" 200 2069 "-" "Mozilla/5.0 (compatible; Googlebot/2.1; +http://www.google.com/bot.html)"
66.249.67.67 - - [29/Sep/2014:03:52:56 -0500] "GET /galeria/nivo-slider/demo/demo.html HTTP/1.1" 200 4440 "http://ambientebogota.gov.co/web/portal-de-prueba/galeria-imagenes?p_p_id=8&p_p_lifecycle=0&p_p_state=normal&p_p_mode=view&p_p_col_id=column-4&p_p_col_pos=1&p_p_col_count=3&_8_struts_action=%2Fcalendar%2Fview&_8_month=6&_8_day=4&_8_year=2032&tabs1=month" "Mozilla/5.0 (compatible; Googlebot/2.1; +http://www.google.com/bot.html)"
66.249.67.75 - - [29/Sep/2014:03:52:57 -0500] "GET /galeria/nivo-slider/demo/scripts/jquery-1.7.1.min.js HTTP/1.1" 200 93868 "http://190.27.245.106/galeria/nivo-slider/demo/demo.html" "Mozilla/5.0 (compatible; Googlebot/2.1; +http://www.google.com/bot.html)"
66.249.67.83 - - [29/Sep/2014:03:52:58 -0500] "GET /galeria/nivo-slider/jquery.nivo.slider.pack.js HTTP/1.1" 200 11561 "http://190.27.245.106/galeria/nivo-slider/demo/demo.html" "Mozilla/5.0 (compatible; Googlebot/2.1; +http://www.google.com/bot.html)"
66.249.67.67 - - [29/Sep/2014:03:52:58 -0500] "GET /galeria/nivo-slider/themes/default/default.css HTTP/1.1" 200 1569 "http://190.27.245.106/galeria/nivo-slider/demo/demo.html" "Mozilla/5.0 (compatible; Googlebot/2.1; +http://www.google.com/bot.html)"
66.249.67.75 - - [29/Sep/2014:03:52:58 -0500] "GET /galeria/nivo-slider/demo/style.css HTTP/1.1" 200 2222 "http://190.27.245.106/galeria/nivo-slider/demo/demo.html" "Mozilla/5.0 (compatible; Googlebot/2.1; +http://www.google.com/bot.html)"
66.249.67.83 - - [29/Sep/2014:03:52:59 -0500] "GET /galeria/nivo-slider/nivo-slider.css HTTP/1.1" 200 1507 "http://190.27.245.106/galeria/nivo-slider/demo/demo.html" "Mozilla/5.0 (compatible; Googlebot/2.1; +http://www.google.com/bot.html)"
66.249.67.83 - - [29/Sep/2014:03:52:59 -0500] "GET /galeria/nivo-slider/themes/orman/orman.css HTTP/1.1" 200 2152 "http://190.27.245.106/galeria/nivo-slider/demo/demo.html" "Mozilla/5.0 (compatible; Googlebot/2.1; +http://www.google.com/bot.html)"
66.249.67.75 - - [29/Sep/2014:03:53:00 -0500] "GET /galeria/nivo-slider/themes/pascal/pascal.css HTTP/1.1" 200 2258 "http://190.27.245.106/galeria/nivo-slider/demo/demo.html" "Mozilla/5.0 (compatible; Googlebot/2.1; +http://www.google.com/bot.html)"
100.43.85.25 - - [29/Sep/2014:03:53:19 -0500] "GET /ifweb/ifx/11.gif HTTP/1.1" 200 45634 "-" "Mozilla/5.0 (compatible; YandexBot/3.0; +http://yandex.com/bots)"
202.46.63.49 - - [29/Sep/2014:03:53:22 -0500] "GET / HTTP/1.1" 302 - "-" "Mozilla/4.0 (compatible; MSIE 7.0; Windows NT 6.0)"
74.86.158.107 - - [29/Sep/2014:03:53:28 -0500] "HEAD / HTTP/1.1" 302 - "-" "Mozilla/5.0+(compatible; UptimeRobot/2.0; http://www.uptimerobot.com/)"
119.63.193.195 - - [29/Sep/2014:03:54:11 -0500] "GET / HTTP/1.1" 302 - "-" "Mozilla/4.0 (compatible; MSIE 7.0; Windows NT 6.0)"
186.113.10.143 - - [29/Sep/2014:03:55:20 -0500] "GET /galeria/nivo-slider/demo/images/marchaxclima05a.jpg HTTP/1.1" 304 - "-" "Mozilla/4.0 (compatible;)"
72.47.228.36 - - [29/Sep/2014:03:55:43 -0500] "GET /wp-admin/ HTTP/1.1" 404 1206 "-" "-"
220.181.108.178 - - [29/Sep/2014:03:55:47 -0500] "GET /BLA/resoluciones/RESOLUCIONES%25202009/2663.pdf HTTP/1.1" 404 1206 "-" "Mozilla/5.0 (compatible; Baiduspider/2.0; +http://www.baidu.com/search/spider.html)"
186.28.190.237 - - [29/Sep/2014:03:58:05 -0500] "GET /portel_dama/libreria/pdf/pdf_entrenubes/1.pdf HTTP/1.1" 200 742014 "https://www.google.com.co/" "Mozilla/5.0 (Windows NT 6.1) AppleWebKit/537.36 (KHTML, like Gecko) Chrome/37.0.2062.124 Safari/537.36"
186.28.190.237 - - [29/Sep/2014:03:58:05 -0500] "GET /portel_dama/libreria/pdf/pdf_entrenubes/1.pdf HTTP/1.1" 206 32768 "https://www.dama.gov.co/portel_dama/libreria/pdf/pdf_entrenubes/1.pdf" "Mozilla/5.0 (Windows NT 6.1) AppleWebKit/537.36 (KHTML, like Gecko) Chrome/37.0.2062.124 Safari/537.36"
186.28.190.237 - - [29/Sep/2014:03:58:06 -0500] "GET /portel_dama/libreria/pdf/pdf_entrenubes/1.pdf HTTP/1.1" 206 266274 "https://www.dama.gov.co/portel_dama/libreria/pdf/pdf_entrenubes/1.pdf" "Mozilla/5.0 (Windows NT 6.1) AppleWebKit/537.36 (KHTML, like Gecko) Chrome/37.0.2062.124 Safari/537.36"
186.28.190.237 - - [29/Sep/2014:03:58:08 -0500] "GET /portel_dama/libreria/pdf/pdf_entrenubes/1.pdf HTTP/1.1" 206 32768 "https://www.dama.gov.co/portel_dama/libreria/pdf/pdf_entrenubes/1.pdf" "Mozilla/5.0 (Windows NT 6.1) AppleWebKit/537.36 (KHTML, like Gecko) Chrome/37.0.2062.124 Safari/537.36"
186.28.190.237 - - [29/Sep/2014:03:58:08 -0500] "GET /portel_dama/libreria/pdf/pdf_entrenubes/1.pdf HTTP/1.1" 206 32768 "https://www.dama.gov.co/portel_dama/libreria/pdf/pdf_entrenubes/1.pdf" "Mozilla/5.0 (Windows NT 6.1) AppleWebKit/537.36 (KHTML, like Gecko) Chrome/37.0.2062.124 Safari/537.36"
186.28.190.237 - - [29/Sep/2014:03:58:08 -0500] "GET /portel_dama/libreria/pdf/pdf_entrenubes/1.pdf HTTP/1.1" 206 32768 "https://www.dama.gov.co/portel_dama/libreria/pdf/pdf_entrenubes/1.pdf" "Mozilla/5.0 (Windows NT 6.1) AppleWebKit/537.36 (KHTML, like Gecko) Chrome/37.0.2062.124 Safari/537.36"
186.28.190.237 - - [29/Sep/2014:03:58:09 -0500] "GET /portel_dama/libreria/pdf/pdf_entrenubes/1.pdf HTTP/1.1" 206 32768 "https://www.dama.gov.co/portel_dama/libreria/pdf/pdf_entrenubes/1.pdf" "Mozilla/5.0 (Windows NT 6.1) AppleWebKit/537.36 (KHTML, like Gecko) Chrome/37.0.2062.124 Safari/537.36"
186.28.190.237 - - [29/Sep/2014:03:58:09 -0500] "GET /portel_dama/libreria/pdf/pdf_entrenubes/1.pdf HTTP/1.1" 206 32768 "https://www.dama.gov.co/portel_dama/libreria/pdf/pdf_entrenubes/1.pdf" "Mozilla/5.0 (Windows NT 6.1) AppleWebKit/537.36 (KHTML, like Gecko) Chrome/37.0.2062.124 Safari/537.36"
186.28.190.237 - - [29/Sep/2014:03:58:09 -0500] "GET /portel_dama/libreria/pdf/pdf_entrenubes/1.pdf HTTP/1.1" 206 32768 "https://www.dama.gov.co/portel_dama/libreria/pdf/pdf_entrenubes/1.pdf" "Mozilla/5.0 (Windows NT 6.1) AppleWebKit/537.36 (KHTML, like Gecko) Chrome/37.0.2062.124 Safari/537.36"
186.28.190.237 - - [29/Sep/2014:03:58:10 -0500] "GET /portel_dama/libreria/pdf/pdf_entrenubes/1.pdf HTTP/1.1" 206 32768 "https://www.dama.gov.co/portel_dama/libreria/pdf/pdf_entrenubes/1.pdf" "Mozilla/5.0 (Windows NT 6.1) AppleWebKit/537.36 (KHTML, like Gecko) Chrome/37.0.2062.124 Safari/537.36"
186.28.190.237 - - [29/Sep/2014:03:58:10 -0500] "GET /portel_dama/libreria/pdf/pdf_entrenubes/1.pdf HTTP/1.1" 206 32768 "https://www.dama.gov.co/portel_dama/libreria/pdf/pdf_entrenubes/1.pdf" "Mozilla/5.0 (Windows NT 6.1) AppleWebKit/537.36 (KHTML, like Gecko) Chrome/37.0.2062.124 Safari/537.36"
186.28.190.237 - - [29/Sep/2014:03:58:10 -0500] "GET /portel_dama/libreria/pdf/pdf_entrenubes/1.pdf HTTP/1.1" 206 32768 "https://www.dama.gov.co/portel_dama/libreria/pdf/pdf_entrenubes/1.pdf" "Mozilla/5.0 (Windows NT 6.1) AppleWebKit/537.36 (KHTML, like Gecko) Chrome/37.0.2062.124 Safari/537.36"
186.28.190.237 - - [29/Sep/2014:03:58:10 -0500] "GET /portel_dama/libreria/pdf/pdf_entrenubes/1.pdf HTTP/1.1" 206 65536 "https://www.dama.gov.co/portel_dama/libreria/pdf/pdf_entrenubes/1.pdf" "Mozilla/5.0 (Windows NT 6.1) AppleWebKit/537.36 (KHTML, like Gecko) Chrome/37.0.2062.124 Safari/537.36"
186.28.190.237 - - [29/Sep/2014:03:58:11 -0500] "GET /portel_dama/libreria/pdf/pdf_entrenubes/1.pdf HTTP/1.1" 206 82524 "https://www.dama.gov.co/portel_dama/libreria/pdf/pdf_entrenubes/1.pdf" "Mozilla/5.0 (Windows NT 6.1) AppleWebKit/537.36 (KHTML, like Gecko) Chrome/37.0.2062.124 Safari/537.36"
186.28.190.237 - - [29/Sep/2014:03:58:12 -0500] "GET /favicon.ico HTTP/1.1" 200 18567 "-" "Mozilla/5.0 (Windows NT 6.1) AppleWebKit/537.36 (KHTML, like Gecko) Chrome/37.0.2062.124 Safari/537.36"
74.86.158.107 - - [29/Sep/2014:03:58:28 -0500] "HEAD / HTTP/1.1" 302 - "-" "Mozilla/5.0+(compatible; UptimeRobot/2.0; http://www.uptimerobot.com/)"
78.135.99.94 - - [29/Sep/2014:04:00:03 -0500] "GET /vtigercrm/ HTTP/1.1" 404 1204 "-" "curl/7.15.5 (x86_64-redhat-linux-gnu) libcurl/7.15.5 OpenSSL/0.9.8b zlib/1.2.3 libidn/0.6.5"
100.43.85.25 - - [29/Sep/2014:04:00:47 -0500] "GET /even/Ca8xejc/tsld010.htm HTTP/1.1" 200 1024 "-" "Mozilla/5.0 (compatible; YandexBot/3.0; +http://yandex.com/bots)"
66.249.67.73 - - [29/Sep/2014:04:01:22 -0500] "GET /galeria/juegos/rompecabezas/ HTTP/1.1" 200 1108 "-" "Mozilla/5.0 (compatible; Googlebot/2.1; +http://www.google.com/bot.html)"
74.86.158.107 - - [29/Sep/2014:04:03:28 -0500] "HEAD / HTTP/1.1" 302 - "-" "Mozilla/5.0+(compatible; UptimeRobot/2.0; http://www.uptimerobot.com/)"
66.249.67.75 - - [29/Sep/2014:04:04:08 -0500] "GET /BLA/resoluciones/RESOLUCIONES%202009/4863.pdf HTTP/1.1" 200 735360 "-" "Mozilla/5.0 (compatible; Googlebot/2.1; +http://www.google.com/bot.html)"
180.76.6.62 - - [29/Sep/2014:04:05:43 -0500] "GET /BLA/resoluciones/RESOLUCIONES%202008/2626.pdf HTTP/1.1" 200 162767 "-" "Mozilla/5.0 (compatible; Baiduspider/2.0; +http://www.baidu.com/search/spider.html)"
72.47.228.35 - - [29/Sep/2014:04:07:06 -0500] "GET /wordpress/wordpress/wp-admin/ HTTP/1.1" 404 1206 "-" "-"
186.113.10.143 - - [29/Sep/2014:04:07:12 -0500] "GET /galeria/nivo-slider/demo/images/marchaxclima01a.jpg HTTP/1.1" 304 - "-" "Mozilla/4.0 (compatible;)"
100.43.85.25 - - [29/Sep/2014:04:08:16 -0500] "GET /guia/Estacion1.doc HTTP/1.1" 200 941568 "-" "Mozilla/5.0 (compatible; YandexBot/3.0; +http://yandex.com/bots)"
74.86.158.107 - - [29/Sep/2014:04:08:28 -0500] "HEAD / HTTP/1.1" 302 - "-" "Mozilla/5.0+(compatible; UptimeRobot/2.0; http://www.uptimerobot.com/)"
180.76.6.132 - - [29/Sep/2014:04:09:32 -0500] "GET /StormSDA/lib/userHelp.jar HTTP/1.1" 200 742135 "-" "Mozilla/5.0 (compatible; Baiduspider/2.0; +http://www.baidu.com/search/spider.html)"
66.249.67.83 - - [29/Sep/2014:04:09:46 -0500] "GET /autoliquidacion/Cobro%20Evaluacion%20Certificaci%C3%B3n%20Para%20La%20Deducci%C3%B3n%20Por%20Inversi%C3%B3n%20En%20Medio%20Ambiente/APLICATIVO%20SEGAE%20CERTIFICACI%C3%93N%20PARA%20LA%20DEDUCCI%C3%93N%20POR%20INVERSI%C3%93N%20EN%20MEDIO%20AMBIENTE%202014.xlsx HTTP/1.1" 200 274338 "-" "Mozilla/5.0 (compatible; Googlebot/2.1; +http://www.google.com/bot.html)"
157.55.39.175 - - [29/Sep/2014:04:09:51 -0500] "GET /BLA/boletinlegal/js/jquery.scrollShow.js HTTP/1.1" 200 4586 "-" "Mozilla/5.0 (compatible; bingbot/2.0; +http://www.bing.com/bingbot.htm)"
120.40.145.186 - - [29/Sep/2014:04:10:16 -0500] "GET /formasII/eff.pdf HTTP/1.1" 200 94999 "-" "Mozilla/4.0 (compatible; MSIE 6.0; Windows NT 5.1; SV1; Mozilla/4.0 (compatible; MSIE 6.0; Windows NT 5.1; SV1) )"
66.249.67.75 - - [29/Sep/2014:04:11:54 -0500] "GET /BLA/boletinlegal/js/jquery.scrollShow.js HTTP/1.1" 200 4586 "http://ambientebogota.gov.co/es/archivo-de-noticias/-/asset_publisher/l3Qf/content/mas-de-120-ciudadanos-recorreran-varios-cuerpos-de-agua-de-la-cuenca-del-rio-salitre;jsessionid=C5BDFABB10A781A63D21DCC2CCC8879F?redirect=http%3A%2F%2Fambientebogota.gov.co%2Fes%2Farchivo-de-noticias%3Bjsessionid%3DC5BDFABB10A781A63D21DCC2CCC8879F%3Fp_p_id%3D101_INSTANCE_l3Qf%26p_p_lifecycle%3D0%26p_p_state%3Dnormal%26p_p_mode%3Dview%26p_p_col_id%3Dcolumn-1%26p_p_col_pos%3D1%26p_p_col_count%3D2" "Mozilla/5.0 (compatible; Googlebot/2.1; +http://www.google.com/bot.html)"
66.249.67.67 - - [29/Sep/2014:04:11:55 -0500] "GET /BLA/boletinlegal/js/jquery.scrollTo-min.js HTTP/1.1" 200 1150 "http://ambientebogota.gov.co/es/archivo-de-noticias/-/asset_publisher/l3Qf/content/mas-de-120-ciudadanos-recorreran-varios-cuerpos-de-agua-de-la-cuenca-del-rio-salitre;jsessionid=C5BDFABB10A781A63D21DCC2CCC8879F?redirect=http%3A%2F%2Fambientebogota.gov.co%2Fes%2Farchivo-de-noticias%3Bjsessionid%3DC5BDFABB10A781A63D21DCC2CCC8879F%3Fp_p_id%3D101_INSTANCE_l3Qf%26p_p_lifecycle%3D0%26p_p_state%3Dnormal%26p_p_mode%3Dview%26p_p_col_id%3Dcolumn-1%26p_p_col_pos%3D1%26p_p_col_count%3D2" "Mozilla/5.0 (compatible; Googlebot/2.1; +http://www.google.com/bot.html)"
66.249.67.83 - - [29/Sep/2014:04:11:55 -0500] "GET /BLA/boletinlegal/js/jquery.js HTTP/1.1" 200 57254 "http://ambientebogota.gov.co/es/archivo-de-noticias/-/asset_publisher/l3Qf/content/mas-de-120-ciudadanos-recorreran-varios-cuerpos-de-agua-de-la-cuenca-del-rio-salitre;jsessionid=C5BDFABB10A781A63D21DCC2CCC8879F?redirect=http%3A%2F%2Fambientebogota.gov.co%2Fes%2Farchivo-de-noticias%3Bjsessionid%3DC5BDFABB10A781A63D21DCC2CCC8879F%3Fp_p_id%3D101_INSTANCE_l3Qf%26p_p_lifecycle%3D0%26p_p_state%3Dnormal%26p_p_mode%3Dview%26p_p_col_id%3Dcolumn-1%26p_p_col_pos%3D1%26p_p_col_count%3D2" "Mozilla/5.0 (compatible; Googlebot/2.1; +http://www.google.com/bot.html)"
186.82.128.128 - - [29/Sep/2014:04:12:26 -0500] "GET /BLA/boletinlegal/js/jquery.scrollTo-min.js HTTP/1.1" 200 1150 "http://www.ambientebogota.gov.co/web/publicaciones-sda/guia-de-compras-verdes" "Mozilla/5.0 (Macintosh; Intel Mac OS X 10_7_5) AppleWebKit/534.57.7 (KHTML, like Gecko) Version/5.1.7 Safari/534.57.7"
186.82.128.128 - - [29/Sep/2014:04:12:26 -0500] "GET /BLA/boletinlegal/js/jquery.scrollShow.js HTTP/1.1" 200 4586 "http://www.ambientebogota.gov.co/web/publicaciones-sda/guia-de-compras-verdes" "Mozilla/5.0 (Macintosh; Intel Mac OS X 10_7_5) AppleWebKit/534.57.7 (KHTML, like Gecko) Version/5.1.7 Safari/534.57.7"
186.82.128.128 - - [29/Sep/2014:04:12:26 -0500] "GET /BLA/boletinlegal/js/jquery.js HTTP/1.1" 200 57254 "http://www.ambientebogota.gov.co/web/publicaciones-sda/guia-de-compras-verdes" "Mozilla/5.0 (Macintosh; Intel Mac OS X 10_7_5) AppleWebKit/534.57.7 (KHTML, like Gecko) Version/5.1.7 Safari/534.57.7"
186.82.93.61 - - [29/Sep/2014:04:12:50 -0500] "GET /Report2/ HTTP/1.1" 200 4338 "-" "Mozilla/5.0 (Macintosh; Intel Mac OS X 10_9_5) AppleWebKit/600.1.17 (KHTML, like Gecko) Version/7.1 Safari/537.85.10"
186.82.93.61 - - [29/Sep/2014:04:12:50 -0500] "GET /Report2/styles/estilos.css HTTP/1.1" 200 2523 "http://190.27.245.106/Report2/" "Mozilla/5.0 (Macintosh; Intel Mac OS X 10_9_5) AppleWebKit/600.1.17 (KHTML, like Gecko) Version/7.1 Safari/537.85.10"
186.82.93.61 - - [29/Sep/2014:04:12:50 -0500] "GET /Report2/img/bgHeader.gif HTTP/1.1" 200 230 "http://190.27.245.106/Report2/" "Mozilla/5.0 (Macintosh; Intel Mac OS X 10_9_5) AppleWebKit/600.1.17 (KHTML, like Gecko) Version/7.1 Safari/537.85.10"
186.82.93.61 - - [29/Sep/2014:04:12:50 -0500] "GET /Report2/img/cliente/backgroundLoginFooter.png HTTP/1.1" 200 25785 "http://190.27.245.106/Report2/" "Mozilla/5.0 (Macintosh; Intel Mac OS X 10_9_5) AppleWebKit/600.1.17 (KHTML, like Gecko) Version/7.1 Safari/537.85.10"
186.82.93.61 - - [29/Sep/2014:04:12:50 -0500] "GET /Report2/img/cliente/logo.png HTTP/1.1" 200 59691 "http://190.27.245.106/Report2/" "Mozilla/5.0 (Macintosh; Intel Mac OS X 10_9_5) AppleWebKit/600.1.17 (KHTML, like Gecko) Version/7.1 Safari/537.85.10"
186.82.93.61 - - [29/Sep/2014:04:12:50 -0500] "GET /Report2/img/cliente/backgroundLogin.png HTTP/1.1" 200 210428 "http://190.27.245.106/Report2/" "Mozilla/5.0 (Macintosh; Intel Mac OS X 10_9_5) AppleWebKit/600.1.17 (KHTML, like Gecko) Version/7.1 Safari/537.85.10"
186.82.93.61 - - [29/Sep/2014:04:12:56 -0500] "POST /Report2/login.do;jsessionid=E5A5BE138BFBD108FE054C71806ABF21 HTTP/1.1" 200 14506 "http://190.27.245.106/Report2/" "Mozilla/5.0 (Macintosh; Intel Mac OS X 10_9_5) AppleWebKit/600.1.17 (KHTML, like Gecko) Version/7.1 Safari/537.85.10"
186.82.93.61 - - [29/Sep/2014:04:12:57 -0500] "GET /Report2/css/dialog.css HTTP/1.1" 200 1243 "http://190.27.245.106/Report2/login.do;jsessionid=E5A5BE138BFBD108FE054C71806ABF21" "Mozilla/5.0 (Macintosh; Intel Mac OS X 10_9_5) AppleWebKit/600.1.17 (KHTML, like Gecko) Version/7.1 Safari/537.85.10"
186.82.93.61 - - [29/Sep/2014:04:12:57 -0500] "GET /Report2/img/salir.gif HTTP/1.1" 200 1271 "http://190.27.245.106/Report2/login.do;jsessionid=E5A5BE138BFBD108FE054C71806ABF21" "Mozilla/5.0 (Macintosh; Intel Mac OS X 10_9_5) AppleWebKit/600.1.17 (KHTML, like Gecko) Version/7.1 Safari/537.85.10"
186.82.93.61 - - [29/Sep/2014:04:12:57 -0500] "GET /birtApps/webcontent/birt/admin/js/1ibre/jscalendar/calendar-win2k-1.css HTTP/1.1" 200 5988 "http://190.27.245.106/Report2/login.do;jsessionid=E5A5BE138BFBD108FE054C71806ABF21" "Mozilla/5.0 (Macintosh; Intel Mac OS X 10_9_5) AppleWebKit/600.1.17 (KHTML, like Gecko) Version/7.1 Safari/537.85.10"
186.82.93.61 - - [29/Sep/2014:04:12:57 -0500] "GET /birtApps/webcontent/birt/admin/js/1ibre/jscalendar/calendar-setup.js HTTP/1.1" 200 8930 "http://190.27.245.106/Report2/login.do;jsessionid=E5A5BE138BFBD108FE054C71806ABF21" "Mozilla/5.0 (Macintosh; Intel Mac OS X 10_9_5) AppleWebKit/600.1.17 (KHTML, like Gecko) Version/7.1 Safari/537.85.10"
186.82.93.61 - - [29/Sep/2014:04:12:57 -0500] "GET /Report2/img/cliente/right1.png HTTP/1.1" 200 35254 "http://190.27.245.106/Report2/login.do;jsessionid=E5A5BE138BFBD108FE054C71806ABF21" "Mozilla/5.0 (Macintosh; Intel Mac OS X 10_9_5) AppleWebKit/600.1.17 (KHTML, like Gecko) Version/7.1 Safari/537.85.10"
186.82.93.61 - - [29/Sep/2014:04:12:57 -0500] "GET /birtApps/webcontent/birt/admin/js/1ibre/jscalendar/lang/calendar-es.js HTTP/1.1" 200 3995 "http://190.27.245.106/Report2/login.do;jsessionid=E5A5BE138BFBD108FE054C71806ABF21" "Mozilla/5.0 (Macintosh; Intel Mac OS X 10_9_5) AppleWebKit/600.1.17 (KHTML, like Gecko) Version/7.1 Safari/537.85.10"
186.82.93.61 - - [29/Sep/2014:04:12:57 -0500] "GET /birtApps/webcontent/birt/admin/js/1ibre/jscalendar/calendar.js HTTP/1.1" 200 51287 "http://190.27.245.106/Report2/login.do;jsessionid=E5A5BE138BFBD108FE054C71806ABF21" "Mozilla/5.0 (Macintosh; Intel Mac OS X 10_9_5) AppleWebKit/600.1.17 (KHTML, like Gecko) Version/7.1 Safari/537.85.10"
186.82.93.61 - - [29/Sep/2014:04:12:57 -0500] "GET /Report2/img/cliente/left1.png HTTP/1.1" 200 102134 "http://190.27.245.106/Report2/login.do;jsessionid=E5A5BE138BFBD108FE054C71806ABF21" "Mozilla/5.0 (Macintosh; Intel Mac OS X 10_9_5) AppleWebKit/600.1.17 (KHTML, like Gecko) Version/7.1 Safari/537.85.10"
186.82.93.61 - - [29/Sep/2014:04:12:58 -0500] "GET /birtApps/webcontent/birt/admin/css/report.css HTTP/1.1" 200 816 "http://190.27.245.106/Report2/login.do;jsessionid=E5A5BE138BFBD108FE054C71806ABF21" "Mozilla/5.0 (Macintosh; Intel Mac OS X 10_9_5) AppleWebKit/600.1.17 (KHTML, like Gecko) Version/7.1 Safari/537.85.10"
186.82.93.61 - - [29/Sep/2014:04:12:58 -0500] "GET /birtApps/webcontent/birt/admin/css/containers.css HTTP/1.1" 200 2136 "http://190.27.245.106/Report2/login.do;jsessionid=E5A5BE138BFBD108FE054C71806ABF21" "Mozilla/5.0 (Macintosh; Intel Mac OS X 10_9_5) AppleWebKit/600.1.17 (KHTML, like Gecko) Version/7.1 Safari/537.85.10"
186.82.93.61 - - [29/Sep/2014:04:12:57 -0500] "GET /birtApps/webcontent/birt/admin/js/1ibre/1ibre.js HTTP/1.1" 200 183132 "http://190.27.245.106/Report2/login.do;jsessionid=E5A5BE138BFBD108FE054C71806ABF21" "Mozilla/5.0 (Macintosh; Intel Mac OS X 10_9_5) AppleWebKit/600.1.17 (KHTML, like Gecko) Version/7.1 Safari/537.85.10"
186.82.93.61 - - [29/Sep/2014:04:12:57 -0500] "GET /birtApps/webcontent/birt/admin/js/1ibre/protoaculous.js HTTP/1.1" 200 151386 "http://190.27.245.106/Report2/login.do;jsessionid=E5A5BE138BFBD108FE054C71806ABF21" "Mozilla/5.0 (Macintosh; Intel Mac OS X 10_9_5) AppleWebKit/600.1.17 (KHTML, like Gecko) Version/7.1 Safari/537.85.10"
186.82.93.61 - - [29/Sep/2014:04:12:58 -0500] "GET /birtApps/webcontent/birt/admin/js/yui/fonts-min.css HTTP/1.1" 200 431 "http://190.27.245.106/Report2/login.do;jsessionid=E5A5BE138BFBD108FE054C71806ABF21" "Mozilla/5.0 (Macintosh; Intel Mac OS X 10_9_5) AppleWebKit/600.1.17 (KHTML, like Gecko) Version/7.1 Safari/537.85.10"
186.82.93.61 - - [29/Sep/2014:04:12:58 -0500] "GET /birtApps/webcontent/birt/admin/js/yui/tabview.css HTTP/1.1" 200 1994 "http://190.27.245.106/Report2/login.do;jsessionid=E5A5BE138BFBD108FE054C71806ABF21" "Mozilla/5.0 (Macintosh; Intel Mac OS X 10_9_5) AppleWebKit/600.1.17 (KHTML, like Gecko) Version/7.1 Safari/537.85.10"
186.82.93.61 - - [29/Sep/2014:04:12:58 -0500] "GET /birtApps/webcontent/birt/admin/css/dtree.css HTTP/1.1" 200 837 "http://190.27.245.106/Report2/login.do;jsessionid=E5A5BE138BFBD108FE054C71806ABF21" "Mozilla/5.0 (Macintosh; Intel Mac OS X 10_9_5) AppleWebKit/600.1.17 (KHTML, like Gecko) Version/7.1 Safari/537.85.10"
186.82.93.61 - - [29/Sep/2014:04:12:58 -0500] "GET /birtApps/webcontent/birt/admin/css/client.css HTTP/1.1" 200 2918 "http://190.27.245.106/Report2/login.do;jsessionid=E5A5BE138BFBD108FE054C71806ABF21" "Mozilla/5.0 (Macintosh; Intel Mac OS X 10_9_5) AppleWebKit/600.1.17 (KHTML, like Gecko) Version/7.1 Safari/537.85.10"
186.82.93.61 - - [29/Sep/2014:04:12:58 -0500] "GET /birtApps/webcontent/birt/admin/css/popup.css HTTP/1.1" 200 288 "http://190.27.245.106/Report2/login.do;jsessionid=E5A5BE138BFBD108FE054C71806ABF21" "Mozilla/5.0 (Macintosh; Intel Mac OS X 10_9_5) AppleWebKit/600.1.17 (KHTML, like Gecko) Version/7.1 Safari/537.85.10"
186.82.93.61 - - [29/Sep/2014:04:12:58 -0500] "GET /birtApps/webcontent/birt/admin/css/autocomplete.css HTTP/1.1" 200 1620 "http://190.27.245.106/Report2/login.do;jsessionid=E5A5BE138BFBD108FE054C71806ABF21" "Mozilla/5.0 (Macintosh; Intel Mac OS X 10_9_5) AppleWebKit/600.1.17 (KHTML, like Gecko) Version/7.1 Safari/537.85.10"
186.82.93.61 - - [29/Sep/2014:04:12:58 -0500] "GET /birtApps/webcontent/birt/admin/js/autocompletar2.js HTTP/1.1" 200 25094 "http://190.27.245.106/Report2/login.do;jsessionid=E5A5BE138BFBD108FE054C71806ABF21" "Mozilla/5.0 (Macintosh; Intel Mac OS X 10_9_5) AppleWebKit/600.1.17 (KHTML, like Gecko) Version/7.1 Safari/537.85.10"
186.82.93.61 - - [29/Sep/2014:04:12:57 -0500] "GET /birtApps/webcontent/birt/admin/js/jquery_layout/jquery.layout-latest.js HTTP/1.1" 200 142624 "http://190.27.245.106/Report2/login.do;jsessionid=E5A5BE138BFBD108FE054C71806ABF21" "Mozilla/5.0 (Macintosh; Intel Mac OS X 10_9_5) AppleWebKit/600.1.17 (KHTML, like Gecko) Version/7.1 Safari/537.85.10"
186.82.93.61 - - [29/Sep/2014:04:12:57 -0500] "GET /birtApps/webcontent/birt/admin/js/jquery_layout/jquery-latest.js HTTP/1.1" 200 180411 "http://190.27.245.106/Report2/login.do;jsessionid=E5A5BE138BFBD108FE054C71806ABF21" "Mozilla/5.0 (Macintosh; Intel Mac OS X 10_9_5) AppleWebKit/600.1.17 (KHTML, like Gecko) Version/7.1 Safari/537.85.10"
186.82.93.61 - - [29/Sep/2014:04:12:58 -0500] "GET /birtApps/webcontent/birt/admin/js/yui/element-min.js HTTP/1.1" 200 9237 "http://190.27.245.106/Report2/login.do;jsessionid=E5A5BE138BFBD108FE054C71806ABF21" "Mozilla/5.0 (Macintosh; Intel Mac OS X 10_9_5) AppleWebKit/600.1.17 (KHTML, like Gecko) Version/7.1 Safari/537.85.10"
186.82.93.61 - - [29/Sep/2014:04:12:58 -0500] "GET /birtApps/webcontent/birt/admin/js/yui/yahoo-dom-event.js HTTP/1.1" 200 36628 "http://190.27.245.106/Report2/login.do;jsessionid=E5A5BE138BFBD108FE054C71806ABF21" "Mozilla/5.0 (Macintosh; Intel Mac OS X 10_9_5) AppleWebKit/600.1.17 (KHTML, like Gecko) Version/7.1 Safari/537.85.10"
186.82.93.61 - - [29/Sep/2014:04:12:58 -0500] "GET /birtApps/webcontent/birt/admin/img/expand_all.gif HTTP/1.1" 200 949 "http://190.27.245.106/Report2/login.do;jsessionid=E5A5BE138BFBD108FE054C71806ABF21" "Mozilla/5.0 (Macintosh; Intel Mac OS X 10_9_5) AppleWebKit/600.1.17 (KHTML, like Gecko) Version/7.1 Safari/537.85.10"
186.82.93.61 - - [29/Sep/2014:04:12:58 -0500] "GET /birtApps/webcontent/birt/admin/img/collapse_all.gif HTTP/1.1" 200 939 "http://190.27.245.106/Report2/login.do;jsessionid=E5A5BE138BFBD108FE054C71806ABF21" "Mozilla/5.0 (Macintosh; Intel Mac OS X 10_9_5) AppleWebKit/600.1.17 (KHTML, like Gecko) Version/7.1 Safari/537.85.10"
186.82.93.61 - - [29/Sep/2014:04:12:58 -0500] "GET /birtApps/webcontent/birt/admin/js/yui/tabview-min.js HTTP/1.1" 200 9537 "http://190.27.245.106/Report2/login.do;jsessionid=E5A5BE138BFBD108FE054C71806ABF21" "Mozilla/5.0 (Macintosh; Intel Mac OS X 10_9_5) AppleWebKit/600.1.17 (KHTML, like Gecko) Version/7.1 Safari/537.85.10"
186.82.93.61 - - [29/Sep/2014:04:12:58 -0500] "GET /birtApps/webcontent/birt/admin/css/images/magnifier.png HTTP/1.1" 200 615 "http://190.27.245.106/Report2/login.do;jsessionid=E5A5BE138BFBD108FE054C71806ABF21" "Mozilla/5.0 (Macintosh; Intel Mac OS X 10_9_5) AppleWebKit/600.1.17 (KHTML, like Gecko) Version/7.1 Safari/537.85.10"
186.82.93.61 - - [29/Sep/2014:04:12:58 -0500] "GET /birtApps/webcontent/birt/admin/js/dtree.js HTTP/1.1" 200 25386 "http://190.27.245.106/Report2/login.do;jsessionid=E5A5BE138BFBD108FE054C71806ABF21" "Mozilla/5.0 (Macintosh; Intel Mac OS X 10_9_5) AppleWebKit/600.1.17 (KHTML, like Gecko) Version/7.1 Safari/537.85.10"
186.82.93.61 - - [29/Sep/2014:04:12:58 -0500] "GET /birtApps/webcontent/birt/admin/js/client.js HTTP/1.1" 200 24007 "http://190.27.245.106/Report2/login.do;jsessionid=E5A5BE138BFBD108FE054C71806ABF21" "Mozilla/5.0 (Macintosh; Intel Mac OS X 10_9_5) AppleWebKit/600.1.17 (KHTML, like Gecko) Version/7.1 Safari/537.85.10"
186.82.93.61 - - [29/Sep/2014:04:12:59 -0500] "GET /birtApps/webcontent/birt/admin/img/loading.gif HTTP/1.1" 200 1197 "http://190.27.245.106/Report2/login.do;jsessionid=E5A5BE138BFBD108FE054C71806ABF21" "Mozilla/5.0 (Macintosh; Intel Mac OS X 10_9_5) AppleWebKit/600.1.17 (KHTML, like Gecko) Version/7.1 Safari/537.85.10"
186.82.93.61 - - [29/Sep/2014:04:12:59 -0500] "GET /Report2/img/cliente/background1.png HTTP/1.1" 200 21665 "http://190.27.245.106/Report2/login.do;jsessionid=E5A5BE138BFBD108FE054C71806ABF21" "Mozilla/5.0 (Macintosh; Intel Mac OS X 10_9_5) AppleWebKit/600.1.17 (KHTML, like Gecko) Version/7.1 Safari/537.85.10"
186.82.93.61 - - [29/Sep/2014:04:12:57 -0500] "GET /birtApps/webcontent/birt/admin/js/jquery_layout/jquery-ui-latest.js HTTP/1.1" 200 359740 "http://190.27.245.106/Report2/login.do;jsessionid=E5A5BE138BFBD108FE054C71806ABF21" "Mozilla/5.0 (Macintosh; Intel Mac OS X 10_9_5) AppleWebKit/600.1.17 (KHTML, like Gecko) Version/7.1 Safari/537.85.10"
186.82.93.61 - - [29/Sep/2014:04:12:59 -0500] "GET /birtApps/webcontent/birt/admin/img/go-lt-off.gif HTTP/1.1" 200 246 "http://190.27.245.106/Report2/login.do;jsessionid=E5A5BE138BFBD108FE054C71806ABF21" "Mozilla/5.0 (Macintosh; Intel Mac OS X 10_9_5) AppleWebKit/600.1.17 (KHTML, like Gecko) Version/7.1 Safari/537.85.10"
186.82.93.61 - - [29/Sep/2014:04:12:59 -0500] "GET /birtApps/webcontent/birt/admin/js/1ibre/1ibre.css HTTP/1.1" 200 618 "http://190.27.245.106/Report2/login.do;jsessionid=E5A5BE138BFBD108FE054C71806ABF21" "Mozilla/5.0 (Macintosh; Intel Mac OS X 10_9_5) AppleWebKit/600.1.17 (KHTML, like Gecko) Version/7.1 Safari/537.85.10"
186.82.93.61 - - [29/Sep/2014:04:12:59 -0500] "GET /Report2/parameter?action=listRpts HTTP/1.1" 200 16331 "http://190.27.245.106/Report2/login.do;jsessionid=E5A5BE138BFBD108FE054C71806ABF21" "Mozilla/5.0 (Macintosh; Intel Mac OS X 10_9_5) AppleWebKit/600.1.17 (KHTML, like Gecko) Version/7.1 Safari/537.85.10"
186.82.93.61 - - [29/Sep/2014:04:12:59 -0500] "GET /birtApps/webcontent/birt/admin/img/dtree/folderopen.gif HTTP/1.1" 200 376 "http://190.27.245.106/Report2/login.do;jsessionid=E5A5BE138BFBD108FE054C71806ABF21" "Mozilla/5.0 (Macintosh; Intel Mac OS X 10_9_5) AppleWebKit/600.1.17 (KHTML, like Gecko) Version/7.1 Safari/537.85.10"
186.82.93.61 - - [29/Sep/2014:04:12:59 -0500] "GET /birtApps/webcontent/birt/admin/img/dtree/plus.gif HTTP/1.1" 200 88 "http://190.27.245.106/Report2/login.do;jsessionid=E5A5BE138BFBD108FE054C71806ABF21" "Mozilla/5.0 (Macintosh; Intel Mac OS X 10_9_5) AppleWebKit/600.1.17 (KHTML, like Gecko) Version/7.1 Safari/537.85.10"
186.82.93.61 - - [29/Sep/2014:04:12:59 -0500] "GET /birtApps/webcontent/birt/admin/img/dtree/empty.gif HTTP/1.1" 200 62 "http://190.27.245.106/Report2/login.do;jsessionid=E5A5BE138BFBD108FE054C71806ABF21" "Mozilla/5.0 (Macintosh; Intel Mac OS X 10_9_5) AppleWebKit/600.1.17 (KHTML, like Gecko) Version/7.1 Safari/537.85.10"
186.82.93.61 - - [29/Sep/2014:04:12:59 -0500] "GET /birtApps/webcontent/birt/admin/img/dtree/join.gif HTTP/1.1" 200 69 "http://190.27.245.106/Report2/login.do;jsessionid=E5A5BE138BFBD108FE054C71806ABF21" "Mozilla/5.0 (Macintosh; Intel Mac OS X 10_9_5) AppleWebKit/600.1.17 (KHTML, like Gecko) Version/7.1 Safari/537.85.10"
186.82.93.61 - - [29/Sep/2014:04:12:59 -0500] "GET /birtApps/webcontent/birt/admin/img/dtree/folder.gif HTTP/1.1" 200 372 "http://190.27.245.106/Report2/login.do;jsessionid=E5A5BE138BFBD108FE054C71806ABF21" "Mozilla/5.0 (Macintosh; Intel Mac OS X 10_9_5) AppleWebKit/600.1.17 (KHTML, like Gecko) Version/7.1 Safari/537.85.10"
186.82.93.61 - - [29/Sep/2014:04:12:59 -0500] "GET /birtApps/webcontent/birt/admin/img/dtree/hpage.gif HTTP/1.1" 200 131 "http://190.27.245.106/Report2/login.do;jsessionid=E5A5BE138BFBD108FE054C71806ABF21" "Mozilla/5.0 (Macintosh; Intel Mac OS X 10_9_5) AppleWebKit/600.1.17 (KHTML, like Gecko) Version/7.1 Safari/537.85.10"
186.82.93.61 - - [29/Sep/2014:04:12:59 -0500] "GET /birtApps/webcontent/birt/admin/img/dtree/joinbottom.gif HTTP/1.1" 200 66 "http://190.27.245.106/Report2/login.do;jsessionid=E5A5BE138BFBD108FE054C71806ABF21" "Mozilla/5.0 (Macintosh; Intel Mac OS X 10_9_5) AppleWebKit/600.1.17 (KHTML, like Gecko) Version/7.1 Safari/537.85.10"
186.82.93.61 - - [29/Sep/2014:04:12:59 -0500] "GET /birtApps/webcontent/birt/admin/img/dtree/plusbottom.gif HTTP/1.1" 200 88 "http://190.27.245.106/Report2/login.do;jsessionid=E5A5BE138BFBD108FE054C71806ABF21" "Mozilla/5.0 (Macintosh; Intel Mac OS X 10_9_5) AppleWebKit/600.1.17 (KHTML, like Gecko) Version/7.1 Safari/537.85.10"
186.82.93.61 - - [29/Sep/2014:04:13:01 -0500] "GET /birtApps/webcontent/birt/admin/img/dtree/line.gif HTTP/1.1" 200 66 "http://190.27.245.106/Report2/login.do;jsessionid=E5A5BE138BFBD108FE054C71806ABF21" "Mozilla/5.0 (Macintosh; Intel Mac OS X 10_9_5) AppleWebKit/600.1.17 (KHTML, like Gecko) Version/7.1 Safari/537.85.10"
186.82.93.61 - - [29/Sep/2014:04:13:01 -0500] "GET /birtApps/webcontent/birt/admin/img/dtree/minus.gif HTTP/1.1" 200 80 "http://190.27.245.106/Report2/login.do;jsessionid=E5A5BE138BFBD108FE054C71806ABF21" "Mozilla/5.0 (Macintosh; Intel Mac OS X 10_9_5) AppleWebKit/600.1.17 (KHTML, like Gecko) Version/7.1 Safari/537.85.10"
186.82.93.61 - - [29/Sep/2014:04:13:02 -0500] "GET /Report2/parameter?action=parametersReportMDX&id_rpt=17&currentTab=tab_presentacion HTTP/1.1" 200 6578 "http://190.27.245.106/Report2/login.do;jsessionid=E5A5BE138BFBD108FE054C71806ABF21" "Mozilla/5.0 (Macintosh; Intel Mac OS X 10_9_5) AppleWebKit/600.1.17 (KHTML, like Gecko) Version/7.1 Safari/537.85.10"
186.82.93.61 - - [29/Sep/2014:04:13:02 -0500] "GET /birtApps/webcontent/birt/admin/img/popup/okey.gif HTTP/1.1" 200 203 "http://190.27.245.106/Report2/login.do;jsessionid=E5A5BE138BFBD108FE054C71806ABF21" "Mozilla/5.0 (Macintosh; Intel Mac OS X 10_9_5) AppleWebKit/600.1.17 (KHTML, like Gecko) Version/7.1 Safari/537.85.10"
186.82.93.61 - - [29/Sep/2014:04:13:02 -0500] "GET /birtApps/webcontent/birt/admin/img/popup/close.gif HTTP/1.1" 200 571 "http://190.27.245.106/Report2/login.do;jsessionid=E5A5BE138BFBD108FE054C71806ABF21" "Mozilla/5.0 (Macintosh; Intel Mac OS X 10_9_5) AppleWebKit/600.1.17 (KHTML, like Gecko) Version/7.1 Safari/537.85.10"
186.82.93.61 - - [29/Sep/2014:04:13:02 -0500] "GET /birtApps/webcontent/birt/admin/img/popup/cancel.gif HTTP/1.1" 200 77 "http://190.27.245.106/Report2/login.do;jsessionid=E5A5BE138BFBD108FE054C71806ABF21" "Mozilla/5.0 (Macintosh; Intel Mac OS X 10_9_5) AppleWebKit/600.1.17 (KHTML, like Gecko) Version/7.1 Safari/537.85.10"
186.82.93.61 - - [29/Sep/2014:04:13:07 -0500] "POST /Report2/parameter?action=runReportMDX&json=true&listdep=nit&id_rpt=17&param_partNomauto=la%20vi HTTP/1.1" 200 172 "http://190.27.245.106/Report2/login.do;jsessionid=E5A5BE138BFBD108FE054C71806ABF21" "Mozilla/5.0 (Macintosh; Intel Mac OS X 10_9_5) AppleWebKit/600.1.17 (KHTML, like Gecko) Version/7.1 Safari/537.85.10"
186.82.93.61 - - [29/Sep/2014:04:13:08 -0500] "POST /Report2/parameter?action=runReportMDX&json=true&listdep=nit&id_rpt=17&param_partNomauto=la%20vic HTTP/1.1" 200 62 "http://190.27.245.106/Report2/login.do;jsessionid=E5A5BE138BFBD108FE054C71806ABF21" "Mozilla/5.0 (Macintosh; Intel Mac OS X 10_9_5) AppleWebKit/600.1.17 (KHTML, like Gecko) Version/7.1 Safari/537.85.10"
186.82.93.61 - - [29/Sep/2014:04:13:09 -0500] "GET /Report2/parameter?action=runReportMDX&json=true&listdep=informe&id_rpt=17&param_nit=302 HTTP/1.1" 200 575 "http://190.27.245.106/Report2/login.do;jsessionid=E5A5BE138BFBD108FE054C71806ABF21" "Mozilla/5.0 (Macintosh; Intel Mac OS X 10_9_5) AppleWebKit/600.1.17 (KHTML, like Gecko) Version/7.1 Safari/537.85.10"
186.82.93.61 - - [29/Sep/2014:04:13:14 -0500] "GET /Report2/parameter?action=runReportMDX&json=true&listdep=FecBal&id_rpt=17&param_informe=19&param_nit=302 HTTP/1.1" 200 44 "http://190.27.245.106/Report2/login.do;jsessionid=E5A5BE138BFBD108FE054C71806ABF21" "Mozilla/5.0 (Macintosh; Intel Mac OS X 10_9_5) AppleWebKit/600.1.17 (KHTML, like Gecko) Version/7.1 Safari/537.85.10"
186.82.93.61 - - [29/Sep/2014:04:13:16 -0500] "GET /Report2/parameter?action=runReportMDX&json=true&listdep=formato&id_rpt=17&param_informe=19&param_nit=302&param_FecBal=2014-06-30 HTTP/1.1" 200 211 "http://190.27.245.106/Report2/login.do;jsessionid=E5A5BE138BFBD108FE054C71806ABF21" "Mozilla/5.0 (Macintosh; Intel Mac OS X 10_9_5) AppleWebKit/600.1.17 (KHTML, like Gecko) Version/7.1 Safari/537.85.10"
186.82.93.61 - - [29/Sep/2014:04:13:19 -0500] "POST /Report2/rptManage.jsp?migracion=111 HTTP/1.1" 200 619 "http://190.27.245.106/Report2/login.do;jsessionid=E5A5BE138BFBD108FE054C71806ABF21" "Mozilla/5.0 (Macintosh; Intel Mac OS X 10_9_5) AppleWebKit/600.1.17 (KHTML, like Gecko) Version/7.1 Safari/537.85.10"
186.82.93.61 - - [29/Sep/2014:04:13:19 -0500] "GET /Report2/loading.jsp?migracion=111&id_rpt=17&currentTab=tab_41045&rnd=0.4763800702638662 HTTP/1.1" 200 2697 "http://190.27.245.106/Report2/rptManage.jsp?migracion=111" "Mozilla/5.0 (Macintosh; Intel Mac OS X 10_9_5) AppleWebKit/600.1.17 (KHTML, like Gecko) Version/7.1 Safari/537.85.10"
186.82.93.61 - - [29/Sep/2014:04:13:19 -0500] "GET /Report2/rpt.jsp?migracion=111&id_rpt=17&currentTab=tab_41045&rnd=0.18395930980696973 HTTP/1.1" 200 13576 "http://190.27.245.106/Report2/rptManage.jsp?migracion=111" "Mozilla/5.0 (Macintosh; Intel Mac OS X 10_9_5) AppleWebKit/600.1.17 (KHTML, like Gecko) Version/7.1 Safari/537.85.10"
186.82.93.61 - - [29/Sep/2014:04:13:19 -0500] "GET /Report2/css/birt/index.css HTTP/1.1" 200 4087 "http://190.27.245.106/Report2/rpt.jsp?migracion=111&id_rpt=17&currentTab=tab_41045&rnd=0.18395930980696973" "Mozilla/5.0 (Macintosh; Intel Mac OS X 10_9_5) AppleWebKit/600.1.17 (KHTML, like Gecko) Version/7.1 Safari/537.85.10"
186.82.93.61 - - [29/Sep/2014:04:13:19 -0500] "GET /Report2/js/common.js HTTP/1.1" 200 2722 "http://190.27.245.106/Report2/rpt.jsp?migracion=111&id_rpt=17&currentTab=tab_41045&rnd=0.18395930980696973" "Mozilla/5.0 (Macintosh; Intel Mac OS X 10_9_5) AppleWebKit/600.1.17 (KHTML, like Gecko) Version/7.1 Safari/537.85.10"
186.82.93.61 - - [29/Sep/2014:04:13:19 -0500] "GET /Report2/css/birt/style.css HTTP/1.1" 200 6100 "http://190.27.245.106/Report2/rpt.jsp?migracion=111&id_rpt=17&currentTab=tab_41045&rnd=0.18395930980696973" "Mozilla/5.0 (Macintosh; Intel Mac OS X 10_9_5) AppleWebKit/600.1.17 (KHTML, like Gecko) Version/7.1 Safari/537.85.10"
186.82.93.61 - - [29/Sep/2014:04:13:19 -0500] "GET /Report2/js/xml_utilities.js HTTP/1.1" 200 4074 "http://190.27.245.106/Report2/rpt.jsp?migracion=111&id_rpt=17&currentTab=tab_41045&rnd=0.18395930980696973" "Mozilla/5.0 (Macintosh; Intel Mac OS X 10_9_5) AppleWebKit/600.1.17 (KHTML, like Gecko) Version/7.1 Safari/537.85.10"
186.82.93.61 - - [29/Sep/2014:04:13:19 -0500] "GET /Report2/style.css HTTP/1.1" 200 2423 "http://190.27.245.106/Report2/loading.jsp?migracion=111&id_rpt=17&currentTab=tab_41045&rnd=0.4763800702638662" "Mozilla/5.0 (Macintosh; Intel Mac OS X 10_9_5) AppleWebKit/600.1.17 (KHTML, like Gecko) Version/7.1 Safari/537.85.10"
186.82.93.61 - - [29/Sep/2014:04:13:19 -0500] "GET /Report2/js/escritorio1.js HTTP/1.1" 200 8509 "http://190.27.245.106/Report2/rpt.jsp?migracion=111&id_rpt=17&currentTab=tab_41045&rnd=0.18395930980696973" "Mozilla/5.0 (Macintosh; Intel Mac OS X 10_9_5) AppleWebKit/600.1.17 (KHTML, like Gecko) Version/7.1 Safari/537.85.10"
186.82.93.61 - - [29/Sep/2014:04:13:19 -0500] "GET /Report2/js/1ibre/1ibre.js HTTP/1.1" 200 174427 "http://190.27.245.106/Report2/rpt.jsp?migracion=111&id_rpt=17&currentTab=tab_41045&rnd=0.18395930980696973" "Mozilla/5.0 (Macintosh; Intel Mac OS X 10_9_5) AppleWebKit/600.1.17 (KHTML, like Gecko) Version/7.1 Safari/537.85.10"
186.82.93.61 - - [29/Sep/2014:04:13:19 -0500] "GET /Report2/js/1ibre/protoaculous.js HTTP/1.1" 200 149894 "http://190.27.245.106/Report2/rpt.jsp?migracion=111&id_rpt=17&currentTab=tab_41045&rnd=0.18395930980696973" "Mozilla/5.0 (Macintosh; Intel Mac OS X 10_9_5) AppleWebKit/600.1.17 (KHTML, like Gecko) Version/7.1 Safari/537.85.10"
186.82.93.61 - - [29/Sep/2014:04:13:19 -0500] "GET /Report2/serviceListados.jsp?queryId=rpt/infxidC&informe=19&a=0.7494110001716763 HTTP/1.1" 200 228 "http://190.27.245.106/Report2/rpt.jsp?migracion=111&id_rpt=17&currentTab=tab_41045&rnd=0.18395930980696973" "Mozilla/5.0 (Macintosh; Intel Mac OS X 10_9_5) AppleWebKit/600.1.17 (KHTML, like Gecko) Version/7.1 Safari/537.85.10"
186.82.93.61 - - [29/Sep/2014:04:13:19 -0500] "GET /Report2/serviceListados.jsp?queryId=rpt/entidadxidC&nit=302&a=0.14463548199273646 HTTP/1.1" 200 237 "http://190.27.245.106/Report2/rpt.jsp?migracion=111&id_rpt=17&currentTab=tab_41045&rnd=0.18395930980696973" "Mozilla/5.0 (Macintosh; Intel Mac OS X 10_9_5) AppleWebKit/600.1.17 (KHTML, like Gecko) Version/7.1 Safari/537.85.10"
186.82.93.61 - - [29/Sep/2014:04:13:19 -0500] "GET /Report2/images/birt/ChangeParameter.gif HTTP/1.1" 200 600 "http://190.27.245.106/Report2/rpt.jsp?migracion=111&id_rpt=17&currentTab=tab_41045&rnd=0.18395930980696973" "Mozilla/5.0 (Macintosh; Intel Mac OS X 10_9_5) AppleWebKit/600.1.17 (KHTML, like Gecko) Version/7.1 Safari/537.85.10"
186.82.93.61 - - [29/Sep/2014:04:13:19 -0500] "GET /Report2/img/loading.gif HTTP/1.1" 200 1197 "http://190.27.245.106/Report2/loading.jsp?migracion=111&id_rpt=17&currentTab=tab_41045&rnd=0.4763800702638662" "Mozilla/5.0 (Macintosh; Intel Mac OS X 10_9_5) AppleWebKit/600.1.17 (KHTML, like Gecko) Version/7.1 Safari/537.85.10"
186.82.93.61 - - [29/Sep/2014:04:13:19 -0500] "GET /Report2/images/birt/ExportReport.gif HTTP/1.1" 200 607 "http://190.27.245.106/Report2/rpt.jsp?migracion=111&id_rpt=17&currentTab=tab_41045&rnd=0.18395930980696973" "Mozilla/5.0 (Macintosh; Intel Mac OS X 10_9_5) AppleWebKit/600.1.17 (KHTML, like Gecko) Version/7.1 Safari/537.85.10"
186.82.93.61 - - [29/Sep/2014:04:13:19 -0500] "GET /Report2/images/birt/Print.gif HTTP/1.1" 200 614 "http://190.27.245.106/Report2/rpt.jsp?migracion=111&id_rpt=17&currentTab=tab_41045&rnd=0.18395930980696973" "Mozilla/5.0 (Macintosh; Intel Mac OS X 10_9_5) AppleWebKit/600.1.17 (KHTML, like Gecko) Version/7.1 Safari/537.85.10"
186.82.93.61 - - [29/Sep/2014:04:13:19 -0500] "GET /Report2/js/1ibre/1ibre.css HTTP/1.1" 200 593 "http://190.27.245.106/Report2/rpt.jsp?migracion=111&id_rpt=17&currentTab=tab_41045&rnd=0.18395930980696973" "Mozilla/5.0 (Macintosh; Intel Mac OS X 10_9_5) AppleWebKit/600.1.17 (KHTML, like Gecko) Version/7.1 Safari/537.85.10"
186.82.93.61 - - [29/Sep/2014:04:13:19 -0500] "GET /Report2/img/loading.gif HTTP/1.1" 200 1197 "http://190.27.245.106/Report2/infReportada.jsp?rdmMapa=333279" "Mozilla/5.0 (Macintosh; Intel Mac OS X 10_9_5) AppleWebKit/600.1.17 (KHTML, like Gecko) Version/7.1 Safari/537.85.10"
186.82.93.61 - - [29/Sep/2014:04:13:19 -0500] "POST /Report2/infReportada.jsp?rdmMapa=333279 HTTP/1.1" 200 11991 "http://190.27.245.106/Report2/loading.jsp?migracion=111&id_rpt=17&currentTab=tab_41045&rnd=0.4763800702638662" "Mozilla/5.0 (Macintosh; Intel Mac OS X 10_9_5) AppleWebKit/600.1.17 (KHTML, like Gecko) Version/7.1 Safari/537.85.10"
186.82.93.61 - - [29/Sep/2014:04:13:20 -0500] "GET /Report2/img/blank.gif HTTP/1.1" 200 43 "http://190.27.245.106/Report2/infReportada.jsp?rdmMapa=333279" "Mozilla/5.0 (Macintosh; Intel Mac OS X 10_9_5) AppleWebKit/600.1.17 (KHTML, like Gecko) Version/7.1 Safari/537.85.10"
190.25.232.143 - - [29/Sep/2014:04:13:22 -0500] "GET /galeria/nivo-slider/demo/images/JornadaAdopcion.jpg HTTP/1.1" 304 - "-" "Mozilla/4.0 (compatible;)"
74.86.158.107 - - [29/Sep/2014:04:13:28 -0500] "HEAD / HTTP/1.1" 302 - "-" "Mozilla/5.0+(compatible; UptimeRobot/2.0; http://www.uptimerobot.com/)"
130.211.238.135 - - [29/Sep/2014:04:14:16 -0500] "GET /BLA/boletinlegal/js/jquery.scrollTo-min.js HTTP/1.1" 200 1150 "http://ambientebogota.gov.co/" "Mozilla/5.0 (X11; Linux x86_64) AppleWebKit/537.36 (KHTML, like Gecko) Chrome/39.0.2170.0 Safari/537.36"
130.211.238.135 - - [29/Sep/2014:04:14:16 -0500] "GET /galeria/carrusel/Carrusel/jquery.thumbnailScroller.css HTTP/1.1" 200 2066 "http://ambientebogota.gov.co/" "Mozilla/5.0 (X11; Linux x86_64) AppleWebKit/537.36 (KHTML, like Gecko) Chrome/39.0.2170.0 Safari/537.36"
