201.245.192.253 - - [29/Sep/2014:08:26:11 -0500] "GET /forest/usutareas.do?group_system_actual=3&codTraEsc=16555007&_a=0.7647704283234563 HTTP/1.1" 200 115671 "http://190.27.245.106/forest/index2.jsp?_a=0.4593719432025073" "Mozilla/5.0 (Windows NT 6.1; rv:32.0) Gecko/20100101 Firefox/32.0"
201.245.192.253 - - [29/Sep/2014:08:26:11 -0500] "GET /forest/skins/gdocs-jar/css/menu.css?version=1408.271930 HTTP/1.1" 304 - "http://190.27.245.106/forest/usutareas.do?group_system_actual=3&codTraEsc=16555007&_a=0.7647704283234563" "Mozilla/5.0 (Windows NT 6.1; rv:32.0) Gecko/20100101 Firefox/32.0"
201.245.192.253 - - [29/Sep/2014:08:26:11 -0500] "GET /forest/skins/gdocs-jar/js/autocompletar2.js?version=1408.271930 HTTP/1.1" 304 - "http://190.27.245.106/forest/usutareas.do?group_system_actual=3&codTraEsc=16555007&_a=0.7647704283234563" "Mozilla/5.0 (Windows NT 6.1; rv:32.0) Gecko/20100101 Firefox/32.0"
201.245.192.253 - - [29/Sep/2014:08:26:11 -0500] "GET /forest/skins/gdocs-jar/js/xml_utilities.js?version=1408.271930 HTTP/1.1" 304 - "http://190.27.245.106/forest/usutareas.do?group_system_actual=3&codTraEsc=16555007&_a=0.7647704283234563" "Mozilla/5.0 (Windows NT 6.1; rv:32.0) Gecko/20100101 Firefox/32.0"
201.245.192.253 - - [29/Sep/2014:08:26:11 -0500] "GET /forest/session.jsp?a=0.7291299260672283 HTTP/1.1" 200 4 "http://190.27.245.106/forest/usutareas.do?group_system_actual=3&codTraEsc=16555007&_a=0.7647704283234563" "Mozilla/5.0 (Windows NT 6.1; rv:32.0) Gecko/20100101 Firefox/32.0"
201.245.192.253 - - [29/Sep/2014:08:26:14 -0500] "GET /forest/documentos/1887127/2014ER116751.pdf HTTP/1.1" 200 23471 "http://190.27.245.106/forest/usutareas.do?group_system_actual=3&codTraEsc=16555007&_a=0.7647704283234563" "Mozilla/5.0 (Windows NT 6.1; rv:32.0) Gecko/20100101 Firefox/32.0"
181.48.9.62 - - [29/Sep/2014:08:26:16 -0500] "GET /BLA/boletinlegal/js/jquery.scrollShow.js HTTP/1.1" 304 - "http://ambientebogota.gov.co/web/escombros/marco-juridico" "Mozilla/5.0 (Windows NT 6.1; WOW64) AppleWebKit/537.36 (KHTML, like Gecko) Chrome/33.0.1750.154 Safari/537.36"
181.48.9.62 - - [29/Sep/2014:08:26:16 -0500] "GET /BLA/boletinlegal/js/jquery.js HTTP/1.1" 304 - "http://ambientebogota.gov.co/web/escombros/marco-juridico" "Mozilla/5.0 (Windows NT 6.1; WOW64) AppleWebKit/537.36 (KHTML, like Gecko) Chrome/33.0.1750.154 Safari/537.36"
181.48.9.62 - - [29/Sep/2014:08:26:16 -0500] "GET /BLA/boletinlegal/js/jquery.scrollTo-min.js HTTP/1.1" 304 - "http://ambientebogota.gov.co/web/escombros/marco-juridico" "Mozilla/5.0 (Windows NT 6.1; WOW64) AppleWebKit/537.36 (KHTML, like Gecko) Chrome/33.0.1750.154 Safari/537.36"
66.249.64.49 - - [29/Sep/2014:08:26:18 -0500] "GET /phylum/abr02/pyl7.htm HTTP/1.1" 304 - "-" "Mozilla/5.0 (compatible; Googlebot/2.1; +http://www.google.com/bot.html)"
66.249.64.163 - - [29/Sep/2014:08:26:22 -0500] "GET /BLA/resoluciones/RESOLUCIONES%202011/3773.pdf HTTP/1.1" 200 495430 "-" "Mozilla/5.0 (compatible; Googlebot/2.1; +http://www.google.com/bot.html)"
190.24.136.98 - - [29/Sep/2014:08:26:25 -0500] "POST /STORM-Services/resources/receiver HTTP/1.1" 200 185 "-" "Jakarta Commons-HttpClient/3.1"
190.24.136.98 - - [29/Sep/2014:08:26:33 -0500] "POST /STORM-Services/resources/receiver HTTP/1.1" 200 185 "-" "Jakarta Commons-HttpClient/3.1"
186.154.239.213 - - [29/Sep/2014:08:26:39 -0500] "GET /BLA/boletinlegal/js/jquery.js HTTP/1.1" 200 57254 "http://ambientebogota.gov.co/385" "Mozilla/5.0 (Windows NT 6.1; WOW64) AppleWebKit/537.36 (KHTML, like Gecko) Chrome/37.0.2062.124 Safari/537.36"
186.154.239.213 - - [29/Sep/2014:08:26:40 -0500] "GET /BLA/boletinlegal/js/jquery.scrollTo-min.js HTTP/1.1" 200 1150 "http://ambientebogota.gov.co/385" "Mozilla/5.0 (Windows NT 6.1; WOW64) AppleWebKit/537.36 (KHTML, like Gecko) Chrome/37.0.2062.124 Safari/537.36"
186.154.239.213 - - [29/Sep/2014:08:26:40 -0500] "GET /BLA/boletinlegal/js/jquery.scrollShow.js HTTP/1.1" 200 4586 "http://ambientebogota.gov.co/385" "Mozilla/5.0 (Windows NT 6.1; WOW64) AppleWebKit/537.36 (KHTML, like Gecko) Chrome/37.0.2062.124 Safari/537.36"
66.249.64.163 - - [29/Sep/2014:08:26:41 -0500] "GET /BLA/resoluciones/RESOLUCIONES%202007/RES%202007%203701%20AL%203800/RESOLUCION%203800%20DE%202007.pdf HTTP/1.1" 304 - "-" "Mozilla/5.0 (compatible; Googlebot/2.1; +http://www.google.com/bot.html)"
66.249.64.163 - - [29/Sep/2014:08:26:45 -0500] "GET /BLA/resoluciones/AUTOS%202006/AUTOS%202006%201301-1400/00001367.tif HTTP/1.1" 200 54826 "-" "Googlebot-Image/1.0"
190.242.127.190 - - [29/Sep/2014:08:26:48 -0500] "GET /videos/VideoOABFLV.flv HTTP/1.1" 200 7889923 "http://www.ambientebogota.gov.co/" "Mozilla/5.0 (Windows NT 6.1) AppleWebKit/537.19 (KHTML, like Gecko) Chrome/25.0.1323.1 Safari/537.19"
190.248.166.211 - - [29/Sep/2014:08:27:06 -0500] "GET /BLA/resoluciones/RESOLUCIONES%202012/1114.pdf HTTP/1.1" 200 597433 "https://www.google.com.co/" "Mozilla/5.0 (Windows NT 6.1) AppleWebKit/537.36 (KHTML, like Gecko) Chrome/37.0.2062.124 Safari/537.36"
190.248.166.211 - - [29/Sep/2014:08:27:06 -0500] "GET /BLA/resoluciones/RESOLUCIONES%202012/1114.pdf HTTP/1.1" 206 32768 "http://190.27.245.106/BLA/resoluciones/RESOLUCIONES%202012/1114.pdf" "Mozilla/5.0 (Windows NT 6.1) AppleWebKit/537.36 (KHTML, like Gecko) Chrome/37.0.2062.124 Safari/537.36"
190.248.166.211 - - [29/Sep/2014:08:27:07 -0500] "GET /BLA/resoluciones/RESOLUCIONES%202012/1114.pdf HTTP/1.1" 206 564665 "http://190.27.245.106/BLA/resoluciones/RESOLUCIONES%202012/1114.pdf" "Mozilla/5.0 (Windows NT 6.1) AppleWebKit/537.36 (KHTML, like Gecko) Chrome/37.0.2062.124 Safari/537.36"
190.248.166.211 - - [29/Sep/2014:08:27:09 -0500] "GET /favicon.ico HTTP/1.1" 200 18567 "-" "Mozilla/5.0 (Windows NT 6.1) AppleWebKit/537.36 (KHTML, like Gecko) Chrome/37.0.2062.124 Safari/537.36"
161.18.61.71 - - [29/Sep/2014:08:27:09 -0500] "OPTIONS / HTTP/1.1" 302 - "-" "Microsoft-WebDAV-MiniRedir/6.1.7601"
201.245.192.253 - - [29/Sep/2014:08:27:12 -0500] "GET /galeria/carrusel/Carrusel/jquery-ui-%20%201.8.13.custom.min.js HTTP/1.1" 404 1206 "-" "Mozilla/4.0 (compatible;)"
66.249.64.167 - - [29/Sep/2014:08:27:13 -0500] "GET /BLA/resoluciones/RESOLUCIONES%202012/1298.pdf HTTP/1.1" 200 955127 "-" "Mozilla/5.0 (compatible; Googlebot/2.1; +http://www.google.com/bot.html)"
190.242.127.190 - - [29/Sep/2014:08:26:56 -0500] "GET /videos/VideoOABFLV.flv HTTP/1.1" 200 7889923 "http://www.ambientebogota.gov.co/" "Mozilla/5.0 (Windows NT 6.1) AppleWebKit/537.19 (KHTML, like Gecko) Chrome/25.0.1323.1 Safari/537.19"
201.245.232.53 - - [29/Sep/2014:08:27:15 -0500] "GET /videos/galeria-cronicas/2playlist.htm? HTTP/1.1" 200 5449 "http://www.ambientebogota.gov.co/web/sda/videos-de-ambiente" "Mozilla/5.0 (Windows NT 5.1) AppleWebKit/537.36 (KHTML, like Gecko) Chrome/37.0.2062.124 Safari/537.36"
201.245.232.53 - - [29/Sep/2014:08:27:16 -0500] "GET /videos/galeria-cronicas/skin/blue.monday/jplayer.blue.monday.css HTTP/1.1" 200 12518 "http://190.27.245.106/videos/galeria-cronicas/2playlist.htm?" "Mozilla/5.0 (Windows NT 5.1) AppleWebKit/537.36 (KHTML, like Gecko) Chrome/37.0.2062.124 Safari/537.36"
201.245.232.53 - - [29/Sep/2014:08:27:16 -0500] "GET /videos/galeria-cronicas/js/jquery.jplayer.min.js HTTP/1.1" 200 43668 "http://190.27.245.106/videos/galeria-cronicas/2playlist.htm?" "Mozilla/5.0 (Windows NT 5.1) AppleWebKit/537.36 (KHTML, like Gecko) Chrome/37.0.2062.124 Safari/537.36"
201.245.232.53 - - [29/Sep/2014:08:27:16 -0500] "GET /videos/galeria-cronicas/js/jplayer.playlist.min.js HTTP/1.1" 200 8608 "http://190.27.245.106/videos/galeria-cronicas/2playlist.htm?" "Mozilla/5.0 (Windows NT 5.1) AppleWebKit/537.36 (KHTML, like Gecko) Chrome/37.0.2062.124 Safari/537.36"
201.245.232.53 - - [29/Sep/2014:08:27:16 -0500] "GET /videos/galeria-cronicas/skin/blue.monday/jplayer.blue.monday.jpg HTTP/1.1" 200 23189 "http://190.27.245.106/videos/galeria-cronicas/skin/blue.monday/jplayer.blue.monday.css" "Mozilla/5.0 (Windows NT 5.1) AppleWebKit/537.36 (KHTML, like Gecko) Chrome/37.0.2062.124 Safari/537.36"
201.245.232.53 - - [29/Sep/2014:08:27:16 -0500] "GET /videos/galeria-cronicas/skin/blue.monday/jplayer.blue.monday.video.play.png HTTP/1.1" 200 14424 "http://190.27.245.106/videos/galeria-cronicas/skin/blue.monday/jplayer.blue.monday.css" "Mozilla/5.0 (Windows NT 5.1) AppleWebKit/537.36 (KHTML, like Gecko) Chrome/37.0.2062.124 Safari/537.36"
201.245.232.53 - - [29/Sep/2014:08:27:18 -0500] "GET /videos/galeria-cronicas/1videos/1.mp4video.mp4 HTTP/1.1" 206 34016755 "http://190.27.245.106/videos/galeria-cronicas/2playlist.htm?" "Mozilla/5.0 (Windows NT 5.1) AppleWebKit/537.36 (KHTML, like Gecko) Chrome/37.0.2062.124 Safari/537.36"
201.245.192.253 - - [29/Sep/2014:08:27:24 -0500] "GET /forest/usutareas.do?_a=0.8158836152255365&group_system_actual=3 HTTP/1.1" 200 12365 "-" "Mozilla/5.0 (Windows NT 6.1; rv:32.0) Gecko/20100101 Firefox/32.0"
201.245.192.253 - - [29/Sep/2014:08:27:24 -0500] "GET /forest/img/mplogo.gif HTTP/1.1" 200 806 "http://190.27.245.106/forest/usutareas.do?_a=0.8158836152255365&group_system_actual=3" "Mozilla/5.0 (Windows NT 6.1; rv:32.0) Gecko/20100101 Firefox/32.0"
201.245.192.253 - - [29/Sep/2014:08:27:24 -0500] "GET /forest/skins/gdocs-jar/img/okey.gif HTTP/1.1" 200 203 "http://190.27.245.106/forest/usutareas.do?_a=0.8158836152255365&group_system_actual=3" "Mozilla/5.0 (Windows NT 6.1; rv:32.0) Gecko/20100101 Firefox/32.0"
201.245.192.253 - - [29/Sep/2014:08:27:24 -0500] "GET /forest/skins/gdocs-jar/css/menu.css?version=1408.271930 HTTP/1.1" 304 - "http://190.27.245.106/forest/usutareas.do?_a=0.8158836152255365&group_system_actual=3" "Mozilla/5.0 (Windows NT 6.1; rv:32.0) Gecko/20100101 Firefox/32.0"
201.245.192.253 - - [29/Sep/2014:08:27:24 -0500] "GET /forest/jsoptimized/gz/js/gdocsall-1408.271930.js HTTP/1.1" 304 - "http://190.27.245.106/forest/usutareas.do?_a=0.8158836152255365&group_system_actual=3" "Mozilla/5.0 (Windows NT 6.1; rv:32.0) Gecko/20100101 Firefox/32.0"
201.245.192.253 - - [29/Sep/2014:08:27:24 -0500] "GET /forest/img/inicio/3.gif HTTP/1.1" 304 - "http://190.27.245.106/forest/usutareas.do?_a=0.8158836152255365&group_system_actual=3" "Mozilla/5.0 (Windows NT 6.1; rv:32.0) Gecko/20100101 Firefox/32.0"
201.245.192.253 - - [29/Sep/2014:08:27:24 -0500] "GET /forest/img/inicio/4.gif HTTP/1.1" 304 - "http://190.27.245.106/forest/usutareas.do?_a=0.8158836152255365&group_system_actual=3" "Mozilla/5.0 (Windows NT 6.1; rv:32.0) Gecko/20100101 Firefox/32.0"
201.245.192.253 - - [29/Sep/2014:08:27:24 -0500] "GET /forest/img/inicio/1.gif HTTP/1.1" 304 - "http://190.27.245.106/forest/usutareas.do?_a=0.8158836152255365&group_system_actual=3" "Mozilla/5.0 (Windows NT 6.1; rv:32.0) Gecko/20100101 Firefox/32.0"
201.245.192.253 - - [29/Sep/2014:08:27:24 -0500] "GET /forest/img/inicio/2.gif HTTP/1.1" 304 - "http://190.27.245.106/forest/usutareas.do?_a=0.8158836152255365&group_system_actual=3" "Mozilla/5.0 (Windows NT 6.1; rv:32.0) Gecko/20100101 Firefox/32.0"
201.245.192.253 - - [29/Sep/2014:08:27:24 -0500] "GET /forest/img/inicio/6.gif HTTP/1.1" 304 - "http://190.27.245.106/forest/usutareas.do?_a=0.8158836152255365&group_system_actual=3" "Mozilla/5.0 (Windows NT 6.1; rv:32.0) Gecko/20100101 Firefox/32.0"
201.245.192.253 - - [29/Sep/2014:08:27:24 -0500] "GET /forest/img/inicio/5.gif HTTP/1.1" 304 - "http://190.27.245.106/forest/usutareas.do?_a=0.8158836152255365&group_system_actual=3" "Mozilla/5.0 (Windows NT 6.1; rv:32.0) Gecko/20100101 Firefox/32.0"
201.245.192.253 - - [29/Sep/2014:08:27:24 -0500] "GET /forest/img/inicio/7.gif HTTP/1.1" 304 - "http://190.27.245.106/forest/usutareas.do?_a=0.8158836152255365&group_system_actual=3" "Mozilla/5.0 (Windows NT 6.1; rv:32.0) Gecko/20100101 Firefox/32.0"
200.118.163.229 - - [29/Sep/2014:08:27:25 -0500] "GET /BLA/boletinlegal/js/jquery.scrollTo-min.js HTTP/1.1" 200 1150 "http://ambientebogota.gov.co/registro-unico-ambiental-rua-y-registro-de-generadores-de-residuos-peligrosos" "Mozilla/5.0 (Macintosh; Intel Mac OS X 10_8_5) AppleWebKit/600.1.17 (KHTML, like Gecko) Version/6.2 Safari/537.85.10"
200.118.163.229 - - [29/Sep/2014:08:27:25 -0500] "GET /BLA/boletinlegal/js/jquery.scrollShow.js HTTP/1.1" 200 4586 "http://ambientebogota.gov.co/registro-unico-ambiental-rua-y-registro-de-generadores-de-residuos-peligrosos" "Mozilla/5.0 (Macintosh; Intel Mac OS X 10_8_5) AppleWebKit/600.1.17 (KHTML, like Gecko) Version/6.2 Safari/537.85.10"
200.118.163.229 - - [29/Sep/2014:08:27:25 -0500] "GET /BLA/boletinlegal/js/jquery.js HTTP/1.1" 200 57254 "http://ambientebogota.gov.co/registro-unico-ambiental-rua-y-registro-de-generadores-de-residuos-peligrosos" "Mozilla/5.0 (Macintosh; Intel Mac OS X 10_8_5) AppleWebKit/600.1.17 (KHTML, like Gecko) Version/6.2 Safari/537.85.10"
201.245.192.253 - - [29/Sep/2014:08:27:33 -0500] "POST /forest/login.do HTTP/1.1" 302 - "http://190.27.245.106/forest/usutareas.do?_a=0.8158836152255365&group_system_actual=3" "Mozilla/5.0 (Windows NT 6.1; rv:32.0) Gecko/20100101 Firefox/32.0"
201.245.192.253 - - [29/Sep/2014:08:27:33 -0500] "GET /forest/index2.jsp?a=0.5822409214602465 HTTP/1.1" 200 51201 "http://190.27.245.106/forest/usutareas.do?_a=0.8158836152255365&group_system_actual=3" "Mozilla/5.0 (Windows NT 6.1; rv:32.0) Gecko/20100101 Firefox/32.0"
201.245.192.253 - - [29/Sep/2014:08:27:37 -0500] "GET /forest/img/mireparto.gif HTTP/1.1" 200 2341 "http://190.27.245.106/forest/index2.jsp?a=0.5822409214602465" "Mozilla/5.0 (Windows NT 6.1; rv:32.0) Gecko/20100101 Firefox/32.0"
201.245.192.253 - - [29/Sep/2014:08:27:38 -0500] "GET /forest/skins/gdocs-jar/css/menu.css?version=1408.271930 HTTP/1.1" 304 - "http://190.27.245.106/forest/index2.jsp?a=0.5822409214602465" "Mozilla/5.0 (Windows NT 6.1; rv:32.0) Gecko/20100101 Firefox/32.0"
201.245.192.253 - - [29/Sep/2014:08:27:38 -0500] "GET /forest/img/users/5.gif HTTP/1.1" 200 1507 "http://190.27.245.106/forest/index2.jsp?a=0.5822409214602465" "Mozilla/5.0 (Windows NT 6.1; rv:32.0) Gecko/20100101 Firefox/32.0"
201.245.192.253 - - [29/Sep/2014:08:27:38 -0500] "GET /forest/img/download_large.gif HTTP/1.1" 200 203 "http://190.27.245.106/forest/index2.jsp?a=0.5822409214602465" "Mozilla/5.0 (Windows NT 6.1; rv:32.0) Gecko/20100101 Firefox/32.0"
201.245.192.253 - - [29/Sep/2014:08:27:38 -0500] "GET /forest/img/buscar.jpg HTTP/1.1" 200 736 "http://190.27.245.106/forest/index2.jsp?a=0.5822409214602465" "Mozilla/5.0 (Windows NT 6.1; rv:32.0) Gecko/20100101 Firefox/32.0"
201.245.192.253 - - [29/Sep/2014:08:27:38 -0500] "GET /forest/img/inicio.jpg HTTP/1.1" 200 897 "http://190.27.245.106/forest/index2.jsp?a=0.5822409214602465" "Mozilla/5.0 (Windows NT 6.1; rv:32.0) Gecko/20100101 Firefox/32.0"
201.245.192.253 - - [29/Sep/2014:08:27:38 -0500] "GET /forest/skins/gdocs-jar/css/tree.css HTTP/1.1" 200 223 "http://190.27.245.106/forest/index2.jsp?a=0.5822409214602465" "Mozilla/5.0 (Windows NT 6.1; rv:32.0) Gecko/20100101 Firefox/32.0"
201.245.192.253 - - [29/Sep/2014:08:27:38 -0500] "GET /forest/skins/gdocs-jar/css/autocomplete.css HTTP/1.1" 200 1620 "http://190.27.245.106/forest/index2.jsp?a=0.5822409214602465" "Mozilla/5.0 (Windows NT 6.1; rv:32.0) Gecko/20100101 Firefox/32.0"
201.245.192.253 - - [29/Sep/2014:08:27:38 -0500] "GET /forest/img/mireparto.gif HTTP/1.1" 304 - "http://190.27.245.106/forest/index2.jsp?a=0.5822409214602465" "Mozilla/5.0 (Windows NT 6.1; rv:32.0) Gecko/20100101 Firefox/32.0"
201.245.192.253 - - [29/Sep/2014:08:27:38 -0500] "GET /forest/skins/gdocs-jar/js/xml_utilities.js?version=1408.271930 HTTP/1.1" 200 2433 "http://190.27.245.106/forest/index2.jsp?a=0.5822409214602465" "Mozilla/5.0 (Windows NT 6.1; rv:32.0) Gecko/20100101 Firefox/32.0"
201.245.192.253 - - [29/Sep/2014:08:27:38 -0500] "GET /forest/skins/gdocs-jar/js/misprocesos.js?version=1408.271930 HTTP/1.1" 200 5890 "http://190.27.245.106/forest/index2.jsp?a=0.5822409214602465" "Mozilla/5.0 (Windows NT 6.1; rv:32.0) Gecko/20100101 Firefox/32.0"
201.245.192.253 - - [29/Sep/2014:08:27:38 -0500] "GET /forest/js/inicio.js?version=1408.271930 HTTP/1.1" 200 2303 "http://190.27.245.106/forest/index2.jsp?a=0.5822409214602465" "Mozilla/5.0 (Windows NT 6.1; rv:32.0) Gecko/20100101 Firefox/32.0"
201.245.192.253 - - [29/Sep/2014:08:27:38 -0500] "GET /forest/skins/gdocs-jar/js/autocompletar2.js?version=1408.271930 HTTP/1.1" 200 24397 "http://190.27.245.106/forest/index2.jsp?a=0.5822409214602465" "Mozilla/5.0 (Windows NT 6.1; rv:32.0) Gecko/20100101 Firefox/32.0"
186.147.0.165 - - [29/Sep/2014:08:27:38 -0500] "POST /forms/lservlet;jsessionid=ac16012b30d50b2518671342419aa0cd9b4bcf8f4ea8.e3iSbxaKaheRe34Sa3yKbhiTahb0n6jAmljGr5XDqQLvpAe HTTP/1.1" 200 2 "-" "Java1.3.1.22-internal"
201.245.192.253 - - [29/Sep/2014:08:27:38 -0500] "GET /forest/session.jsp?a=0.37196213561859237 HTTP/1.1" 200 4 "http://190.27.245.106/forest/index2.jsp?a=0.5822409214602465" "Mozilla/5.0 (Windows NT 6.1; rv:32.0) Gecko/20100101 Firefox/32.0"
190.60.90.18 - - [29/Sep/2014:08:27:40 -0500] "GET /BLA/boletinlegal/js/jquery.scrollTo-min.js HTTP/1.1" 200 1150 "http://www.ambientebogota.gov.co/" "Mozilla/5.0 (Windows NT 6.1; WOW64) AppleWebKit/537.36 (KHTML, like Gecko) Chrome/37.0.2062.124 Safari/537.36"
190.60.90.18 - - [29/Sep/2014:08:27:40 -0500] "GET /BLA/boletinlegal/js/jquery.scrollShow.js HTTP/1.1" 200 4586 "http://www.ambientebogota.gov.co/" "Mozilla/5.0 (Windows NT 6.1; WOW64) AppleWebKit/537.36 (KHTML, like Gecko) Chrome/37.0.2062.124 Safari/537.36"
190.60.90.18 - - [29/Sep/2014:08:27:39 -0500] "GET /BLA/boletinlegal/js/jquery.js HTTP/1.1" 200 57254 "http://www.ambientebogota.gov.co/" "Mozilla/5.0 (Windows NT 6.1; WOW64) AppleWebKit/537.36 (KHTML, like Gecko) Chrome/37.0.2062.124 Safari/537.36"
190.60.90.18 - - [29/Sep/2014:08:27:40 -0500] "GET /galeria/carrusel/Carrusel/jquery.thumbnailScroller.css HTTP/1.1" 200 2066 "http://www.ambientebogota.gov.co/" "Mozilla/5.0 (Windows NT 6.1; WOW64) AppleWebKit/537.36 (KHTML, like Gecko) Chrome/37.0.2062.124 Safari/537.36"
190.60.90.18 - - [29/Sep/2014:08:27:40 -0500] "GET /galeria/carrusel/Carrusel/jquery-ui-1.8.13.custom.min.js HTTP/1.1" 200 10800 "http://www.ambientebogota.gov.co/" "Mozilla/5.0 (Windows NT 6.1; WOW64) AppleWebKit/537.36 (KHTML, like Gecko) Chrome/37.0.2062.124 Safari/537.36"
190.60.90.18 - - [29/Sep/2014:08:27:40 -0500] "GET /galeria/carrusel/Carrusel/jquery.thumbnailScroller.js HTTP/1.1" 200 8157 "http://www.ambientebogota.gov.co/" "Mozilla/5.0 (Windows NT 6.1; WOW64) AppleWebKit/537.36 (KHTML, like Gecko) Chrome/37.0.2062.124 Safari/537.36"
190.85.111.58 - - [29/Sep/2014:08:27:40 -0500] "GET /silvicultura/1.pdf HTTP/1.1" 200 334952 "https://www.google.com/" "Mozilla/5.0 (Windows NT 6.2; WOW64) AppleWebKit/537.36 (KHTML, like Gecko) Chrome/37.0.2062.124 Safari/537.36"
190.85.111.58 - - [29/Sep/2014:08:27:40 -0500] "GET /silvicultura/1.pdf HTTP/1.1" 206 32768 "https://www.dama.gov.co/silvicultura/1.pdf" "Mozilla/5.0 (Windows NT 6.2; WOW64) AppleWebKit/537.36 (KHTML, like Gecko) Chrome/37.0.2062.124 Safari/537.36"
190.85.111.58 - - [29/Sep/2014:08:27:40 -0500] "GET /silvicultura/1.pdf HTTP/1.1" 206 90800 "https://www.dama.gov.co/silvicultura/1.pdf" "Mozilla/5.0 (Windows NT 6.2; WOW64) AppleWebKit/537.36 (KHTML, like Gecko) Chrome/37.0.2062.124 Safari/537.36"
190.85.111.58 - - [29/Sep/2014:08:27:40 -0500] "GET /silvicultura/1.pdf HTTP/1.1" 206 32768 "https://www.dama.gov.co/silvicultura/1.pdf" "Mozilla/5.0 (Windows NT 6.2; WOW64) AppleWebKit/537.36 (KHTML, like Gecko) Chrome/37.0.2062.124 Safari/537.36"
190.85.111.58 - - [29/Sep/2014:08:27:41 -0500] "GET /silvicultura/1.pdf HTTP/1.1" 206 32768 "https://www.dama.gov.co/silvicultura/1.pdf" "Mozilla/5.0 (Windows NT 6.2; WOW64) AppleWebKit/537.36 (KHTML, like Gecko) Chrome/37.0.2062.124 Safari/537.36"
190.85.111.58 - - [29/Sep/2014:08:27:41 -0500] "GET /silvicultura/1.pdf HTTP/1.1" 206 32768 "https://www.dama.gov.co/silvicultura/1.pdf" "Mozilla/5.0 (Windows NT 6.2; WOW64) AppleWebKit/537.36 (KHTML, like Gecko) Chrome/37.0.2062.124 Safari/537.36"
190.85.111.58 - - [29/Sep/2014:08:27:41 -0500] "GET /silvicultura/1.pdf HTTP/1.1" 206 32768 "https://www.dama.gov.co/silvicultura/1.pdf" "Mozilla/5.0 (Windows NT 6.2; WOW64) AppleWebKit/537.36 (KHTML, like Gecko) Chrome/37.0.2062.124 Safari/537.36"
190.85.111.58 - - [29/Sep/2014:08:27:41 -0500] "GET /silvicultura/1.pdf HTTP/1.1" 206 32768 "https://www.dama.gov.co/silvicultura/1.pdf" "Mozilla/5.0 (Windows NT 6.2; WOW64) AppleWebKit/537.36 (KHTML, like Gecko) Chrome/37.0.2062.124 Safari/537.36"
201.245.192.253 - - [29/Sep/2014:08:27:41 -0500] "GET /forest/misactividades.do?group_system_actual=3&codPro=95&_a=0.5095610634727634 HTTP/1.1" 200 37087 "http://190.27.245.106/forest/index2.jsp?a=0.5822409214602465" "Mozilla/5.0 (Windows NT 6.1; rv:32.0) Gecko/20100101 Firefox/32.0"
201.245.192.253 - - [29/Sep/2014:08:27:41 -0500] "GET /forest/skins/gdocs-jar/css/menu.css?version=1408.271930 HTTP/1.1" 304 - "http://190.27.245.106/forest/misactividades.do?group_system_actual=3&codPro=95&_a=0.5095610634727634" "Mozilla/5.0 (Windows NT 6.1; rv:32.0) Gecko/20100101 Firefox/32.0"
190.85.111.58 - - [29/Sep/2014:08:27:41 -0500] "GET /silvicultura/1.pdf HTTP/1.1" 206 47544 "https://www.dama.gov.co/silvicultura/1.pdf" "Mozilla/5.0 (Windows NT 6.2; WOW64) AppleWebKit/537.36 (KHTML, like Gecko) Chrome/37.0.2062.124 Safari/537.36"
190.85.111.58 - - [29/Sep/2014:08:27:41 -0500] "GET /favicon.ico HTTP/1.1" 200 18567 "-" "Mozilla/5.0 (Windows NT 6.2; WOW64) AppleWebKit/537.36 (KHTML, like Gecko) Chrome/37.0.2062.124 Safari/537.36"
201.245.192.253 - - [29/Sep/2014:08:27:41 -0500] "GET /forest/session.jsp?a=0.2983288875292257 HTTP/1.1" 200 4 "http://190.27.245.106/forest/misactividades.do?group_system_actual=3&codPro=95&_a=0.5095610634727634" "Mozilla/5.0 (Windows NT 6.1; rv:32.0) Gecko/20100101 Firefox/32.0"
201.245.192.253 - - [29/Sep/2014:08:27:41 -0500] "POST /forest/misactividades.do?ajax=true&a=0.2523629556192306 HTTP/1.1" 200 10812 "http://190.27.245.106/forest/misactividades.do?group_system_actual=3&codPro=95&_a=0.5095610634727634" "Mozilla/5.0 (Windows NT 6.1; rv:32.0) Gecko/20100101 Firefox/32.0"
190.60.90.18 - - [29/Sep/2014:08:27:42 -0500] "GET /galeria/nivo-slider/demo/demo.html HTTP/1.1" 200 4440 "http://www.ambientebogota.gov.co/" "Mozilla/5.0 (Windows NT 6.1; WOW64) AppleWebKit/537.36 (KHTML, like Gecko) Chrome/37.0.2062.124 Safari/537.36"
190.60.90.18 - - [29/Sep/2014:08:27:42 -0500] "GET /galeria/nivo-slider/nivo-slider.css HTTP/1.1" 200 1507 "http://190.27.245.106/galeria/nivo-slider/demo/demo.html" "Mozilla/5.0 (Windows NT 6.1; WOW64) AppleWebKit/537.36 (KHTML, like Gecko) Chrome/37.0.2062.124 Safari/537.36"
190.60.90.18 - - [29/Sep/2014:08:27:42 -0500] "GET /galeria/nivo-slider/demo/style.css HTTP/1.1" 200 2222 "http://190.27.245.106/galeria/nivo-slider/demo/demo.html" "Mozilla/5.0 (Windows NT 6.1; WOW64) AppleWebKit/537.36 (KHTML, like Gecko) Chrome/37.0.2062.124 Safari/537.36"
190.60.90.18 - - [29/Sep/2014:08:27:42 -0500] "GET /galeria/nivo-slider/themes/default/default.css HTTP/1.1" 200 1569 "http://190.27.245.106/galeria/nivo-slider/demo/demo.html" "Mozilla/5.0 (Windows NT 6.1; WOW64) AppleWebKit/537.36 (KHTML, like Gecko) Chrome/37.0.2062.124 Safari/537.36"
190.60.90.18 - - [29/Sep/2014:08:27:42 -0500] "GET /galeria/nivo-slider/themes/pascal/pascal.css HTTP/1.1" 200 2258 "http://190.27.245.106/galeria/nivo-slider/demo/demo.html" "Mozilla/5.0 (Windows NT 6.1; WOW64) AppleWebKit/537.36 (KHTML, like Gecko) Chrome/37.0.2062.124 Safari/537.36"
190.60.90.18 - - [29/Sep/2014:08:27:42 -0500] "GET /galeria/nivo-slider/themes/orman/orman.css HTTP/1.1" 200 2152 "http://190.27.245.106/galeria/nivo-slider/demo/demo.html" "Mozilla/5.0 (Windows NT 6.1; WOW64) AppleWebKit/537.36 (KHTML, like Gecko) Chrome/37.0.2062.124 Safari/537.36"
190.60.90.18 - - [29/Sep/2014:08:27:42 -0500] "GET /galeria/nivo-slider/jquery.nivo.slider.pack.js HTTP/1.1" 200 11561 "http://190.27.245.106/galeria/nivo-slider/demo/demo.html" "Mozilla/5.0 (Windows NT 6.1; WOW64) AppleWebKit/537.36 (KHTML, like Gecko) Chrome/37.0.2062.124 Safari/537.36"
190.60.90.18 - - [29/Sep/2014:08:27:42 -0500] "GET /galeria/nivo-slider/demo/images/banner_adopcion2.jpg HTTP/1.1" 200 136406 "http://190.27.245.106/galeria/nivo-slider/demo/demo.html" "Mozilla/5.0 (Windows NT 6.1; WOW64) AppleWebKit/537.36 (KHTML, like Gecko) Chrome/37.0.2062.124 Safari/537.36"
190.60.90.18 - - [29/Sep/2014:08:27:42 -0500] "GET /galeria/nivo-slider/demo/scripts/jquery-1.7.1.min.js HTTP/1.1" 200 93868 "http://190.27.245.106/galeria/nivo-slider/demo/demo.html" "Mozilla/5.0 (Windows NT 6.1; WOW64) AppleWebKit/537.36 (KHTML, like Gecko) Chrome/37.0.2062.124 Safari/537.36"
190.60.90.18 - - [29/Sep/2014:08:27:43 -0500] "GET /galeria/nivo-slider/themes/default/loading.gif HTTP/1.1" 200 1737 "http://190.27.245.106/galeria/nivo-slider/themes/default/default.css" "Mozilla/5.0 (Windows NT 6.1; WOW64) AppleWebKit/537.36 (KHTML, like Gecko) Chrome/37.0.2062.124 Safari/537.36"
190.60.90.18 - - [29/Sep/2014:08:27:43 -0500] "GET /galeria/nivo-slider/demo/images/4Simple_Slider.png HTTP/1.1" 200 11722 "http://190.27.245.106/galeria/nivo-slider/demo/style.css" "Mozilla/5.0 (Windows NT 6.1; WOW64) AppleWebKit/537.36 (KHTML, like Gecko) Chrome/37.0.2062.124 Safari/537.36"
190.60.90.18 - - [29/Sep/2014:08:27:42 -0500] "GET /galeria/nivo-slider/demo/images/bannerEcolecta3.jpg HTTP/1.1" 200 280034 "http://190.27.245.106/galeria/nivo-slider/demo/demo.html" "Mozilla/5.0 (Windows NT 6.1; WOW64) AppleWebKit/537.36 (KHTML, like Gecko) Chrome/37.0.2062.124 Safari/537.36"
190.60.90.18 - - [29/Sep/2014:08:27:42 -0500] "GET /galeria/nivo-slider/demo/images/jovenesplaza1.jpg HTTP/1.1" 200 152570 "http://190.27.245.106/galeria/nivo-slider/demo/demo.html" "Mozilla/5.0 (Windows NT 6.1; WOW64) AppleWebKit/537.36 (KHTML, like Gecko) Chrome/37.0.2062.124 Safari/537.36"
190.60.90.18 - - [29/Sep/2014:08:27:43 -0500] "GET /galeria/nivo-slider/demo/images/Recilaton02.jpg HTTP/1.1" 200 82162 "http://190.27.245.106/galeria/nivo-slider/demo/demo.html" "Mozilla/5.0 (Windows NT 6.1; WOW64) AppleWebKit/537.36 (KHTML, like Gecko) Chrome/37.0.2062.124 Safari/537.36"
190.60.90.18 - - [29/Sep/2014:08:27:43 -0500] "GET /galeria/nivo-slider/demo/images/marchaxclima01a.jpg HTTP/1.1" 200 157427 "http://190.27.245.106/galeria/nivo-slider/demo/demo.html" "Mozilla/5.0 (Windows NT 6.1; WOW64) AppleWebKit/537.36 (KHTML, like Gecko) Chrome/37.0.2062.124 Safari/537.36"
190.60.90.18 - - [29/Sep/2014:08:27:43 -0500] "GET /galeria/nivo-slider/demo/images/9Signos.jpg HTTP/1.1" 200 93040 "http://190.27.245.106/galeria/nivo-slider/demo/demo.html" "Mozilla/5.0 (Windows NT 6.1; WOW64) AppleWebKit/537.36 (KHTML, like Gecko) Chrome/37.0.2062.124 Safari/537.36"
190.60.90.18 - - [29/Sep/2014:08:27:43 -0500] "GET /galeria/nivo-slider/demo/images/banner-encuesta.jpg HTTP/1.1" 200 42764 "http://190.27.245.106/galeria/nivo-slider/demo/demo.html" "Mozilla/5.0 (Windows NT 6.1; WOW64) AppleWebKit/537.36 (KHTML, like Gecko) Chrome/37.0.2062.124 Safari/537.36"
190.60.90.18 - - [29/Sep/2014:08:27:43 -0500] "GET /galeria/nivo-slider/demo/images/banner-llantas2.jpg HTTP/1.1" 200 73153 "http://190.27.245.106/galeria/nivo-slider/demo/demo.html" "Mozilla/5.0 (Windows NT 6.1; WOW64) AppleWebKit/537.36 (KHTML, like Gecko) Chrome/37.0.2062.124 Safari/537.36"
190.60.90.18 - - [29/Sep/2014:08:27:43 -0500] "GET /galeria/nivo-slider/demo/images/marchaxclima05a.jpg HTTP/1.1" 200 127534 "http://190.27.245.106/galeria/nivo-slider/demo/demo.html" "Mozilla/5.0 (Windows NT 6.1; WOW64) AppleWebKit/537.36 (KHTML, like Gecko) Chrome/37.0.2062.124 Safari/537.36"
190.60.90.18 - - [29/Sep/2014:08:27:43 -0500] "GET /galeria/nivo-slider/demo/images/cumbre-climaNvaYork.jpg HTTP/1.1" 200 71628 "http://190.27.245.106/galeria/nivo-slider/demo/demo.html" "Mozilla/5.0 (Windows NT 6.1; WOW64) AppleWebKit/537.36 (KHTML, like Gecko) Chrome/37.0.2062.124 Safari/537.36"
190.60.90.18 - - [29/Sep/2014:08:27:43 -0500] "GET /galeria/nivo-slider/demo/images/marchaxclima03a.jpg HTTP/1.1" 200 179842 "http://190.27.245.106/galeria/nivo-slider/demo/demo.html" "Mozilla/5.0 (Windows NT 6.1; WOW64) AppleWebKit/537.36 (KHTML, like Gecko) Chrome/37.0.2062.124 Safari/537.36"
190.60.90.18 - - [29/Sep/2014:08:27:42 -0500] "GET /galeria/nivo-slider/demo/images/BannerIDRD1.png HTTP/1.1" 200 316313 "http://190.27.245.106/galeria/nivo-slider/demo/demo.html" "Mozilla/5.0 (Windows NT 6.1; WOW64) AppleWebKit/537.36 (KHTML, like Gecko) Chrome/37.0.2062.124 Safari/537.36"
190.60.90.18 - - [29/Sep/2014:08:27:44 -0500] "GET /galeria/nivo-slider/demo/images/ConstructorasFNL.jpg HTTP/1.1" 200 216551 "http://190.27.245.106/galeria/nivo-slider/demo/demo.html" "Mozilla/5.0 (Windows NT 6.1; WOW64) AppleWebKit/537.36 (KHTML, like Gecko) Chrome/37.0.2062.124 Safari/537.36"
190.60.90.18 - - [29/Sep/2014:08:27:43 -0500] "GET /galeria/nivo-slider/demo/images/Banner-Caracol-Africano.jpg HTTP/1.1" 200 331986 "http://190.27.245.106/galeria/nivo-slider/demo/demo.html" "Mozilla/5.0 (Windows NT 6.1; WOW64) AppleWebKit/537.36 (KHTML, like Gecko) Chrome/37.0.2062.124 Safari/537.36"
190.60.90.18 - - [29/Sep/2014:08:27:43 -0500] "GET /galeria/nivo-slider/demo/images/banner-caballos.png HTTP/1.1" 200 389106 "http://190.27.245.106/galeria/nivo-slider/demo/demo.html" "Mozilla/5.0 (Windows NT 6.1; WOW64) AppleWebKit/537.36 (KHTML, like Gecko) Chrome/37.0.2062.124 Safari/537.36"
190.60.90.18 - - [29/Sep/2014:08:27:44 -0500] "GET /galeria/nivo-slider/demo/images/Hacienda_Molinos.jpg HTTP/1.1" 200 319171 "http://190.27.245.106/galeria/nivo-slider/demo/demo.html" "Mozilla/5.0 (Windows NT 6.1; WOW64) AppleWebKit/537.36 (KHTML, like Gecko) Chrome/37.0.2062.124 Safari/537.36"
190.60.90.18 - - [29/Sep/2014:08:27:46 -0500] "GET /galeria/nivo-slider/themes/default/bullets.png HTTP/1.1" 200 1281 "http://190.27.245.106/galeria/nivo-slider/themes/default/default.css" "Mozilla/5.0 (Windows NT 6.1; WOW64) AppleWebKit/537.36 (KHTML, like Gecko) Chrome/37.0.2062.124 Safari/537.36"
190.60.90.18 - - [29/Sep/2014:08:27:46 -0500] "GET /galeria/nivo-slider/themes/default/arrows.png HTTP/1.1" 200 824 "http://190.27.245.106/galeria/nivo-slider/themes/default/default.css" "Mozilla/5.0 (Windows NT 6.1; WOW64) AppleWebKit/537.36 (KHTML, like Gecko) Chrome/37.0.2062.124 Safari/537.36"
190.145.94.186 - - [29/Sep/2014:08:27:47 -0500] "GET /galeria/nivo-slider/demo/demo.html HTTP/1.1" 304 - "http://www.ambientebogota.gov.co/" "Mozilla/5.0 (Windows NT 6.1) AppleWebKit/537.36 (KHTML, like Gecko) Chrome/37.0.2062.124 Safari/537.36"
190.145.94.186 - - [29/Sep/2014:08:27:47 -0500] "GET /galeria/nivo-slider/demo/images/banner_adopcion2.jpg HTTP/1.1" 304 - "http://190.27.245.106/galeria/nivo-slider/demo/demo.html" "Mozilla/5.0 (Windows NT 6.1) AppleWebKit/537.36 (KHTML, like Gecko) Chrome/37.0.2062.124 Safari/537.36"
190.145.94.186 - - [29/Sep/2014:08:27:47 -0500] "GET /galeria/nivo-slider/demo/images/bannerEcolecta3.jpg HTTP/1.1" 304 - "http://190.27.245.106/galeria/nivo-slider/demo/demo.html" "Mozilla/5.0 (Windows NT 6.1) AppleWebKit/537.36 (KHTML, like Gecko) Chrome/37.0.2062.124 Safari/537.36"
190.145.94.186 - - [29/Sep/2014:08:27:47 -0500] "GET /galeria/nivo-slider/demo/images/BannerIDRD1.png HTTP/1.1" 304 - "http://190.27.245.106/galeria/nivo-slider/demo/demo.html" "Mozilla/5.0 (Windows NT 6.1) AppleWebKit/537.36 (KHTML, like Gecko) Chrome/37.0.2062.124 Safari/537.36"
190.145.94.186 - - [29/Sep/2014:08:27:47 -0500] "GET /galeria/nivo-slider/demo/images/jovenesplaza1.jpg HTTP/1.1" 304 - "http://190.27.245.106/galeria/nivo-slider/demo/demo.html" "Mozilla/5.0 (Windows NT 6.1) AppleWebKit/537.36 (KHTML, like Gecko) Chrome/37.0.2062.124 Safari/537.36"
190.145.94.186 - - [29/Sep/2014:08:27:47 -0500] "GET /galeria/nivo-slider/demo/images/marchaxclima01a.jpg HTTP/1.1" 304 - "http://190.27.245.106/galeria/nivo-slider/demo/demo.html" "Mozilla/5.0 (Windows NT 6.1) AppleWebKit/537.36 (KHTML, like Gecko) Chrome/37.0.2062.124 Safari/537.36"
190.145.94.186 - - [29/Sep/2014:08:27:47 -0500] "GET /galeria/nivo-slider/demo/images/marchaxclima03a.jpg HTTP/1.1" 304 - "http://190.27.245.106/galeria/nivo-slider/demo/demo.html" "Mozilla/5.0 (Windows NT 6.1) AppleWebKit/537.36 (KHTML, like Gecko) Chrome/37.0.2062.124 Safari/537.36"
190.145.94.186 - - [29/Sep/2014:08:27:47 -0500] "GET /galeria/nivo-slider/demo/images/Recilaton02.jpg HTTP/1.1" 304 - "http://190.27.245.106/galeria/nivo-slider/demo/demo.html" "Mozilla/5.0 (Windows NT 6.1) AppleWebKit/537.36 (KHTML, like Gecko) Chrome/37.0.2062.124 Safari/537.36"
190.145.94.186 - - [29/Sep/2014:08:27:47 -0500] "GET /galeria/nivo-slider/demo/images/marchaxclima05a.jpg HTTP/1.1" 304 - "http://190.27.245.106/galeria/nivo-slider/demo/demo.html" "Mozilla/5.0 (Windows NT 6.1) AppleWebKit/537.36 (KHTML, like Gecko) Chrome/37.0.2062.124 Safari/537.36"
190.145.94.186 - - [29/Sep/2014:08:27:47 -0500] "GET /galeria/nivo-slider/demo/images/cumbre-climaNvaYork.jpg HTTP/1.1" 304 - "http://190.27.245.106/galeria/nivo-slider/demo/demo.html" "Mozilla/5.0 (Windows NT 6.1) AppleWebKit/537.36 (KHTML, like Gecko) Chrome/37.0.2062.124 Safari/537.36"
190.145.94.186 - - [29/Sep/2014:08:27:47 -0500] "GET /galeria/nivo-slider/demo/images/Banner-Caracol-Africano.jpg HTTP/1.1" 304 - "http://190.27.245.106/galeria/nivo-slider/demo/demo.html" "Mozilla/5.0 (Windows NT 6.1) AppleWebKit/537.36 (KHTML, like Gecko) Chrome/37.0.2062.124 Safari/537.36"
190.145.94.186 - - [29/Sep/2014:08:27:48 -0500] "GET /galeria/nivo-slider/demo/images/Hacienda_Molinos.jpg HTTP/1.1" 304 - "http://190.27.245.106/galeria/nivo-slider/demo/demo.html" "Mozilla/5.0 (Windows NT 6.1) AppleWebKit/537.36 (KHTML, like Gecko) Chrome/37.0.2062.124 Safari/537.36"
190.145.94.186 - - [29/Sep/2014:08:27:48 -0500] "GET /galeria/nivo-slider/demo/images/9Signos.jpg HTTP/1.1" 200 93040 "http://190.27.245.106/galeria/nivo-slider/demo/demo.html" "Mozilla/5.0 (Windows NT 6.1) AppleWebKit/537.36 (KHTML, like Gecko) Chrome/37.0.2062.124 Safari/537.36"
190.145.94.186 - - [29/Sep/2014:08:27:48 -0500] "GET /galeria/nivo-slider/demo/images/cumbre-climaNvaYork.jpg HTTP/1.1" 200 71628 "http://190.27.245.106/galeria/nivo-slider/demo/demo.html" "Mozilla/5.0 (Windows NT 6.1) AppleWebKit/537.36 (KHTML, like Gecko) Chrome/37.0.2062.124 Safari/537.36"
181.135.155.173 - - [29/Sep/2014:08:27:49 -0500] "GET /BLA/boletinlegal/js/jquery.scrollTo-min.js HTTP/1.1" 200 1150 "http://www.ambientebogota.gov.co/" "Mozilla/5.0 (Windows NT 6.3; WOW64) AppleWebKit/537.36 (KHTML, like Gecko) Chrome/37.0.2062.124 Safari/537.36"
181.135.155.173 - - [29/Sep/2014:08:27:49 -0500] "GET /galeria/carrusel/Carrusel/jquery.thumbnailScroller.css HTTP/1.1" 200 2066 "http://www.ambientebogota.gov.co/" "Mozilla/5.0 (Windows NT 6.3; WOW64) AppleWebKit/537.36 (KHTML, like Gecko) Chrome/37.0.2062.124 Safari/537.36"
181.135.155.173 - - [29/Sep/2014:08:27:49 -0500] "GET /BLA/boletinlegal/js/jquery.scrollShow.js HTTP/1.1" 200 4586 "http://www.ambientebogota.gov.co/" "Mozilla/5.0 (Windows NT 6.3; WOW64) AppleWebKit/537.36 (KHTML, like Gecko) Chrome/37.0.2062.124 Safari/537.36"
181.135.155.173 - - [29/Sep/2014:08:27:49 -0500] "GET /BLA/boletinlegal/js/jquery.js HTTP/1.1" 200 57254 "http://www.ambientebogota.gov.co/" "Mozilla/5.0 (Windows NT 6.3; WOW64) AppleWebKit/537.36 (KHTML, like Gecko) Chrome/37.0.2062.124 Safari/537.36"
190.145.94.186 - - [29/Sep/2014:08:27:48 -0500] "GET /galeria/nivo-slider/demo/images/Banner-Caracol-Africano.jpg HTTP/1.1" 200 331986 "http://190.27.245.106/galeria/nivo-slider/demo/demo.html" "Mozilla/5.0 (Windows NT 6.1) AppleWebKit/537.36 (KHTML, like Gecko) Chrome/37.0.2062.124 Safari/537.36"
181.135.155.173 - - [29/Sep/2014:08:27:50 -0500] "GET /galeria/carrusel/Carrusel/jquery.thumbnailScroller.js HTTP/1.1" 200 8157 "http://www.ambientebogota.gov.co/" "Mozilla/5.0 (Windows NT 6.3; WOW64) AppleWebKit/537.36 (KHTML, like Gecko) Chrome/37.0.2062.124 Safari/537.36"
181.135.155.173 - - [29/Sep/2014:08:27:50 -0500] "GET /galeria/carrusel/Carrusel/jquery-ui-1.8.13.custom.min.js HTTP/1.1" 200 10800 "http://www.ambientebogota.gov.co/" "Mozilla/5.0 (Windows NT 6.3; WOW64) AppleWebKit/537.36 (KHTML, like Gecko) Chrome/37.0.2062.124 Safari/537.36"
190.145.94.186 - - [29/Sep/2014:08:27:51 -0500] "GET /videos/VideoOABFLV.flv HTTP/1.1" 304 - "http://www.ambientebogota.gov.co/" "Mozilla/5.0 (Windows NT 6.1) AppleWebKit/537.36 (KHTML, like Gecko) Chrome/37.0.2062.124 Safari/537.36"
186.145.162.140 - - [29/Sep/2014:08:27:57 -0500] "POST /forms/lservlet;jsessionid=ac16012b30d54661e737b9614ff5ba42d5f9c4d89e7e.e3iSbxaKaheRe34Sa3yKbhiTahb0n6jAmljGr5XDqQLvpAe HTTP/1.1" 200 2 "-" "Java1.3.1.22-internal"
181.135.155.173 - - [29/Sep/2014:08:27:58 -0500] "GET /galeria/nivo-slider/demo/demo.html HTTP/1.1" 200 4440 "http://www.ambientebogota.gov.co/" "Mozilla/5.0 (Windows NT 6.3; WOW64) AppleWebKit/537.36 (KHTML, like Gecko) Chrome/37.0.2062.124 Safari/537.36"
181.135.155.173 - - [29/Sep/2014:08:27:59 -0500] "GET /galeria/nivo-slider/themes/default/default.css HTTP/1.1" 200 1569 "http://190.27.245.106/galeria/nivo-slider/demo/demo.html" "Mozilla/5.0 (Windows NT 6.3; WOW64) AppleWebKit/537.36 (KHTML, like Gecko) Chrome/37.0.2062.124 Safari/537.36"
181.135.155.173 - - [29/Sep/2014:08:27:59 -0500] "GET /galeria/nivo-slider/themes/pascal/pascal.css HTTP/1.1" 200 2258 "http://190.27.245.106/galeria/nivo-slider/demo/demo.html" "Mozilla/5.0 (Windows NT 6.3; WOW64) AppleWebKit/537.36 (KHTML, like Gecko) Chrome/37.0.2062.124 Safari/537.36"
181.135.155.173 - - [29/Sep/2014:08:27:59 -0500] "GET /galeria/nivo-slider/nivo-slider.css HTTP/1.1" 200 1507 "http://190.27.245.106/galeria/nivo-slider/demo/demo.html" "Mozilla/5.0 (Windows NT 6.3; WOW64) AppleWebKit/537.36 (KHTML, like Gecko) Chrome/37.0.2062.124 Safari/537.36"
181.135.155.173 - - [29/Sep/2014:08:27:59 -0500] "GET /galeria/nivo-slider/themes/orman/orman.css HTTP/1.1" 200 2152 "http://190.27.245.106/galeria/nivo-slider/demo/demo.html" "Mozilla/5.0 (Windows NT 6.3; WOW64) AppleWebKit/537.36 (KHTML, like Gecko) Chrome/37.0.2062.124 Safari/537.36"
181.135.155.173 - - [29/Sep/2014:08:27:59 -0500] "GET /galeria/nivo-slider/demo/style.css HTTP/1.1" 200 2222 "http://190.27.245.106/galeria/nivo-slider/demo/demo.html" "Mozilla/5.0 (Windows NT 6.3; WOW64) AppleWebKit/537.36 (KHTML, like Gecko) Chrome/37.0.2062.124 Safari/537.36"
190.60.90.18 - - [29/Sep/2014:08:27:45 -0500] "GET /videos/VideoOABFLV.flv HTTP/1.1" 200 7889923 "http://www.ambientebogota.gov.co/" "Mozilla/5.0 (Windows NT 6.1; WOW64) AppleWebKit/537.36 (KHTML, like Gecko) Chrome/37.0.2062.124 Safari/537.36"
201.245.192.253 - - [29/Sep/2014:08:28:03 -0500] "GET /forest/documentos/1887127/2014ER116751.pdf HTTP/1.1" 200 23471 "http://190.27.245.106/forest/usutareas.do?group_system_actual=3&codTraEsc=16555007&_a=0.7647704283234563" "Mozilla/5.0 (Windows NT 6.1; rv:32.0) Gecko/20100101 Firefox/32.0"
190.252.88.188 - - [29/Sep/2014:08:28:03 -0500] "GET /BLA/boletinlegal/js/jquery.scrollTo-min.js HTTP/1.1" 200 1150 "http://www.ambientebogota.gov.co/" "Mozilla/5.0 (Windows NT 6.3; WOW64) AppleWebKit/537.36 (KHTML, like Gecko) Chrome/37.0.2062.124 Safari/537.36"
181.135.155.173 - - [29/Sep/2014:08:27:59 -0500] "GET /galeria/nivo-slider/demo/images/banner_adopcion2.jpg HTTP/1.1" 200 136406 "http://190.27.245.106/galeria/nivo-slider/demo/demo.html" "Mozilla/5.0 (Windows NT 6.3; WOW64) AppleWebKit/537.36 (KHTML, like Gecko) Chrome/37.0.2062.124 Safari/537.36"
190.252.88.188 - - [29/Sep/2014:08:28:03 -0500] "GET /BLA/boletinlegal/js/jquery.scrollShow.js HTTP/1.1" 200 4586 "http://www.ambientebogota.gov.co/" "Mozilla/5.0 (Windows NT 6.3; WOW64) AppleWebKit/537.36 (KHTML, like Gecko) Chrome/37.0.2062.124 Safari/537.36"
190.252.88.188 - - [29/Sep/2014:08:28:03 -0500] "GET /galeria/carrusel/Carrusel/jquery.thumbnailScroller.css HTTP/1.1" 200 2066 "http://www.ambientebogota.gov.co/" "Mozilla/5.0 (Windows NT 6.3; WOW64) AppleWebKit/537.36 (KHTML, like Gecko) Chrome/37.0.2062.124 Safari/537.36"
181.51.216.130 - - [29/Sep/2014:08:28:04 -0500] "GET /BLA/boletinlegal/js/jquery.scrollTo-min.js HTTP/1.1" 200 1150 "http://www.ambientebogota.gov.co/bg/residuos-solidos-sda" "Mozilla/5.0 (Windows NT 6.3; rv:32.0) Gecko/20100101 Firefox/32.0"
181.51.216.130 - - [29/Sep/2014:08:28:04 -0500] "GET /BLA/boletinlegal/js/jquery.scrollShow.js HTTP/1.1" 200 4586 "http://www.ambientebogota.gov.co/bg/residuos-solidos-sda" "Mozilla/5.0 (Windows NT 6.3; rv:32.0) Gecko/20100101 Firefox/32.0"
181.51.216.130 - - [29/Sep/2014:08:28:04 -0500] "GET /BLA/boletinlegal/js/jquery.js HTTP/1.1" 200 57254 "http://www.ambientebogota.gov.co/bg/residuos-solidos-sda" "Mozilla/5.0 (Windows NT 6.3; rv:32.0) Gecko/20100101 Firefox/32.0"
181.135.155.173 - - [29/Sep/2014:08:27:59 -0500] "GET /galeria/nivo-slider/demo/images/marchaxclima01a.jpg HTTP/1.1" 200 157427 "http://190.27.245.106/galeria/nivo-slider/demo/demo.html" "Mozilla/5.0 (Windows NT 6.3; WOW64) AppleWebKit/537.36 (KHTML, like Gecko) Chrome/37.0.2062.124 Safari/537.36"
181.135.155.173 - - [29/Sep/2014:08:27:59 -0500] "GET /galeria/nivo-slider/demo/images/marchaxclima03a.jpg HTTP/1.1" 200 179842 "http://190.27.245.106/galeria/nivo-slider/demo/demo.html" "Mozilla/5.0 (Windows NT 6.3; WOW64) AppleWebKit/537.36 (KHTML, like Gecko) Chrome/37.0.2062.124 Safari/537.36"
190.252.88.188 - - [29/Sep/2014:08:28:04 -0500] "GET /galeria/carrusel/Carrusel/jquery-ui-1.8.13.custom.min.js HTTP/1.1" 200 10800 "http://www.ambientebogota.gov.co/" "Mozilla/5.0 (Windows NT 6.3; WOW64) AppleWebKit/537.36 (KHTML, like Gecko) Chrome/37.0.2062.124 Safari/537.36"
181.135.155.173 - - [29/Sep/2014:08:28:07 -0500] "GET /galeria/nivo-slider/demo/images/cumbre-climaNvaYork.jpg HTTP/1.1" 200 71628 "http://190.27.245.106/galeria/nivo-slider/demo/demo.html" "Mozilla/5.0 (Windows NT 6.3; WOW64) AppleWebKit/537.36 (KHTML, like Gecko) Chrome/37.0.2062.124 Safari/537.36"
190.252.88.188 - - [29/Sep/2014:08:28:03 -0500] "GET /BLA/boletinlegal/js/jquery.js HTTP/1.1" 200 57254 "http://www.ambientebogota.gov.co/" "Mozilla/5.0 (Windows NT 6.3; WOW64) AppleWebKit/537.36 (KHTML, like Gecko) Chrome/37.0.2062.124 Safari/537.36"
190.252.88.188 - - [29/Sep/2014:08:28:06 -0500] "GET /galeria/carrusel/Carrusel/jquery.thumbnailScroller.js HTTP/1.1" 200 8157 "http://www.ambientebogota.gov.co/" "Mozilla/5.0 (Windows NT 6.3; WOW64) AppleWebKit/537.36 (KHTML, like Gecko) Chrome/37.0.2062.124 Safari/537.36"
181.135.155.173 - - [29/Sep/2014:08:28:04 -0500] "GET /galeria/nivo-slider/demo/images/marchaxclima05a.jpg HTTP/1.1" 200 127534 "http://190.27.245.106/galeria/nivo-slider/demo/demo.html" "Mozilla/5.0 (Windows NT 6.3; WOW64) AppleWebKit/537.36 (KHTML, like Gecko) Chrome/37.0.2062.124 Safari/537.36"
181.135.155.173 - - [29/Sep/2014:08:28:06 -0500] "GET /galeria/nivo-slider/demo/images/Recilaton02.jpg HTTP/1.1" 200 82162 "http://190.27.245.106/galeria/nivo-slider/demo/demo.html" "Mozilla/5.0 (Windows NT 6.3; WOW64) AppleWebKit/537.36 (KHTML, like Gecko) Chrome/37.0.2062.124 Safari/537.36"
181.135.155.173 - - [29/Sep/2014:08:27:59 -0500] "GET /galeria/nivo-slider/demo/images/bannerEcolecta3.jpg HTTP/1.1" 200 280034 "http://190.27.245.106/galeria/nivo-slider/demo/demo.html" "Mozilla/5.0 (Windows NT 6.3; WOW64) AppleWebKit/537.36 (KHTML, like Gecko) Chrome/37.0.2062.124 Safari/537.36"
181.135.155.173 - - [29/Sep/2014:08:28:10 -0500] "GET /galeria/nivo-slider/demo/images/banner-encuesta.jpg HTTP/1.1" 200 42764 "http://190.27.245.106/galeria/nivo-slider/demo/demo.html" "Mozilla/5.0 (Windows NT 6.3; WOW64) AppleWebKit/537.36 (KHTML, like Gecko) Chrome/37.0.2062.124 Safari/537.36"
181.135.155.173 - - [29/Sep/2014:08:28:11 -0500] "GET /galeria/nivo-slider/demo/images/banner-llantas2.jpg HTTP/1.1" 200 73153 "http://190.27.245.106/galeria/nivo-slider/demo/demo.html" "Mozilla/5.0 (Windows NT 6.3; WOW64) AppleWebKit/537.36 (KHTML, like Gecko) Chrome/37.0.2062.124 Safari/537.36"
201.245.192.253 - - [29/Sep/2014:08:28:15 -0500] "GET /galeria/carrusel/Carrusel/jquery-ui-%20%201.8.13.custom.min.js HTTP/1.1" 404 1206 "-" "Mozilla/4.0 (compatible;)"
181.135.155.173 - - [29/Sep/2014:08:27:59 -0500] "GET /galeria/nivo-slider/demo/images/BannerIDRD1.png HTTP/1.1" 200 316313 "http://190.27.245.106/galeria/nivo-slider/demo/demo.html" "Mozilla/5.0 (Windows NT 6.3; WOW64) AppleWebKit/537.36 (KHTML, like Gecko) Chrome/37.0.2062.124 Safari/537.36"
181.135.155.173 - - [29/Sep/2014:08:27:59 -0500] "GET /galeria/nivo-slider/demo/images/jovenesplaza1.jpg HTTP/1.1" 200 152570 "http://190.27.245.106/galeria/nivo-slider/demo/demo.html" "Mozilla/5.0 (Windows NT 6.3; WOW64) AppleWebKit/537.36 (KHTML, like Gecko) Chrome/37.0.2062.124 Safari/537.36"
181.135.155.173 - - [29/Sep/2014:08:28:09 -0500] "GET /galeria/nivo-slider/demo/images/9Signos.jpg HTTP/1.1" 200 93040 "http://190.27.245.106/galeria/nivo-slider/demo/demo.html" "Mozilla/5.0 (Windows NT 6.3; WOW64) AppleWebKit/537.36 (KHTML, like Gecko) Chrome/37.0.2062.124 Safari/537.36"
201.245.192.253 - - [29/Sep/2014:08:22:18 -0500] "GET /ForestMSG_SDA/channelAsync/template_word_16577828?X-Atmosphere-tracking-id=ce53e689-23cf-33e1-5c46-61af1789ac7e&X-Atmosphere-Framework=1.0.5&X-Atmosphere-Transport=long-polling&tabid=0.2189656060831241&X-Cache-Date=0&Content-Type=application/xml&_=1411997063453 HTTP/1.1" 200 8193 "http://190.27.245.106/forest/usutareas.do?group_system_actual=3&a=0.40916396028192104" "Mozilla/5.0 (Windows NT 6.1; rv:32.0) Gecko/20100101 Firefox/32.0"
190.252.88.188 - - [29/Sep/2014:08:28:20 -0500] "GET /galeria/nivo-slider/demo/demo.html HTTP/1.1" 200 4440 "http://www.ambientebogota.gov.co/" "Mozilla/5.0 (Windows NT 6.3; WOW64) AppleWebKit/537.36 (KHTML, like Gecko) Chrome/37.0.2062.124 Safari/537.36"
181.48.41.154 - - [29/Sep/2014:08:28:20 -0500] "GET /BLA/boletinlegal/js/jquery.scrollTo-min.js HTTP/1.1" 200 1150 "http://ambientebogota.gov.co/plan-para-la-gestion-integral-de-residuos-peligrosos-para-el-distrito-capital" "Mozilla/5.0 (Windows NT 6.1; WOW64) AppleWebKit/537.36 (KHTML, like Gecko) Chrome/37.0.2062.124 Safari/537.36"
181.48.41.154 - - [29/Sep/2014:08:28:20 -0500] "GET /BLA/boletinlegal/js/jquery.scrollShow.js HTTP/1.1" 200 4586 "http://ambientebogota.gov.co/plan-para-la-gestion-integral-de-residuos-peligrosos-para-el-distrito-capital" "Mozilla/5.0 (Windows NT 6.1; WOW64) AppleWebKit/537.36 (KHTML, like Gecko) Chrome/37.0.2062.124 Safari/537.36"
190.252.88.188 - - [29/Sep/2014:08:28:20 -0500] "GET /galeria/nivo-slider/themes/default/default.css HTTP/1.1" 200 1569 "http://190.27.245.106/galeria/nivo-slider/demo/demo.html" "Mozilla/5.0 (Windows NT 6.3; WOW64) AppleWebKit/537.36 (KHTML, like Gecko) Chrome/37.0.2062.124 Safari/537.36"
190.252.88.188 - - [29/Sep/2014:08:28:20 -0500] "GET /galeria/nivo-slider/themes/pascal/pascal.css HTTP/1.1" 200 2258 "http://190.27.245.106/galeria/nivo-slider/demo/demo.html" "Mozilla/5.0 (Windows NT 6.3; WOW64) AppleWebKit/537.36 (KHTML, like Gecko) Chrome/37.0.2062.124 Safari/537.36"
190.252.88.188 - - [29/Sep/2014:08:28:20 -0500] "GET /galeria/nivo-slider/themes/orman/orman.css HTTP/1.1" 200 2152 "http://190.27.245.106/galeria/nivo-slider/demo/demo.html" "Mozilla/5.0 (Windows NT 6.3; WOW64) AppleWebKit/537.36 (KHTML, like Gecko) Chrome/37.0.2062.124 Safari/537.36"
181.135.155.173 - - [29/Sep/2014:08:28:16 -0500] "GET /galeria/nivo-slider/demo/scripts/jquery-1.7.1.min.js HTTP/1.1" 200 93868 "http://190.27.245.106/galeria/nivo-slider/demo/demo.html" "Mozilla/5.0 (Windows NT 6.3; WOW64) AppleWebKit/537.36 (KHTML, like Gecko) Chrome/37.0.2062.124 Safari/537.36"
190.252.88.188 - - [29/Sep/2014:08:28:20 -0500] "GET /galeria/nivo-slider/nivo-slider.css HTTP/1.1" 200 1507 "http://190.27.245.106/galeria/nivo-slider/demo/demo.html" "Mozilla/5.0 (Windows NT 6.3; WOW64) AppleWebKit/537.36 (KHTML, like Gecko) Chrome/37.0.2062.124 Safari/537.36"
190.252.88.188 - - [29/Sep/2014:08:28:20 -0500] "GET /galeria/nivo-slider/demo/style.css HTTP/1.1" 200 2222 "http://190.27.245.106/galeria/nivo-slider/demo/demo.html" "Mozilla/5.0 (Windows NT 6.3; WOW64) AppleWebKit/537.36 (KHTML, like Gecko) Chrome/37.0.2062.124 Safari/537.36"
181.135.155.173 - - [29/Sep/2014:08:28:20 -0500] "GET /galeria/nivo-slider/demo/images/4Simple_Slider.png HTTP/1.1" 200 11722 "http://190.27.245.106/galeria/nivo-slider/demo/style.css" "Mozilla/5.0 (Windows NT 6.3; WOW64) AppleWebKit/537.36 (KHTML, like Gecko) Chrome/37.0.2062.124 Safari/537.36"
181.48.41.154 - - [29/Sep/2014:08:28:20 -0500] "GET /BLA/boletinlegal/js/jquery.js HTTP/1.1" 200 57254 "http://ambientebogota.gov.co/plan-para-la-gestion-integral-de-residuos-peligrosos-para-el-distrito-capital" "Mozilla/5.0 (Windows NT 6.1; WOW64) AppleWebKit/537.36 (KHTML, like Gecko) Chrome/37.0.2062.124 Safari/537.36"
181.135.155.173 - - [29/Sep/2014:08:28:21 -0500] "GET /galeria/nivo-slider/themes/default/loading.gif HTTP/1.1" 200 1737 "http://190.27.245.106/galeria/nivo-slider/themes/default/default.css" "Mozilla/5.0 (Windows NT 6.3; WOW64) AppleWebKit/537.36 (KHTML, like Gecko) Chrome/37.0.2062.124 Safari/537.36"
181.135.155.173 - - [29/Sep/2014:08:28:17 -0500] "GET /galeria/nivo-slider/jquery.nivo.slider.pack.js HTTP/1.1" 200 11561 "http://190.27.245.106/galeria/nivo-slider/demo/demo.html" "Mozilla/5.0 (Windows NT 6.3; WOW64) AppleWebKit/537.36 (KHTML, like Gecko) Chrome/37.0.2062.124 Safari/537.36"
181.135.155.173 - - [29/Sep/2014:08:28:13 -0500] "GET /galeria/nivo-slider/demo/images/banner-caballos.png HTTP/1.1" 200 389106 "http://190.27.245.106/galeria/nivo-slider/demo/demo.html" "Mozilla/5.0 (Windows NT 6.3; WOW64) AppleWebKit/537.36 (KHTML, like Gecko) Chrome/37.0.2062.124 Safari/537.36"
190.255.43.179 - - [29/Sep/2014:08:28:24 -0500] "GET /galeria/carrusel/Carrusel/jquery.thumbnailScroller.css HTTP/1.1" 200 2066 "http://www.ambientebogota.gov.co/" "Mozilla/5.0 (Windows NT 6.1; WOW64) AppleWebKit/537.36 (KHTML, like Gecko) Chrome/37.0.2062.124 Safari/537.36"
