130.211.238.135 - - [29/Sep/2014:04:14:16 -0500] "GET /BLA/boletinlegal/js/jquery.scrollShow.js HTTP/1.1" 200 4586 "http://ambientebogota.gov.co/" "Mozilla/5.0 (X11; Linux x86_64) AppleWebKit/537.36 (KHTML, like Gecko) Chrome/39.0.2170.0 Safari/537.36"
130.211.238.135 - - [29/Sep/2014:04:14:16 -0500] "GET /BLA/boletinlegal/js/jquery.js HTTP/1.1" 200 57254 "http://ambientebogota.gov.co/" "Mozilla/5.0 (X11; Linux x86_64) AppleWebKit/537.36 (KHTML, like Gecko) Chrome/39.0.2170.0 Safari/537.36"
130.211.238.135 - - [29/Sep/2014:04:14:16 -0500] "GET /galeria/carrusel/Carrusel/jquery-ui-1.8.13.custom.min.js HTTP/1.1" 200 10800 "http://ambientebogota.gov.co/" "Mozilla/5.0 (X11; Linux x86_64) AppleWebKit/537.36 (KHTML, like Gecko) Chrome/39.0.2170.0 Safari/537.36"
130.211.238.135 - - [29/Sep/2014:04:14:16 -0500] "GET /galeria/carrusel/Carrusel/jquery.thumbnailScroller.js HTTP/1.1" 200 8157 "http://ambientebogota.gov.co/" "Mozilla/5.0 (X11; Linux x86_64) AppleWebKit/537.36 (KHTML, like Gecko) Chrome/39.0.2170.0 Safari/537.36"
201.245.192.253 - - [29/Sep/2014:04:15:04 -0500] "GET /forest/img/panel/menu/hoy.png HTTP/1.1" 304 - "-" "Mozilla/4.0 (compatible;)"
201.245.192.253 - - [29/Sep/2014:04:15:11 -0500] "GET /forest/img/panel/menu/danger2.png HTTP/1.1" 304 - "-" "Mozilla/4.0 (compatible;)"
201.245.192.253 - - [29/Sep/2014:04:15:18 -0500] "GET /forest/skins/gdocs-jar/img/cancel.gif HTTP/1.1" 304 - "-" "Mozilla/4.0 (compatible;)"
66.249.67.57 - - [29/Sep/2014:04:15:23 -0500] "GET /formas/ie.pdf HTTP/1.1" 304 - "-" "Mozilla/5.0 (compatible; Googlebot/2.1; +http://www.google.com/bot.html)"
100.43.85.25 - - [29/Sep/2014:04:15:45 -0500] "GET /pga/web/8.jpg HTTP/1.1" 200 23467 "-" "Mozilla/5.0 (compatible; YandexBot/3.0; +http://yandex.com/bots)"
66.249.67.67 - - [29/Sep/2014:04:16:02 -0500] "GET /Residuos/farmaceutica/images/page63_thumbnail.jpg HTTP/1.1" 304 - "-" "Googlebot-Image/1.0"
66.249.67.67 - - [29/Sep/2014:04:16:17 -0500] "GET /BLA/resoluciones/RESOLUCIONES%202005/RES%202005%20801-850/00000843.tif HTTP/1.1" 200 142624 "-" "Googlebot-Image/1.0"
201.245.192.253 - - [29/Sep/2014:04:16:32 -0500] "GET /forest/img/buscar_procesos.gif HTTP/1.1" 304 - "-" "Mozilla/4.0 (compatible;)"
201.245.192.253 - - [29/Sep/2014:04:17:28 -0500] "GET /forest/img/buscar_documentos.gif HTTP/1.1" 304 - "-" "Mozilla/4.0 (compatible;)"
190.25.232.143 - - [29/Sep/2014:04:17:31 -0500] "GET /galeria/nivo-slider/demo/images/juanAmarillo7.jpg HTTP/1.1" 304 - "-" "Mozilla/4.0 (compatible;)"
72.47.228.36 - - [29/Sep/2014:04:18:14 -0500] "GET /wordpress/wp-admin/ HTTP/1.1" 404 1206 "-" "-"
74.86.158.107 - - [29/Sep/2014:04:18:28 -0500] "HEAD / HTTP/1.1" 302 - "-" "Mozilla/5.0+(compatible; UptimeRobot/2.0; http://www.uptimerobot.com/)"
66.249.67.67 - - [29/Sep/2014:04:18:44 -0500] "GET /BLA/resoluciones/AUTOS%202006/AUTOS%202006%201301-1400/00001332.tif HTTP/1.1" 200 46312 "-" "Googlebot-Image/1.0"
207.46.13.4 - - [29/Sep/2014:04:19:03 -0500] "GET /BLA/boletinlegal/js/jquery.js HTTP/1.1" 200 57254 "-" "Mozilla/5.0 (compatible; bingbot/2.0; +http://www.bing.com/bingbot.htm)"
180.76.5.172 - - [29/Sep/2014:04:19:54 -0500] "GET /info%205%20-6/?C=N;O=A HTTP/1.1" 200 7905 "-" "Mozilla/5.0 (compatible; Baiduspider/2.0; +http://www.baidu.com/search/spider.html)"
66.249.67.73 - - [29/Sep/2014:04:21:01 -0500] "GET / HTTP/1.1" 302 - "-" "Mozilla/5.0 (compatible; Googlebot/2.1; +http://www.google.com/bot.html)"
186.29.87.11 - - [29/Sep/2014:04:21:25 -0500] "GET /BLA/boletinlegal/js/jquery.scrollTo-min.js HTTP/1.1" 200 1150 "http://www.ambientebogota.gov.co/web/sda/politicas-ambientales" "Mozilla/5.0 (Windows NT 6.1; WOW64) AppleWebKit/537.36 (KHTML, like Gecko) Chrome/37.0.2062.124 Safari/537.36"
186.29.87.11 - - [29/Sep/2014:04:21:25 -0500] "GET /BLA/boletinlegal/js/jquery.scrollShow.js HTTP/1.1" 200 4586 "http://www.ambientebogota.gov.co/web/sda/politicas-ambientales" "Mozilla/5.0 (Windows NT 6.1; WOW64) AppleWebKit/537.36 (KHTML, like Gecko) Chrome/37.0.2062.124 Safari/537.36"
186.29.87.11 - - [29/Sep/2014:04:21:25 -0500] "GET /BLA/boletinlegal/js/jquery.js HTTP/1.1" 200 57254 "http://www.ambientebogota.gov.co/web/sda/politicas-ambientales" "Mozilla/5.0 (Windows NT 6.1; WOW64) AppleWebKit/537.36 (KHTML, like Gecko) Chrome/37.0.2062.124 Safari/537.36"
100.43.85.25 - - [29/Sep/2014:04:23:13 -0500] "GET /portel_dama/libreria/pdf/pigas/PIGA%20SOP/Plandeaccion%20SOP.xls HTTP/1.1" 200 69120 "-" "Mozilla/5.0 (compatible; YandexBot/3.0; +http://yandex.com/bots)"
74.86.158.107 - - [29/Sep/2014:04:23:28 -0500] "HEAD / HTTP/1.1" 302 - "-" "Mozilla/5.0+(compatible; UptimeRobot/2.0; http://www.uptimerobot.com/)"
190.131.194.135 - - [29/Sep/2014:04:23:29 -0500] "GET /galeria/nivo-slider/demo/images/Banner-techos-verdes.jpg HTTP/1.1" 304 - "-" "Mozilla/4.0 (compatible;)"
66.249.67.75 - - [29/Sep/2014:04:26:16 -0500] "GET /videos/galeria-fotografica/index4.html HTTP/1.1" 200 1971 "-" "Mozilla/5.0 (compatible; Googlebot/2.1; +http://www.google.com/bot.html)"
66.249.67.83 - - [29/Sep/2014:04:26:38 -0500] "GET /noticias/ HTTP/1.1" 200 2162 "-" "Mozilla/5.0 (compatible; Googlebot/2.1; +http://www.google.com/bot.html)"
180.76.5.25 - - [29/Sep/2014:04:27:00 -0500] "GET /BLA/resoluciones/AUTOS%202012/0352.pdf HTTP/1.1" 200 309376 "-" "Mozilla/5.0 (compatible; Baiduspider/2.0; +http://www.baidu.com/search/spider.html)"
74.86.158.107 - - [29/Sep/2014:04:28:28 -0500] "HEAD / HTTP/1.1" 302 - "-" "Mozilla/5.0+(compatible; UptimeRobot/2.0; http://www.uptimerobot.com/)"
72.47.228.24 - - [29/Sep/2014:04:29:07 -0500] "GET /blog/wp-admin/ HTTP/1.1" 404 1206 "-" "-"
220.181.108.113 - - [29/Sep/2014:04:29:07 -0500] "GET /BLA/resoluciones/RESOLUCIONES%25202009/1251.pdf HTTP/1.1" 404 1206 "-" "Mozilla/5.0 (compatible; Baiduspider/2.0; +http://www.baidu.com/search/spider.html)"
100.43.85.25 - - [29/Sep/2014:04:30:42 -0500] "GET /manual_funciones/img/cronograma2009final%20copia.jpg HTTP/1.1" 200 89952 "-" "Mozilla/5.0 (compatible; YandexBot/3.0; +http://yandex.com/bots)"
190.24.129.149 - - [29/Sep/2014:04:30:47 -0500] "GET /galeria/nivo-slider/demo/images/ecoferia3.jpg HTTP/1.1" 304 - "-" "Mozilla/4.0 (compatible;)"
66.249.67.75 - - [29/Sep/2014:04:32:16 -0500] "GET /BLA/resoluciones/AUTOS%202007/3800.pdf HTTP/1.1" 200 99209 "-" "Mozilla/5.0 (compatible; Googlebot/2.1; +http://www.google.com/bot.html)"
201.245.192.253 - - [29/Sep/2014:04:32:23 -0500] "GET /forest/skins/gdocs-jar/img/process-alert.gif HTTP/1.1" 304 - "-" "Mozilla/4.0 (compatible;)"
74.86.158.107 - - [29/Sep/2014:04:33:28 -0500] "HEAD / HTTP/1.1" 302 - "-" "Mozilla/5.0+(compatible; UptimeRobot/2.0; http://www.uptimerobot.com/)"
190.25.232.143 - - [29/Sep/2014:04:33:33 -0500] "GET /galeria/nivo-slider/demo/images/pev7deagosto2.jpg HTTP/1.1" 304 - "-" "Mozilla/4.0 (compatible;)"
66.249.67.57 - - [29/Sep/2014:04:36:09 -0500] "GET /icons/movie.gif HTTP/1.1" 200 243 "-" "Googlebot-Image/1.0"
66.249.67.83 - - [29/Sep/2014:04:37:53 -0500] "GET /BLA/resoluciones/RESOLUCIONES%202007/RES%202007%203901%20AL%204000/RESOLUCION%203936%20DE%202007.pdf HTTP/1.1" 200 759674 "-" "Mozilla/5.0 (compatible; Googlebot/2.1; +http://www.google.com/bot.html)"
100.43.85.25 - - [29/Sep/2014:04:38:10 -0500] "GET /pread/pread/tsld015.htm HTTP/1.1" 200 928 "-" "Mozilla/5.0 (compatible; YandexBot/3.0; +http://yandex.com/bots)"
74.86.158.107 - - [29/Sep/2014:04:38:28 -0500] "HEAD / HTTP/1.1" 302 - "-" "Mozilla/5.0+(compatible; UptimeRobot/2.0; http://www.uptimerobot.com/)"
72.47.228.18 - - [29/Sep/2014:04:39:58 -0500] "GET /wp/wp-admin/ HTTP/1.1" 404 1206 "-" "-"
66.249.67.75 - - [29/Sep/2014:04:40:06 -0500] "GET /BLA/resoluciones/AUTOS%202006/AUTOS%202006%201301-1400/00001386.tif HTTP/1.1" 200 81060 "-" "Googlebot-Image/1.0"
180.76.5.25 - - [29/Sep/2014:04:40:37 -0500] "GET /sinmi1/sinmicom.htm HTTP/1.1" 304 - "-" "Mozilla/5.0 (compatible; Baiduspider/2.0; +http://www.baidu.com/search/spider.html)"
66.249.67.75 - - [29/Sep/2014:04:42:44 -0500] "GET /BLA/resoluciones/RESOLUCIONES%202002/RES%202002%20501-550/00000520.tif HTTP/1.1" 200 95626 "-" "Googlebot-Image/1.0"
74.86.158.107 - - [29/Sep/2014:04:43:28 -0500] "HEAD / HTTP/1.1" 302 - "-" "Mozilla/5.0+(compatible; UptimeRobot/2.0; http://www.uptimerobot.com/)"
27.154.64.96 - - [29/Sep/2014:04:43:29 -0500] "HEAD /js/FCKeditor/editor/filemanager/connectors/uploadtest.html HTTP/1.1" 404 - "-" "-"
66.249.67.67 - - [29/Sep/2014:04:43:31 -0500] "GET /BLA/resoluciones/RESOLUCIONES%202008/3348.pdf HTTP/1.1" 200 180868 "-" "Mozilla/5.0 (compatible; Googlebot/2.1; +http://www.google.com/bot.html)"
190.25.232.143 - - [29/Sep/2014:04:44:07 -0500] "GET /galeria/nivo-slider/demo/images/Dia-del-agua2.jpg HTTP/1.1" 304 - "-" "Mozilla/4.0 (compatible;)"
100.43.85.25 - - [29/Sep/2014:04:45:38 -0500] "GET /portel_dama/libreria/pdf/ecosistemas/restauracion/sitio/33_publi/protoc/11_tto18.html HTTP/1.1" 200 51373 "-" "Mozilla/5.0 (compatible; YandexBot/3.0; +http://yandex.com/bots)"
74.86.158.107 - - [29/Sep/2014:04:48:28 -0500] "HEAD / HTTP/1.1" 302 - "-" "Mozilla/5.0+(compatible; UptimeRobot/2.0; http://www.uptimerobot.com/)"
66.249.67.67 - - [29/Sep/2014:04:49:08 -0500] "GET /BLA/resoluciones/RESOLUCIONES%202008/4959.pdf HTTP/1.1" 200 370227 "-" "Mozilla/5.0 (compatible; Googlebot/2.1; +http://www.google.com/bot.html)"
190.25.232.143 - - [29/Sep/2014:04:50:10 -0500] "GET /galeria/nivo-slider/demo/images/juanAmarillo1.jpg HTTP/1.1" 304 - "-" "Mozilla/4.0 (compatible;)"
72.47.228.24 - - [29/Sep/2014:04:51:10 -0500] "GET /old/wp-admin/ HTTP/1.1" 404 1206 "-" "-"
66.249.67.83 - - [29/Sep/2014:04:51:57 -0500] "GET /BLA/resoluciones/RESOLUCIONES%202010/7136.pdf HTTP/1.1" 304 - "-" "Mozilla/5.0 (compatible; Googlebot/2.1; +http://www.google.com/bot.html)"
66.249.67.67 - - [29/Sep/2014:04:51:58 -0500] "GET /BLA/resoluciones/AUTOS%202012/0475.pdf HTTP/1.1" 200 593491 "-" "Mozilla/5.0 (compatible; Googlebot/2.1; +http://www.google.com/bot.html)"
180.76.6.29 - - [29/Sep/2014:04:52:13 -0500] "GET /BLA/resoluciones/AUTOS%202013/1598.pdf HTTP/1.1" 200 142544 "-" "Mozilla/5.0 (compatible; Baiduspider/2.0; +http://www.baidu.com/search/spider.html)"
100.43.85.25 - - [29/Sep/2014:04:53:06 -0500] "GET /re1/Que%20es/Marco%20legal/imagen%20marco%20legal/marco%20legal_r08_c01.jpg HTTP/1.1" 200 20921 "-" "Mozilla/5.0 (compatible; YandexBot/3.0; +http://yandex.com/bots)"
66.249.67.83 - - [29/Sep/2014:04:53:25 -0500] "GET /BLA/resoluciones/RESOLUCIONES%202010/7552.pdf HTTP/1.1" 304 - "-" "Mozilla/5.0 (compatible; Googlebot/2.1; +http://www.google.com/bot.html)"
74.86.158.107 - - [29/Sep/2014:04:53:28 -0500] "HEAD / HTTP/1.1" 302 - "-" "Mozilla/5.0+(compatible; UptimeRobot/2.0; http://www.uptimerobot.com/)"
180.76.6.148 - - [29/Sep/2014:04:54:24 -0500] "GET /BLA/resoluciones/index.php?dir=RESOLUCIONES+2006%2FRES+2006+1651-1700%2F HTTP/1.1" 200 12354 "-" "Mozilla/5.0 (compatible; Baiduspider/2.0; +http://www.baidu.com/search/spider.html)"
201.245.192.253 - - [29/Sep/2014:04:57:14 -0500] "GET /arcgis/services/Calidad_del_Agua_WQI/MapServer/WMSServer?LAYERS=9&TRANSPARENT=TRUE&SERVICE=WMS&VERSION=1.1.1&REQUEST=GetMap&STYLES=&FORMAT=image%2Fpng&SRS=EPSG%3A4326&BBOX=-74.0586871616,4.5928346288,-74.018049952,4.6334718384&WIDTH=256&HEIGHT=256 HTTP/1.1" 200 1294 "-" "Mozilla/4.0 (compatible;)"
74.86.158.107 - - [29/Sep/2014:04:58:28 -0500] "HEAD / HTTP/1.1" 302 - "-" "Mozilla/5.0+(compatible; UptimeRobot/2.0; http://www.uptimerobot.com/)"
66.249.67.73 - - [29/Sep/2014:05:00:23 -0500] "GET /portel_dama/libreria/pdf/anexospot/Volumen%20Anexo%20Tecnico.pdf HTTP/1.1" 304 - "-" "Mozilla/5.0 (compatible; Googlebot/2.1; +http://www.google.com/bot.html)"
100.43.85.25 - - [29/Sep/2014:05:00:34 -0500] "GET /portel_dama/libreria/pdf/ecosistemas/restauracion/sitio/33_publi/protoc/3_clav.html HTTP/1.1" 200 72060 "-" "Mozilla/5.0 (compatible; YandexBot/3.0; +http://yandex.com/bots)"
123.125.71.25 - - [29/Sep/2014:05:02:27 -0500] "GET /BLA/resoluciones/RESOLUCIONES%25202011/1605.pdf HTTP/1.1" 404 1206 "-" "Mozilla/5.0 (compatible; Baiduspider/2.0; +http://www.baidu.com/search/spider.html)"
66.249.67.73 - - [29/Sep/2014:05:03:09 -0500] "GET /portel_dama/libreria/jpg/plantas/51.gif HTTP/1.1" 304 - "-" "Googlebot-Image/1.0"
66.249.67.67 - - [29/Sep/2014:05:03:10 -0500] "GET /BLA/resoluciones/AUTOS%202006/AUTOS%202006%201301-1400/00001391.tif HTTP/1.1" 200 79208 "-" "Googlebot-Image/1.0"
74.86.158.107 - - [29/Sep/2014:05:03:28 -0500] "HEAD / HTTP/1.1" 302 - "-" "Mozilla/5.0+(compatible; UptimeRobot/2.0; http://www.uptimerobot.com/)"
180.76.6.45 - - [29/Sep/2014:05:04:03 -0500] "GET /BLA/resoluciones/AUTOS%202009/2142.pdf HTTP/1.1" 200 85857 "-" "Mozilla/5.0 (compatible; Baiduspider/2.0; +http://www.baidu.com/search/spider.html)"
66.249.67.73 - - [29/Sep/2014:05:06:01 -0500] "GET /pread/pread/sld009.htm HTTP/1.1" 304 - "-" "Mozilla/5.0 (compatible; Googlebot/2.1; +http://www.google.com/bot.html)"
207.46.13.66 - - [29/Sep/2014:05:07:18 -0500] "GET /phylum/PHYLUM_2/pyl8_2.htm HTTP/1.1" 200 20977 "-" "Mozilla/5.0 (compatible; bingbot/2.0; +http://www.bing.com/bingbot.htm)"
100.43.85.25 - - [29/Sep/2014:05:08:02 -0500] "GET /pread/pread/tsld010.htm HTTP/1.1" 200 648 "-" "Mozilla/5.0 (compatible; YandexBot/3.0; +http://yandex.com/bots)"
74.86.158.107 - - [29/Sep/2014:05:08:28 -0500] "HEAD / HTTP/1.1" 302 - "-" "Mozilla/5.0+(compatible; UptimeRobot/2.0; http://www.uptimerobot.com/)"
192.99.149.88 - - [29/Sep/2014:05:10:35 -0500] "GET / HTTP/1.1" 302 - "-" "Mozilla/5.0 (Windows NT 6.1; WOW64; Trident/7.0; rv:11.0) like Gecko"
180.76.6.158 - - [29/Sep/2014:05:10:27 -0500] "GET /BLA/resoluciones/Autos%202008/1899.pdf HTTP/1.1" 200 79982 "-" "Mozilla/5.0 (compatible; Baiduspider/2.0; +http://www.baidu.com/search/spider.html)"
12.14.13.130 - - [29/Sep/2014:05:10:37 -0500] "GET /videos/Nota_webConcursoagua.flv HTTP/1.1" 304 - "-" "Mozilla/4.0 (compatible;)"
66.249.67.67 - - [29/Sep/2014:05:11:00 -0500] "GET /BLA/resoluciones/RESOLUCIONES%202005/RES%202005%20801-850/00000849.tif HTTP/1.1" 200 83100 "-" "Googlebot-Image/1.0"
157.55.39.59 - - [29/Sep/2014:05:11:22 -0500] "GET /BLA/boletinlegal/js/jquery.scrollTo-min.js HTTP/1.1" 200 1150 "-" "Mozilla/5.0 (compatible; bingbot/2.0; +http://www.bing.com/bingbot.htm)"
186.113.10.143 - - [29/Sep/2014:05:11:34 -0500] "GET /galeria/nivo-slider/demo/images/alimentarte2014.jpg HTTP/1.1" 304 - "-" "Mozilla/4.0 (compatible;)"
66.249.67.103 - - [29/Sep/2014:05:11:38 -0500] "GET /MANUALFUNC/Vivienda/222-25%20Profesional%20Especializado%20-%20SCV.pdf HTTP/1.1" 304 - "-" "Mozilla/5.0 (compatible; Googlebot/2.1; +http://www.google.com/bot.html)"
207.46.13.66 - - [29/Sep/2014:05:12:54 -0500] "GET /pot/?C=M;O=D HTTP/1.1" 200 6748 "-" "Mozilla/5.0 (compatible; bingbot/2.0; +http://www.bing.com/bingbot.htm)"
74.86.158.107 - - [29/Sep/2014:05:13:28 -0500] "HEAD / HTTP/1.1" 302 - "-" "Mozilla/5.0+(compatible; UptimeRobot/2.0; http://www.uptimerobot.com/)"
100.43.85.25 - - [29/Sep/2014:05:15:30 -0500] "GET /ifweb/Image40.gif HTTP/1.1" 200 86302 "-" "Mozilla/5.0 (compatible; YandexBot/3.0; +http://yandex.com/bots)"
66.249.67.75 - - [29/Sep/2014:05:17:09 -0500] "GET /Autoliquidacion/TR%C3%81MITES%20MINER%C3%8DA/Aplicativo%20Eval%202014.xlsx HTTP/1.1" 200 121255 "-" "Mozilla/5.0 (compatible; Googlebot/2.1; +http://www.google.com/bot.html)"
193.201.224.10 - - [29/Sep/2014:05:17:22 -0500] "GET /BLA/resoluciones/RESOLUCIONES HTTP/1.0" 404 1396 "http://190.27.245.106/BLA/resoluciones/RESOLUCIONES" "Mozilla/5.0 (Windows NT 6.0) AppleWebKit/537.36 (KHTML, like Gecko) Chrome/36.0.1985.143 Safari/537.36"
193.201.224.10 - - [29/Sep/2014:05:17:22 -0500] "GET / HTTP/1.0" 302 - "http://190.27.245.106/" "Mozilla/5.0 (Windows NT 6.0) AppleWebKit/537.36 (KHTML, like Gecko) Chrome/36.0.1985.143 Safari/537.36"
74.86.158.107 - - [29/Sep/2014:05:18:28 -0500] "HEAD / HTTP/1.1" 302 - "-" "Mozilla/5.0+(compatible; UptimeRobot/2.0; http://www.uptimerobot.com/)"
190.25.232.143 - - [29/Sep/2014:05:20:11 -0500] "GET /galeria/nivo-slider/demo/images/luciernaga6.jpg HTTP/1.1" 304 - "-" "Mozilla/4.0 (compatible;)"
190.25.232.143 - - [29/Sep/2014:05:20:22 -0500] "GET /galeria/nivo-slider/demo/images/bennerPEV.jpg HTTP/1.1" 304 - "-" "Mozilla/4.0 (compatible;)"
201.245.192.253 - - [29/Sep/2014:05:22:01 -0500] "GET /autoliquidacion/ HTTP/1.1" 200 6375 "-" "Mozilla/4.0 (compatible;)"
207.46.13.4 - - [29/Sep/2014:05:22:43 -0500] "GET /robots.txt HTTP/1.1" 404 1206 "-" "Mozilla/5.0 (compatible; bingbot/2.0; +http://www.bing.com/bingbot.htm)"
207.46.13.4 - - [29/Sep/2014:05:22:43 -0500] "GET /robots.txt HTTP/1.1" 404 1206 "-" "Mozilla/5.0 (compatible; bingbot/2.0; +http://www.bing.com/bingbot.htm)"
207.46.13.4 - - [29/Sep/2014:05:22:44 -0500] "GET /robots.txt HTTP/1.1" 404 1206 "-" "Mozilla/5.0 (compatible; bingbot/2.0; +http://www.bing.com/bingbot.htm)"
100.43.85.25 - - [29/Sep/2014:05:22:58 -0500] "GET /portel_dama/libreria/pdf/ecosistemas/restauracion/sitio/33_publi/protoc/8_cuad12.html HTTP/1.1" 200 127757 "-" "Mozilla/5.0 (compatible; YandexBot/3.0; +http://yandex.com/bots)"
74.86.158.107 - - [29/Sep/2014:05:23:28 -0500] "HEAD / HTTP/1.1" 302 - "-" "Mozilla/5.0+(compatible; UptimeRobot/2.0; http://www.uptimerobot.com/)"
66.249.67.75 - - [29/Sep/2014:05:22:53 -0500] "GET /access.log HTTP/1.1" 200 431712202 "-" "Mozilla/5.0 (compatible; Googlebot/2.1; +http://www.google.com/bot.html)"
201.245.192.253 - - [29/Sep/2014:05:24:41 -0500] "GET /webfile/skins/gdocs-jar/img/icons/docx.gif HTTP/1.1" 200 1039 "-" "Mozilla/4.0 (compatible;)"
181.14.184.254 - - [29/Sep/2014:05:25:07 -0500] "GET /BLA/boletinlegal/js/jquery.scrollTo-min.js HTTP/1.1" 200 1150 "http://www.ambientebogota.gov.co/" "Mozilla/5.0 (Windows NT 6.1) AppleWebKit/537.36 (KHTML, like Gecko) Chrome/37.0.2062.124 Safari/537.36"
181.14.184.254 - - [29/Sep/2014:05:25:07 -0500] "GET /BLA/boletinlegal/js/jquery.scrollShow.js HTTP/1.1" 200 4586 "http://www.ambientebogota.gov.co/" "Mozilla/5.0 (Windows NT 6.1) AppleWebKit/537.36 (KHTML, like Gecko) Chrome/37.0.2062.124 Safari/537.36"
181.14.184.254 - - [29/Sep/2014:05:25:07 -0500] "GET /galeria/carrusel/Carrusel/jquery.thumbnailScroller.css HTTP/1.1" 200 2066 "http://www.ambientebogota.gov.co/" "Mozilla/5.0 (Windows NT 6.1) AppleWebKit/537.36 (KHTML, like Gecko) Chrome/37.0.2062.124 Safari/537.36"
181.14.184.254 - - [29/Sep/2014:05:25:07 -0500] "GET /galeria/carrusel/Carrusel/jquery.thumbnailScroller.js HTTP/1.1" 200 8157 "http://www.ambientebogota.gov.co/" "Mozilla/5.0 (Windows NT 6.1) AppleWebKit/537.36 (KHTML, like Gecko) Chrome/37.0.2062.124 Safari/537.36"
181.14.184.254 - - [29/Sep/2014:05:25:07 -0500] "GET /galeria/carrusel/Carrusel/jquery-ui-1.8.13.custom.min.js HTTP/1.1" 200 10800 "http://www.ambientebogota.gov.co/" "Mozilla/5.0 (Windows NT 6.1) AppleWebKit/537.36 (KHTML, like Gecko) Chrome/37.0.2062.124 Safari/537.36"
181.14.184.254 - - [29/Sep/2014:05:25:07 -0500] "GET /BLA/boletinlegal/js/jquery.js HTTP/1.1" 200 57254 "http://www.ambientebogota.gov.co/" "Mozilla/5.0 (Windows NT 6.1) AppleWebKit/537.36 (KHTML, like Gecko) Chrome/37.0.2062.124 Safari/537.36"
181.14.184.254 - - [29/Sep/2014:05:25:18 -0500] "GET /galeria/nivo-slider/demo/demo.html HTTP/1.1" 200 4440 "http://www.ambientebogota.gov.co/" "Mozilla/5.0 (Windows NT 6.1) AppleWebKit/537.36 (KHTML, like Gecko) Chrome/37.0.2062.124 Safari/537.36"
181.14.184.254 - - [29/Sep/2014:05:25:19 -0500] "GET /galeria/nivo-slider/themes/default/default.css HTTP/1.1" 200 1569 "http://190.27.245.106/galeria/nivo-slider/demo/demo.html" "Mozilla/5.0 (Windows NT 6.1) AppleWebKit/537.36 (KHTML, like Gecko) Chrome/37.0.2062.124 Safari/537.36"
181.14.184.254 - - [29/Sep/2014:05:25:19 -0500] "GET /galeria/nivo-slider/themes/pascal/pascal.css HTTP/1.1" 200 2258 "http://190.27.245.106/galeria/nivo-slider/demo/demo.html" "Mozilla/5.0 (Windows NT 6.1) AppleWebKit/537.36 (KHTML, like Gecko) Chrome/37.0.2062.124 Safari/537.36"
181.14.184.254 - - [29/Sep/2014:05:25:19 -0500] "GET /galeria/nivo-slider/themes/orman/orman.css HTTP/1.1" 200 2152 "http://190.27.245.106/galeria/nivo-slider/demo/demo.html" "Mozilla/5.0 (Windows NT 6.1) AppleWebKit/537.36 (KHTML, like Gecko) Chrome/37.0.2062.124 Safari/537.36"
181.14.184.254 - - [29/Sep/2014:05:25:19 -0500] "GET /galeria/nivo-slider/nivo-slider.css HTTP/1.1" 200 1507 "http://190.27.245.106/galeria/nivo-slider/demo/demo.html" "Mozilla/5.0 (Windows NT 6.1) AppleWebKit/537.36 (KHTML, like Gecko) Chrome/37.0.2062.124 Safari/537.36"
181.14.184.254 - - [29/Sep/2014:05:25:19 -0500] "GET /galeria/nivo-slider/demo/style.css HTTP/1.1" 200 2222 "http://190.27.245.106/galeria/nivo-slider/demo/demo.html" "Mozilla/5.0 (Windows NT 6.1) AppleWebKit/537.36 (KHTML, like Gecko) Chrome/37.0.2062.124 Safari/537.36"
181.14.184.254 - - [29/Sep/2014:05:25:19 -0500] "GET /galeria/nivo-slider/demo/images/banner_adopcion2.jpg HTTP/1.1" 200 136406 "http://190.27.245.106/galeria/nivo-slider/demo/demo.html" "Mozilla/5.0 (Windows NT 6.1) AppleWebKit/537.36 (KHTML, like Gecko) Chrome/37.0.2062.124 Safari/537.36"
181.14.184.254 - - [29/Sep/2014:05:25:19 -0500] "GET /galeria/nivo-slider/demo/images/jovenesplaza1.jpg HTTP/1.1" 200 152570 "http://190.27.245.106/galeria/nivo-slider/demo/demo.html" "Mozilla/5.0 (Windows NT 6.1) AppleWebKit/537.36 (KHTML, like Gecko) Chrome/37.0.2062.124 Safari/537.36"
181.14.184.254 - - [29/Sep/2014:05:25:20 -0500] "GET /galeria/nivo-slider/demo/images/marchaxclima01a.jpg HTTP/1.1" 200 157427 "http://190.27.245.106/galeria/nivo-slider/demo/demo.html" "Mozilla/5.0 (Windows NT 6.1) AppleWebKit/537.36 (KHTML, like Gecko) Chrome/37.0.2062.124 Safari/537.36"
181.14.184.254 - - [29/Sep/2014:05:25:20 -0500] "GET /galeria/nivo-slider/demo/images/marchaxclima03a.jpg HTTP/1.1" 200 179842 "http://190.27.245.106/galeria/nivo-slider/demo/demo.html" "Mozilla/5.0 (Windows NT 6.1) AppleWebKit/537.36 (KHTML, like Gecko) Chrome/37.0.2062.124 Safari/537.36"
181.14.184.254 - - [29/Sep/2014:05:25:24 -0500] "GET /galeria/nivo-slider/demo/images/cumbre-climaNvaYork.jpg HTTP/1.1" 200 71628 "http://190.27.245.106/galeria/nivo-slider/demo/demo.html" "Mozilla/5.0 (Windows NT 6.1) AppleWebKit/537.36 (KHTML, like Gecko) Chrome/37.0.2062.124 Safari/537.36"
181.14.184.254 - - [29/Sep/2014:05:25:20 -0500] "GET /galeria/nivo-slider/demo/images/bannerEcolecta3.jpg HTTP/1.1" 200 280034 "http://190.27.245.106/galeria/nivo-slider/demo/demo.html" "Mozilla/5.0 (Windows NT 6.1) AppleWebKit/537.36 (KHTML, like Gecko) Chrome/37.0.2062.124 Safari/537.36"
181.14.184.254 - - [29/Sep/2014:05:25:26 -0500] "GET /galeria/nivo-slider/demo/images/banner-encuesta.jpg HTTP/1.1" 200 42764 "http://190.27.245.106/galeria/nivo-slider/demo/demo.html" "Mozilla/5.0 (Windows NT 6.1) AppleWebKit/537.36 (KHTML, like Gecko) Chrome/37.0.2062.124 Safari/537.36"
181.14.184.254 - - [29/Sep/2014:05:25:24 -0500] "GET /galeria/nivo-slider/demo/images/Recilaton02.jpg HTTP/1.1" 200 82162 "http://190.27.245.106/galeria/nivo-slider/demo/demo.html" "Mozilla/5.0 (Windows NT 6.1) AppleWebKit/537.36 (KHTML, like Gecko) Chrome/37.0.2062.124 Safari/537.36"
181.14.184.254 - - [29/Sep/2014:05:25:24 -0500] "GET /galeria/nivo-slider/demo/images/marchaxclima05a.jpg HTTP/1.1" 200 127534 "http://190.27.245.106/galeria/nivo-slider/demo/demo.html" "Mozilla/5.0 (Windows NT 6.1) AppleWebKit/537.36 (KHTML, like Gecko) Chrome/37.0.2062.124 Safari/537.36"
181.14.184.254 - - [29/Sep/2014:05:25:26 -0500] "GET /galeria/nivo-slider/demo/images/9Signos.jpg HTTP/1.1" 200 93040 "http://190.27.245.106/galeria/nivo-slider/demo/demo.html" "Mozilla/5.0 (Windows NT 6.1) AppleWebKit/537.36 (KHTML, like Gecko) Chrome/37.0.2062.124 Safari/537.36"
181.14.184.254 - - [29/Sep/2014:05:25:19 -0500] "GET /galeria/nivo-slider/demo/images/BannerIDRD1.png HTTP/1.1" 200 316313 "http://190.27.245.106/galeria/nivo-slider/demo/demo.html" "Mozilla/5.0 (Windows NT 6.1) AppleWebKit/537.36 (KHTML, like Gecko) Chrome/37.0.2062.124 Safari/537.36"
181.14.184.254 - - [29/Sep/2014:05:25:27 -0500] "GET /galeria/nivo-slider/demo/images/banner-llantas2.jpg HTTP/1.1" 200 73153 "http://190.27.245.106/galeria/nivo-slider/demo/demo.html" "Mozilla/5.0 (Windows NT 6.1) AppleWebKit/537.36 (KHTML, like Gecko) Chrome/37.0.2062.124 Safari/537.36"
181.14.184.254 - - [29/Sep/2014:05:25:29 -0500] "GET /galeria/nivo-slider/jquery.nivo.slider.pack.js HTTP/1.1" 200 11561 "http://190.27.245.106/galeria/nivo-slider/demo/demo.html" "Mozilla/5.0 (Windows NT 6.1) AppleWebKit/537.36 (KHTML, like Gecko) Chrome/37.0.2062.124 Safari/537.36"
181.14.184.254 - - [29/Sep/2014:05:25:27 -0500] "GET /galeria/nivo-slider/demo/images/ConstructorasFNL.jpg HTTP/1.1" 200 216551 "http://190.27.245.106/galeria/nivo-slider/demo/demo.html" "Mozilla/5.0 (Windows NT 6.1) AppleWebKit/537.36 (KHTML, like Gecko) Chrome/37.0.2062.124 Safari/537.36"
181.14.184.254 - - [29/Sep/2014:05:25:29 -0500] "GET /galeria/nivo-slider/demo/scripts/jquery-1.7.1.min.js HTTP/1.1" 200 93868 "http://190.27.245.106/galeria/nivo-slider/demo/demo.html" "Mozilla/5.0 (Windows NT 6.1) AppleWebKit/537.36 (KHTML, like Gecko) Chrome/37.0.2062.124 Safari/537.36"
181.14.184.254 - - [29/Sep/2014:05:25:31 -0500] "GET /galeria/nivo-slider/themes/default/loading.gif HTTP/1.1" 200 1737 "http://190.27.245.106/galeria/nivo-slider/themes/default/default.css" "Mozilla/5.0 (Windows NT 6.1) AppleWebKit/537.36 (KHTML, like Gecko) Chrome/37.0.2062.124 Safari/537.36"
181.14.184.254 - - [29/Sep/2014:05:25:25 -0500] "GET /galeria/nivo-slider/demo/images/Banner-Caracol-Africano.jpg HTTP/1.1" 200 331986 "http://190.27.245.106/galeria/nivo-slider/demo/demo.html" "Mozilla/5.0 (Windows NT 6.1) AppleWebKit/537.36 (KHTML, like Gecko) Chrome/37.0.2062.124 Safari/537.36"
181.14.184.254 - - [29/Sep/2014:05:25:31 -0500] "GET /galeria/nivo-slider/demo/images/4Simple_Slider.png HTTP/1.1" 200 11722 "http://190.27.245.106/galeria/nivo-slider/demo/style.css" "Mozilla/5.0 (Windows NT 6.1) AppleWebKit/537.36 (KHTML, like Gecko) Chrome/37.0.2062.124 Safari/537.36"
181.14.184.254 - - [29/Sep/2014:05:25:28 -0500] "GET /galeria/nivo-slider/demo/images/Hacienda_Molinos.jpg HTTP/1.1" 200 319171 "http://190.27.245.106/galeria/nivo-slider/demo/demo.html" "Mozilla/5.0 (Windows NT 6.1) AppleWebKit/537.36 (KHTML, like Gecko) Chrome/37.0.2062.124 Safari/537.36"
181.14.184.254 - - [29/Sep/2014:05:25:27 -0500] "GET /galeria/nivo-slider/demo/images/banner-caballos.png HTTP/1.1" 200 389106 "http://190.27.245.106/galeria/nivo-slider/demo/demo.html" "Mozilla/5.0 (Windows NT 6.1) AppleWebKit/537.36 (KHTML, like Gecko) Chrome/37.0.2062.124 Safari/537.36"
181.14.184.254 - - [29/Sep/2014:05:25:34 -0500] "GET /galeria/nivo-slider/themes/default/bullets.png HTTP/1.1" 200 1281 "http://190.27.245.106/galeria/nivo-slider/themes/default/default.css" "Mozilla/5.0 (Windows NT 6.1) AppleWebKit/537.36 (KHTML, like Gecko) Chrome/37.0.2062.124 Safari/537.36"
181.14.184.254 - - [29/Sep/2014:05:25:34 -0500] "GET /galeria/nivo-slider/themes/default/arrows.png HTTP/1.1" 200 824 "http://190.27.245.106/galeria/nivo-slider/themes/default/default.css" "Mozilla/5.0 (Windows NT 6.1) AppleWebKit/537.36 (KHTML, like Gecko) Chrome/37.0.2062.124 Safari/537.36"
66.249.67.67 - - [29/Sep/2014:05:26:11 -0500] "GET /BLA/resoluciones/AUTOS%202006/AUTOS%202006%201301-1400/00001384.tif HTTP/1.1" 200 81000 "-" "Googlebot-Image/1.0"
54.251.83.67 - - [29/Sep/2014:05:26:54 -0500] "GET / HTTP/1.1" 302 - "-" "() { :;}; /bin/bash -c \"echo testing9123123\"; /bin/uname -a"
186.145.167.131 - - [29/Sep/2014:05:27:11 -0500] "GET /BLA/boletinlegal/js/jquery.scrollTo-min.js HTTP/1.1" 200 1150 "http://ambientebogota.gov.co/" "Mozilla/5.0 (Windows NT 6.2; WOW64; rv:32.0) Gecko/20100101 Firefox/32.0"
186.145.167.131 - - [29/Sep/2014:05:27:11 -0500] "GET /galeria/carrusel/Carrusel/jquery.thumbnailScroller.css HTTP/1.1" 200 2066 "http://ambientebogota.gov.co/" "Mozilla/5.0 (Windows NT 6.2; WOW64; rv:32.0) Gecko/20100101 Firefox/32.0"
186.145.167.131 - - [29/Sep/2014:05:27:11 -0500] "GET /BLA/boletinlegal/js/jquery.scrollShow.js HTTP/1.1" 200 4586 "http://ambientebogota.gov.co/" "Mozilla/5.0 (Windows NT 6.2; WOW64; rv:32.0) Gecko/20100101 Firefox/32.0"
186.145.167.131 - - [29/Sep/2014:05:27:11 -0500] "GET /BLA/boletinlegal/js/jquery.js HTTP/1.1" 200 57254 "http://ambientebogota.gov.co/" "Mozilla/5.0 (Windows NT 6.2; WOW64; rv:32.0) Gecko/20100101 Firefox/32.0"
186.145.167.131 - - [29/Sep/2014:05:27:12 -0500] "GET /galeria/carrusel/Carrusel/jquery-ui-1.8.13.custom.min.js HTTP/1.1" 200 10800 "http://ambientebogota.gov.co/" "Mozilla/5.0 (Windows NT 6.2; WOW64; rv:32.0) Gecko/20100101 Firefox/32.0"
186.145.167.131 - - [29/Sep/2014:05:27:12 -0500] "GET /galeria/carrusel/Carrusel/jquery.thumbnailScroller.js HTTP/1.1" 200 8157 "http://ambientebogota.gov.co/" "Mozilla/5.0 (Windows NT 6.2; WOW64; rv:32.0) Gecko/20100101 Firefox/32.0"
186.145.167.131 - - [29/Sep/2014:05:27:12 -0500] "GET /galeria/nivo-slider/demo/demo.html HTTP/1.1" 200 4440 "http://ambientebogota.gov.co/" "Mozilla/5.0 (Windows NT 6.2; WOW64; rv:32.0) Gecko/20100101 Firefox/32.0"
186.145.167.131 - - [29/Sep/2014:05:27:13 -0500] "GET /galeria/nivo-slider/themes/pascal/pascal.css HTTP/1.1" 200 2258 "http://190.27.245.106/galeria/nivo-slider/demo/demo.html" "Mozilla/5.0 (Windows NT 6.2; WOW64; rv:32.0) Gecko/20100101 Firefox/32.0"
186.145.167.131 - - [29/Sep/2014:05:27:13 -0500] "GET /galeria/nivo-slider/themes/default/default.css HTTP/1.1" 200 1569 "http://190.27.245.106/galeria/nivo-slider/demo/demo.html" "Mozilla/5.0 (Windows NT 6.2; WOW64; rv:32.0) Gecko/20100101 Firefox/32.0"
186.145.167.131 - - [29/Sep/2014:05:27:13 -0500] "GET /galeria/nivo-slider/themes/orman/orman.css HTTP/1.1" 200 2152 "http://190.27.245.106/galeria/nivo-slider/demo/demo.html" "Mozilla/5.0 (Windows NT 6.2; WOW64; rv:32.0) Gecko/20100101 Firefox/32.0"
186.145.167.131 - - [29/Sep/2014:05:27:13 -0500] "GET /galeria/nivo-slider/nivo-slider.css HTTP/1.1" 200 1507 "http://190.27.245.106/galeria/nivo-slider/demo/demo.html" "Mozilla/5.0 (Windows NT 6.2; WOW64; rv:32.0) Gecko/20100101 Firefox/32.0"
186.145.167.131 - - [29/Sep/2014:05:27:13 -0500] "GET /galeria/nivo-slider/demo/style.css HTTP/1.1" 200 2222 "http://190.27.245.106/galeria/nivo-slider/demo/demo.html" "Mozilla/5.0 (Windows NT 6.2; WOW64; rv:32.0) Gecko/20100101 Firefox/32.0"
186.145.167.131 - - [29/Sep/2014:05:27:13 -0500] "GET /galeria/nivo-slider/jquery.nivo.slider.pack.js HTTP/1.1" 200 11561 "http://190.27.245.106/galeria/nivo-slider/demo/demo.html" "Mozilla/5.0 (Windows NT 6.2; WOW64; rv:32.0) Gecko/20100101 Firefox/32.0"
186.145.167.131 - - [29/Sep/2014:05:27:13 -0500] "GET /galeria/nivo-slider/demo/scripts/jquery-1.7.1.min.js HTTP/1.1" 200 93868 "http://190.27.245.106/galeria/nivo-slider/demo/demo.html" "Mozilla/5.0 (Windows NT 6.2; WOW64; rv:32.0) Gecko/20100101 Firefox/32.0"
186.145.167.131 - - [29/Sep/2014:05:27:14 -0500] "GET /galeria/nivo-slider/demo/images/marchaxclima03a.jpg HTTP/1.1" 200 179842 "http://190.27.245.106/galeria/nivo-slider/demo/demo.html" "Mozilla/5.0 (Windows NT 6.2; WOW64; rv:32.0) Gecko/20100101 Firefox/32.0"
186.145.167.131 - - [29/Sep/2014:05:27:13 -0500] "GET /galeria/nivo-slider/demo/images/banner_adopcion2.jpg HTTP/1.1" 200 136406 "http://190.27.245.106/galeria/nivo-slider/demo/demo.html" "Mozilla/5.0 (Windows NT 6.2; WOW64; rv:32.0) Gecko/20100101 Firefox/32.0"
186.145.167.131 - - [29/Sep/2014:05:27:13 -0500] "GET /galeria/nivo-slider/demo/images/jovenesplaza1.jpg HTTP/1.1" 200 152570 "http://190.27.245.106/galeria/nivo-slider/demo/demo.html" "Mozilla/5.0 (Windows NT 6.2; WOW64; rv:32.0) Gecko/20100101 Firefox/32.0"
186.145.167.131 - - [29/Sep/2014:05:27:13 -0500] "GET /galeria/nivo-slider/demo/images/marchaxclima01a.jpg HTTP/1.1" 200 157427 "http://190.27.245.106/galeria/nivo-slider/demo/demo.html" "Mozilla/5.0 (Windows NT 6.2; WOW64; rv:32.0) Gecko/20100101 Firefox/32.0"
186.145.167.131 - - [29/Sep/2014:05:27:15 -0500] "GET /galeria/nivo-slider/demo/images/marchaxclima05a.jpg HTTP/1.1" 200 127534 "http://190.27.245.106/galeria/nivo-slider/demo/demo.html" "Mozilla/5.0 (Windows NT 6.2; WOW64; rv:32.0) Gecko/20100101 Firefox/32.0"
186.145.167.131 - - [29/Sep/2014:05:27:13 -0500] "GET /galeria/nivo-slider/demo/images/bannerEcolecta3.jpg HTTP/1.1" 200 280034 "http://190.27.245.106/galeria/nivo-slider/demo/demo.html" "Mozilla/5.0 (Windows NT 6.2; WOW64; rv:32.0) Gecko/20100101 Firefox/32.0"
186.145.167.131 - - [29/Sep/2014:05:27:16 -0500] "GET /galeria/nivo-slider/demo/images/Recilaton02.jpg HTTP/1.1" 200 82162 "http://190.27.245.106/galeria/nivo-slider/demo/demo.html" "Mozilla/5.0 (Windows NT 6.2; WOW64; rv:32.0) Gecko/20100101 Firefox/32.0"
186.145.167.131 - - [29/Sep/2014:05:27:17 -0500] "GET /galeria/nivo-slider/demo/images/banner-encuesta.jpg HTTP/1.1" 200 42764 "http://190.27.245.106/galeria/nivo-slider/demo/demo.html" "Mozilla/5.0 (Windows NT 6.2; WOW64; rv:32.0) Gecko/20100101 Firefox/32.0"
186.145.167.131 - - [29/Sep/2014:05:27:16 -0500] "GET /galeria/nivo-slider/demo/images/cumbre-climaNvaYork.jpg HTTP/1.1" 200 71628 "http://190.27.245.106/galeria/nivo-slider/demo/demo.html" "Mozilla/5.0 (Windows NT 6.2; WOW64; rv:32.0) Gecko/20100101 Firefox/32.0"
186.145.167.131 - - [29/Sep/2014:05:27:13 -0500] "GET /galeria/nivo-slider/demo/images/BannerIDRD1.png HTTP/1.1" 200 316313 "http://190.27.245.106/galeria/nivo-slider/demo/demo.html" "Mozilla/5.0 (Windows NT 6.2; WOW64; rv:32.0) Gecko/20100101 Firefox/32.0"
186.145.167.131 - - [29/Sep/2014:05:27:17 -0500] "GET /galeria/nivo-slider/demo/images/banner-llantas2.jpg HTTP/1.1" 200 73153 "http://190.27.245.106/galeria/nivo-slider/demo/demo.html" "Mozilla/5.0 (Windows NT 6.2; WOW64; rv:32.0) Gecko/20100101 Firefox/32.0"
186.145.167.131 - - [29/Sep/2014:05:27:16 -0500] "GET /galeria/nivo-slider/demo/images/9Signos.jpg HTTP/1.1" 200 93040 "http://190.27.245.106/galeria/nivo-slider/demo/demo.html" "Mozilla/5.0 (Windows NT 6.2; WOW64; rv:32.0) Gecko/20100101 Firefox/32.0"
186.145.167.131 - - [29/Sep/2014:05:27:18 -0500] "GET /galeria/nivo-slider/themes/default/loading.gif HTTP/1.1" 200 1737 "http://190.27.245.106/galeria/nivo-slider/themes/default/default.css" "Mozilla/5.0 (Windows NT 6.2; WOW64; rv:32.0) Gecko/20100101 Firefox/32.0"
186.145.167.131 - - [29/Sep/2014:05:27:18 -0500] "GET /galeria/nivo-slider/demo/images/4Simple_Slider.png HTTP/1.1" 200 11722 "http://190.27.245.106/galeria/nivo-slider/demo/style.css" "Mozilla/5.0 (Windows NT 6.2; WOW64; rv:32.0) Gecko/20100101 Firefox/32.0"
186.145.167.131 - - [29/Sep/2014:05:27:17 -0500] "GET /galeria/nivo-slider/demo/images/ConstructorasFNL.jpg HTTP/1.1" 200 216551 "http://190.27.245.106/galeria/nivo-slider/demo/demo.html" "Mozilla/5.0 (Windows NT 6.2; WOW64; rv:32.0) Gecko/20100101 Firefox/32.0"
186.145.167.131 - - [29/Sep/2014:05:27:16 -0500] "GET /galeria/nivo-slider/demo/images/Banner-Caracol-Africano.jpg HTTP/1.1" 200 331986 "http://190.27.245.106/galeria/nivo-slider/demo/demo.html" "Mozilla/5.0 (Windows NT 6.2; WOW64; rv:32.0) Gecko/20100101 Firefox/32.0"
186.145.167.131 - - [29/Sep/2014:05:27:17 -0500] "GET /galeria/nivo-slider/demo/images/Hacienda_Molinos.jpg HTTP/1.1" 200 319171 "http://190.27.245.106/galeria/nivo-slider/demo/demo.html" "Mozilla/5.0 (Windows NT 6.2; WOW64; rv:32.0) Gecko/20100101 Firefox/32.0"
186.145.167.131 - - [29/Sep/2014:05:27:17 -0500] "GET /galeria/nivo-slider/demo/images/banner-caballos.png HTTP/1.1" 200 389106 "http://190.27.245.106/galeria/nivo-slider/demo/demo.html" "Mozilla/5.0 (Windows NT 6.2; WOW64; rv:32.0) Gecko/20100101 Firefox/32.0"
186.145.167.131 - - [29/Sep/2014:05:27:19 -0500] "GET /galeria/nivo-slider/themes/default/arrows.png HTTP/1.1" 200 824 "http://190.27.245.106/galeria/nivo-slider/themes/default/default.css" "Mozilla/5.0 (Windows NT 6.2; WOW64; rv:32.0) Gecko/20100101 Firefox/32.0"
186.145.167.131 - - [29/Sep/2014:05:27:20 -0500] "GET /galeria/nivo-slider/themes/default/bullets.png HTTP/1.1" 200 1281 "http://190.27.245.106/galeria/nivo-slider/themes/default/default.css" "Mozilla/5.0 (Windows NT 6.2; WOW64; rv:32.0) Gecko/20100101 Firefox/32.0"
186.145.167.131 - - [29/Sep/2014:05:27:18 -0500] "GET /videos/VideoOABFLV.flv HTTP/1.1" 200 7889923 "http://ambientebogota.gov.co/videos/flowplayer-3.2.6.swf" "Mozilla/5.0 (Windows NT 6.2; WOW64; rv:32.0) Gecko/20100101 Firefox/32.0"
186.113.10.143 - - [29/Sep/2014:05:27:24 -0500] "GET /galeria/nivo-slider/demo/images/marchaxclima03a.jpg HTTP/1.1" 304 - "-" "Mozilla/4.0 (compatible;)"
74.86.158.107 - - [29/Sep/2014:05:28:28 -0500] "HEAD / HTTP/1.1" 302 - "-" "Mozilla/5.0+(compatible; UptimeRobot/2.0; http://www.uptimerobot.com/)"
66.249.67.67 - - [29/Sep/2014:05:28:31 -0500] "GET /ssl/ HTTP/1.1" 200 464 "-" "Mozilla/5.0 (compatible; Googlebot/2.1; +http://www.google.com/bot.html)"
27.154.64.96 - - [29/Sep/2014:05:29:30 -0500] "HEAD /js/FCKeditor/editor/filemanager/upload/test.html HTTP/1.1" 404 - "-" "-"
186.31.67.112 - - [29/Sep/2014:05:29:59 -0500] "GET /galeria/carrusel/Carrusel/jquery.thumbnailScroller.css HTTP/1.1" 200 2066 "http://www.ambientebogota.gov.co/" "Mozilla/5.0 (Windows NT 6.1) AppleWebKit/537.36 (KHTML, like Gecko) Chrome/37.0.2062.124 Safari/537.36"
186.31.67.112 - - [29/Sep/2014:05:29:58 -0500] "GET /BLA/boletinlegal/js/jquery.scrollShow.js HTTP/1.1" 200 4586 "http://www.ambientebogota.gov.co/" "Mozilla/5.0 (Windows NT 6.1) AppleWebKit/537.36 (KHTML, like Gecko) Chrome/37.0.2062.124 Safari/537.36"
186.31.67.112 - - [29/Sep/2014:05:29:58 -0500] "GET /BLA/boletinlegal/js/jquery.scrollTo-min.js HTTP/1.1" 200 1150 "http://www.ambientebogota.gov.co/" "Mozilla/5.0 (Windows NT 6.1) AppleWebKit/537.36 (KHTML, like Gecko) Chrome/37.0.2062.124 Safari/537.36"
186.31.67.112 - - [29/Sep/2014:05:29:58 -0500] "GET /BLA/boletinlegal/js/jquery.js HTTP/1.1" 200 57254 "http://www.ambientebogota.gov.co/" "Mozilla/5.0 (Windows NT 6.1) AppleWebKit/537.36 (KHTML, like Gecko) Chrome/37.0.2062.124 Safari/537.36"
186.31.67.112 - - [29/Sep/2014:05:29:59 -0500] "GET /galeria/carrusel/Carrusel/jquery-ui-1.8.13.custom.min.js HTTP/1.1" 200 10800 "http://www.ambientebogota.gov.co/" "Mozilla/5.0 (Windows NT 6.1) AppleWebKit/537.36 (KHTML, like Gecko) Chrome/37.0.2062.124 Safari/537.36"
186.31.67.112 - - [29/Sep/2014:05:29:59 -0500] "GET /galeria/carrusel/Carrusel/jquery.thumbnailScroller.js HTTP/1.1" 200 8157 "http://www.ambientebogota.gov.co/" "Mozilla/5.0 (Windows NT 6.1) AppleWebKit/537.36 (KHTML, like Gecko) Chrome/37.0.2062.124 Safari/537.36"
186.31.67.112 - - [29/Sep/2014:05:30:07 -0500] "GET /galeria/nivo-slider/demo/demo.html HTTP/1.1" 200 4440 "http://www.ambientebogota.gov.co/" "Mozilla/5.0 (Windows NT 6.1) AppleWebKit/537.36 (KHTML, like Gecko) Chrome/37.0.2062.124 Safari/537.36"
186.31.67.112 - - [29/Sep/2014:05:30:07 -0500] "GET /galeria/nivo-slider/themes/default/default.css HTTP/1.1" 200 1569 "http://190.27.245.106/galeria/nivo-slider/demo/demo.html" "Mozilla/5.0 (Windows NT 6.1) AppleWebKit/537.36 (KHTML, like Gecko) Chrome/37.0.2062.124 Safari/537.36"
186.31.67.112 - - [29/Sep/2014:05:30:07 -0500] "GET /galeria/nivo-slider/themes/pascal/pascal.css HTTP/1.1" 200 2258 "http://190.27.245.106/galeria/nivo-slider/demo/demo.html" "Mozilla/5.0 (Windows NT 6.1) AppleWebKit/537.36 (KHTML, like Gecko) Chrome/37.0.2062.124 Safari/537.36"
186.31.67.112 - - [29/Sep/2014:05:30:07 -0500] "GET /galeria/nivo-slider/themes/orman/orman.css HTTP/1.1" 200 2152 "http://190.27.245.106/galeria/nivo-slider/demo/demo.html" "Mozilla/5.0 (Windows NT 6.1) AppleWebKit/537.36 (KHTML, like Gecko) Chrome/37.0.2062.124 Safari/537.36"
186.31.67.112 - - [29/Sep/2014:05:30:07 -0500] "GET /galeria/nivo-slider/nivo-slider.css HTTP/1.1" 200 1507 "http://190.27.245.106/galeria/nivo-slider/demo/demo.html" "Mozilla/5.0 (Windows NT 6.1) AppleWebKit/537.36 (KHTML, like Gecko) Chrome/37.0.2062.124 Safari/537.36"
186.31.67.112 - - [29/Sep/2014:05:30:07 -0500] "GET /galeria/nivo-slider/demo/style.css HTTP/1.1" 200 2222 "http://190.27.245.106/galeria/nivo-slider/demo/demo.html" "Mozilla/5.0 (Windows NT 6.1) AppleWebKit/537.36 (KHTML, like Gecko) Chrome/37.0.2062.124 Safari/537.36"
186.31.67.112 - - [29/Sep/2014:05:30:07 -0500] "GET /galeria/nivo-slider/demo/images/banner_adopcion2.jpg HTTP/1.1" 200 136406 "http://190.27.245.106/galeria/nivo-slider/demo/demo.html" "Mozilla/5.0 (Windows NT 6.1) AppleWebKit/537.36 (KHTML, like Gecko) Chrome/37.0.2062.124 Safari/537.36"
186.31.67.112 - - [29/Sep/2014:05:30:07 -0500] "GET /galeria/nivo-slider/demo/images/bannerEcolecta3.jpg HTTP/1.1" 200 280034 "http://190.27.245.106/galeria/nivo-slider/demo/demo.html" "Mozilla/5.0 (Windows NT 6.1) AppleWebKit/537.36 (KHTML, like Gecko) Chrome/37.0.2062.124 Safari/537.36"
186.31.67.112 - - [29/Sep/2014:05:30:07 -0500] "GET /galeria/nivo-slider/demo/images/marchaxclima03a.jpg HTTP/1.1" 200 179842 "http://190.27.245.106/galeria/nivo-slider/demo/demo.html" "Mozilla/5.0 (Windows NT 6.1) AppleWebKit/537.36 (KHTML, like Gecko) Chrome/37.0.2062.124 Safari/537.36"
186.31.67.112 - - [29/Sep/2014:05:30:07 -0500] "GET /galeria/nivo-slider/demo/images/marchaxclima01a.jpg HTTP/1.1" 200 157427 "http://190.27.245.106/galeria/nivo-slider/demo/demo.html" "Mozilla/5.0 (Windows NT 6.1) AppleWebKit/537.36 (KHTML, like Gecko) Chrome/37.0.2062.124 Safari/537.36"
186.31.67.112 - - [29/Sep/2014:05:30:12 -0500] "GET /galeria/nivo-slider/demo/images/marchaxclima05a.jpg HTTP/1.1" 200 127534 "http://190.27.245.106/galeria/nivo-slider/demo/demo.html" "Mozilla/5.0 (Windows NT 6.1) AppleWebKit/537.36 (KHTML, like Gecko) Chrome/37.0.2062.124 Safari/537.36"
186.31.67.112 - - [29/Sep/2014:05:30:07 -0500] "GET /galeria/nivo-slider/demo/images/jovenesplaza1.jpg HTTP/1.1" 200 152570 "http://190.27.245.106/galeria/nivo-slider/demo/demo.html" "Mozilla/5.0 (Windows NT 6.1) AppleWebKit/537.36 (KHTML, like Gecko) Chrome/37.0.2062.124 Safari/537.36"
186.31.67.112 - - [29/Sep/2014:05:30:07 -0500] "GET /galeria/nivo-slider/demo/images/BannerIDRD1.png HTTP/1.1" 200 316313 "http://190.27.245.106/galeria/nivo-slider/demo/demo.html" "Mozilla/5.0 (Windows NT 6.1) AppleWebKit/537.36 (KHTML, like Gecko) Chrome/37.0.2062.124 Safari/537.36"
186.31.67.112 - - [29/Sep/2014:05:30:16 -0500] "GET /galeria/nivo-slider/demo/images/bannerEcolecta3.jpg HTTP/1.1" 206 1 "http://190.27.245.106/galeria/nivo-slider/demo/demo.html" "Mozilla/5.0 (Windows NT 6.1) AppleWebKit/537.36 (KHTML, like Gecko) Chrome/37.0.2062.124 Safari/537.36"
186.31.67.112 - - [29/Sep/2014:05:30:16 -0500] "GET /galeria/nivo-slider/demo/images/BannerIDRD1.png HTTP/1.1" 206 1 "http://190.27.245.106/galeria/nivo-slider/demo/demo.html" "Mozilla/5.0 (Windows NT 6.1) AppleWebKit/537.36 (KHTML, like Gecko) Chrome/37.0.2062.124 Safari/537.36"
186.31.67.112 - - [29/Sep/2014:05:30:16 -0500] "GET /galeria/nivo-slider/demo/images/marchaxclima03a.jpg HTTP/1.1" 206 1 "http://190.27.245.106/galeria/nivo-slider/demo/demo.html" "Mozilla/5.0 (Windows NT 6.1) AppleWebKit/537.36 (KHTML, like Gecko) Chrome/37.0.2062.124 Safari/537.36"
186.31.67.112 - - [29/Sep/2014:05:30:16 -0500] "GET /galeria/nivo-slider/demo/images/marchaxclima01a.jpg HTTP/1.1" 206 1 "http://190.27.245.106/galeria/nivo-slider/demo/demo.html" "Mozilla/5.0 (Windows NT 6.1) AppleWebKit/537.36 (KHTML, like Gecko) Chrome/37.0.2062.124 Safari/537.36"
186.31.67.112 - - [29/Sep/2014:05:30:16 -0500] "GET /galeria/nivo-slider/demo/images/marchaxclima03a.jpg HTTP/1.1" 206 59706 "http://190.27.245.106/galeria/nivo-slider/demo/demo.html" "Mozilla/5.0 (Windows NT 6.1) AppleWebKit/537.36 (KHTML, like Gecko) Chrome/37.0.2062.124 Safari/537.36"
186.31.67.112 - - [29/Sep/2014:05:30:16 -0500] "GET /galeria/nivo-slider/demo/images/bannerEcolecta3.jpg HTTP/1.1" 206 130762 "http://190.27.245.106/galeria/nivo-slider/demo/demo.html" "Mozilla/5.0 (Windows NT 6.1) AppleWebKit/537.36 (KHTML, like Gecko) Chrome/37.0.2062.124 Safari/537.36"
186.31.67.112 - - [29/Sep/2014:05:30:16 -0500] "GET /galeria/nivo-slider/demo/images/marchaxclima01a.jpg HTTP/1.1" 206 87691 "http://190.27.245.106/galeria/nivo-slider/demo/demo.html" "Mozilla/5.0 (Windows NT 6.1) AppleWebKit/537.36 (KHTML, like Gecko) Chrome/37.0.2062.124 Safari/537.36"
186.31.67.112 - - [29/Sep/2014:05:30:16 -0500] "GET /galeria/nivo-slider/demo/images/Recilaton02.jpg HTTP/1.1" 200 82162 "http://190.27.245.106/galeria/nivo-slider/demo/demo.html" "Mozilla/5.0 (Windows NT 6.1) AppleWebKit/537.36 (KHTML, like Gecko) Chrome/37.0.2062.124 Safari/537.36"
186.31.67.112 - - [29/Sep/2014:05:30:19 -0500] "GET /galeria/nivo-slider/demo/images/9Signos.jpg HTTP/1.1" 200 93040 "http://190.27.245.106/galeria/nivo-slider/demo/demo.html" "Mozilla/5.0 (Windows NT 6.1) AppleWebKit/537.36 (KHTML, like Gecko) Chrome/37.0.2062.124 Safari/537.36"
186.31.67.112 - - [29/Sep/2014:05:30:16 -0500] "GET /galeria/nivo-slider/demo/images/marchaxclima05a.jpg HTTP/1.1" 200 127534 "http://190.27.245.106/galeria/nivo-slider/demo/demo.html" "Mozilla/5.0 (Windows NT 6.1) AppleWebKit/537.36 (KHTML, like Gecko) Chrome/37.0.2062.124 Safari/537.36"
186.31.67.112 - - [29/Sep/2014:05:30:20 -0500] "GET /galeria/nivo-slider/demo/images/banner-encuesta.jpg HTTP/1.1" 200 42764 "http://190.27.245.106/galeria/nivo-slider/demo/demo.html" "Mozilla/5.0 (Windows NT 6.1) AppleWebKit/537.36 (KHTML, like Gecko) Chrome/37.0.2062.124 Safari/537.36"
186.31.67.112 - - [29/Sep/2014:05:30:19 -0500] "GET /galeria/nivo-slider/demo/images/cumbre-climaNvaYork.jpg HTTP/1.1" 200 71628 "http://190.27.245.106/galeria/nivo-slider/demo/demo.html" "Mozilla/5.0 (Windows NT 6.1) AppleWebKit/537.36 (KHTML, like Gecko) Chrome/37.0.2062.124 Safari/537.36"
186.31.67.112 - - [29/Sep/2014:05:30:20 -0500] "GET /galeria/nivo-slider/demo/images/banner-llantas2.jpg HTTP/1.1" 200 73153 "http://190.27.245.106/galeria/nivo-slider/demo/demo.html" "Mozilla/5.0 (Windows NT 6.1) AppleWebKit/537.36 (KHTML, like Gecko) Chrome/37.0.2062.124 Safari/537.36"
186.31.67.112 - - [29/Sep/2014:05:30:22 -0500] "GET /galeria/nivo-slider/demo/scripts/jquery-1.7.1.min.js HTTP/1.1" 200 93868 "http://190.27.245.106/galeria/nivo-slider/demo/demo.html" "Mozilla/5.0 (Windows NT 6.1) AppleWebKit/537.36 (KHTML, like Gecko) Chrome/37.0.2062.124 Safari/537.36"
186.31.67.112 - - [29/Sep/2014:05:30:23 -0500] "GET /galeria/nivo-slider/jquery.nivo.slider.pack.js HTTP/1.1" 200 11561 "http://190.27.245.106/galeria/nivo-slider/demo/demo.html" "Mozilla/5.0 (Windows NT 6.1) AppleWebKit/537.36 (KHTML, like Gecko) Chrome/37.0.2062.124 Safari/537.36"
186.31.67.112 - - [29/Sep/2014:05:30:23 -0500] "GET /galeria/nivo-slider/demo/images/4Simple_Slider.png HTTP/1.1" 200 11722 "http://190.27.245.106/galeria/nivo-slider/demo/style.css" "Mozilla/5.0 (Windows NT 6.1) AppleWebKit/537.36 (KHTML, like Gecko) Chrome/37.0.2062.124 Safari/537.36"
186.31.67.112 - - [29/Sep/2014:05:30:24 -0500] "GET /galeria/nivo-slider/themes/default/loading.gif HTTP/1.1" 200 1737 "http://190.27.245.106/galeria/nivo-slider/themes/default/default.css" "Mozilla/5.0 (Windows NT 6.1) AppleWebKit/537.36 (KHTML, like Gecko) Chrome/37.0.2062.124 Safari/537.36"
186.31.67.112 - - [29/Sep/2014:05:30:16 -0500] "GET /galeria/nivo-slider/demo/images/BannerIDRD1.png HTTP/1.1" 206 185241 "http://190.27.245.106/galeria/nivo-slider/demo/demo.html" "Mozilla/5.0 (Windows NT 6.1) AppleWebKit/537.36 (KHTML, like Gecko) Chrome/37.0.2062.124 Safari/537.36"
186.31.67.112 - - [29/Sep/2014:05:30:21 -0500] "GET /galeria/nivo-slider/demo/images/ConstructorasFNL.jpg HTTP/1.1" 200 216551 "http://190.27.245.106/galeria/nivo-slider/demo/demo.html" "Mozilla/5.0 (Windows NT 6.1) AppleWebKit/537.36 (KHTML, like Gecko) Chrome/37.0.2062.124 Safari/537.36"
186.31.67.112 - - [29/Sep/2014:05:30:19 -0500] "GET /galeria/nivo-slider/demo/images/Banner-Caracol-Africano.jpg HTTP/1.1" 200 331986 "http://190.27.245.106/galeria/nivo-slider/demo/demo.html" "Mozilla/5.0 (Windows NT 6.1) AppleWebKit/537.36 (KHTML, like Gecko) Chrome/37.0.2062.124 Safari/537.36"
100.43.85.25 - - [29/Sep/2014:05:30:27 -0500] "GET /portel_dama/documentacion/Screenshots/13.jpg HTTP/1.1" 200 24475 "-" "Mozilla/5.0 (compatible; YandexBot/3.0; +http://yandex.com/bots)"
186.31.67.112 - - [29/Sep/2014:05:30:21 -0500] "GET /galeria/nivo-slider/demo/images/Hacienda_Molinos.jpg HTTP/1.1" 200 319171 "http://190.27.245.106/galeria/nivo-slider/demo/demo.html" "Mozilla/5.0 (Windows NT 6.1) AppleWebKit/537.36 (KHTML, like Gecko) Chrome/37.0.2062.124 Safari/537.36"
186.31.67.112 - - [29/Sep/2014:05:30:21 -0500] "GET /galeria/nivo-slider/demo/images/banner-caballos.png HTTP/1.1" 200 389106 "http://190.27.245.106/galeria/nivo-slider/demo/demo.html" "Mozilla/5.0 (Windows NT 6.1) AppleWebKit/537.36 (KHTML, like Gecko) Chrome/37.0.2062.124 Safari/537.36"
186.31.67.112 - - [29/Sep/2014:05:30:29 -0500] "GET /galeria/nivo-slider/themes/default/arrows.png HTTP/1.1" 200 824 "http://190.27.245.106/galeria/nivo-slider/themes/default/default.css" "Mozilla/5.0 (Windows NT 6.1) AppleWebKit/537.36 (KHTML, like Gecko) Chrome/37.0.2062.124 Safari/537.36"
186.31.67.112 - - [29/Sep/2014:05:30:29 -0500] "GET /galeria/nivo-slider/themes/default/bullets.png HTTP/1.1" 200 1281 "http://190.27.245.106/galeria/nivo-slider/themes/default/default.css" "Mozilla/5.0 (Windows NT 6.1) AppleWebKit/537.36 (KHTML, like Gecko) Chrome/37.0.2062.124 Safari/537.36"
66.249.83.62 - - [29/Sep/2014:05:31:24 -0500] "GET /BLA/boletinlegal/js/jquery.scrollTo-min.js HTTP/1.1" 200 1150 "http://ambientebogota.gov.co/archivo-de-noticias/-/asset_publisher/5PPa/content/id/1436355" "Mozilla/5.0 (Linux; Android 4.2.2; ONE TOUCH 6012A Build/JDQ39) AppleWebKit/537.36 (KHTML, like Gecko) Chrome/37.0.2062.117 Mobile Safari/537.36"
66.249.83.62 - - [29/Sep/2014:05:31:24 -0500] "GET /BLA/boletinlegal/js/jquery.scrollShow.js HTTP/1.1" 200 4586 "http://ambientebogota.gov.co/archivo-de-noticias/-/asset_publisher/5PPa/content/id/1436355" "Mozilla/5.0 (Linux; Android 4.2.2; ONE TOUCH 6012A Build/JDQ39) AppleWebKit/537.36 (KHTML, like Gecko) Chrome/37.0.2062.117 Mobile Safari/537.36"
