200.41.78.29 - - [29/Sep/2014:08:31:01 -0500] "GET /galeria/nivo-slider/demo/images/jovenesplaza1.jpg HTTP/1.1" 200 152570 "http://190.27.245.106/galeria/nivo-slider/demo/demo.html" "Mozilla/5.0 (Windows NT 6.3; WOW64; Trident/7.0; rv:11.0) like Gecko"
200.41.78.29 - - [29/Sep/2014:08:31:02 -0500] "GET /galeria/nivo-slider/demo/images/Recilaton02.jpg HTTP/1.1" 200 82162 "http://190.27.245.106/galeria/nivo-slider/demo/demo.html" "Mozilla/5.0 (Windows NT 6.3; WOW64; Trident/7.0; rv:11.0) like Gecko"
207.46.13.66 - - [29/Sep/2014:08:31:02 -0500] "GET /anti/anti3.htm HTTP/1.1" 404 1203 "-" "Mozilla/5.0 (compatible; bingbot/2.0; +http://www.bing.com/bingbot.htm)"
200.41.78.29 - - [29/Sep/2014:08:31:02 -0500] "GET /galeria/nivo-slider/demo/images/marchaxclima05a.jpg HTTP/1.1" 200 127534 "http://190.27.245.106/galeria/nivo-slider/demo/demo.html" "Mozilla/5.0 (Windows NT 6.3; WOW64; Trident/7.0; rv:11.0) like Gecko"
200.41.78.29 - - [29/Sep/2014:08:31:02 -0500] "GET /galeria/nivo-slider/demo/images/9Signos.jpg HTTP/1.1" 200 93040 "http://190.27.245.106/galeria/nivo-slider/demo/demo.html" "Mozilla/5.0 (Windows NT 6.3; WOW64; Trident/7.0; rv:11.0) like Gecko"
200.41.78.29 - - [29/Sep/2014:08:31:02 -0500] "GET /galeria/nivo-slider/demo/images/ConstructorasFNL.jpg HTTP/1.1" 200 216551 "http://190.27.245.106/galeria/nivo-slider/demo/demo.html" "Mozilla/5.0 (Windows NT 6.3; WOW64; Trident/7.0; rv:11.0) like Gecko"
200.41.78.29 - - [29/Sep/2014:08:31:03 -0500] "GET /galeria/nivo-slider/demo/images/Hacienda_Molinos.jpg HTTP/1.1" 200 319171 "http://190.27.245.106/galeria/nivo-slider/demo/demo.html" "Mozilla/5.0 (Windows NT 6.3; WOW64; Trident/7.0; rv:11.0) like Gecko"
200.41.78.29 - - [29/Sep/2014:08:31:02 -0500] "GET /galeria/nivo-slider/demo/images/Banner-Caracol-Africano.jpg HTTP/1.1" 200 331986 "http://190.27.245.106/galeria/nivo-slider/demo/demo.html" "Mozilla/5.0 (Windows NT 6.3; WOW64; Trident/7.0; rv:11.0) like Gecko"
200.41.78.29 - - [29/Sep/2014:08:31:01 -0500] "GET /galeria/nivo-slider/demo/images/marchaxclima01a.jpg HTTP/1.1" 200 157427 "http://190.27.245.106/galeria/nivo-slider/demo/demo.html" "Mozilla/5.0 (Windows NT 6.3; WOW64; Trident/7.0; rv:11.0) like Gecko"
200.41.78.29 - - [29/Sep/2014:08:31:02 -0500] "GET /galeria/nivo-slider/demo/images/banner-caballos.png HTTP/1.1" 200 389106 "http://190.27.245.106/galeria/nivo-slider/demo/demo.html" "Mozilla/5.0 (Windows NT 6.3; WOW64; Trident/7.0; rv:11.0) like Gecko"
200.41.78.29 - - [29/Sep/2014:08:31:02 -0500] "GET /galeria/nivo-slider/demo/images/banner-encuesta.jpg HTTP/1.1" 200 42764 "http://190.27.245.106/galeria/nivo-slider/demo/demo.html" "Mozilla/5.0 (Windows NT 6.3; WOW64; Trident/7.0; rv:11.0) like Gecko"
200.41.78.29 - - [29/Sep/2014:08:31:01 -0500] "GET /galeria/nivo-slider/demo/images/BannerIDRD1.png HTTP/1.1" 200 316313 "http://190.27.245.106/galeria/nivo-slider/demo/demo.html" "Mozilla/5.0 (Windows NT 6.3; WOW64; Trident/7.0; rv:11.0) like Gecko"
200.41.78.29 - - [29/Sep/2014:08:31:01 -0500] "GET /galeria/nivo-slider/demo/images/bannerEcolecta3.jpg HTTP/1.1" 200 280034 "http://190.27.245.106/galeria/nivo-slider/demo/demo.html" "Mozilla/5.0 (Windows NT 6.3; WOW64; Trident/7.0; rv:11.0) like Gecko"
200.41.78.29 - - [29/Sep/2014:08:31:02 -0500] "GET /galeria/nivo-slider/demo/images/banner-llantas2.jpg HTTP/1.1" 200 73153 "http://190.27.245.106/galeria/nivo-slider/demo/demo.html" "Mozilla/5.0 (Windows NT 6.3; WOW64; Trident/7.0; rv:11.0) like Gecko"
200.41.78.29 - - [29/Sep/2014:08:31:06 -0500] "GET /galeria/nivo-slider/themes/default/arrows.png HTTP/1.1" 200 824 "http://190.27.245.106/galeria/nivo-slider/demo/demo.html" "Mozilla/5.0 (Windows NT 6.3; WOW64; Trident/7.0; rv:11.0) like Gecko"
200.41.78.29 - - [29/Sep/2014:08:31:06 -0500] "GET /galeria/nivo-slider/themes/default/bullets.png HTTP/1.1" 200 1281 "http://190.27.245.106/galeria/nivo-slider/demo/demo.html" "Mozilla/5.0 (Windows NT 6.3; WOW64; Trident/7.0; rv:11.0) like Gecko"
190.24.138.98 - - [29/Sep/2014:08:31:09 -0500] "GET /BLA/boletinlegal/js/jquery.js HTTP/1.1" 304 - "http://www.ambientebogota.gov.co/" "Mozilla/5.0 (X11; Ubuntu; Linux x86_64; rv:29.0) Gecko/20100101 Firefox/29.0"
190.24.138.98 - - [29/Sep/2014:08:31:09 -0500] "GET /BLA/boletinlegal/js/jquery.scrollTo-min.js HTTP/1.1" 304 - "http://www.ambientebogota.gov.co/" "Mozilla/5.0 (X11; Ubuntu; Linux x86_64; rv:29.0) Gecko/20100101 Firefox/29.0"
190.24.138.98 - - [29/Sep/2014:08:31:09 -0500] "GET /BLA/boletinlegal/js/jquery.scrollShow.js HTTP/1.1" 304 - "http://www.ambientebogota.gov.co/" "Mozilla/5.0 (X11; Ubuntu; Linux x86_64; rv:29.0) Gecko/20100101 Firefox/29.0"
190.24.138.98 - - [29/Sep/2014:08:31:09 -0500] "GET /galeria/carrusel/Carrusel/jquery.thumbnailScroller.css HTTP/1.1" 304 - "http://www.ambientebogota.gov.co/" "Mozilla/5.0 (X11; Ubuntu; Linux x86_64; rv:29.0) Gecko/20100101 Firefox/29.0"
190.24.138.98 - - [29/Sep/2014:08:31:10 -0500] "GET /galeria/carrusel/Carrusel/jquery-ui-1.8.13.custom.min.js HTTP/1.1" 304 - "http://www.ambientebogota.gov.co/" "Mozilla/5.0 (X11; Ubuntu; Linux x86_64; rv:29.0) Gecko/20100101 Firefox/29.0"
190.24.138.98 - - [29/Sep/2014:08:31:10 -0500] "GET /galeria/carrusel/Carrusel/jquery.thumbnailScroller.js HTTP/1.1" 304 - "http://www.ambientebogota.gov.co/" "Mozilla/5.0 (X11; Ubuntu; Linux x86_64; rv:29.0) Gecko/20100101 Firefox/29.0"
201.245.192.253 - - [29/Sep/2014:08:31:11 -0500] "GET /forest/session.jsp?a=0.7223183785128465 HTTP/1.1" 200 4 "http://190.27.245.106/forest/usutareas.do?group_system_actual=3&codTraEsc=16555007&_a=0.7647704283234563" "Mozilla/5.0 (Windows NT 6.1; rv:32.0) Gecko/20100101 Firefox/32.0"
190.24.138.98 - - [29/Sep/2014:08:31:12 -0500] "GET /galeria/nivo-slider/demo/demo.html HTTP/1.1" 304 - "http://www.ambientebogota.gov.co/" "Mozilla/5.0 (X11; Ubuntu; Linux x86_64; rv:29.0) Gecko/20100101 Firefox/29.0"
190.24.138.98 - - [29/Sep/2014:08:31:12 -0500] "GET /galeria/nivo-slider/demo/style.css HTTP/1.1" 304 - "http://190.27.245.106/galeria/nivo-slider/demo/demo.html" "Mozilla/5.0 (X11; Ubuntu; Linux x86_64; rv:29.0) Gecko/20100101 Firefox/29.0"
190.24.138.98 - - [29/Sep/2014:08:31:12 -0500] "GET /galeria/nivo-slider/nivo-slider.css HTTP/1.1" 304 - "http://190.27.245.106/galeria/nivo-slider/demo/demo.html" "Mozilla/5.0 (X11; Ubuntu; Linux x86_64; rv:29.0) Gecko/20100101 Firefox/29.0"
190.24.138.98 - - [29/Sep/2014:08:31:12 -0500] "GET /galeria/nivo-slider/themes/pascal/pascal.css HTTP/1.1" 304 - "http://190.27.245.106/galeria/nivo-slider/demo/demo.html" "Mozilla/5.0 (X11; Ubuntu; Linux x86_64; rv:29.0) Gecko/20100101 Firefox/29.0"
190.24.138.98 - - [29/Sep/2014:08:31:12 -0500] "GET /galeria/nivo-slider/themes/default/default.css HTTP/1.1" 304 - "http://190.27.245.106/galeria/nivo-slider/demo/demo.html" "Mozilla/5.0 (X11; Ubuntu; Linux x86_64; rv:29.0) Gecko/20100101 Firefox/29.0"
190.24.138.98 - - [29/Sep/2014:08:31:12 -0500] "GET /galeria/nivo-slider/themes/orman/orman.css HTTP/1.1" 304 - "http://190.27.245.106/galeria/nivo-slider/demo/demo.html" "Mozilla/5.0 (X11; Ubuntu; Linux x86_64; rv:29.0) Gecko/20100101 Firefox/29.0"
190.24.138.98 - - [29/Sep/2014:08:31:12 -0500] "GET /galeria/nivo-slider/demo/images/BannerIDRD1.png HTTP/1.1" 304 - "http://190.27.245.106/galeria/nivo-slider/demo/demo.html" "Mozilla/5.0 (X11; Ubuntu; Linux x86_64; rv:29.0) Gecko/20100101 Firefox/29.0"
190.24.138.98 - - [29/Sep/2014:08:31:12 -0500] "GET /galeria/nivo-slider/demo/images/bannerEcolecta3.jpg HTTP/1.1" 304 - "http://190.27.245.106/galeria/nivo-slider/demo/demo.html" "Mozilla/5.0 (X11; Ubuntu; Linux x86_64; rv:29.0) Gecko/20100101 Firefox/29.0"
190.24.138.98 - - [29/Sep/2014:08:31:12 -0500] "GET /galeria/nivo-slider/demo/images/jovenesplaza1.jpg HTTP/1.1" 304 - "http://190.27.245.106/galeria/nivo-slider/demo/demo.html" "Mozilla/5.0 (X11; Ubuntu; Linux x86_64; rv:29.0) Gecko/20100101 Firefox/29.0"
190.24.138.98 - - [29/Sep/2014:08:31:12 -0500] "GET /galeria/nivo-slider/demo/images/marchaxclima03a.jpg HTTP/1.1" 304 - "http://190.27.245.106/galeria/nivo-slider/demo/demo.html" "Mozilla/5.0 (X11; Ubuntu; Linux x86_64; rv:29.0) Gecko/20100101 Firefox/29.0"
190.24.138.98 - - [29/Sep/2014:08:31:12 -0500] "GET /galeria/nivo-slider/demo/images/marchaxclima01a.jpg HTTP/1.1" 304 - "http://190.27.245.106/galeria/nivo-slider/demo/demo.html" "Mozilla/5.0 (X11; Ubuntu; Linux x86_64; rv:29.0) Gecko/20100101 Firefox/29.0"
190.24.138.98 - - [29/Sep/2014:08:31:12 -0500] "GET /galeria/nivo-slider/demo/images/marchaxclima05a.jpg HTTP/1.1" 304 - "http://190.27.245.106/galeria/nivo-slider/demo/demo.html" "Mozilla/5.0 (X11; Ubuntu; Linux x86_64; rv:29.0) Gecko/20100101 Firefox/29.0"
190.24.138.98 - - [29/Sep/2014:08:31:12 -0500] "GET /galeria/nivo-slider/demo/images/Recilaton02.jpg HTTP/1.1" 304 - "http://190.27.245.106/galeria/nivo-slider/demo/demo.html" "Mozilla/5.0 (X11; Ubuntu; Linux x86_64; rv:29.0) Gecko/20100101 Firefox/29.0"
190.24.138.98 - - [29/Sep/2014:08:31:12 -0500] "GET /galeria/nivo-slider/demo/images/cumbre-climaNvaYork.jpg HTTP/1.1" 304 - "http://190.27.245.106/galeria/nivo-slider/demo/demo.html" "Mozilla/5.0 (X11; Ubuntu; Linux x86_64; rv:29.0) Gecko/20100101 Firefox/29.0"
190.24.138.98 - - [29/Sep/2014:08:31:12 -0500] "GET /galeria/nivo-slider/demo/images/Banner-Caracol-Africano.jpg HTTP/1.1" 304 - "http://190.27.245.106/galeria/nivo-slider/demo/demo.html" "Mozilla/5.0 (X11; Ubuntu; Linux x86_64; rv:29.0) Gecko/20100101 Firefox/29.0"
190.24.138.98 - - [29/Sep/2014:08:31:12 -0500] "GET /galeria/nivo-slider/demo/images/9Signos.jpg HTTP/1.1" 304 - "http://190.27.245.106/galeria/nivo-slider/demo/demo.html" "Mozilla/5.0 (X11; Ubuntu; Linux x86_64; rv:29.0) Gecko/20100101 Firefox/29.0"
190.24.138.98 - - [29/Sep/2014:08:31:12 -0500] "GET /galeria/nivo-slider/demo/scripts/jquery-1.7.1.min.js HTTP/1.1" 304 - "http://190.27.245.106/galeria/nivo-slider/demo/demo.html" "Mozilla/5.0 (X11; Ubuntu; Linux x86_64; rv:29.0) Gecko/20100101 Firefox/29.0"
190.24.138.98 - - [29/Sep/2014:08:31:12 -0500] "GET /galeria/nivo-slider/jquery.nivo.slider.pack.js HTTP/1.1" 304 - "http://190.27.245.106/galeria/nivo-slider/demo/demo.html" "Mozilla/5.0 (X11; Ubuntu; Linux x86_64; rv:29.0) Gecko/20100101 Firefox/29.0"
190.24.138.98 - - [29/Sep/2014:08:31:12 -0500] "GET /galeria/nivo-slider/demo/images/banner-encuesta.jpg HTTP/1.1" 304 - "http://190.27.245.106/galeria/nivo-slider/demo/demo.html" "Mozilla/5.0 (X11; Ubuntu; Linux x86_64; rv:29.0) Gecko/20100101 Firefox/29.0"
190.24.138.98 - - [29/Sep/2014:08:31:13 -0500] "GET /galeria/nivo-slider/demo/images/banner-llantas2.jpg HTTP/1.1" 304 - "http://190.27.245.106/galeria/nivo-slider/demo/demo.html" "Mozilla/5.0 (X11; Ubuntu; Linux x86_64; rv:29.0) Gecko/20100101 Firefox/29.0"
190.24.138.98 - - [29/Sep/2014:08:31:13 -0500] "GET /galeria/nivo-slider/demo/images/banner_adopcion2.jpg HTTP/1.1" 304 - "http://190.27.245.106/galeria/nivo-slider/demo/demo.html" "Mozilla/5.0 (X11; Ubuntu; Linux x86_64; rv:29.0) Gecko/20100101 Firefox/29.0"
190.24.138.98 - - [29/Sep/2014:08:31:12 -0500] "GET /galeria/nivo-slider/demo/images/banner-caballos.png HTTP/1.1" 200 389106 "http://190.27.245.106/galeria/nivo-slider/demo/demo.html" "Mozilla/5.0 (X11; Ubuntu; Linux x86_64; rv:29.0) Gecko/20100101 Firefox/29.0"
190.24.138.98 - - [29/Sep/2014:08:31:12 -0500] "GET /galeria/nivo-slider/demo/images/ConstructorasFNL.jpg HTTP/1.1" 200 216551 "http://190.27.245.106/galeria/nivo-slider/demo/demo.html" "Mozilla/5.0 (X11; Ubuntu; Linux x86_64; rv:29.0) Gecko/20100101 Firefox/29.0"
190.24.138.98 - - [29/Sep/2014:08:31:15 -0500] "GET /galeria/nivo-slider/themes/default/loading.gif HTTP/1.1" 304 - "http://190.27.245.106/galeria/nivo-slider/themes/default/default.css" "Mozilla/5.0 (X11; Ubuntu; Linux x86_64; rv:29.0) Gecko/20100101 Firefox/29.0"
190.24.138.98 - - [29/Sep/2014:08:31:24 -0500] "GET /galeria/nivo-slider/themes/default/arrows.png HTTP/1.1" 304 - "http://190.27.245.106/galeria/nivo-slider/themes/default/default.css" "Mozilla/5.0 (X11; Ubuntu; Linux x86_64; rv:29.0) Gecko/20100101 Firefox/29.0"
190.24.138.98 - - [29/Sep/2014:08:31:24 -0500] "GET /galeria/nivo-slider/themes/default/bullets.png HTTP/1.1" 304 - "http://190.27.245.106/galeria/nivo-slider/themes/default/default.css" "Mozilla/5.0 (X11; Ubuntu; Linux x86_64; rv:29.0) Gecko/20100101 Firefox/29.0"
190.24.149.122 - - [29/Sep/2014:08:31:31 -0500] "GET /BLA/boletinlegal/js/jquery.scrollTo-min.js HTTP/1.1" 200 1150 "http://www.ambientebogota.gov.co/web/sda/registro-unico-ambiental-rua-y-registro-de-generadores-de-residuos-peligrosos" "Mozilla/5.0 (Windows NT 6.1) AppleWebKit/537.36 (KHTML, like Gecko) Chrome/37.0.2062.124 Safari/537.36"
190.24.149.122 - - [29/Sep/2014:08:31:31 -0500] "GET /BLA/boletinlegal/js/jquery.scrollShow.js HTTP/1.1" 200 4586 "http://www.ambientebogota.gov.co/web/sda/registro-unico-ambiental-rua-y-registro-de-generadores-de-residuos-peligrosos" "Mozilla/5.0 (Windows NT 6.1) AppleWebKit/537.36 (KHTML, like Gecko) Chrome/37.0.2062.124 Safari/537.36"
190.24.149.122 - - [29/Sep/2014:08:31:31 -0500] "GET /BLA/boletinlegal/js/jquery.js HTTP/1.1" 200 57254 "http://www.ambientebogota.gov.co/web/sda/registro-unico-ambiental-rua-y-registro-de-generadores-de-residuos-peligrosos" "Mozilla/5.0 (Windows NT 6.1) AppleWebKit/537.36 (KHTML, like Gecko) Chrome/37.0.2062.124 Safari/537.36"
186.147.0.165 - - [29/Sep/2014:08:31:38 -0500] "POST /forms/lservlet;jsessionid=ac16012b30d50b2518671342419aa0cd9b4bcf8f4ea8.e3iSbxaKaheRe34Sa3yKbhiTahb0n6jAmljGr5XDqQLvpAe HTTP/1.1" 200 2 "-" "Java1.3.1.22-internal"
200.41.78.29 - - [29/Sep/2014:08:31:40 -0500] "GET /videos/VideoOABFLV.flv HTTP/1.1" 200 7889923 "http://www.ambientebogota.gov.co/videos/flowplayer-3.2.6.swf" "Mozilla/5.0 (Windows NT 6.3; WOW64; Trident/7.0; rv:11.0) like Gecko"
186.145.162.140 - - [29/Sep/2014:08:31:57 -0500] "POST /forms/lservlet;jsessionid=ac16012b30d54661e737b9614ff5ba42d5f9c4d89e7e.e3iSbxaKaheRe34Sa3yKbhiTahb0n6jAmljGr5XDqQLvpAe HTTP/1.1" 200 2 "-" "Java1.3.1.22-internal"
181.140.218.36 - - [29/Sep/2014:08:32:20 -0500] "GET /BLA/boletinlegal/js/jquery.scrollTo-min.js HTTP/1.1" 200 1150 "http://www.ambientebogota.gov.co/" "Mozilla/5.0 (Windows NT 6.1) AppleWebKit/537.36 (KHTML, like Gecko) Chrome/37.0.2062.124 Safari/537.36"
181.140.218.36 - - [29/Sep/2014:08:32:20 -0500] "GET /galeria/carrusel/Carrusel/jquery.thumbnailScroller.css HTTP/1.1" 200 2066 "http://www.ambientebogota.gov.co/" "Mozilla/5.0 (Windows NT 6.1) AppleWebKit/537.36 (KHTML, like Gecko) Chrome/37.0.2062.124 Safari/537.36"
181.140.218.36 - - [29/Sep/2014:08:32:20 -0500] "GET /BLA/boletinlegal/js/jquery.scrollShow.js HTTP/1.1" 200 4586 "http://www.ambientebogota.gov.co/" "Mozilla/5.0 (Windows NT 6.1) AppleWebKit/537.36 (KHTML, like Gecko) Chrome/37.0.2062.124 Safari/537.36"
181.140.218.36 - - [29/Sep/2014:08:32:20 -0500] "GET /galeria/carrusel/Carrusel/jquery-ui-1.8.13.custom.min.js HTTP/1.1" 200 10800 "http://www.ambientebogota.gov.co/" "Mozilla/5.0 (Windows NT 6.1) AppleWebKit/537.36 (KHTML, like Gecko) Chrome/37.0.2062.124 Safari/537.36"
181.140.218.36 - - [29/Sep/2014:08:32:20 -0500] "GET /BLA/boletinlegal/js/jquery.js HTTP/1.1" 200 57254 "http://www.ambientebogota.gov.co/" "Mozilla/5.0 (Windows NT 6.1) AppleWebKit/537.36 (KHTML, like Gecko) Chrome/37.0.2062.124 Safari/537.36"
181.140.218.36 - - [29/Sep/2014:08:32:20 -0500] "GET /galeria/carrusel/Carrusel/jquery.thumbnailScroller.js HTTP/1.1" 200 8157 "http://www.ambientebogota.gov.co/" "Mozilla/5.0 (Windows NT 6.1) AppleWebKit/537.36 (KHTML, like Gecko) Chrome/37.0.2062.124 Safari/537.36"
181.140.218.36 - - [29/Sep/2014:08:32:24 -0500] "GET /galeria/nivo-slider/demo/demo.html HTTP/1.1" 200 4440 "http://www.ambientebogota.gov.co/" "Mozilla/5.0 (Windows NT 6.1) AppleWebKit/537.36 (KHTML, like Gecko) Chrome/37.0.2062.124 Safari/537.36"
181.140.218.36 - - [29/Sep/2014:08:32:24 -0500] "GET /galeria/nivo-slider/themes/default/default.css HTTP/1.1" 200 1569 "http://190.27.245.106/galeria/nivo-slider/demo/demo.html" "Mozilla/5.0 (Windows NT 6.1) AppleWebKit/537.36 (KHTML, like Gecko) Chrome/37.0.2062.124 Safari/537.36"
181.140.218.36 - - [29/Sep/2014:08:32:24 -0500] "GET /galeria/nivo-slider/themes/pascal/pascal.css HTTP/1.1" 200 2258 "http://190.27.245.106/galeria/nivo-slider/demo/demo.html" "Mozilla/5.0 (Windows NT 6.1) AppleWebKit/537.36 (KHTML, like Gecko) Chrome/37.0.2062.124 Safari/537.36"
181.140.218.36 - - [29/Sep/2014:08:32:24 -0500] "GET /galeria/nivo-slider/themes/orman/orman.css HTTP/1.1" 200 2152 "http://190.27.245.106/galeria/nivo-slider/demo/demo.html" "Mozilla/5.0 (Windows NT 6.1) AppleWebKit/537.36 (KHTML, like Gecko) Chrome/37.0.2062.124 Safari/537.36"
181.140.218.36 - - [29/Sep/2014:08:32:24 -0500] "GET /galeria/nivo-slider/demo/style.css HTTP/1.1" 200 2222 "http://190.27.245.106/galeria/nivo-slider/demo/demo.html" "Mozilla/5.0 (Windows NT 6.1) AppleWebKit/537.36 (KHTML, like Gecko) Chrome/37.0.2062.124 Safari/537.36"
181.140.218.36 - - [29/Sep/2014:08:32:24 -0500] "GET /galeria/nivo-slider/nivo-slider.css HTTP/1.1" 200 1507 "http://190.27.245.106/galeria/nivo-slider/demo/demo.html" "Mozilla/5.0 (Windows NT 6.1) AppleWebKit/537.36 (KHTML, like Gecko) Chrome/37.0.2062.124 Safari/537.36"
181.140.218.36 - - [29/Sep/2014:08:32:24 -0500] "GET /galeria/nivo-slider/demo/images/banner_adopcion2.jpg HTTP/1.1" 200 136406 "http://190.27.245.106/galeria/nivo-slider/demo/demo.html" "Mozilla/5.0 (Windows NT 6.1) AppleWebKit/537.36 (KHTML, like Gecko) Chrome/37.0.2062.124 Safari/537.36"
181.140.218.36 - - [29/Sep/2014:08:32:27 -0500] "GET /galeria/nivo-slider/demo/images/marchaxclima05a.jpg HTTP/1.1" 200 127534 "http://190.27.245.106/galeria/nivo-slider/demo/demo.html" "Mozilla/5.0 (Windows NT 6.1) AppleWebKit/537.36 (KHTML, like Gecko) Chrome/37.0.2062.124 Safari/537.36"
181.140.218.36 - - [29/Sep/2014:08:32:24 -0500] "GET /galeria/nivo-slider/demo/images/bannerEcolecta3.jpg HTTP/1.1" 200 280034 "http://190.27.245.106/galeria/nivo-slider/demo/demo.html" "Mozilla/5.0 (Windows NT 6.1) AppleWebKit/537.36 (KHTML, like Gecko) Chrome/37.0.2062.124 Safari/537.36"
181.140.218.36 - - [29/Sep/2014:08:32:24 -0500] "GET /galeria/nivo-slider/demo/images/jovenesplaza1.jpg HTTP/1.1" 200 152570 "http://190.27.245.106/galeria/nivo-slider/demo/demo.html" "Mozilla/5.0 (Windows NT 6.1) AppleWebKit/537.36 (KHTML, like Gecko) Chrome/37.0.2062.124 Safari/537.36"
181.140.218.36 - - [29/Sep/2014:08:32:25 -0500] "GET /galeria/nivo-slider/demo/images/marchaxclima01a.jpg HTTP/1.1" 200 157427 "http://190.27.245.106/galeria/nivo-slider/demo/demo.html" "Mozilla/5.0 (Windows NT 6.1) AppleWebKit/537.36 (KHTML, like Gecko) Chrome/37.0.2062.124 Safari/537.36"
181.140.218.36 - - [29/Sep/2014:08:32:29 -0500] "GET /galeria/nivo-slider/demo/images/cumbre-climaNvaYork.jpg HTTP/1.1" 200 71628 "http://190.27.245.106/galeria/nivo-slider/demo/demo.html" "Mozilla/5.0 (Windows NT 6.1) AppleWebKit/537.36 (KHTML, like Gecko) Chrome/37.0.2062.124 Safari/537.36"
181.140.218.36 - - [29/Sep/2014:08:32:29 -0500] "GET /galeria/nivo-slider/demo/images/Recilaton02.jpg HTTP/1.1" 200 82162 "http://190.27.245.106/galeria/nivo-slider/demo/demo.html" "Mozilla/5.0 (Windows NT 6.1) AppleWebKit/537.36 (KHTML, like Gecko) Chrome/37.0.2062.124 Safari/537.36"
181.140.218.36 - - [29/Sep/2014:08:32:31 -0500] "GET /galeria/nivo-slider/demo/images/banner-encuesta.jpg HTTP/1.1" 200 42764 "http://190.27.245.106/galeria/nivo-slider/demo/demo.html" "Mozilla/5.0 (Windows NT 6.1) AppleWebKit/537.36 (KHTML, like Gecko) Chrome/37.0.2062.124 Safari/537.36"
181.140.218.36 - - [29/Sep/2014:08:32:24 -0500] "GET /galeria/nivo-slider/demo/images/BannerIDRD1.png HTTP/1.1" 200 316313 "http://190.27.245.106/galeria/nivo-slider/demo/demo.html" "Mozilla/5.0 (Windows NT 6.1) AppleWebKit/537.36 (KHTML, like Gecko) Chrome/37.0.2062.124 Safari/537.36"
181.140.218.36 - - [29/Sep/2014:08:32:25 -0500] "GET /galeria/nivo-slider/demo/images/marchaxclima03a.jpg HTTP/1.1" 200 179842 "http://190.27.245.106/galeria/nivo-slider/demo/demo.html" "Mozilla/5.0 (Windows NT 6.1) AppleWebKit/537.36 (KHTML, like Gecko) Chrome/37.0.2062.124 Safari/537.36"
181.140.218.36 - - [29/Sep/2014:08:32:30 -0500] "GET /galeria/nivo-slider/demo/images/9Signos.jpg HTTP/1.1" 200 93040 "http://190.27.245.106/galeria/nivo-slider/demo/demo.html" "Mozilla/5.0 (Windows NT 6.1) AppleWebKit/537.36 (KHTML, like Gecko) Chrome/37.0.2062.124 Safari/537.36"
66.249.64.163 - - [29/Sep/2014:08:32:32 -0500] "GET /BLA/resoluciones/RESOLUCIONES%202004/RES%202004%201151-1200/00001180.tif HTTP/1.1" 200 188638 "-" "Googlebot-Image/1.0"
181.140.218.36 - - [29/Sep/2014:08:32:32 -0500] "GET /galeria/nivo-slider/demo/scripts/jquery-1.7.1.min.js HTTP/1.1" 200 93868 "http://190.27.245.106/galeria/nivo-slider/demo/demo.html" "Mozilla/5.0 (Windows NT 6.1) AppleWebKit/537.36 (KHTML, like Gecko) Chrome/37.0.2062.124 Safari/537.36"
181.140.218.36 - - [29/Sep/2014:08:32:31 -0500] "GET /galeria/nivo-slider/demo/images/banner-llantas2.jpg HTTP/1.1" 200 73153 "http://190.27.245.106/galeria/nivo-slider/demo/demo.html" "Mozilla/5.0 (Windows NT 6.1) AppleWebKit/537.36 (KHTML, like Gecko) Chrome/37.0.2062.124 Safari/537.36"
181.140.218.36 - - [29/Sep/2014:08:32:34 -0500] "GET /galeria/nivo-slider/jquery.nivo.slider.pack.js HTTP/1.1" 200 11561 "http://190.27.245.106/galeria/nivo-slider/demo/demo.html" "Mozilla/5.0 (Windows NT 6.1) AppleWebKit/537.36 (KHTML, like Gecko) Chrome/37.0.2062.124 Safari/537.36"
181.140.218.36 - - [29/Sep/2014:08:32:34 -0500] "GET /galeria/nivo-slider/themes/default/loading.gif HTTP/1.1" 200 1737 "http://190.27.245.106/galeria/nivo-slider/themes/default/default.css" "Mozilla/5.0 (Windows NT 6.1) AppleWebKit/537.36 (KHTML, like Gecko) Chrome/37.0.2062.124 Safari/537.36"
181.140.218.36 - - [29/Sep/2014:08:32:34 -0500] "GET /galeria/nivo-slider/demo/images/4Simple_Slider.png HTTP/1.1" 200 11722 "http://190.27.245.106/galeria/nivo-slider/demo/style.css" "Mozilla/5.0 (Windows NT 6.1) AppleWebKit/537.36 (KHTML, like Gecko) Chrome/37.0.2062.124 Safari/537.36"
181.140.218.36 - - [29/Sep/2014:08:32:31 -0500] "GET /galeria/nivo-slider/demo/images/banner-caballos.png HTTP/1.1" 200 389106 "http://190.27.245.106/galeria/nivo-slider/demo/demo.html" "Mozilla/5.0 (Windows NT 6.1) AppleWebKit/537.36 (KHTML, like Gecko) Chrome/37.0.2062.124 Safari/537.36"
181.140.218.36 - - [29/Sep/2014:08:32:29 -0500] "GET /galeria/nivo-slider/demo/images/Banner-Caracol-Africano.jpg HTTP/1.1" 200 331986 "http://190.27.245.106/galeria/nivo-slider/demo/demo.html" "Mozilla/5.0 (Windows NT 6.1) AppleWebKit/537.36 (KHTML, like Gecko) Chrome/37.0.2062.124 Safari/537.36"
181.140.218.36 - - [29/Sep/2014:08:32:31 -0500] "GET /galeria/nivo-slider/demo/images/Hacienda_Molinos.jpg HTTP/1.1" 200 319171 "http://190.27.245.106/galeria/nivo-slider/demo/demo.html" "Mozilla/5.0 (Windows NT 6.1) AppleWebKit/537.36 (KHTML, like Gecko) Chrome/37.0.2062.124 Safari/537.36"
181.140.218.36 - - [29/Sep/2014:08:32:31 -0500] "GET /galeria/nivo-slider/demo/images/ConstructorasFNL.jpg HTTP/1.1" 200 216551 "http://190.27.245.106/galeria/nivo-slider/demo/demo.html" "Mozilla/5.0 (Windows NT 6.1) AppleWebKit/537.36 (KHTML, like Gecko) Chrome/37.0.2062.124 Safari/537.36"
181.140.218.36 - - [29/Sep/2014:08:32:37 -0500] "GET /galeria/nivo-slider/themes/default/arrows.png HTTP/1.1" 200 824 "http://190.27.245.106/galeria/nivo-slider/themes/default/default.css" "Mozilla/5.0 (Windows NT 6.1) AppleWebKit/537.36 (KHTML, like Gecko) Chrome/37.0.2062.124 Safari/537.36"
181.140.218.36 - - [29/Sep/2014:08:32:37 -0500] "GET /galeria/nivo-slider/themes/default/bullets.png HTTP/1.1" 200 1281 "http://190.27.245.106/galeria/nivo-slider/themes/default/default.css" "Mozilla/5.0 (Windows NT 6.1) AppleWebKit/537.36 (KHTML, like Gecko) Chrome/37.0.2062.124 Safari/537.36"
201.245.192.253 - - [29/Sep/2014:08:32:41 -0500] "GET /forest/session.jsp?a=0.4521765014861586 HTTP/1.1" 200 4 "http://190.27.245.106/forest/misactividades.do?group_system_actual=3&codPro=95&_a=0.5095610634727634" "Mozilla/5.0 (Windows NT 6.1; rv:32.0) Gecko/20100101 Firefox/32.0"
181.251.182.231 - - [29/Sep/2014:08:32:44 -0500] "GET /BLA/boletinlegal/js/jquery.scrollTo-min.js HTTP/1.1" 200 1150 "http://www.ambientebogota.gov.co/" "Mozilla/5.0 (Windows NT 6.1) AppleWebKit/537.36 (KHTML, like Gecko) Chrome/37.0.2062.124 Safari/537.36"
181.251.182.231 - - [29/Sep/2014:08:32:44 -0500] "GET /galeria/carrusel/Carrusel/jquery.thumbnailScroller.css HTTP/1.1" 200 2066 "http://www.ambientebogota.gov.co/" "Mozilla/5.0 (Windows NT 6.1) AppleWebKit/537.36 (KHTML, like Gecko) Chrome/37.0.2062.124 Safari/537.36"
181.251.182.231 - - [29/Sep/2014:08:32:44 -0500] "GET /BLA/boletinlegal/js/jquery.scrollShow.js HTTP/1.1" 200 4586 "http://www.ambientebogota.gov.co/" "Mozilla/5.0 (Windows NT 6.1) AppleWebKit/537.36 (KHTML, like Gecko) Chrome/37.0.2062.124 Safari/537.36"
66.249.64.167 - - [29/Sep/2014:08:32:45 -0500] "GET /BLA/resoluciones/RESOLUCIONES%202005/RES%202005%20801-850/00000829.tif HTTP/1.1" 200 209668 "-" "Googlebot-Image/1.0"
201.245.192.253 - - [29/Sep/2014:08:32:45 -0500] "POST /forest/usutareas.do? HTTP/1.1" 200 76 "http://190.27.245.106/forest/usutareas.do?group_system_actual=3&codTraEsc=16555007&_a=0.7647704283234563" "Mozilla/5.0 (Windows NT 6.1; rv:32.0) Gecko/20100101 Firefox/32.0"
181.251.182.231 - - [29/Sep/2014:08:32:44 -0500] "GET /galeria/carrusel/Carrusel/jquery-ui-1.8.13.custom.min.js HTTP/1.1" 200 10800 "http://www.ambientebogota.gov.co/" "Mozilla/5.0 (Windows NT 6.1) AppleWebKit/537.36 (KHTML, like Gecko) Chrome/37.0.2062.124 Safari/537.36"
181.251.182.231 - - [29/Sep/2014:08:32:44 -0500] "GET /galeria/carrusel/Carrusel/jquery.thumbnailScroller.js HTTP/1.1" 200 8157 "http://www.ambientebogota.gov.co/" "Mozilla/5.0 (Windows NT 6.1) AppleWebKit/537.36 (KHTML, like Gecko) Chrome/37.0.2062.124 Safari/537.36"
201.245.192.253 - - [29/Sep/2014:08:32:47 -0500] "GET /forest/usutareas.do?group_system_actual=3&a=0.29609522778842545 HTTP/1.1" 200 115788 "http://190.27.245.106/forest/usutareas.do?group_system_actual=3&codTraEsc=16555007&_a=0.7647704283234563" "Mozilla/5.0 (Windows NT 6.1; rv:32.0) Gecko/20100101 Firefox/32.0"
201.245.192.253 - - [29/Sep/2014:08:32:47 -0500] "GET /forest/skins/gdocs-jar/css/menu.css?version=1408.271930 HTTP/1.1" 304 - "http://190.27.245.106/forest/usutareas.do?group_system_actual=3&a=0.29609522778842545" "Mozilla/5.0 (Windows NT 6.1; rv:32.0) Gecko/20100101 Firefox/32.0"
201.245.192.253 - - [29/Sep/2014:08:32:47 -0500] "GET /forest/skins/gdocs-jar/js/autocompletar2.js?version=1408.271930 HTTP/1.1" 304 - "http://190.27.245.106/forest/usutareas.do?group_system_actual=3&a=0.29609522778842545" "Mozilla/5.0 (Windows NT 6.1; rv:32.0) Gecko/20100101 Firefox/32.0"
201.245.192.253 - - [29/Sep/2014:08:32:47 -0500] "GET /forest/skins/gdocs-jar/js/xml_utilities.js?version=1408.271930 HTTP/1.1" 304 - "http://190.27.245.106/forest/usutareas.do?group_system_actual=3&a=0.29609522778842545" "Mozilla/5.0 (Windows NT 6.1; rv:32.0) Gecko/20100101 Firefox/32.0"
201.245.192.253 - - [29/Sep/2014:08:32:47 -0500] "GET /forest/session.jsp?a=0.2097805817903311 HTTP/1.1" 200 4 "http://190.27.245.106/forest/usutareas.do?group_system_actual=3&a=0.29609522778842545" "Mozilla/5.0 (Windows NT 6.1; rv:32.0) Gecko/20100101 Firefox/32.0"
181.251.182.231 - - [29/Sep/2014:08:32:44 -0500] "GET /BLA/boletinlegal/js/jquery.js HTTP/1.1" 200 57254 "http://www.ambientebogota.gov.co/" "Mozilla/5.0 (Windows NT 6.1) AppleWebKit/537.36 (KHTML, like Gecko) Chrome/37.0.2062.124 Safari/537.36"
181.251.182.231 - - [29/Sep/2014:08:32:49 -0500] "GET /galeria/nivo-slider/demo/demo.html HTTP/1.1" 200 4440 "http://www.ambientebogota.gov.co/" "Mozilla/5.0 (Windows NT 6.1) AppleWebKit/537.36 (KHTML, like Gecko) Chrome/37.0.2062.124 Safari/537.36"
181.251.182.231 - - [29/Sep/2014:08:32:50 -0500] "GET /galeria/nivo-slider/themes/default/default.css HTTP/1.1" 200 1569 "http://190.27.245.106/galeria/nivo-slider/demo/demo.html" "Mozilla/5.0 (Windows NT 6.1) AppleWebKit/537.36 (KHTML, like Gecko) Chrome/37.0.2062.124 Safari/537.36"
181.251.182.231 - - [29/Sep/2014:08:32:50 -0500] "GET /galeria/nivo-slider/themes/pascal/pascal.css HTTP/1.1" 200 2258 "http://190.27.245.106/galeria/nivo-slider/demo/demo.html" "Mozilla/5.0 (Windows NT 6.1) AppleWebKit/537.36 (KHTML, like Gecko) Chrome/37.0.2062.124 Safari/537.36"
181.251.182.231 - - [29/Sep/2014:08:32:50 -0500] "GET /galeria/nivo-slider/themes/orman/orman.css HTTP/1.1" 200 2152 "http://190.27.245.106/galeria/nivo-slider/demo/demo.html" "Mozilla/5.0 (Windows NT 6.1) AppleWebKit/537.36 (KHTML, like Gecko) Chrome/37.0.2062.124 Safari/537.36"
181.251.182.231 - - [29/Sep/2014:08:32:50 -0500] "GET /galeria/nivo-slider/nivo-slider.css HTTP/1.1" 200 1507 "http://190.27.245.106/galeria/nivo-slider/demo/demo.html" "Mozilla/5.0 (Windows NT 6.1) AppleWebKit/537.36 (KHTML, like Gecko) Chrome/37.0.2062.124 Safari/537.36"
181.251.182.231 - - [29/Sep/2014:08:32:50 -0500] "GET /galeria/nivo-slider/demo/style.css HTTP/1.1" 200 2222 "http://190.27.245.106/galeria/nivo-slider/demo/demo.html" "Mozilla/5.0 (Windows NT 6.1) AppleWebKit/537.36 (KHTML, like Gecko) Chrome/37.0.2062.124 Safari/537.36"
150.70.97.121 - - [29/Sep/2014:08:32:57 -0500] "GET /BLA/boletinlegal/js/jquery.scrollTo-min.js HTTP/1.1" 200 1150 "-" "Mozilla/4.0 (compatible; MSIE 8.0; Windows NT 5.1; Trident/4.0)"
150.70.97.98 - - [29/Sep/2014:08:32:57 -0500] "GET /galeria/nivo-slider/jquery.nivo.slider.pack.js HTTP/1.1" 200 11561 "-" "Mozilla/4.0 (compatible; MSIE 8.0; Windows NT 5.1; Trident/4.0)"
150.70.97.124 - - [29/Sep/2014:08:32:59 -0500] "GET /galeria/carrusel/Carrusel/jquery.thumbnailScroller.js HTTP/1.1" 200 8157 "-" "Mozilla/4.0 (compatible; MSIE 8.0; Windows NT 5.1; Trident/4.0)"
150.70.97.124 - - [29/Sep/2014:08:32:59 -0500] "GET /galeria/carrusel/Carrusel/jquery-ui-1.8.13.custom.min.js HTTP/1.1" 200 10800 "-" "Mozilla/4.0 (compatible; MSIE 8.0; Windows NT 5.1; Trident/4.0)"
150.70.97.120 - - [29/Sep/2014:08:33:01 -0500] "GET /BLA/boletinlegal/js/jquery.scrollShow.js HTTP/1.1" 200 4586 "-" "Mozilla/4.0 (compatible; MSIE 8.0; Windows NT 5.1; Trident/4.0)"
181.251.182.231 - - [29/Sep/2014:08:32:53 -0500] "GET /galeria/nivo-slider/demo/images/jovenesplaza1.jpg HTTP/1.1" 200 152570 "http://190.27.245.106/galeria/nivo-slider/demo/demo.html" "Mozilla/5.0 (Windows NT 6.1) AppleWebKit/537.36 (KHTML, like Gecko) Chrome/37.0.2062.124 Safari/537.36"
181.251.182.231 - - [29/Sep/2014:08:33:02 -0500] "GET /galeria/nivo-slider/jquery.nivo.slider.pack.js HTTP/1.1" 200 11561 "http://190.27.245.106/galeria/nivo-slider/demo/demo.html" "Mozilla/5.0 (Windows NT 6.1) AppleWebKit/537.36 (KHTML, like Gecko) Chrome/37.0.2062.124 Safari/537.36"
181.251.182.231 - - [29/Sep/2014:08:32:52 -0500] "GET /galeria/nivo-slider/demo/images/banner_adopcion2.jpg HTTP/1.1" 200 136406 "http://190.27.245.106/galeria/nivo-slider/demo/demo.html" "Mozilla/5.0 (Windows NT 6.1) AppleWebKit/537.36 (KHTML, like Gecko) Chrome/37.0.2062.124 Safari/537.36"
181.251.182.231 - - [29/Sep/2014:08:33:05 -0500] "GET /galeria/nivo-slider/demo/images/4Simple_Slider.png HTTP/1.1" 200 11722 "http://190.27.245.106/galeria/nivo-slider/demo/style.css" "Mozilla/5.0 (Windows NT 6.1) AppleWebKit/537.36 (KHTML, like Gecko) Chrome/37.0.2062.124 Safari/537.36"
181.251.182.231 - - [29/Sep/2014:08:33:05 -0500] "GET /galeria/nivo-slider/themes/default/loading.gif HTTP/1.1" 200 1737 "http://190.27.245.106/galeria/nivo-slider/themes/default/default.css" "Mozilla/5.0 (Windows NT 6.1) AppleWebKit/537.36 (KHTML, like Gecko) Chrome/37.0.2062.124 Safari/537.36"
181.251.182.231 - - [29/Sep/2014:08:32:52 -0500] "GET /galeria/nivo-slider/demo/images/BannerIDRD1.png HTTP/1.1" 200 316313 "http://190.27.245.106/galeria/nivo-slider/demo/demo.html" "Mozilla/5.0 (Windows NT 6.1) AppleWebKit/537.36 (KHTML, like Gecko) Chrome/37.0.2062.124 Safari/537.36"
150.70.97.116 - - [29/Sep/2014:08:33:12 -0500] "GET /BLA/boletinlegal/js/jquery.js HTTP/1.1" 200 57254 "-" "Mozilla/4.0 (compatible; MSIE 8.0; Windows NT 5.1; Trident/4.0)"
181.251.182.231 - - [29/Sep/2014:08:33:06 -0500] "GET /galeria/nivo-slider/demo/images/marchaxclima03a.jpg HTTP/1.1" 200 179842 "http://190.27.245.106/galeria/nivo-slider/demo/demo.html" "Mozilla/5.0 (Windows NT 6.1) AppleWebKit/537.36 (KHTML, like Gecko) Chrome/37.0.2062.124 Safari/537.36"
181.251.182.231 - - [29/Sep/2014:08:32:52 -0500] "GET /galeria/nivo-slider/demo/images/bannerEcolecta3.jpg HTTP/1.1" 200 280034 "http://190.27.245.106/galeria/nivo-slider/demo/demo.html" "Mozilla/5.0 (Windows NT 6.1) AppleWebKit/537.36 (KHTML, like Gecko) Chrome/37.0.2062.124 Safari/537.36"
181.251.182.231 - - [29/Sep/2014:08:33:07 -0500] "GET /galeria/nivo-slider/demo/images/Recilaton02.jpg HTTP/1.1" 200 82162 "http://190.27.245.106/galeria/nivo-slider/demo/demo.html" "Mozilla/5.0 (Windows NT 6.1) AppleWebKit/537.36 (KHTML, like Gecko) Chrome/37.0.2062.124 Safari/537.36"
181.251.182.231 - - [29/Sep/2014:08:32:53 -0500] "GET /galeria/nivo-slider/demo/images/marchaxclima01a.jpg HTTP/1.1" 200 157427 "http://190.27.245.106/galeria/nivo-slider/demo/demo.html" "Mozilla/5.0 (Windows NT 6.1) AppleWebKit/537.36 (KHTML, like Gecko) Chrome/37.0.2062.124 Safari/537.36"
181.251.182.231 - - [29/Sep/2014:08:32:54 -0500] "GET /galeria/nivo-slider/demo/scripts/jquery-1.7.1.min.js HTTP/1.1" 200 93868 "http://190.27.245.106/galeria/nivo-slider/demo/demo.html" "Mozilla/5.0 (Windows NT 6.1) AppleWebKit/537.36 (KHTML, like Gecko) Chrome/37.0.2062.124 Safari/537.36"
181.251.182.231 - - [29/Sep/2014:08:33:06 -0500] "GET /galeria/nivo-slider/demo/images/marchaxclima05a.jpg HTTP/1.1" 200 127534 "http://190.27.245.106/galeria/nivo-slider/demo/demo.html" "Mozilla/5.0 (Windows NT 6.1) AppleWebKit/537.36 (KHTML, like Gecko) Chrome/37.0.2062.124 Safari/537.36"
181.251.182.231 - - [29/Sep/2014:08:33:13 -0500] "GET /galeria/nivo-slider/demo/images/cumbre-climaNvaYork.jpg HTTP/1.1" 200 71628 "http://190.27.245.106/galeria/nivo-slider/demo/demo.html" "Mozilla/5.0 (Windows NT 6.1) AppleWebKit/537.36 (KHTML, like Gecko) Chrome/37.0.2062.124 Safari/537.36"
181.251.182.231 - - [29/Sep/2014:08:33:14 -0500] "GET /galeria/nivo-slider/demo/images/9Signos.jpg HTTP/1.1" 200 93040 "http://190.27.245.106/galeria/nivo-slider/demo/demo.html" "Mozilla/5.0 (Windows NT 6.1) AppleWebKit/537.36 (KHTML, like Gecko) Chrome/37.0.2062.124 Safari/537.36"
181.251.182.231 - - [29/Sep/2014:08:33:15 -0500] "GET /galeria/nivo-slider/demo/images/banner-encuesta.jpg HTTP/1.1" 200 42764 "http://190.27.245.106/galeria/nivo-slider/demo/demo.html" "Mozilla/5.0 (Windows NT 6.1) AppleWebKit/537.36 (KHTML, like Gecko) Chrome/37.0.2062.124 Safari/537.36"
72.47.224.23 - - [29/Sep/2014:08:33:21 -0500] "GET /wp/wp-admin/ HTTP/1.1" 404 1206 "-" "-"
181.251.182.231 - - [29/Sep/2014:08:33:16 -0500] "GET /galeria/nivo-slider/demo/images/banner-llantas2.jpg HTTP/1.1" 200 73153 "http://190.27.245.106/galeria/nivo-slider/demo/demo.html" "Mozilla/5.0 (Windows NT 6.1) AppleWebKit/537.36 (KHTML, like Gecko) Chrome/37.0.2062.124 Safari/537.36"
186.118.161.50 - - [29/Sep/2014:08:33:25 -0500] "GET /BLA/boletinlegal/js/jquery.scrollTo-min.js HTTP/1.1" 200 1150 "http://www.ambientebogota.gov.co/" "Mozilla/5.0 (Windows NT 6.1; WOW64) AppleWebKit/537.36 (KHTML, like Gecko) Chrome/37.0.2062.124 Safari/537.36"
186.118.161.50 - - [29/Sep/2014:08:33:25 -0500] "GET /BLA/boletinlegal/js/jquery.scrollShow.js HTTP/1.1" 200 4586 "http://www.ambientebogota.gov.co/" "Mozilla/5.0 (Windows NT 6.1; WOW64) AppleWebKit/537.36 (KHTML, like Gecko) Chrome/37.0.2062.124 Safari/537.36"
186.118.161.50 - - [29/Sep/2014:08:33:25 -0500] "GET /BLA/boletinlegal/js/jquery.js HTTP/1.1" 200 57254 "http://www.ambientebogota.gov.co/" "Mozilla/5.0 (Windows NT 6.1; WOW64) AppleWebKit/537.36 (KHTML, like Gecko) Chrome/37.0.2062.124 Safari/537.36"
186.118.161.50 - - [29/Sep/2014:08:33:25 -0500] "GET /galeria/carrusel/Carrusel/jquery.thumbnailScroller.css HTTP/1.1" 200 2066 "http://www.ambientebogota.gov.co/" "Mozilla/5.0 (Windows NT 6.1; WOW64) AppleWebKit/537.36 (KHTML, like Gecko) Chrome/37.0.2062.124 Safari/537.36"
181.251.182.231 - - [29/Sep/2014:08:33:13 -0500] "GET /galeria/nivo-slider/demo/images/Banner-Caracol-Africano.jpg HTTP/1.1" 200 331986 "http://190.27.245.106/galeria/nivo-slider/demo/demo.html" "Mozilla/5.0 (Windows NT 6.1) AppleWebKit/537.36 (KHTML, like Gecko) Chrome/37.0.2062.124 Safari/537.36"
186.118.161.50 - - [29/Sep/2014:08:33:25 -0500] "GET /galeria/carrusel/Carrusel/jquery-ui-1.8.13.custom.min.js HTTP/1.1" 200 10800 "http://www.ambientebogota.gov.co/" "Mozilla/5.0 (Windows NT 6.1; WOW64) AppleWebKit/537.36 (KHTML, like Gecko) Chrome/37.0.2062.124 Safari/537.36"
186.118.161.50 - - [29/Sep/2014:08:33:26 -0500] "GET /galeria/carrusel/Carrusel/jquery.thumbnailScroller.js HTTP/1.1" 200 8157 "http://www.ambientebogota.gov.co/" "Mozilla/5.0 (Windows NT 6.1; WOW64) AppleWebKit/537.36 (KHTML, like Gecko) Chrome/37.0.2062.124 Safari/537.36"
74.86.158.107 - - [29/Sep/2014:08:33:27 -0500] "HEAD / HTTP/1.1" 302 - "-" "Mozilla/5.0+(compatible; UptimeRobot/2.0; http://www.uptimerobot.com/)"
186.118.161.50 - - [29/Sep/2014:08:33:28 -0500] "GET /galeria/nivo-slider/demo/demo.html HTTP/1.1" 200 4440 "http://www.ambientebogota.gov.co/" "Mozilla/5.0 (Windows NT 6.1; WOW64) AppleWebKit/537.36 (KHTML, like Gecko) Chrome/37.0.2062.124 Safari/537.36"
186.118.161.50 - - [29/Sep/2014:08:33:28 -0500] "GET /galeria/nivo-slider/themes/default/default.css HTTP/1.1" 200 1569 "http://190.27.245.106/galeria/nivo-slider/demo/demo.html" "Mozilla/5.0 (Windows NT 6.1; WOW64) AppleWebKit/537.36 (KHTML, like Gecko) Chrome/37.0.2062.124 Safari/537.36"
186.118.161.50 - - [29/Sep/2014:08:33:28 -0500] "GET /galeria/nivo-slider/themes/pascal/pascal.css HTTP/1.1" 200 2258 "http://190.27.245.106/galeria/nivo-slider/demo/demo.html" "Mozilla/5.0 (Windows NT 6.1; WOW64) AppleWebKit/537.36 (KHTML, like Gecko) Chrome/37.0.2062.124 Safari/537.36"
186.118.161.50 - - [29/Sep/2014:08:33:28 -0500] "GET /galeria/nivo-slider/nivo-slider.css HTTP/1.1" 200 1507 "http://190.27.245.106/galeria/nivo-slider/demo/demo.html" "Mozilla/5.0 (Windows NT 6.1; WOW64) AppleWebKit/537.36 (KHTML, like Gecko) Chrome/37.0.2062.124 Safari/537.36"
186.118.161.50 - - [29/Sep/2014:08:33:28 -0500] "GET /galeria/nivo-slider/themes/orman/orman.css HTTP/1.1" 200 2152 "http://190.27.245.106/galeria/nivo-slider/demo/demo.html" "Mozilla/5.0 (Windows NT 6.1; WOW64) AppleWebKit/537.36 (KHTML, like Gecko) Chrome/37.0.2062.124 Safari/537.36"
186.118.161.50 - - [29/Sep/2014:08:33:28 -0500] "GET /galeria/nivo-slider/demo/style.css HTTP/1.1" 200 2222 "http://190.27.245.106/galeria/nivo-slider/demo/demo.html" "Mozilla/5.0 (Windows NT 6.1; WOW64) AppleWebKit/537.36 (KHTML, like Gecko) Chrome/37.0.2062.124 Safari/537.36"
186.118.161.50 - - [29/Sep/2014:08:33:28 -0500] "GET /galeria/nivo-slider/demo/scripts/jquery-1.7.1.min.js HTTP/1.1" 200 93868 "http://190.27.245.106/galeria/nivo-slider/demo/demo.html" "Mozilla/5.0 (Windows NT 6.1; WOW64) AppleWebKit/537.36 (KHTML, like Gecko) Chrome/37.0.2062.124 Safari/537.36"
186.118.161.50 - - [29/Sep/2014:08:33:28 -0500] "GET /galeria/nivo-slider/demo/images/banner_adopcion2.jpg HTTP/1.1" 200 136406 "http://190.27.245.106/galeria/nivo-slider/demo/demo.html" "Mozilla/5.0 (Windows NT 6.1; WOW64) AppleWebKit/537.36 (KHTML, like Gecko) Chrome/37.0.2062.124 Safari/537.36"
186.118.161.50 - - [29/Sep/2014:08:33:28 -0500] "GET /galeria/nivo-slider/jquery.nivo.slider.pack.js HTTP/1.1" 200 11561 "http://190.27.245.106/galeria/nivo-slider/demo/demo.html" "Mozilla/5.0 (Windows NT 6.1; WOW64) AppleWebKit/537.36 (KHTML, like Gecko) Chrome/37.0.2062.124 Safari/537.36"
186.118.161.50 - - [29/Sep/2014:08:33:28 -0500] "GET /galeria/nivo-slider/themes/default/loading.gif HTTP/1.1" 200 1737 "http://190.27.245.106/galeria/nivo-slider/themes/default/default.css" "Mozilla/5.0 (Windows NT 6.1; WOW64) AppleWebKit/537.36 (KHTML, like Gecko) Chrome/37.0.2062.124 Safari/537.36"
186.118.161.50 - - [29/Sep/2014:08:33:28 -0500] "GET /galeria/nivo-slider/demo/images/4Simple_Slider.png HTTP/1.1" 200 11722 "http://190.27.245.106/galeria/nivo-slider/demo/style.css" "Mozilla/5.0 (Windows NT 6.1; WOW64) AppleWebKit/537.36 (KHTML, like Gecko) Chrome/37.0.2062.124 Safari/537.36"
186.118.161.50 - - [29/Sep/2014:08:33:29 -0500] "GET /galeria/nivo-slider/demo/images/marchaxclima05a.jpg HTTP/1.1" 200 127534 "http://190.27.245.106/galeria/nivo-slider/demo/demo.html" "Mozilla/5.0 (Windows NT 6.1; WOW64) AppleWebKit/537.36 (KHTML, like Gecko) Chrome/37.0.2062.124 Safari/537.36"
186.118.161.50 - - [29/Sep/2014:08:33:29 -0500] "GET /galeria/nivo-slider/demo/images/Recilaton02.jpg HTTP/1.1" 200 82162 "http://190.27.245.106/galeria/nivo-slider/demo/demo.html" "Mozilla/5.0 (Windows NT 6.1; WOW64) AppleWebKit/537.36 (KHTML, like Gecko) Chrome/37.0.2062.124 Safari/537.36"
186.118.161.50 - - [29/Sep/2014:08:33:30 -0500] "GET /galeria/nivo-slider/demo/images/cumbre-climaNvaYork.jpg HTTP/1.1" 200 71628 "http://190.27.245.106/galeria/nivo-slider/demo/demo.html" "Mozilla/5.0 (Windows NT 6.1; WOW64) AppleWebKit/537.36 (KHTML, like Gecko) Chrome/37.0.2062.124 Safari/537.36"
186.118.161.50 - - [29/Sep/2014:08:33:29 -0500] "GET /galeria/nivo-slider/demo/images/marchaxclima03a.jpg HTTP/1.1" 200 179842 "http://190.27.245.106/galeria/nivo-slider/demo/demo.html" "Mozilla/5.0 (Windows NT 6.1; WOW64) AppleWebKit/537.36 (KHTML, like Gecko) Chrome/37.0.2062.124 Safari/537.36"
186.118.161.50 - - [29/Sep/2014:08:33:29 -0500] "GET /galeria/nivo-slider/demo/images/BannerIDRD1.png HTTP/1.1" 200 316313 "http://190.27.245.106/galeria/nivo-slider/demo/demo.html" "Mozilla/5.0 (Windows NT 6.1; WOW64) AppleWebKit/537.36 (KHTML, like Gecko) Chrome/37.0.2062.124 Safari/537.36"
186.118.161.50 - - [29/Sep/2014:08:33:29 -0500] "GET /galeria/nivo-slider/demo/images/bannerEcolecta3.jpg HTTP/1.1" 200 280034 "http://190.27.245.106/galeria/nivo-slider/demo/demo.html" "Mozilla/5.0 (Windows NT 6.1; WOW64) AppleWebKit/537.36 (KHTML, like Gecko) Chrome/37.0.2062.124 Safari/537.36"
186.118.161.50 - - [29/Sep/2014:08:33:29 -0500] "GET /galeria/nivo-slider/demo/images/jovenesplaza1.jpg HTTP/1.1" 200 152570 "http://190.27.245.106/galeria/nivo-slider/demo/demo.html" "Mozilla/5.0 (Windows NT 6.1; WOW64) AppleWebKit/537.36 (KHTML, like Gecko) Chrome/37.0.2062.124 Safari/537.36"
181.251.182.231 - - [29/Sep/2014:08:33:20 -0500] "GET /galeria/nivo-slider/demo/images/ConstructorasFNL.jpg HTTP/1.1" 200 216551 "http://190.27.245.106/galeria/nivo-slider/demo/demo.html" "Mozilla/5.0 (Windows NT 6.1) AppleWebKit/537.36 (KHTML, like Gecko) Chrome/37.0.2062.124 Safari/537.36"
186.118.161.50 - - [29/Sep/2014:08:33:30 -0500] "GET /galeria/nivo-slider/demo/images/banner-encuesta.jpg HTTP/1.1" 200 42764 "http://190.27.245.106/galeria/nivo-slider/demo/demo.html" "Mozilla/5.0 (Windows NT 6.1; WOW64) AppleWebKit/537.36 (KHTML, like Gecko) Chrome/37.0.2062.124 Safari/537.36"
186.118.161.50 - - [29/Sep/2014:08:33:30 -0500] "GET /galeria/nivo-slider/demo/images/banner-llantas2.jpg HTTP/1.1" 200 73153 "http://190.27.245.106/galeria/nivo-slider/demo/demo.html" "Mozilla/5.0 (Windows NT 6.1; WOW64) AppleWebKit/537.36 (KHTML, like Gecko) Chrome/37.0.2062.124 Safari/537.36"
181.251.182.231 - - [29/Sep/2014:08:33:17 -0500] "GET /galeria/nivo-slider/demo/images/banner-caballos.png HTTP/1.1" 200 389106 "http://190.27.245.106/galeria/nivo-slider/demo/demo.html" "Mozilla/5.0 (Windows NT 6.1) AppleWebKit/537.36 (KHTML, like Gecko) Chrome/37.0.2062.124 Safari/537.36"
186.118.161.50 - - [29/Sep/2014:08:33:30 -0500] "GET /galeria/nivo-slider/demo/images/9Signos.jpg HTTP/1.1" 200 93040 "http://190.27.245.106/galeria/nivo-slider/demo/demo.html" "Mozilla/5.0 (Windows NT 6.1; WOW64) AppleWebKit/537.36 (KHTML, like Gecko) Chrome/37.0.2062.124 Safari/537.36"
186.118.161.50 - - [29/Sep/2014:08:33:31 -0500] "GET /galeria/nivo-slider/demo/images/ConstructorasFNL.jpg HTTP/1.1" 200 216551 "http://190.27.245.106/galeria/nivo-slider/demo/demo.html" "Mozilla/5.0 (Windows NT 6.1; WOW64) AppleWebKit/537.36 (KHTML, like Gecko) Chrome/37.0.2062.124 Safari/537.36"
186.118.161.50 - - [29/Sep/2014:08:33:31 -0500] "GET /galeria/nivo-slider/demo/images/banner-caballos.png HTTP/1.1" 200 389106 "http://190.27.245.106/galeria/nivo-slider/demo/demo.html" "Mozilla/5.0 (Windows NT 6.1; WOW64) AppleWebKit/537.36 (KHTML, like Gecko) Chrome/37.0.2062.124 Safari/537.36"
186.118.161.50 - - [29/Sep/2014:08:33:30 -0500] "GET /galeria/nivo-slider/demo/images/Banner-Caracol-Africano.jpg HTTP/1.1" 200 331986 "http://190.27.245.106/galeria/nivo-slider/demo/demo.html" "Mozilla/5.0 (Windows NT 6.1; WOW64) AppleWebKit/537.36 (KHTML, like Gecko) Chrome/37.0.2062.124 Safari/537.36"
186.118.161.50 - - [29/Sep/2014:08:33:31 -0500] "GET /galeria/nivo-slider/demo/images/Hacienda_Molinos.jpg HTTP/1.1" 200 319171 "http://190.27.245.106/galeria/nivo-slider/demo/demo.html" "Mozilla/5.0 (Windows NT 6.1; WOW64) AppleWebKit/537.36 (KHTML, like Gecko) Chrome/37.0.2062.124 Safari/537.36"
181.251.182.231 - - [29/Sep/2014:08:33:21 -0500] "GET /galeria/nivo-slider/demo/images/Hacienda_Molinos.jpg HTTP/1.1" 200 319171 "http://190.27.245.106/galeria/nivo-slider/demo/demo.html" "Mozilla/5.0 (Windows NT 6.1) AppleWebKit/537.36 (KHTML, like Gecko) Chrome/37.0.2062.124 Safari/537.36"
186.118.161.50 - - [29/Sep/2014:08:33:34 -0500] "GET /galeria/nivo-slider/demo/images/marchaxclima01a.jpg HTTP/1.1" 200 157427 "http://190.27.245.106/galeria/nivo-slider/demo/demo.html" "Mozilla/5.0 (Windows NT 6.1; WOW64) AppleWebKit/537.36 (KHTML, like Gecko) Chrome/37.0.2062.124 Safari/537.36"
186.118.161.50 - - [29/Sep/2014:08:33:34 -0500] "GET /galeria/nivo-slider/themes/default/bullets.png HTTP/1.1" 200 1281 "http://190.27.245.106/galeria/nivo-slider/themes/default/default.css" "Mozilla/5.0 (Windows NT 6.1; WOW64) AppleWebKit/537.36 (KHTML, like Gecko) Chrome/37.0.2062.124 Safari/537.36"
186.118.161.50 - - [29/Sep/2014:08:33:34 -0500] "GET /galeria/nivo-slider/themes/default/arrows.png HTTP/1.1" 200 824 "http://190.27.245.106/galeria/nivo-slider/themes/default/default.css" "Mozilla/5.0 (Windows NT 6.1; WOW64) AppleWebKit/537.36 (KHTML, like Gecko) Chrome/37.0.2062.124 Safari/537.36"
181.251.182.231 - - [29/Sep/2014:08:33:34 -0500] "GET /galeria/nivo-slider/themes/default/bullets.png HTTP/1.1" 200 1281 "http://190.27.245.106/galeria/nivo-slider/themes/default/default.css" "Mozilla/5.0 (Windows NT 6.1) AppleWebKit/537.36 (KHTML, like Gecko) Chrome/37.0.2062.124 Safari/537.36"
181.251.182.231 - - [29/Sep/2014:08:33:34 -0500] "GET /galeria/nivo-slider/themes/default/arrows.png HTTP/1.1" 200 824 "http://190.27.245.106/galeria/nivo-slider/themes/default/default.css" "Mozilla/5.0 (Windows NT 6.1) AppleWebKit/537.36 (KHTML, like Gecko) Chrome/37.0.2062.124 Safari/537.36"
186.147.0.165 - - [29/Sep/2014:08:33:38 -0500] "POST /forms/lservlet;jsessionid=ac16012b30d50b2518671342419aa0cd9b4bcf8f4ea8.e3iSbxaKaheRe34Sa3yKbhiTahb0n6jAmljGr5XDqQLvpAe HTTP/1.1" 200 2 "-" "Java1.3.1.22-internal"
150.70.97.98 - - [29/Sep/2014:08:33:41 -0500] "GET /galeria/nivo-slider/demo/scripts/jquery-1.7.1.min.js HTTP/1.1" 200 93868 "-" "Mozilla/4.0 (compatible; MSIE 8.0; Windows NT 5.1; Trident/4.0)"
201.245.192.253 - - [29/Sep/2014:08:33:52 -0500] "POST /forest/usutareas.do? HTTP/1.1" 200 625 "http://190.27.245.106/forest/usutareas.do?group_system_actual=3&a=0.29609522778842545" "Mozilla/5.0 (Windows NT 6.1; rv:32.0) Gecko/20100101 Firefox/32.0"
186.118.161.50 - - [29/Sep/2014:08:33:30 -0500] "GET /videos/VideoOABFLV.flv HTTP/1.1" 200 7889923 "http://www.ambientebogota.gov.co/" "Mozilla/5.0 (Windows NT 6.1; WOW64) AppleWebKit/537.36 (KHTML, like Gecko) Chrome/37.0.2062.124 Safari/537.36"
186.145.162.140 - - [29/Sep/2014:08:33:57 -0500] "POST /forms/lservlet;jsessionid=ac16012b30d54661e737b9614ff5ba42d5f9c4d89e7e.e3iSbxaKaheRe34Sa3yKbhiTahb0n6jAmljGr5XDqQLvpAe HTTP/1.1" 200 2 "-" "Java1.3.1.22-internal"
190.24.136.98 - - [29/Sep/2014:08:33:57 -0500] "GET /BLA/boletinlegal/js/jquery.scrollTo-min.js HTTP/1.1" 200 1150 "http://www.ambientebogota.gov.co/" "Mozilla/5.0 (Windows NT 6.3; WOW64) AppleWebKit/537.36 (KHTML, like Gecko) Chrome/37.0.2062.124 Safari/537.36"
190.24.136.98 - - [29/Sep/2014:08:33:57 -0500] "GET /galeria/carrusel/Carrusel/jquery.thumbnailScroller.css HTTP/1.1" 200 2066 "http://www.ambientebogota.gov.co/" "Mozilla/5.0 (Windows NT 6.3; WOW64) AppleWebKit/537.36 (KHTML, like Gecko) Chrome/37.0.2062.124 Safari/537.36"
190.24.136.98 - - [29/Sep/2014:08:33:57 -0500] "GET /BLA/boletinlegal/js/jquery.scrollShow.js HTTP/1.1" 200 4586 "http://www.ambientebogota.gov.co/" "Mozilla/5.0 (Windows NT 6.3; WOW64) AppleWebKit/537.36 (KHTML, like Gecko) Chrome/37.0.2062.124 Safari/537.36"
190.24.136.98 - - [29/Sep/2014:08:33:57 -0500] "GET /galeria/carrusel/Carrusel/jquery.thumbnailScroller.js HTTP/1.1" 200 8157 "http://www.ambientebogota.gov.co/" "Mozilla/5.0 (Windows NT 6.3; WOW64) AppleWebKit/537.36 (KHTML, like Gecko) Chrome/37.0.2062.124 Safari/537.36"
190.24.136.98 - - [29/Sep/2014:08:33:57 -0500] "GET /galeria/carrusel/Carrusel/jquery-ui-1.8.13.custom.min.js HTTP/1.1" 200 10800 "http://www.ambientebogota.gov.co/" "Mozilla/5.0 (Windows NT 6.3; WOW64) AppleWebKit/537.36 (KHTML, like Gecko) Chrome/37.0.2062.124 Safari/537.36"
190.24.136.98 - - [29/Sep/2014:08:33:57 -0500] "GET /BLA/boletinlegal/js/jquery.js HTTP/1.1" 200 57254 "http://www.ambientebogota.gov.co/" "Mozilla/5.0 (Windows NT 6.3; WOW64) AppleWebKit/537.36 (KHTML, like Gecko) Chrome/37.0.2062.124 Safari/537.36"
190.24.136.98 - - [29/Sep/2014:08:34:03 -0500] "GET /galeria/nivo-slider/demo/demo.html HTTP/1.1" 200 4440 "http://www.ambientebogota.gov.co/" "Mozilla/5.0 (Windows NT 6.3; WOW64) AppleWebKit/537.36 (KHTML, like Gecko) Chrome/37.0.2062.124 Safari/537.36"
