201.245.192.253 - - [29/Sep/2014:08:21:47 -0500] "GET /isolucionsda/Session.asp?Continue=1 HTTP/1.1" 200 6196 "http://190.27.245.106/isolucionsda/Encabezado.asp?Pagina1=FrameSetGeneral.asp&&Pagina=MagazinHome.asp" "Mozilla/5.0 (Windows NT 6.1) AppleWebKit/537.36 (KHTML, like Gecko) Chrome/37.0.2062.124 Safari/537.36"
201.245.192.253 - - [29/Sep/2014:08:21:47 -0500] "GET /isolucionsda/MagazinHome.asp HTTP/1.1" 200 25725 "http://190.27.245.106/isolucionsda/FrameSetGeneral.asp?Pagina1=FrameSetGeneral.asp&" "Mozilla/5.0 (Windows NT 6.1) AppleWebKit/537.36 (KHTML, like Gecko) Chrome/37.0.2062.124 Safari/537.36"
201.245.192.253 - - [29/Sep/2014:08:21:47 -0500] "GET /isolucionsda/g/Bgr_Destacado3399CC.jpg HTTP/1.1" 404 5217 "http://190.27.245.106/isolucionsda/MagazinHome.asp" "Mozilla/5.0 (Windows NT 6.1) AppleWebKit/537.36 (KHTML, like Gecko) Chrome/37.0.2062.124 Safari/537.36"
201.245.192.253 - - [29/Sep/2014:08:21:47 -0500] "GET /isolucionsda/TareasSFRedirect.asp HTTP/1.1" 302 195 "http://190.27.245.106/isolucionsda/MagazinHome.asp" "Mozilla/5.0 (Windows NT 6.1) AppleWebKit/537.36 (KHTML, like Gecko) Chrome/37.0.2062.124 Safari/537.36"
72.47.224.26 - - [29/Sep/2014:08:21:47 -0500] "GET /blog/wp-admin/ HTTP/1.1" 404 1206 "-" "-"
201.245.192.253 - - [29/Sep/2014:08:21:47 -0500] "GET /isolucionsda/Login.aspx?TARGET=SFContainerFiltrado.aspx&number=65526551506657534551 HTTP/1.1" 302 886 "http://190.27.245.106/isolucionsda/MagazinHome.asp" "Mozilla/5.0 (Windows NT 6.1) AppleWebKit/537.36 (KHTML, like Gecko) Chrome/37.0.2062.124 Safari/537.36"
201.245.192.253 - - [29/Sep/2014:08:21:48 -0500] "GET /isolucionsda/SFContainerFiltrado.aspx?Number=65526551506657534551 HTTP/1.1" 200 14314 "http://190.27.245.106/isolucionsda/MagazinHome.asp" "Mozilla/5.0 (Windows NT 6.1) AppleWebKit/537.36 (KHTML, like Gecko) Chrome/37.0.2062.124 Safari/537.36"
201.245.192.253 - - [29/Sep/2014:08:21:48 -0500] "GET /isolucionsda/DetalleTareas.aspx?Number=65526551506657534551 HTTP/1.1" 302 144 "http://190.27.245.106/isolucionsda/SFContainerFiltrado.aspx?Number=65526551506657534551" "Mozilla/5.0 (Windows NT 6.1) AppleWebKit/537.36 (KHTML, like Gecko) Chrome/37.0.2062.124 Safari/537.36"
201.245.192.253 - - [29/Sep/2014:08:21:49 -0500] "GET /isolucionsda/ErrorMsg.aspx HTTP/1.1" 200 1701 "-" "Mozilla/4.0 (compatible;)"
201.245.192.253 - - [29/Sep/2014:08:21:49 -0500] "GET /isolucionsda/auxlib.js HTTP/1.1" 404 5207 "-" "Mozilla/4.0 (compatible;)"
201.245.192.253 - - [29/Sep/2014:08:21:49 -0500] "GET /isolucionsda/infowndpublic.js HTTP/1.1" 404 5221 "-" "Mozilla/4.0 (compatible;)"
201.245.192.253 - - [29/Sep/2014:08:21:49 -0500] "GET /isolucionsda/infowndcore.js HTTP/1.1" 404 5217 "-" "Mozilla/4.0 (compatible;)"
201.245.192.253 - - [29/Sep/2014:08:21:49 -0500] "GET /isolucionsda/DetalleTareas.aspx?Number=65526551506657534551 HTTP/1.1" 200 92655 "http://190.27.245.106/isolucionsda/SFContainerFiltrado.aspx?Number=65526551506657534551" "Mozilla/5.0 (Windows NT 6.1) AppleWebKit/537.36 (KHTML, like Gecko) Chrome/37.0.2062.124 Safari/537.36"
201.245.192.253 - - [29/Sep/2014:08:21:49 -0500] "GET /isolucionsda/infowndpublic.js HTTP/1.1" 404 5199 "http://190.27.245.106/isolucionsda/DetalleTareas.aspx?Number=65526551506657534551" "Mozilla/5.0 (Windows NT 6.1) AppleWebKit/537.36 (KHTML, like Gecko) Chrome/37.0.2062.124 Safari/537.36"
201.245.192.253 - - [29/Sep/2014:08:21:49 -0500] "GET /isolucionsda/auxlib.js HTTP/1.1" 404 5185 "http://190.27.245.106/isolucionsda/DetalleTareas.aspx?Number=65526551506657534551" "Mozilla/5.0 (Windows NT 6.1) AppleWebKit/537.36 (KHTML, like Gecko) Chrome/37.0.2062.124 Safari/537.36"
201.245.192.253 - - [29/Sep/2014:08:21:49 -0500] "GET /isolucionsda/infowndcore.js HTTP/1.1" 404 5195 "http://190.27.245.106/isolucionsda/DetalleTareas.aspx?Number=65526551506657534551" "Mozilla/5.0 (Windows NT 6.1) AppleWebKit/537.36 (KHTML, like Gecko) Chrome/37.0.2062.124 Safari/537.36"
201.245.192.253 - - [29/Sep/2014:08:21:49 -0500] "GET /isolucionsda/FrameSetGeneral.asp?Pagina=Menu.asp&IdModulo=7 HTTP/1.1" 200 6455 "http://190.27.245.106/isolucionsda/Encabezado.asp?Pagina1=FrameSetGeneral.asp&&Pagina=MagazinHome.asp" "Mozilla/5.0 (Windows NT 6.1) AppleWebKit/537.36 (KHTML, like Gecko) Chrome/37.0.2062.124 Safari/537.36"
201.245.192.253 - - [29/Sep/2014:08:21:49 -0500] "GET /isolucionsda/Encabezado.asp?Pagina=Menu.asp&IdModulo=7 HTTP/1.1" 200 15183 "http://190.27.245.106/isolucionsda/FrameSetGeneral.asp?Pagina=Menu.asp&IdModulo=7" "Mozilla/5.0 (Windows NT 6.1) AppleWebKit/537.36 (KHTML, like Gecko) Chrome/37.0.2062.124 Safari/537.36"
201.245.192.253 - - [29/Sep/2014:08:21:49 -0500] "GET /isolucionsda/BarraTitulos.asp?Pagina=Menu.asp&IdModulo=7 HTTP/1.1" 200 6865 "http://190.27.245.106/isolucionsda/FrameSetGeneral.asp?Pagina=Menu.asp&IdModulo=7" "Mozilla/5.0 (Windows NT 6.1) AppleWebKit/537.36 (KHTML, like Gecko) Chrome/37.0.2062.124 Safari/537.36"
201.245.192.253 - - [29/Sep/2014:08:21:49 -0500] "GET /isolucionsda/BarraFavoritos.asp HTTP/1.1" 200 911 "http://190.27.245.106/isolucionsda/FrameSetGeneral.asp?Pagina=Menu.asp&IdModulo=7" "Mozilla/5.0 (Windows NT 6.1) AppleWebKit/537.36 (KHTML, like Gecko) Chrome/37.0.2062.124 Safari/537.36"
201.245.192.253 - - [29/Sep/2014:08:21:49 -0500] "GET /isolucionsda/Session.asp?Continue=1 HTTP/1.1" 200 6196 "http://190.27.245.106/isolucionsda/Encabezado.asp?Pagina=Menu.asp&IdModulo=7" "Mozilla/5.0 (Windows NT 6.1) AppleWebKit/537.36 (KHTML, like Gecko) Chrome/37.0.2062.124 Safari/537.36"
201.245.192.253 - - [29/Sep/2014:08:21:49 -0500] "GET /isolucionsda/Menu.asp?Pagina=Menu.asp&IdModulo=7 HTTP/1.1" 200 30437 "http://190.27.245.106/isolucionsda/FrameSetGeneral.asp?Pagina=Menu.asp&IdModulo=7" "Mozilla/5.0 (Windows NT 6.1) AppleWebKit/537.36 (KHTML, like Gecko) Chrome/37.0.2062.124 Safari/537.36"
212.97.161.98 - - [29/Sep/2014:08:21:00 -0500] "GET /videos/VideoOABFLV.flv HTTP/1.1" 200 7889923 "http://ambientebogota.gov.co/videos/flowplayer-3.2.6.swf" "Mozilla/5.0 (Windows NT 6.3; Win64; x64; Trident/7.0; rv:11.0) like Gecko"
186.30.176.192 - - [29/Sep/2014:08:21:55 -0500] "GET /isolucionsda/ HTTP/1.1" 200 739 "http://ambientebogota.gov.co/web/intranet/aplicaciones-para-acceder-fuera-de-la-sda" "Mozilla/5.0 (compatible; MSIE 10.0; Windows NT 6.2; WOW64; Trident/6.0; MALNJS)"
186.30.176.192 - - [29/Sep/2014:08:21:56 -0500] "GET /isolucionsda/IdentificaUsuario.asp?Pagina1=FrameSetGeneral.asp& HTTP/1.1" 200 4997 "-" "Mozilla/5.0 (compatible; MSIE 10.0; Windows NT 6.2; WOW64; Trident/6.0; MALNJS)"
186.145.162.140 - - [29/Sep/2014:08:21:57 -0500] "POST /forms/lservlet;jsessionid=ac16012b30d54661e737b9614ff5ba42d5f9c4d89e7e.e3iSbxaKaheRe34Sa3yKbhiTahb0n6jAmljGr5XDqQLvpAe HTTP/1.1" 200 2 "-" "Java1.3.1.22-internal"
66.249.64.171 - - [29/Sep/2014:08:21:58 -0500] "GET /BLA/resoluciones/RESOLUCIONES%202008/0016.pdf HTTP/1.1" 200 158929 "-" "Mozilla/5.0 (iPhone; CPU iPhone OS 6_0 like Mac OS X) AppleWebKit/536.26 (KHTML, like Gecko) Version/6.0 Mobile/10A5376e Safari/8536.25 (compatible; Googlebot/2.1; +http://www.google.com/bot.html)"
201.245.192.253 - - [29/Sep/2014:08:22:11 -0500] "GET /galeria/carrusel/Carrusel/jquery-ui-%20%201.8.13.custom.min.js HTTP/1.1" 404 1206 "-" "Mozilla/4.0 (compatible;)"
186.30.176.192 - - [29/Sep/2014:08:22:13 -0500] "GET /isolucionsda/ HTTP/1.1" 200 739 "http://ambientebogota.gov.co/web/intranet/aplicaciones-para-acceder-fuera-de-la-sda" "Mozilla/5.0 (compatible; MSIE 10.0; Windows NT 6.2; WOW64; Trident/6.0; MALNJS)"
186.30.176.192 - - [29/Sep/2014:08:22:14 -0500] "GET /isolucionsda/IdentificaUsuario.asp?Pagina1=FrameSetGeneral.asp& HTTP/1.1" 200 4997 "-" "Mozilla/5.0 (compatible; MSIE 10.0; Windows NT 6.2; WOW64; Trident/6.0; MALNJS)"
201.245.192.253 - - [29/Sep/2014:08:22:15 -0500] "POST /forest/usutareas.do?group_system_actual=3 HTTP/1.1" 200 215 "http://190.27.245.106/forest/usutareas.do?group_system_actual=3&a=0.9121688360032699" "Mozilla/5.0 (Windows NT 6.1; rv:32.0) Gecko/20100101 Firefox/32.0"
201.245.192.253 - - [29/Sep/2014:08:22:17 -0500] "GET /forest/usutareas.do?group_system_actual=3&a=0.40916396028192104 HTTP/1.1" 200 119260 "http://190.27.245.106/forest/usutareas.do?group_system_actual=3&a=0.9121688360032699" "Mozilla/5.0 (Windows NT 6.1; rv:32.0) Gecko/20100101 Firefox/32.0"
201.245.192.253 - - [29/Sep/2014:08:22:18 -0500] "GET /forest/skins/gdocs-jar/css/menu.css?version=1408.271930 HTTP/1.1" 304 - "http://190.27.245.106/forest/usutareas.do?group_system_actual=3&a=0.40916396028192104" "Mozilla/5.0 (Windows NT 6.1; rv:32.0) Gecko/20100101 Firefox/32.0"
201.245.192.253 - - [29/Sep/2014:08:22:18 -0500] "GET /forest/skins/gdocs-jar/js/xml_utilities.js?version=1408.271930 HTTP/1.1" 304 - "http://190.27.245.106/forest/usutareas.do?group_system_actual=3&a=0.40916396028192104" "Mozilla/5.0 (Windows NT 6.1; rv:32.0) Gecko/20100101 Firefox/32.0"
201.245.192.253 - - [29/Sep/2014:08:22:18 -0500] "GET /forest/skins/gdocs-jar/js/grid.js?version=1408.271930 HTTP/1.1" 304 - "http://190.27.245.106/forest/usutareas.do?group_system_actual=3&a=0.40916396028192104" "Mozilla/5.0 (Windows NT 6.1; rv:32.0) Gecko/20100101 Firefox/32.0"
201.245.192.253 - - [29/Sep/2014:08:22:18 -0500] "GET /forest/skins/gdocs-jar/js/autocompletar2.js?version=1408.271930 HTTP/1.1" 304 - "http://190.27.245.106/forest/usutareas.do?group_system_actual=3&a=0.40916396028192104" "Mozilla/5.0 (Windows NT 6.1; rv:32.0) Gecko/20100101 Firefox/32.0"
201.245.192.253 - - [29/Sep/2014:08:19:21 -0500] "GET /ForestMSG_SDA/channelAsync/template_word_16577828?X-Atmosphere-tracking-id=1f723b27-7d9b-08c4-65da-8415d0564ca9&X-Atmosphere-Framework=1.0.5&X-Atmosphere-Transport=long-polling&tabid=0.6950378081847237&X-Cache-Date=0&Content-Type=application/xml&_=1411996886505 HTTP/1.1" 200 8193 "http://190.27.245.106/forest/usutareas.do?group_system_actual=3&a=0.9121688360032699" "Mozilla/5.0 (Windows NT 6.1; rv:32.0) Gecko/20100101 Firefox/32.0"
201.245.192.253 - - [29/Sep/2014:08:22:18 -0500] "GET /forest/session.jsp?a=0.29726148954275333 HTTP/1.1" 200 4 "http://190.27.245.106/forest/usutareas.do?group_system_actual=3&a=0.40916396028192104" "Mozilla/5.0 (Windows NT 6.1; rv:32.0) Gecko/20100101 Firefox/32.0"
201.245.192.253 - - [29/Sep/2014:08:22:20 -0500] "GET /forest/borrador/1449720/Formato%20Oficio%20Salida%20(CON%20LOGO)%20Feb%2018.docx HTTP/1.1" 200 99488 "http://190.27.245.106/forest/usutareas.do?group_system_actual=3&a=0.40916396028192104" "Mozilla/5.0 (Windows NT 6.1; rv:32.0) Gecko/20100101 Firefox/32.0"
190.25.143.192 - - [29/Sep/2014:08:22:27 -0500] "GET /videos/Disciplinarios.flv HTTP/1.1" 304 - "http://www.ambientebogota.gov.co/group/intranet/recursos" "Mozilla/5.0 (Windows NT 6.1) AppleWebKit/537.36 (KHTML, like Gecko) Chrome/37.0.2062.120 Safari/537.36"
172.22.2.1 - - [29/Sep/2014:08:22:28 -0500] "GET /forest/session.jsp?a=0.9864719848157191 HTTP/1.1" 200 4 "http://190.27.245.106/forest/index2.jsp?a=0.5080445755333353" "Mozilla/5.0 (Windows NT 6.1; rv:31.0) Gecko/20100101 Firefox/31.0"
186.82.81.153 - - [29/Sep/2014:08:22:28 -0500] "GET /BLA/boletinlegal/js/jquery.scrollTo-min.js HTTP/1.1" 200 1150 "https://www.google.com.co/" "Mozilla/5.0 (Linux; Android 4.1.2; LT22i Build/6.2.A.1.100) AppleWebKit/537.36 (KHTML, like Gecko) Chrome/37.0.2062.117 Mobile Safari/537.36"
186.82.81.153 - - [29/Sep/2014:08:22:28 -0500] "GET /BLA/boletinlegal/js/jquery.scrollShow.js HTTP/1.1" 200 4586 "https://www.google.com.co/" "Mozilla/5.0 (Linux; Android 4.1.2; LT22i Build/6.2.A.1.100) AppleWebKit/537.36 (KHTML, like Gecko) Chrome/37.0.2062.117 Mobile Safari/537.36"
186.82.81.153 - - [29/Sep/2014:08:22:28 -0500] "GET /BLA/boletinlegal/js/jquery.js HTTP/1.1" 200 57254 "https://www.google.com.co/" "Mozilla/5.0 (Linux; Android 4.1.2; LT22i Build/6.2.A.1.100) AppleWebKit/537.36 (KHTML, like Gecko) Chrome/37.0.2062.117 Mobile Safari/537.36"
186.82.81.153 - - [29/Sep/2014:08:22:31 -0500] "GET /galeria/carrusel/Carrusel/jquery.thumbnailScroller.css HTTP/1.1" 200 2066 "http://www.ambientebogota.gov.co/" "Mozilla/5.0 (Linux; Android 4.1.2; LT22i Build/6.2.A.1.100) AppleWebKit/537.36 (KHTML, like Gecko) Chrome/37.0.2062.117 Mobile Safari/537.36"
186.82.81.153 - - [29/Sep/2014:08:22:31 -0500] "GET /galeria/carrusel/Carrusel/jquery.thumbnailScroller.js HTTP/1.1" 200 8157 "http://www.ambientebogota.gov.co/" "Mozilla/5.0 (Linux; Android 4.1.2; LT22i Build/6.2.A.1.100) AppleWebKit/537.36 (KHTML, like Gecko) Chrome/37.0.2062.117 Mobile Safari/537.36"
186.82.81.153 - - [29/Sep/2014:08:22:31 -0500] "GET /galeria/carrusel/Carrusel/jquery-ui-1.8.13.custom.min.js HTTP/1.1" 200 10800 "http://www.ambientebogota.gov.co/" "Mozilla/5.0 (Linux; Android 4.1.2; LT22i Build/6.2.A.1.100) AppleWebKit/537.36 (KHTML, like Gecko) Chrome/37.0.2062.117 Mobile Safari/537.36"
66.249.64.167 - - [29/Sep/2014:08:22:34 -0500] "GET /Residuos/farmaceutica/files/info.xml?rnd=71f4f257-fdca-41f3-bbdb-0f8b2cd6cb9a HTTP/1.1" 200 66847 "-" "Mozilla/5.0 (iPhone; CPU iPhone OS 6_0 like Mac OS X) AppleWebKit/536.26 (KHTML, like Gecko) Version/6.0 Mobile/10A5376e Safari/8536.25 (compatible; Googlebot/2.1; +http://www.google.com/bot.html)"
186.82.81.153 - - [29/Sep/2014:08:22:35 -0500] "GET /galeria/nivo-slider/demo/demo.html HTTP/1.1" 200 4440 "http://www.ambientebogota.gov.co/" "Mozilla/5.0 (Linux; Android 4.1.2; LT22i Build/6.2.A.1.100) AppleWebKit/537.36 (KHTML, like Gecko) Chrome/37.0.2062.117 Mobile Safari/537.36"
186.82.81.153 - - [29/Sep/2014:08:22:35 -0500] "GET /galeria/nivo-slider/themes/default/default.css HTTP/1.1" 200 1569 "http://190.27.245.106/galeria/nivo-slider/demo/demo.html" "Mozilla/5.0 (Linux; Android 4.1.2; LT22i Build/6.2.A.1.100) AppleWebKit/537.36 (KHTML, like Gecko) Chrome/37.0.2062.117 Mobile Safari/537.36"
186.82.81.153 - - [29/Sep/2014:08:22:35 -0500] "GET /galeria/nivo-slider/themes/pascal/pascal.css HTTP/1.1" 200 2258 "http://190.27.245.106/galeria/nivo-slider/demo/demo.html" "Mozilla/5.0 (Linux; Android 4.1.2; LT22i Build/6.2.A.1.100) AppleWebKit/537.36 (KHTML, like Gecko) Chrome/37.0.2062.117 Mobile Safari/537.36"
186.82.81.153 - - [29/Sep/2014:08:22:35 -0500] "GET /galeria/nivo-slider/nivo-slider.css HTTP/1.1" 200 1507 "http://190.27.245.106/galeria/nivo-slider/demo/demo.html" "Mozilla/5.0 (Linux; Android 4.1.2; LT22i Build/6.2.A.1.100) AppleWebKit/537.36 (KHTML, like Gecko) Chrome/37.0.2062.117 Mobile Safari/537.36"
186.82.81.153 - - [29/Sep/2014:08:22:35 -0500] "GET /galeria/nivo-slider/themes/orman/orman.css HTTP/1.1" 200 2152 "http://190.27.245.106/galeria/nivo-slider/demo/demo.html" "Mozilla/5.0 (Linux; Android 4.1.2; LT22i Build/6.2.A.1.100) AppleWebKit/537.36 (KHTML, like Gecko) Chrome/37.0.2062.117 Mobile Safari/537.36"
186.82.81.153 - - [29/Sep/2014:08:22:35 -0500] "GET /galeria/nivo-slider/demo/style.css HTTP/1.1" 200 2222 "http://190.27.245.106/galeria/nivo-slider/demo/demo.html" "Mozilla/5.0 (Linux; Android 4.1.2; LT22i Build/6.2.A.1.100) AppleWebKit/537.36 (KHTML, like Gecko) Chrome/37.0.2062.117 Mobile Safari/537.36"
186.82.81.153 - - [29/Sep/2014:08:22:35 -0500] "GET /galeria/nivo-slider/jquery.nivo.slider.pack.js HTTP/1.1" 200 11561 "http://190.27.245.106/galeria/nivo-slider/demo/demo.html" "Mozilla/5.0 (Linux; Android 4.1.2; LT22i Build/6.2.A.1.100) AppleWebKit/537.36 (KHTML, like Gecko) Chrome/37.0.2062.117 Mobile Safari/537.36"
186.82.81.153 - - [29/Sep/2014:08:22:35 -0500] "GET /galeria/nivo-slider/demo/scripts/jquery-1.7.1.min.js HTTP/1.1" 200 93868 "http://190.27.245.106/galeria/nivo-slider/demo/demo.html" "Mozilla/5.0 (Linux; Android 4.1.2; LT22i Build/6.2.A.1.100) AppleWebKit/537.36 (KHTML, like Gecko) Chrome/37.0.2062.117 Mobile Safari/537.36"
186.82.81.153 - - [29/Sep/2014:08:22:35 -0500] "GET /galeria/nivo-slider/demo/images/banner_adopcion2.jpg HTTP/1.1" 200 136406 "http://190.27.245.106/galeria/nivo-slider/demo/demo.html" "Mozilla/5.0 (Linux; Android 4.1.2; LT22i Build/6.2.A.1.100) AppleWebKit/537.36 (KHTML, like Gecko) Chrome/37.0.2062.117 Mobile Safari/537.36"
186.82.81.153 - - [29/Sep/2014:08:22:35 -0500] "GET /galeria/nivo-slider/demo/images/jovenesplaza1.jpg HTTP/1.1" 200 152570 "http://190.27.245.106/galeria/nivo-slider/demo/demo.html" "Mozilla/5.0 (Linux; Android 4.1.2; LT22i Build/6.2.A.1.100) AppleWebKit/537.36 (KHTML, like Gecko) Chrome/37.0.2062.117 Mobile Safari/537.36"
181.48.114.162 - - [29/Sep/2014:08:22:37 -0500] "GET /galeria/carrusel/Carrusel/jquery.thumbnailScroller.css HTTP/1.0" 200 2066 "http://www.ambientebogota.gov.co/" "Mozilla/5.0 (Windows NT 6.1; WOW64; rv:30.0) Gecko/20100101 Firefox/30.0"
181.48.114.162 - - [29/Sep/2014:08:22:37 -0500] "GET /BLA/boletinlegal/js/jquery.scrollTo-min.js HTTP/1.0" 200 1150 "http://www.ambientebogota.gov.co/" "Mozilla/5.0 (Windows NT 6.1; WOW64; rv:30.0) Gecko/20100101 Firefox/30.0"
181.48.114.162 - - [29/Sep/2014:08:22:37 -0500] "GET /BLA/boletinlegal/js/jquery.scrollShow.js HTTP/1.0" 200 4586 "http://www.ambientebogota.gov.co/" "Mozilla/5.0 (Windows NT 6.1; WOW64; rv:30.0) Gecko/20100101 Firefox/30.0"
186.82.81.153 - - [29/Sep/2014:08:22:35 -0500] "GET /galeria/nivo-slider/demo/images/BannerIDRD1.png HTTP/1.1" 200 316313 "http://190.27.245.106/galeria/nivo-slider/demo/demo.html" "Mozilla/5.0 (Linux; Android 4.1.2; LT22i Build/6.2.A.1.100) AppleWebKit/537.36 (KHTML, like Gecko) Chrome/37.0.2062.117 Mobile Safari/537.36"
181.48.114.162 - - [29/Sep/2014:08:22:37 -0500] "GET /BLA/boletinlegal/js/jquery.js HTTP/1.0" 200 57254 "http://www.ambientebogota.gov.co/" "Mozilla/5.0 (Windows NT 6.1; WOW64; rv:30.0) Gecko/20100101 Firefox/30.0"
186.82.81.153 - - [29/Sep/2014:08:22:36 -0500] "GET /galeria/nivo-slider/demo/images/marchaxclima01a.jpg HTTP/1.1" 200 157427 "http://190.27.245.106/galeria/nivo-slider/demo/demo.html" "Mozilla/5.0 (Linux; Android 4.1.2; LT22i Build/6.2.A.1.100) AppleWebKit/537.36 (KHTML, like Gecko) Chrome/37.0.2062.117 Mobile Safari/537.36"
186.82.81.153 - - [29/Sep/2014:08:22:36 -0500] "GET /galeria/nivo-slider/demo/images/marchaxclima05a.jpg HTTP/1.1" 200 127534 "http://190.27.245.106/galeria/nivo-slider/demo/demo.html" "Mozilla/5.0 (Linux; Android 4.1.2; LT22i Build/6.2.A.1.100) AppleWebKit/537.36 (KHTML, like Gecko) Chrome/37.0.2062.117 Mobile Safari/537.36"
186.82.81.153 - - [29/Sep/2014:08:22:37 -0500] "GET /galeria/nivo-slider/demo/images/Recilaton02.jpg HTTP/1.1" 200 82162 "http://190.27.245.106/galeria/nivo-slider/demo/demo.html" "Mozilla/5.0 (Linux; Android 4.1.2; LT22i Build/6.2.A.1.100) AppleWebKit/537.36 (KHTML, like Gecko) Chrome/37.0.2062.117 Mobile Safari/537.36"
186.82.81.153 - - [29/Sep/2014:08:22:37 -0500] "GET /galeria/nivo-slider/demo/images/4Simple_Slider.png HTTP/1.1" 200 11722 "http://190.27.245.106/galeria/nivo-slider/demo/style.css" "Mozilla/5.0 (Linux; Android 4.1.2; LT22i Build/6.2.A.1.100) AppleWebKit/537.36 (KHTML, like Gecko) Chrome/37.0.2062.117 Mobile Safari/537.36"
186.82.81.153 - - [29/Sep/2014:08:22:36 -0500] "GET /galeria/nivo-slider/demo/images/marchaxclima03a.jpg HTTP/1.1" 200 179842 "http://190.27.245.106/galeria/nivo-slider/demo/demo.html" "Mozilla/5.0 (Linux; Android 4.1.2; LT22i Build/6.2.A.1.100) AppleWebKit/537.36 (KHTML, like Gecko) Chrome/37.0.2062.117 Mobile Safari/537.36"
186.82.81.153 - - [29/Sep/2014:08:22:38 -0500] "GET /galeria/nivo-slider/themes/default/loading.gif HTTP/1.1" 200 1737 "http://190.27.245.106/galeria/nivo-slider/themes/default/default.css" "Mozilla/5.0 (Linux; Android 4.1.2; LT22i Build/6.2.A.1.100) AppleWebKit/537.36 (KHTML, like Gecko) Chrome/37.0.2062.117 Mobile Safari/537.36"
186.82.81.153 - - [29/Sep/2014:08:22:38 -0500] "GET /galeria/nivo-slider/demo/images/cumbre-climaNvaYork.jpg HTTP/1.1" 200 71628 "http://190.27.245.106/galeria/nivo-slider/demo/demo.html" "Mozilla/5.0 (Linux; Android 4.1.2; LT22i Build/6.2.A.1.100) AppleWebKit/537.36 (KHTML, like Gecko) Chrome/37.0.2062.117 Mobile Safari/537.36"
186.82.81.153 - - [29/Sep/2014:08:22:38 -0500] "GET /galeria/nivo-slider/demo/images/banner-encuesta.jpg HTTP/1.1" 200 42764 "http://190.27.245.106/galeria/nivo-slider/demo/demo.html" "Mozilla/5.0 (Linux; Android 4.1.2; LT22i Build/6.2.A.1.100) AppleWebKit/537.36 (KHTML, like Gecko) Chrome/37.0.2062.117 Mobile Safari/537.36"
186.82.81.153 - - [29/Sep/2014:08:22:38 -0500] "GET /galeria/nivo-slider/demo/images/9Signos.jpg HTTP/1.1" 200 93040 "http://190.27.245.106/galeria/nivo-slider/demo/demo.html" "Mozilla/5.0 (Linux; Android 4.1.2; LT22i Build/6.2.A.1.100) AppleWebKit/537.36 (KHTML, like Gecko) Chrome/37.0.2062.117 Mobile Safari/537.36"
186.82.81.153 - - [29/Sep/2014:08:22:38 -0500] "GET /galeria/nivo-slider/demo/images/banner-llantas2.jpg HTTP/1.1" 200 73153 "http://190.27.245.106/galeria/nivo-slider/demo/demo.html" "Mozilla/5.0 (Linux; Android 4.1.2; LT22i Build/6.2.A.1.100) AppleWebKit/537.36 (KHTML, like Gecko) Chrome/37.0.2062.117 Mobile Safari/537.36"
186.30.176.192 - - [29/Sep/2014:08:22:39 -0500] "POST /isolucionsda/IdentificaUsuario.asp?Pagina1=FrameSetGeneral.asp& HTTP/1.1" 302 173 "http://190.27.245.106/isolucionsda/IdentificaUsuario.asp?Pagina1=FrameSetGeneral.asp&" "Mozilla/5.0 (compatible; MSIE 10.0; Windows NT 6.2; WOW64; Trident/6.0; MALNJS)"
186.82.81.153 - - [29/Sep/2014:08:22:38 -0500] "GET /galeria/nivo-slider/demo/images/Banner-Caracol-Africano.jpg HTTP/1.1" 200 331986 "http://190.27.245.106/galeria/nivo-slider/demo/demo.html" "Mozilla/5.0 (Linux; Android 4.1.2; LT22i Build/6.2.A.1.100) AppleWebKit/537.36 (KHTML, like Gecko) Chrome/37.0.2062.117 Mobile Safari/537.36"
186.82.81.153 - - [29/Sep/2014:08:22:35 -0500] "GET /galeria/nivo-slider/demo/images/bannerEcolecta3.jpg HTTP/1.1" 200 280034 "http://190.27.245.106/galeria/nivo-slider/demo/demo.html" "Mozilla/5.0 (Linux; Android 4.1.2; LT22i Build/6.2.A.1.100) AppleWebKit/537.36 (KHTML, like Gecko) Chrome/37.0.2062.117 Mobile Safari/537.36"
186.30.176.192 - - [29/Sep/2014:08:22:40 -0500] "GET /isolucionsda/FrameSetGeneral.asp?Pagina1=FrameSetGeneral.asp& HTTP/1.1" 200 6613 "http://190.27.245.106/isolucionsda/IdentificaUsuario.asp?Pagina1=FrameSetGeneral.asp&" "Mozilla/5.0 (compatible; MSIE 10.0; Windows NT 6.2; WOW64; Trident/6.0; MALNJS)"
186.30.176.192 - - [29/Sep/2014:08:22:40 -0500] "GET /isolucionsda/Encabezado.asp?Pagina1=FrameSetGeneral.asp&&Pagina=MagazinHome.asp HTTP/1.1" 200 15388 "http://190.27.245.106/isolucionsda/FrameSetGeneral.asp?Pagina1=FrameSetGeneral.asp&" "Mozilla/5.0 (compatible; MSIE 10.0; Windows NT 6.2; WOW64; Trident/6.0; MALNJS)"
186.82.81.153 - - [29/Sep/2014:08:22:38 -0500] "GET /galeria/nivo-slider/demo/images/ConstructorasFNL.jpg HTTP/1.1" 200 216551 "http://190.27.245.106/galeria/nivo-slider/demo/demo.html" "Mozilla/5.0 (Linux; Android 4.1.2; LT22i Build/6.2.A.1.100) AppleWebKit/537.36 (KHTML, like Gecko) Chrome/37.0.2062.117 Mobile Safari/537.36"
186.30.176.192 - - [29/Sep/2014:08:22:40 -0500] "GET /isolucionsda/BarraTitulos.asp?Pagina1=FrameSetGeneral.asp&&Pagina=MagazinHome.asp HTTP/1.1" 200 6972 "http://190.27.245.106/isolucionsda/FrameSetGeneral.asp?Pagina1=FrameSetGeneral.asp&" "Mozilla/5.0 (compatible; MSIE 10.0; Windows NT 6.2; WOW64; Trident/6.0; MALNJS)"
181.48.114.162 - - [29/Sep/2014:08:22:40 -0500] "GET /galeria/carrusel/Carrusel/jquery.thumbnailScroller.js HTTP/1.0" 200 8157 "http://www.ambientebogota.gov.co/" "Mozilla/5.0 (Windows NT 6.1; WOW64; rv:30.0) Gecko/20100101 Firefox/30.0"
181.48.114.162 - - [29/Sep/2014:08:22:40 -0500] "GET /galeria/carrusel/Carrusel/jquery-ui-1.8.13.custom.min.js HTTP/1.0" 200 10800 "http://www.ambientebogota.gov.co/" "Mozilla/5.0 (Windows NT 6.1; WOW64; rv:30.0) Gecko/20100101 Firefox/30.0"
186.30.176.192 - - [29/Sep/2014:08:22:40 -0500] "GET /isolucionsda/g/Bot_Anterior.jpg HTTP/1.1" 200 1797 "http://190.27.245.106/isolucionsda/Encabezado.asp?Pagina1=FrameSetGeneral.asp&&Pagina=MagazinHome.asp" "Mozilla/5.0 (compatible; MSIE 10.0; Windows NT 6.2; WOW64; Trident/6.0; MALNJS)"
186.30.176.192 - - [29/Sep/2014:08:22:40 -0500] "GET /isolucionsda/g/Bot_Siguiente.jpg HTTP/1.1" 200 1727 "http://190.27.245.106/isolucionsda/Encabezado.asp?Pagina1=FrameSetGeneral.asp&&Pagina=MagazinHome.asp" "Mozilla/5.0 (compatible; MSIE 10.0; Windows NT 6.2; WOW64; Trident/6.0; MALNJS)"
186.30.176.192 - - [29/Sep/2014:08:22:40 -0500] "GET /isolucionsda/g/Bot_Home.jpg HTTP/1.1" 200 1936 "http://190.27.245.106/isolucionsda/Encabezado.asp?Pagina1=FrameSetGeneral.asp&&Pagina=MagazinHome.asp" "Mozilla/5.0 (compatible; MSIE 10.0; Windows NT 6.2; WOW64; Trident/6.0; MALNJS)"
186.30.176.192 - - [29/Sep/2014:08:22:40 -0500] "GET /isolucionsda/g/Bot_Administrador.jpg HTTP/1.1" 200 1694 "http://190.27.245.106/isolucionsda/Encabezado.asp?Pagina1=FrameSetGeneral.asp&&Pagina=MagazinHome.asp" "Mozilla/5.0 (compatible; MSIE 10.0; Windows NT 6.2; WOW64; Trident/6.0; MALNJS)"
186.30.176.192 - - [29/Sep/2014:08:22:40 -0500] "GET /isolucionsda/g/Bot_Glosario.jpg HTTP/1.1" 200 1989 "http://190.27.245.106/isolucionsda/Encabezado.asp?Pagina1=FrameSetGeneral.asp&&Pagina=MagazinHome.asp" "Mozilla/5.0 (compatible; MSIE 10.0; Windows NT 6.2; WOW64; Trident/6.0; MALNJS)"
186.30.176.192 - - [29/Sep/2014:08:22:40 -0500] "GET /isolucionsda/g/Bot_Ayuda.jpg HTTP/1.1" 200 1702 "http://190.27.245.106/isolucionsda/Encabezado.asp?Pagina1=FrameSetGeneral.asp&&Pagina=MagazinHome.asp" "Mozilla/5.0 (compatible; MSIE 10.0; Windows NT 6.2; WOW64; Trident/6.0; MALNJS)"
186.30.176.192 - - [29/Sep/2014:08:22:40 -0500] "GET /isolucionsda/g/Img_DivVertBarraSup.jpg HTTP/1.1" 200 810 "http://190.27.245.106/isolucionsda/Encabezado.asp?Pagina1=FrameSetGeneral.asp&&Pagina=MagazinHome.asp" "Mozilla/5.0 (compatible; MSIE 10.0; Windows NT 6.2; WOW64; Trident/6.0; MALNJS)"
186.30.176.192 - - [29/Sep/2014:08:22:40 -0500] "GET /isolucionsda/BarraFavoritos.asp HTTP/1.1" 200 911 "http://190.27.245.106/isolucionsda/FrameSetGeneral.asp?Pagina1=FrameSetGeneral.asp&" "Mozilla/5.0 (compatible; MSIE 10.0; Windows NT 6.2; WOW64; Trident/6.0; MALNJS)"
186.30.176.192 - - [29/Sep/2014:08:22:40 -0500] "GET /isolucionsda/g/Bot_Cerrar.jpg HTTP/1.1" 200 1944 "http://190.27.245.106/isolucionsda/Encabezado.asp?Pagina1=FrameSetGeneral.asp&&Pagina=MagazinHome.asp" "Mozilla/5.0 (compatible; MSIE 10.0; Windows NT 6.2; WOW64; Trident/6.0; MALNJS)"
186.30.176.192 - - [29/Sep/2014:08:22:40 -0500] "GET /isolucionsda/g/Bot_Manual_ESP.jpg HTTP/1.1" 200 4512 "http://190.27.245.106/isolucionsda/Encabezado.asp?Pagina1=FrameSetGeneral.asp&&Pagina=MagazinHome.asp" "Mozilla/5.0 (compatible; MSIE 10.0; Windows NT 6.2; WOW64; Trident/6.0; MALNJS)"
186.30.176.192 - - [29/Sep/2014:08:22:40 -0500] "GET /isolucionsda/g/Bot_Procesos_ESP.jpg HTTP/1.1" 200 4441 "http://190.27.245.106/isolucionsda/Encabezado.asp?Pagina1=FrameSetGeneral.asp&&Pagina=MagazinHome.asp" "Mozilla/5.0 (compatible; MSIE 10.0; Windows NT 6.2; WOW64; Trident/6.0; MALNJS)"
186.30.176.192 - - [29/Sep/2014:08:22:40 -0500] "GET /isolucionsda/g/Bot_Documentos_ESP.jpg HTTP/1.1" 200 5825 "http://190.27.245.106/isolucionsda/Encabezado.asp?Pagina1=FrameSetGeneral.asp&&Pagina=MagazinHome.asp" "Mozilla/5.0 (compatible; MSIE 10.0; Windows NT 6.2; WOW64; Trident/6.0; MALNJS)"
186.30.176.192 - - [29/Sep/2014:08:22:40 -0500] "GET /isolucionsda/g/Bot_Indicadores_ESP.jpg HTTP/1.1" 200 5267 "http://190.27.245.106/isolucionsda/Encabezado.asp?Pagina1=FrameSetGeneral.asp&&Pagina=MagazinHome.asp" "Mozilla/5.0 (compatible; MSIE 10.0; Windows NT 6.2; WOW64; Trident/6.0; MALNJS)"
186.30.176.192 - - [29/Sep/2014:08:22:40 -0500] "GET /isolucionsda/g/Bot_Mejoramiento_ESP.jpg HTTP/1.1" 200 5904 "http://190.27.245.106/isolucionsda/Encabezado.asp?Pagina1=FrameSetGeneral.asp&&Pagina=MagazinHome.asp" "Mozilla/5.0 (compatible; MSIE 10.0; Windows NT 6.2; WOW64; Trident/6.0; MALNJS)"
186.30.176.192 - - [29/Sep/2014:08:22:40 -0500] "GET /isolucionsda/g/Bot_TareasOff_ESP.jpg HTTP/1.1" 200 3028 "http://190.27.245.106/isolucionsda/Encabezado.asp?Pagina1=FrameSetGeneral.asp&&Pagina=MagazinHome.asp" "Mozilla/5.0 (compatible; MSIE 10.0; Windows NT 6.2; WOW64; Trident/6.0; MALNJS)"
186.30.176.192 - - [29/Sep/2014:08:22:40 -0500] "GET /isolucionsda/g/Bot_ProveedoresOff_ESP.jpg HTTP/1.1" 200 3801 "http://190.27.245.106/isolucionsda/Encabezado.asp?Pagina1=FrameSetGeneral.asp&&Pagina=MagazinHome.asp" "Mozilla/5.0 (compatible; MSIE 10.0; Windows NT 6.2; WOW64; Trident/6.0; MALNJS)"
186.30.176.192 - - [29/Sep/2014:08:22:40 -0500] "GET /isolucionsda/g/Bot_TalentoOff_ESP.jpg HTTP/1.1" 200 3258 "http://190.27.245.106/isolucionsda/Encabezado.asp?Pagina1=FrameSetGeneral.asp&&Pagina=MagazinHome.asp" "Mozilla/5.0 (compatible; MSIE 10.0; Windows NT 6.2; WOW64; Trident/6.0; MALNJS)"
186.82.81.153 - - [29/Sep/2014:08:22:38 -0500] "GET /galeria/nivo-slider/demo/images/Hacienda_Molinos.jpg HTTP/1.1" 200 319171 "http://190.27.245.106/galeria/nivo-slider/demo/demo.html" "Mozilla/5.0 (Linux; Android 4.1.2; LT22i Build/6.2.A.1.100) AppleWebKit/537.36 (KHTML, like Gecko) Chrome/37.0.2062.117 Mobile Safari/537.36"
186.30.176.192 - - [29/Sep/2014:08:22:40 -0500] "GET /isolucionsda/g/Bot_CalibracionOff_ESP.jpg HTTP/1.1" 200 3850 "http://190.27.245.106/isolucionsda/Encabezado.asp?Pagina1=FrameSetGeneral.asp&&Pagina=MagazinHome.asp" "Mozilla/5.0 (compatible; MSIE 10.0; Windows NT 6.2; WOW64; Trident/6.0; MALNJS)"
186.30.176.192 - - [29/Sep/2014:08:22:40 -0500] "GET /isolucionsda/g/Bot_Riesgos_ESP.jpg HTTP/1.1" 200 4903 "http://190.27.245.106/isolucionsda/Encabezado.asp?Pagina1=FrameSetGeneral.asp&&Pagina=MagazinHome.asp" "Mozilla/5.0 (compatible; MSIE 10.0; Windows NT 6.2; WOW64; Trident/6.0; MALNJS)"
186.30.176.192 - - [29/Sep/2014:08:22:40 -0500] "GET /isolucionsda/MagazinHome.asp HTTP/1.1" 200 25853 "http://190.27.245.106/isolucionsda/FrameSetGeneral.asp?Pagina1=FrameSetGeneral.asp&" "Mozilla/5.0 (compatible; MSIE 10.0; Windows NT 6.2; WOW64; Trident/6.0; MALNJS)"
186.30.176.192 - - [29/Sep/2014:08:22:40 -0500] "GET /isolucionsda/g/Bot_Meci_ESP.jpg HTTP/1.1" 200 4380 "http://190.27.245.106/isolucionsda/Encabezado.asp?Pagina1=FrameSetGeneral.asp&&Pagina=MagazinHome.asp" "Mozilla/5.0 (compatible; MSIE 10.0; Windows NT 6.2; WOW64; Trident/6.0; MALNJS)"
186.30.176.192 - - [29/Sep/2014:08:22:40 -0500] "GET /isolucionsda/g/Bot_ClientesOff_ESP.jpg HTTP/1.1" 200 2917 "http://190.27.245.106/isolucionsda/Encabezado.asp?Pagina1=FrameSetGeneral.asp&&Pagina=MagazinHome.asp" "Mozilla/5.0 (compatible; MSIE 10.0; Windows NT 6.2; WOW64; Trident/6.0; MALNJS)"
186.30.176.192 - - [29/Sep/2014:08:22:40 -0500] "GET /isolucionsda/g/Bot_Ambiental_ESP.jpg HTTP/1.1" 200 5259 "http://190.27.245.106/isolucionsda/Encabezado.asp?Pagina1=FrameSetGeneral.asp&&Pagina=MagazinHome.asp" "Mozilla/5.0 (compatible; MSIE 10.0; Windows NT 6.2; WOW64; Trident/6.0; MALNJS)"
186.30.176.192 - - [29/Sep/2014:08:22:40 -0500] "GET /isolucionsda/g/Bgr_BarraBotPrins.jpg HTTP/1.1" 200 944 "http://190.27.245.106/isolucionsda/Encabezado.asp?Pagina1=FrameSetGeneral.asp&&Pagina=MagazinHome.asp" "Mozilla/5.0 (compatible; MSIE 10.0; Windows NT 6.2; WOW64; Trident/6.0; MALNJS)"
186.30.176.192 - - [29/Sep/2014:08:22:40 -0500] "GET /isolucionsda/g/Bot_SySOOff_ESP.jpg HTTP/1.1" 200 3270 "http://190.27.245.106/isolucionsda/Encabezado.asp?Pagina1=FrameSetGeneral.asp&&Pagina=MagazinHome.asp" "Mozilla/5.0 (compatible; MSIE 10.0; Windows NT 6.2; WOW64; Trident/6.0; MALNJS)"
186.30.176.192 - - [29/Sep/2014:08:22:40 -0500] "GET /isolucionsda/Session.asp?Continue=1 HTTP/1.1" 200 6324 "http://190.27.245.106/isolucionsda/Encabezado.asp?Pagina1=FrameSetGeneral.asp&&Pagina=MagazinHome.asp" "Mozilla/5.0 (compatible; MSIE 10.0; Windows NT 6.2; WOW64; Trident/6.0; MALNJS)"
186.30.176.192 - - [29/Sep/2014:08:22:40 -0500] "GET /isolucionsda/g/Bgr_BarraCurva.jpg HTTP/1.1" 200 374 "http://190.27.245.106/isolucionsda/BarraTitulos.asp?Pagina1=FrameSetGeneral.asp&&Pagina=MagazinHome.asp" "Mozilla/5.0 (compatible; MSIE 10.0; Windows NT 6.2; WOW64; Trident/6.0; MALNJS)"
186.30.176.192 - - [29/Sep/2014:08:22:40 -0500] "GET /isolucionsda/g/Img_BarraCurva.jpg HTTP/1.1" 200 1826 "http://190.27.245.106/isolucionsda/BarraTitulos.asp?Pagina1=FrameSetGeneral.asp&&Pagina=MagazinHome.asp" "Mozilla/5.0 (compatible; MSIE 10.0; Windows NT 6.2; WOW64; Trident/6.0; MALNJS)"
186.30.176.192 - - [29/Sep/2014:08:22:40 -0500] "GET /isolucionsda/g/Bgr_BarraCurva2.jpg HTTP/1.1" 200 409 "http://190.27.245.106/isolucionsda/BarraTitulos.asp?Pagina1=FrameSetGeneral.asp&&Pagina=MagazinHome.asp" "Mozilla/5.0 (compatible; MSIE 10.0; Windows NT 6.2; WOW64; Trident/6.0; MALNJS)"
186.30.176.192 - - [29/Sep/2014:08:22:40 -0500] "GET /isolucionsda/g/Bgr_BarraInferior.jpg HTTP/1.1" 200 398 "http://190.27.245.106/isolucionsda/BarraFavoritos.asp" "Mozilla/5.0 (compatible; MSIE 10.0; Windows NT 6.2; WOW64; Trident/6.0; MALNJS)"
186.30.176.192 - - [29/Sep/2014:08:22:40 -0500] "GET /isolucionsda/g/Img_LogoIcono.jpg HTTP/1.1" 200 7870 "http://190.27.245.106/isolucionsda/BarraFavoritos.asp" "Mozilla/5.0 (compatible; MSIE 10.0; Windows NT 6.2; WOW64; Trident/6.0; MALNJS)"
186.30.176.192 - - [29/Sep/2014:08:22:40 -0500] "GET /isolucionsda/g/GifTransparente.gif HTTP/1.1" 200 51 "http://190.27.245.106/isolucionsda/MagazinHome.asp" "Mozilla/5.0 (compatible; MSIE 10.0; Windows NT 6.2; WOW64; Trident/6.0; MALNJS)"
186.30.176.192 - - [29/Sep/2014:08:22:40 -0500] "GET /isolucionsda/g/Bullet_PuntoAzul.gif HTTP/1.1" 200 75 "http://190.27.245.106/isolucionsda/MagazinHome.asp" "Mozilla/5.0 (compatible; MSIE 10.0; Windows NT 6.2; WOW64; Trident/6.0; MALNJS)"
186.30.176.192 - - [29/Sep/2014:08:22:40 -0500] "GET /isolucionsda/g/Bullet_FlechaAzul.gif HTTP/1.1" 200 72 "http://190.27.245.106/isolucionsda/MagazinHome.asp" "Mozilla/5.0 (compatible; MSIE 10.0; Windows NT 6.2; WOW64; Trident/6.0; MALNJS)"
186.30.176.192 - - [29/Sep/2014:08:22:40 -0500] "GET /isolucionsda/TareasSFRedirect.asp HTTP/1.1" 302 195 "http://190.27.245.106/isolucionsda/MagazinHome.asp" "Mozilla/5.0 (compatible; MSIE 10.0; Windows NT 6.2; WOW64; Trident/6.0; MALNJS)"
186.30.176.192 - - [29/Sep/2014:08:22:40 -0500] "GET /isolucionsda/g/Img_LineaPunteada.gif HTTP/1.1" 200 123 "http://190.27.245.106/isolucionsda/MagazinHome.asp" "Mozilla/5.0 (compatible; MSIE 10.0; Windows NT 6.2; WOW64; Trident/6.0; MALNJS)"
186.30.176.192 - - [29/Sep/2014:08:22:40 -0500] "GET /isolucionsda/grafvinetas/logo%2030.jpg HTTP/1.1" 200 36055 "http://190.27.245.106/isolucionsda/MagazinHome.asp" "Mozilla/5.0 (compatible; MSIE 10.0; Windows NT 6.2; WOW64; Trident/6.0; MALNJS)"
186.30.176.192 - - [29/Sep/2014:08:22:40 -0500] "GET /isolucionsda/g/Bgr_BarraMediaHome.jpg HTTP/1.1" 200 446 "http://190.27.245.106/isolucionsda/MagazinHome.asp" "Mozilla/5.0 (compatible; MSIE 10.0; Windows NT 6.2; WOW64; Trident/6.0; MALNJS)"
186.30.176.192 - - [29/Sep/2014:08:22:40 -0500] "GET /isolucionsda/g/Bgr_TituloCabezote3.jpg HTTP/1.1" 200 841 "http://190.27.245.106/isolucionsda/MagazinHome.asp" "Mozilla/5.0 (compatible; MSIE 10.0; Windows NT 6.2; WOW64; Trident/6.0; MALNJS)"
186.30.176.192 - - [29/Sep/2014:08:22:40 -0500] "GET /isolucionsda/g/Bgr_Destacado3399CC.jpg HTTP/1.1" 404 5217 "http://190.27.245.106/isolucionsda/MagazinHome.asp" "Mozilla/5.0 (compatible; MSIE 10.0; Windows NT 6.2; WOW64; Trident/6.0; MALNJS)"
186.82.81.153 - - [29/Sep/2014:08:22:38 -0500] "GET /galeria/nivo-slider/demo/images/banner-caballos.png HTTP/1.1" 200 389106 "http://190.27.245.106/galeria/nivo-slider/demo/demo.html" "Mozilla/5.0 (Linux; Android 4.1.2; LT22i Build/6.2.A.1.100) AppleWebKit/537.36 (KHTML, like Gecko) Chrome/37.0.2062.117 Mobile Safari/537.36"
181.48.114.162 - - [29/Sep/2014:08:22:41 -0500] "GET /galeria/nivo-slider/demo/demo.html HTTP/1.0" 200 4440 "http://www.ambientebogota.gov.co/" "Mozilla/5.0 (Windows NT 6.1; WOW64; rv:30.0) Gecko/20100101 Firefox/30.0"
186.30.176.192 - - [29/Sep/2014:08:22:40 -0500] "GET /isolucionsda/Login.aspx?TARGET=SFContainerFiltrado.aspx&number=55545368514857534566 HTTP/1.1" 302 886 "http://190.27.245.106/isolucionsda/MagazinHome.asp" "Mozilla/5.0 (compatible; MSIE 10.0; Windows NT 6.2; WOW64; Trident/6.0; MALNJS)"
186.30.176.192 - - [29/Sep/2014:08:22:42 -0500] "GET /isolucionsda/SFContainerFiltrado.aspx?Number=55545368514857534566 HTTP/1.1" 200 14314 "http://190.27.245.106/isolucionsda/MagazinHome.asp" "Mozilla/5.0 (compatible; MSIE 10.0; Windows NT 6.2; WOW64; Trident/6.0; MALNJS)"
186.30.176.192 - - [29/Sep/2014:08:22:42 -0500] "GET /isolucionsda/g/Bgr_TituloCabezote3Avanzado.jpg HTTP/1.1" 200 745 "http://190.27.245.106/isolucionsda/SFContainerFiltrado.aspx?Number=55545368514857534566" "Mozilla/5.0 (compatible; MSIE 10.0; Windows NT 6.2; WOW64; Trident/6.0; MALNJS)"
186.30.176.192 - - [29/Sep/2014:08:22:42 -0500] "GET /isolucionsda/g/img_titulo_Tpendientes.jpg HTTP/1.1" 200 2433 "http://190.27.245.106/isolucionsda/SFContainerFiltrado.aspx?Number=55545368514857534566" "Mozilla/5.0 (compatible; MSIE 10.0; Windows NT 6.2; WOW64; Trident/6.0; MALNJS)"
186.30.176.192 - - [29/Sep/2014:08:22:42 -0500] "GET /isolucionsda/DetalleTareas.aspx?Number=55545368514857534566 HTTP/1.1" 200 5408 "http://190.27.245.106/isolucionsda/SFContainerFiltrado.aspx?Number=55545368514857534566" "Mozilla/5.0 (compatible; MSIE 10.0; Windows NT 6.2; WOW64; Trident/6.0; MALNJS)"
181.48.114.162 - - [29/Sep/2014:08:22:42 -0500] "GET /galeria/nivo-slider/themes/orman/orman.css HTTP/1.0" 200 2152 "http://190.27.245.106/galeria/nivo-slider/demo/demo.html" "Mozilla/5.0 (Windows NT 6.1; WOW64; rv:30.0) Gecko/20100101 Firefox/30.0"
181.48.114.162 - - [29/Sep/2014:08:22:42 -0500] "GET /galeria/nivo-slider/themes/pascal/pascal.css HTTP/1.0" 200 2258 "http://190.27.245.106/galeria/nivo-slider/demo/demo.html" "Mozilla/5.0 (Windows NT 6.1; WOW64; rv:30.0) Gecko/20100101 Firefox/30.0"
181.48.114.162 - - [29/Sep/2014:08:22:42 -0500] "GET /galeria/nivo-slider/nivo-slider.css HTTP/1.0" 200 1507 "http://190.27.245.106/galeria/nivo-slider/demo/demo.html" "Mozilla/5.0 (Windows NT 6.1; WOW64; rv:30.0) Gecko/20100101 Firefox/30.0"
181.48.114.162 - - [29/Sep/2014:08:22:42 -0500] "GET /galeria/nivo-slider/demo/style.css HTTP/1.0" 200 2222 "http://190.27.245.106/galeria/nivo-slider/demo/demo.html" "Mozilla/5.0 (Windows NT 6.1; WOW64; rv:30.0) Gecko/20100101 Firefox/30.0"
181.48.114.162 - - [29/Sep/2014:08:22:42 -0500] "GET /galeria/nivo-slider/themes/default/default.css HTTP/1.0" 200 1569 "http://190.27.245.106/galeria/nivo-slider/demo/demo.html" "Mozilla/5.0 (Windows NT 6.1; WOW64; rv:30.0) Gecko/20100101 Firefox/30.0"
186.30.176.192 - - [29/Sep/2014:08:22:42 -0500] "GET /isolucionsda/auxlib.js HTTP/1.1" 404 5185 "http://190.27.245.106/isolucionsda/DetalleTareas.aspx?Number=55545368514857534566" "Mozilla/5.0 (compatible; MSIE 10.0; Windows NT 6.2; WOW64; Trident/6.0; MALNJS)"
186.30.176.192 - - [29/Sep/2014:08:22:42 -0500] "GET /isolucionsda/infowndpublic.js HTTP/1.1" 404 5199 "http://190.27.245.106/isolucionsda/DetalleTareas.aspx?Number=55545368514857534566" "Mozilla/5.0 (compatible; MSIE 10.0; Windows NT 6.2; WOW64; Trident/6.0; MALNJS)"
186.30.176.192 - - [29/Sep/2014:08:22:42 -0500] "GET /isolucionsda/infowndcore.js HTTP/1.1" 404 5195 "http://190.27.245.106/isolucionsda/DetalleTareas.aspx?Number=55545368514857534566" "Mozilla/5.0 (compatible; MSIE 10.0; Windows NT 6.2; WOW64; Trident/6.0; MALNJS)"
186.30.176.192 - - [29/Sep/2014:08:22:42 -0500] "GET /isolucionsda/StyleSheet/StyleSheetSF.css HTTP/1.1" 200 7210 "http://190.27.245.106/isolucionsda/DetalleTareas.aspx?Number=55545368514857534566" "Mozilla/5.0 (compatible; MSIE 10.0; Windows NT 6.2; WOW64; Trident/6.0; MALNJS)"
186.30.176.192 - - [29/Sep/2014:08:22:42 -0500] "GET /isolucionsda/g/bt_rojo.jpg HTTP/1.1" 200 132 "http://190.27.245.106/isolucionsda/DetalleTareas.aspx?Number=55545368514857534566" "Mozilla/5.0 (compatible; MSIE 10.0; Windows NT 6.2; WOW64; Trident/6.0; MALNJS)"
186.30.176.192 - - [29/Sep/2014:08:22:42 -0500] "GET /isolucionsda/sort.htc HTTP/1.1" 200 6098 "-" "Mozilla/5.0 (compatible; MSIE 10.0; Windows NT 6.2; WOW64; Trident/6.0; MALNJS)"
186.30.176.192 - - [29/Sep/2014:08:22:42 -0500] "GET /isolucionsda/dragdrop.htc HTTP/1.1" 200 9382 "-" "Mozilla/5.0 (compatible; MSIE 10.0; Windows NT 6.2; WOW64; Trident/6.0; MALNJS)"
181.48.114.162 - - [29/Sep/2014:08:22:42 -0500] "GET /galeria/nivo-slider/jquery.nivo.slider.pack.js HTTP/1.0" 200 11561 "http://190.27.245.106/galeria/nivo-slider/demo/demo.html" "Mozilla/5.0 (Windows NT 6.1; WOW64; rv:30.0) Gecko/20100101 Firefox/30.0"
181.48.114.162 - - [29/Sep/2014:08:22:42 -0500] "GET /galeria/nivo-slider/demo/images/banner-encuesta.jpg HTTP/1.0" 200 42764 "http://190.27.245.106/galeria/nivo-slider/demo/demo.html" "Mozilla/5.0 (Windows NT 6.1; WOW64; rv:30.0) Gecko/20100101 Firefox/30.0"
181.48.114.162 - - [29/Sep/2014:08:22:42 -0500] "GET /galeria/nivo-slider/themes/default/loading.gif HTTP/1.0" 200 1737 "http://190.27.245.106/galeria/nivo-slider/themes/default/default.css" "Mozilla/5.0 (Windows NT 6.1; WOW64; rv:30.0) Gecko/20100101 Firefox/30.0"
181.48.114.162 - - [29/Sep/2014:08:22:42 -0500] "GET /galeria/nivo-slider/demo/images/4Simple_Slider.png HTTP/1.0" 200 11722 "http://190.27.245.106/galeria/nivo-slider/demo/style.css" "Mozilla/5.0 (Windows NT 6.1; WOW64; rv:30.0) Gecko/20100101 Firefox/30.0"
181.48.114.162 - - [29/Sep/2014:08:22:42 -0500] "GET /galeria/nivo-slider/demo/images/banner-llantas2.jpg HTTP/1.0" 200 73153 "http://190.27.245.106/galeria/nivo-slider/demo/demo.html" "Mozilla/5.0 (Windows NT 6.1; WOW64; rv:30.0) Gecko/20100101 Firefox/30.0"
181.48.114.162 - - [29/Sep/2014:08:22:42 -0500] "GET /galeria/nivo-slider/demo/images/cumbre-climaNvaYork.jpg HTTP/1.0" 200 71628 "http://190.27.245.106/galeria/nivo-slider/demo/demo.html" "Mozilla/5.0 (Windows NT 6.1; WOW64; rv:30.0) Gecko/20100101 Firefox/30.0"
181.48.114.162 - - [29/Sep/2014:08:22:42 -0500] "GET /galeria/nivo-slider/demo/images/marchaxclima05a.jpg HTTP/1.0" 200 127534 "http://190.27.245.106/galeria/nivo-slider/demo/demo.html" "Mozilla/5.0 (Windows NT 6.1; WOW64; rv:30.0) Gecko/20100101 Firefox/30.0"
181.48.114.162 - - [29/Sep/2014:08:22:42 -0500] "GET /galeria/nivo-slider/demo/images/banner_adopcion2.jpg HTTP/1.0" 200 136406 "http://190.27.245.106/galeria/nivo-slider/demo/demo.html" "Mozilla/5.0 (Windows NT 6.1; WOW64; rv:30.0) Gecko/20100101 Firefox/30.0"
181.48.114.162 - - [29/Sep/2014:08:22:42 -0500] "GET /galeria/nivo-slider/demo/scripts/jquery-1.7.1.min.js HTTP/1.0" 200 93868 "http://190.27.245.106/galeria/nivo-slider/demo/demo.html" "Mozilla/5.0 (Windows NT 6.1; WOW64; rv:30.0) Gecko/20100101 Firefox/30.0"
181.48.114.162 - - [29/Sep/2014:08:22:42 -0500] "GET /galeria/nivo-slider/demo/images/Recilaton02.jpg HTTP/1.0" 200 82162 "http://190.27.245.106/galeria/nivo-slider/demo/demo.html" "Mozilla/5.0 (Windows NT 6.1; WOW64; rv:30.0) Gecko/20100101 Firefox/30.0"
181.48.114.162 - - [29/Sep/2014:08:22:42 -0500] "GET /galeria/nivo-slider/demo/images/9Signos.jpg HTTP/1.0" 200 93040 "http://190.27.245.106/galeria/nivo-slider/demo/demo.html" "Mozilla/5.0 (Windows NT 6.1; WOW64; rv:30.0) Gecko/20100101 Firefox/30.0"
181.48.114.162 - - [29/Sep/2014:08:22:42 -0500] "GET /galeria/nivo-slider/demo/images/marchaxclima03a.jpg HTTP/1.0" 200 179842 "http://190.27.245.106/galeria/nivo-slider/demo/demo.html" "Mozilla/5.0 (Windows NT 6.1; WOW64; rv:30.0) Gecko/20100101 Firefox/30.0"
181.48.114.162 - - [29/Sep/2014:08:22:42 -0500] "GET /galeria/nivo-slider/demo/images/marchaxclima01a.jpg HTTP/1.0" 200 157427 "http://190.27.245.106/galeria/nivo-slider/demo/demo.html" "Mozilla/5.0 (Windows NT 6.1; WOW64; rv:30.0) Gecko/20100101 Firefox/30.0"
181.48.114.162 - - [29/Sep/2014:08:22:42 -0500] "GET /galeria/nivo-slider/demo/images/Hacienda_Molinos.jpg HTTP/1.0" 200 319171 "http://190.27.245.106/galeria/nivo-slider/demo/demo.html" "Mozilla/5.0 (Windows NT 6.1; WOW64; rv:30.0) Gecko/20100101 Firefox/30.0"
181.48.114.162 - - [29/Sep/2014:08:22:42 -0500] "GET /galeria/nivo-slider/demo/images/jovenesplaza1.jpg HTTP/1.0" 200 152570 "http://190.27.245.106/galeria/nivo-slider/demo/demo.html" "Mozilla/5.0 (Windows NT 6.1; WOW64; rv:30.0) Gecko/20100101 Firefox/30.0"
181.48.114.162 - - [29/Sep/2014:08:22:42 -0500] "GET /galeria/nivo-slider/demo/images/bannerEcolecta3.jpg HTTP/1.0" 200 280034 "http://190.27.245.106/galeria/nivo-slider/demo/demo.html" "Mozilla/5.0 (Windows NT 6.1; WOW64; rv:30.0) Gecko/20100101 Firefox/30.0"
181.48.114.162 - - [29/Sep/2014:08:22:42 -0500] "GET /galeria/nivo-slider/demo/images/banner-caballos.png HTTP/1.0" 200 389106 "http://190.27.245.106/galeria/nivo-slider/demo/demo.html" "Mozilla/5.0 (Windows NT 6.1; WOW64; rv:30.0) Gecko/20100101 Firefox/30.0"
181.48.114.162 - - [29/Sep/2014:08:22:42 -0500] "GET /galeria/nivo-slider/demo/images/BannerIDRD1.png HTTP/1.0" 200 316313 "http://190.27.245.106/galeria/nivo-slider/demo/demo.html" "Mozilla/5.0 (Windows NT 6.1; WOW64; rv:30.0) Gecko/20100101 Firefox/30.0"
181.48.114.162 - - [29/Sep/2014:08:22:42 -0500] "GET /galeria/nivo-slider/demo/images/ConstructorasFNL.jpg HTTP/1.0" 200 216551 "http://190.27.245.106/galeria/nivo-slider/demo/demo.html" "Mozilla/5.0 (Windows NT 6.1; WOW64; rv:30.0) Gecko/20100101 Firefox/30.0"
181.48.114.162 - - [29/Sep/2014:08:22:42 -0500] "GET /galeria/nivo-slider/demo/images/Banner-Caracol-Africano.jpg HTTP/1.0" 200 331986 "http://190.27.245.106/galeria/nivo-slider/demo/demo.html" "Mozilla/5.0 (Windows NT 6.1; WOW64; rv:30.0) Gecko/20100101 Firefox/30.0"
186.82.81.153 - - [29/Sep/2014:08:22:46 -0500] "GET /galeria/nivo-slider/themes/default/arrows.png HTTP/1.1" 200 824 "http://190.27.245.106/galeria/nivo-slider/themes/default/default.css" "Mozilla/5.0 (Linux; Android 4.1.2; LT22i Build/6.2.A.1.100) AppleWebKit/537.36 (KHTML, like Gecko) Chrome/37.0.2062.117 Mobile Safari/537.36"
186.82.81.153 - - [29/Sep/2014:08:22:46 -0500] "GET /galeria/nivo-slider/themes/default/bullets.png HTTP/1.1" 200 1281 "http://190.27.245.106/galeria/nivo-slider/themes/default/default.css" "Mozilla/5.0 (Linux; Android 4.1.2; LT22i Build/6.2.A.1.100) AppleWebKit/537.36 (KHTML, like Gecko) Chrome/37.0.2062.117 Mobile Safari/537.36"
201.245.192.253 - - [29/Sep/2014:08:22:48 -0500] "POST /forest/usutareas.do? HTTP/1.1" 200 76 "http://190.27.245.106/forest/usutareas.do?group_system_actual=3&a=0.40916396028192104" "Mozilla/5.0 (Windows NT 6.1; rv:32.0) Gecko/20100101 Firefox/32.0"
201.245.192.253 - - [29/Sep/2014:08:22:50 -0500] "GET /forest/usutareas.do?group_system_actual=3&a=0.32587148844252933 HTTP/1.1" 200 19108 "http://190.27.245.106/forest/usutareas.do?group_system_actual=3&a=0.40916396028192104" "Mozilla/5.0 (Windows NT 6.1; rv:32.0) Gecko/20100101 Firefox/32.0"
201.245.192.253 - - [29/Sep/2014:08:22:50 -0500] "GET /forest/skins/gdocs-jar/css/menu.css?version=1408.271930 HTTP/1.1" 304 - "http://190.27.245.106/forest/usutareas.do?group_system_actual=3&a=0.32587148844252933" "Mozilla/5.0 (Windows NT 6.1; rv:32.0) Gecko/20100101 Firefox/32.0"
201.245.192.253 - - [29/Sep/2014:08:22:50 -0500] "GET /forest/session.jsp?a=0.7240351196140257 HTTP/1.1" 200 4 "http://190.27.245.106/forest/usutareas.do?group_system_actual=3&a=0.32587148844252933" "Mozilla/5.0 (Windows NT 6.1; rv:32.0) Gecko/20100101 Firefox/32.0"
201.245.192.253 - - [29/Sep/2014:08:22:51 -0500] "GET /forest/index2.jsp?_a=0.4593719432025073 HTTP/1.1" 200 58158 "http://190.27.245.106/forest/usutareas.do?group_system_actual=3&a=0.32587148844252933" "Mozilla/5.0 (Windows NT 6.1; rv:32.0) Gecko/20100101 Firefox/32.0"
201.245.192.253 - - [29/Sep/2014:08:22:51 -0500] "GET /forest/skins/gdocs-jar/css/menu.css?version=1408.271930 HTTP/1.1" 304 - "http://190.27.245.106/forest/index2.jsp?_a=0.4593719432025073" "Mozilla/5.0 (Windows NT 6.1; rv:32.0) Gecko/20100101 Firefox/32.0"
201.245.192.253 - - [29/Sep/2014:08:22:51 -0500] "GET /forest/skins/gdocs-jar/js/autocompletar2.js?version=1408.271930 HTTP/1.1" 304 - "http://190.27.245.106/forest/index2.jsp?_a=0.4593719432025073" "Mozilla/5.0 (Windows NT 6.1; rv:32.0) Gecko/20100101 Firefox/32.0"
201.245.192.253 - - [29/Sep/2014:08:22:51 -0500] "GET /forest/skins/gdocs-jar/js/misprocesos.js?version=1408.271930 HTTP/1.1" 304 - "http://190.27.245.106/forest/index2.jsp?_a=0.4593719432025073" "Mozilla/5.0 (Windows NT 6.1; rv:32.0) Gecko/20100101 Firefox/32.0"
201.245.192.253 - - [29/Sep/2014:08:22:51 -0500] "GET /forest/skins/gdocs-jar/js/xml_utilities.js?version=1408.271930 HTTP/1.1" 304 - "http://190.27.245.106/forest/index2.jsp?_a=0.4593719432025073" "Mozilla/5.0 (Windows NT 6.1; rv:32.0) Gecko/20100101 Firefox/32.0"
201.245.192.253 - - [29/Sep/2014:08:22:51 -0500] "GET /forest/js/inicio.js?version=1408.271930 HTTP/1.1" 304 - "http://190.27.245.106/forest/index2.jsp?_a=0.4593719432025073" "Mozilla/5.0 (Windows NT 6.1; rv:32.0) Gecko/20100101 Firefox/32.0"
201.245.192.253 - - [29/Sep/2014:08:22:52 -0500] "GET /forest/session.jsp?a=0.02705358011817105 HTTP/1.1" 200 4 "http://190.27.245.106/forest/index2.jsp?_a=0.4593719432025073" "Mozilla/5.0 (Windows NT 6.1; rv:32.0) Gecko/20100101 Firefox/32.0"
66.249.64.53 - - [29/Sep/2014:08:22:53 -0500] "GET /counter/digits/ironwd/ HTTP/1.1" 200 2988 "-" "Mozilla/5.0 (compatible; Googlebot/2.1; +http://www.google.com/bot.html)"
181.48.114.162 - - [29/Sep/2014:08:22:54 -0500] "GET /galeria/nivo-slider/themes/default/bullets.png HTTP/1.0" 200 1281 "http://190.27.245.106/galeria/nivo-slider/themes/default/default.css" "Mozilla/5.0 (Windows NT 6.1; WOW64; rv:30.0) Gecko/20100101 Firefox/30.0"
181.48.114.162 - - [29/Sep/2014:08:22:54 -0500] "GET /galeria/nivo-slider/themes/default/arrows.png HTTP/1.0" 200 824 "http://190.27.245.106/galeria/nivo-slider/themes/default/default.css" "Mozilla/5.0 (Windows NT 6.1; WOW64; rv:30.0) Gecko/20100101 Firefox/30.0"
177.254.247.246 - - [29/Sep/2014:08:22:33 -0500] "GET /BLA/resoluciones/RESOLUCIONES%202007/RES%202007%20501%20AL%20600/RESOLUCION%200555%20DE%202007.pdf HTTP/1.1" 200 1072001 "-" "Mozilla/5.0 (compatible; MSIE 9.0; Windows NT 6.1)"
186.30.176.192 - - [29/Sep/2014:08:22:54 -0500] "GET /isolucionsda/bancoconocimiento/M/MINUTACONTRATODEPRESTACIONDESERVICIOS/MINUTACONTRATODEPRESTACIONDESERVICIOS.asp HTTP/1.1" 302 157 "http://190.27.245.106/isolucionsda/MagazinHome.asp" "Mozilla/5.0 (compatible; MSIE 10.0; Windows NT 6.2; WOW64; Trident/6.0; MALNJS)"
