191.76.164.172 - - [29/Sep/2014:08:07:52 -0500] "GET /BLA/boletinlegal/js/jquery.scrollTo-min.js HTTP/1.1" 200 1150 "http://www.ambientebogota.gov.co/" "Mozilla/5.0 (Windows NT 6.1; WOW64) AppleWebKit/537.36 (KHTML, like Gecko) Chrome/37.0.2062.124 Safari/537.36"
191.76.164.172 - - [29/Sep/2014:08:07:52 -0500] "GET /BLA/boletinlegal/js/jquery.scrollShow.js HTTP/1.1" 200 4586 "http://www.ambientebogota.gov.co/" "Mozilla/5.0 (Windows NT 6.1; WOW64) AppleWebKit/537.36 (KHTML, like Gecko) Chrome/37.0.2062.124 Safari/537.36"
191.76.164.172 - - [29/Sep/2014:08:07:52 -0500] "GET /galeria/carrusel/Carrusel/jquery.thumbnailScroller.css HTTP/1.1" 200 2066 "http://www.ambientebogota.gov.co/" "Mozilla/5.0 (Windows NT 6.1; WOW64) AppleWebKit/537.36 (KHTML, like Gecko) Chrome/37.0.2062.124 Safari/537.36"
191.76.164.172 - - [29/Sep/2014:08:07:52 -0500] "GET /BLA/boletinlegal/js/jquery.js HTTP/1.1" 200 57254 "http://www.ambientebogota.gov.co/" "Mozilla/5.0 (Windows NT 6.1; WOW64) AppleWebKit/537.36 (KHTML, like Gecko) Chrome/37.0.2062.124 Safari/537.36"
191.76.164.172 - - [29/Sep/2014:08:07:52 -0500] "GET /galeria/carrusel/Carrusel/jquery-ui-1.8.13.custom.min.js HTTP/1.1" 200 10800 "http://www.ambientebogota.gov.co/" "Mozilla/5.0 (Windows NT 6.1; WOW64) AppleWebKit/537.36 (KHTML, like Gecko) Chrome/37.0.2062.124 Safari/537.36"
191.76.164.172 - - [29/Sep/2014:08:07:52 -0500] "GET /galeria/carrusel/Carrusel/jquery.thumbnailScroller.js HTTP/1.1" 200 8157 "http://www.ambientebogota.gov.co/" "Mozilla/5.0 (Windows NT 6.1; WOW64) AppleWebKit/537.36 (KHTML, like Gecko) Chrome/37.0.2062.124 Safari/537.36"
191.76.164.172 - - [29/Sep/2014:08:07:55 -0500] "GET /galeria/nivo-slider/demo/demo.html HTTP/1.1" 200 4440 "http://www.ambientebogota.gov.co/" "Mozilla/5.0 (Windows NT 6.1; WOW64) AppleWebKit/537.36 (KHTML, like Gecko) Chrome/37.0.2062.124 Safari/537.36"
191.76.164.172 - - [29/Sep/2014:08:07:55 -0500] "GET /galeria/nivo-slider/themes/default/default.css HTTP/1.1" 200 1569 "http://190.27.245.106/galeria/nivo-slider/demo/demo.html" "Mozilla/5.0 (Windows NT 6.1; WOW64) AppleWebKit/537.36 (KHTML, like Gecko) Chrome/37.0.2062.124 Safari/537.36"
191.76.164.172 - - [29/Sep/2014:08:07:55 -0500] "GET /galeria/nivo-slider/themes/pascal/pascal.css HTTP/1.1" 200 2258 "http://190.27.245.106/galeria/nivo-slider/demo/demo.html" "Mozilla/5.0 (Windows NT 6.1; WOW64) AppleWebKit/537.36 (KHTML, like Gecko) Chrome/37.0.2062.124 Safari/537.36"
191.76.164.172 - - [29/Sep/2014:08:07:55 -0500] "GET /galeria/nivo-slider/themes/orman/orman.css HTTP/1.1" 200 2152 "http://190.27.245.106/galeria/nivo-slider/demo/demo.html" "Mozilla/5.0 (Windows NT 6.1; WOW64) AppleWebKit/537.36 (KHTML, like Gecko) Chrome/37.0.2062.124 Safari/537.36"
191.76.164.172 - - [29/Sep/2014:08:07:55 -0500] "GET /galeria/nivo-slider/nivo-slider.css HTTP/1.1" 200 1507 "http://190.27.245.106/galeria/nivo-slider/demo/demo.html" "Mozilla/5.0 (Windows NT 6.1; WOW64) AppleWebKit/537.36 (KHTML, like Gecko) Chrome/37.0.2062.124 Safari/537.36"
191.76.164.172 - - [29/Sep/2014:08:07:55 -0500] "GET /galeria/nivo-slider/demo/style.css HTTP/1.1" 200 2222 "http://190.27.245.106/galeria/nivo-slider/demo/demo.html" "Mozilla/5.0 (Windows NT 6.1; WOW64) AppleWebKit/537.36 (KHTML, like Gecko) Chrome/37.0.2062.124 Safari/537.36"
191.76.164.172 - - [29/Sep/2014:08:07:55 -0500] "GET /galeria/nivo-slider/demo/images/banner_adopcion2.jpg HTTP/1.1" 200 136406 "http://190.27.245.106/galeria/nivo-slider/demo/demo.html" "Mozilla/5.0 (Windows NT 6.1; WOW64) AppleWebKit/537.36 (KHTML, like Gecko) Chrome/37.0.2062.124 Safari/537.36"
191.76.164.172 - - [29/Sep/2014:08:07:55 -0500] "GET /galeria/nivo-slider/demo/images/BannerIDRD1.png HTTP/1.1" 200 316313 "http://190.27.245.106/galeria/nivo-slider/demo/demo.html" "Mozilla/5.0 (Windows NT 6.1; WOW64) AppleWebKit/537.36 (KHTML, like Gecko) Chrome/37.0.2062.124 Safari/537.36"
186.145.162.140 - - [29/Sep/2014:08:07:56 -0500] "POST /forms/lservlet;jsessionid=ac16012b30d54661e737b9614ff5ba42d5f9c4d89e7e.e3iSbxaKaheRe34Sa3yKbhiTahb0n6jAmljGr5XDqQLvpAe HTTP/1.1" 200 2 "-" "Java1.3.1.22-internal"
191.76.164.172 - - [29/Sep/2014:08:07:56 -0500] "GET /galeria/nivo-slider/demo/images/Recilaton02.jpg HTTP/1.1" 200 82162 "http://190.27.245.106/galeria/nivo-slider/demo/demo.html" "Mozilla/5.0 (Windows NT 6.1; WOW64) AppleWebKit/537.36 (KHTML, like Gecko) Chrome/37.0.2062.124 Safari/537.36"
191.76.164.172 - - [29/Sep/2014:08:07:56 -0500] "GET /galeria/nivo-slider/demo/images/cumbre-climaNvaYork.jpg HTTP/1.1" 200 71628 "http://190.27.245.106/galeria/nivo-slider/demo/demo.html" "Mozilla/5.0 (Windows NT 6.1; WOW64) AppleWebKit/537.36 (KHTML, like Gecko) Chrome/37.0.2062.124 Safari/537.36"
191.76.164.172 - - [29/Sep/2014:08:07:55 -0500] "GET /galeria/nivo-slider/demo/images/jovenesplaza1.jpg HTTP/1.1" 200 152570 "http://190.27.245.106/galeria/nivo-slider/demo/demo.html" "Mozilla/5.0 (Windows NT 6.1; WOW64) AppleWebKit/537.36 (KHTML, like Gecko) Chrome/37.0.2062.124 Safari/537.36"
191.76.164.172 - - [29/Sep/2014:08:07:56 -0500] "GET /galeria/nivo-slider/demo/images/Banner-Caracol-Africano.jpg HTTP/1.1" 200 331986 "http://190.27.245.106/galeria/nivo-slider/demo/demo.html" "Mozilla/5.0 (Windows NT 6.1; WOW64) AppleWebKit/537.36 (KHTML, like Gecko) Chrome/37.0.2062.124 Safari/537.36"
191.76.164.172 - - [29/Sep/2014:08:07:55 -0500] "GET /galeria/nivo-slider/demo/images/marchaxclima01a.jpg HTTP/1.1" 200 157427 "http://190.27.245.106/galeria/nivo-slider/demo/demo.html" "Mozilla/5.0 (Windows NT 6.1; WOW64) AppleWebKit/537.36 (KHTML, like Gecko) Chrome/37.0.2062.124 Safari/537.36"
191.76.164.172 - - [29/Sep/2014:08:07:56 -0500] "GET /galeria/nivo-slider/demo/images/marchaxclima05a.jpg HTTP/1.1" 200 127534 "http://190.27.245.106/galeria/nivo-slider/demo/demo.html" "Mozilla/5.0 (Windows NT 6.1; WOW64) AppleWebKit/537.36 (KHTML, like Gecko) Chrome/37.0.2062.124 Safari/537.36"
191.76.164.172 - - [29/Sep/2014:08:07:55 -0500] "GET /galeria/nivo-slider/demo/images/marchaxclima03a.jpg HTTP/1.1" 200 179842 "http://190.27.245.106/galeria/nivo-slider/demo/demo.html" "Mozilla/5.0 (Windows NT 6.1; WOW64) AppleWebKit/537.36 (KHTML, like Gecko) Chrome/37.0.2062.124 Safari/537.36"
191.76.164.172 - - [29/Sep/2014:08:07:55 -0500] "GET /galeria/nivo-slider/demo/images/bannerEcolecta3.jpg HTTP/1.1" 200 280034 "http://190.27.245.106/galeria/nivo-slider/demo/demo.html" "Mozilla/5.0 (Windows NT 6.1; WOW64) AppleWebKit/537.36 (KHTML, like Gecko) Chrome/37.0.2062.124 Safari/537.36"
186.145.162.140 - - [29/Sep/2014:08:08:00 -0500] "POST /forms/lservlet;jsessionid=ac16012b30d54661e737b9614ff5ba42d5f9c4d89e7e.e3iSbxaKaheRe34Sa3yKbhiTahb0n6jAmljGr5XDqQLvpAe HTTP/1.1" 200 2 "-" "Java1.3.1.22-internal"
186.145.162.140 - - [29/Sep/2014:08:08:00 -0500] "POST /forms/lservlet;jsessionid=ac16012b30d54661e737b9614ff5ba42d5f9c4d89e7e.e3iSbxaKaheRe34Sa3yKbhiTahb0n6jAmljGr5XDqQLvpAe HTTP/1.1" 200 69 "-" "Java1.3.1.22-internal"
186.145.162.140 - - [29/Sep/2014:08:08:01 -0500] "POST /forms/lservlet;jsessionid=ac16012b30d54661e737b9614ff5ba42d5f9c4d89e7e.e3iSbxaKaheRe34Sa3yKbhiTahb0n6jAmljGr5XDqQLvpAe HTTP/1.1" 200 2 "-" "Java1.3.1.22-internal"
186.145.162.140 - - [29/Sep/2014:08:08:01 -0500] "POST /forms/lservlet;jsessionid=ac16012b30d54661e737b9614ff5ba42d5f9c4d89e7e.e3iSbxaKaheRe34Sa3yKbhiTahb0n6jAmljGr5XDqQLvpAe HTTP/1.1" 200 2 "-" "Java1.3.1.22-internal"
186.145.162.140 - - [29/Sep/2014:08:08:02 -0500] "POST /forms/lservlet;jsessionid=ac16012b30d54661e737b9614ff5ba42d5f9c4d89e7e.e3iSbxaKaheRe34Sa3yKbhiTahb0n6jAmljGr5XDqQLvpAe HTTP/1.1" 200 1528 "-" "Java1.3.1.22-internal"
186.145.162.140 - - [29/Sep/2014:08:08:02 -0500] "POST /forms/lservlet;jsessionid=ac16012b30d54661e737b9614ff5ba42d5f9c4d89e7e.e3iSbxaKaheRe34Sa3yKbhiTahb0n6jAmljGr5XDqQLvpAe HTTP/1.1" 200 2 "-" "Java1.3.1.22-internal"
186.145.162.140 - - [29/Sep/2014:08:08:02 -0500] "POST /forms/lservlet;jsessionid=ac16012b30d54661e737b9614ff5ba42d5f9c4d89e7e.e3iSbxaKaheRe34Sa3yKbhiTahb0n6jAmljGr5XDqQLvpAe HTTP/1.1" 200 2 "-" "Java1.3.1.22-internal"
181.136.226.38 - - [29/Sep/2014:08:08:08 -0500] "GET /BLA/boletinlegal/js/jquery.scrollTo-min.js HTTP/1.1" 200 1150 "http://ambientebogota.gov.co/en/web/escombros/resolucion" "Mozilla/5.0 (Windows NT 6.1) AppleWebKit/537.36 (KHTML, like Gecko) Chrome/37.0.2062.124 Safari/537.36"
181.136.226.38 - - [29/Sep/2014:08:08:08 -0500] "GET /BLA/boletinlegal/js/jquery.scrollShow.js HTTP/1.1" 200 4586 "http://ambientebogota.gov.co/en/web/escombros/resolucion" "Mozilla/5.0 (Windows NT 6.1) AppleWebKit/537.36 (KHTML, like Gecko) Chrome/37.0.2062.124 Safari/537.36"
181.136.226.38 - - [29/Sep/2014:08:08:08 -0500] "GET /BLA/boletinlegal/js/jquery.js HTTP/1.1" 200 57254 "http://ambientebogota.gov.co/en/web/escombros/resolucion" "Mozilla/5.0 (Windows NT 6.1) AppleWebKit/537.36 (KHTML, like Gecko) Chrome/37.0.2062.124 Safari/537.36"
190.26.43.250 - - [29/Sep/2014:08:08:16 -0500] "GET /catalogoisis HTTP/1.1" 301 456 "http://www.ambientebogota.gov.co/web/sda/consulta-web" "Mozilla/5.0 (Windows NT 6.1) AppleWebKit/537.36 (KHTML, like Gecko) Chrome/37.0.2062.124 Safari/537.36"
190.26.43.250 - - [29/Sep/2014:08:08:22 -0500] "GET /catalogoisis/ HTTP/1.1" 200 8575 "http://www.ambientebogota.gov.co/web/sda/consulta-web" "Mozilla/5.0 (Windows NT 6.1) AppleWebKit/537.36 (KHTML, like Gecko) Chrome/37.0.2062.124 Safari/537.36"
190.26.43.250 - - [29/Sep/2014:08:08:24 -0500] "GET /catalogoisis/Css/Busqueda.css HTTP/1.1" 200 1995 "http://190.27.245.106/catalogoisis/" "Mozilla/5.0 (Windows NT 6.1) AppleWebKit/537.36 (KHTML, like Gecko) Chrome/37.0.2062.124 Safari/537.36"
190.26.43.250 - - [29/Sep/2014:08:08:24 -0500] "GET /catalogoisis/Js/Go.js HTTP/1.1" 200 364 "http://190.27.245.106/catalogoisis/" "Mozilla/5.0 (Windows NT 6.1) AppleWebKit/537.36 (KHTML, like Gecko) Chrome/37.0.2062.124 Safari/537.36"
190.26.43.250 - - [29/Sep/2014:08:08:24 -0500] "GET /catalogoisis/Js/CriterioCombinada.js HTTP/1.1" 200 1843 "http://190.27.245.106/catalogoisis/" "Mozilla/5.0 (Windows NT 6.1) AppleWebKit/537.36 (KHTML, like Gecko) Chrome/37.0.2062.124 Safari/537.36"
190.26.43.250 - - [29/Sep/2014:08:08:24 -0500] "GET /catalogoisis/Js/Numero.js HTTP/1.1" 200 398 "http://190.27.245.106/catalogoisis/" "Mozilla/5.0 (Windows NT 6.1) AppleWebKit/537.36 (KHTML, like Gecko) Chrome/37.0.2062.124 Safari/537.36"
190.26.43.250 - - [29/Sep/2014:08:08:24 -0500] "GET /catalogoisis/Js/Remote.js HTTP/1.1" 200 436 "http://190.27.245.106/catalogoisis/" "Mozilla/5.0 (Windows NT 6.1) AppleWebKit/537.36 (KHTML, like Gecko) Chrome/37.0.2062.124 Safari/537.36"
190.26.43.250 - - [29/Sep/2014:08:08:24 -0500] "GET /catalogoisis/Js/AceptarLimpiar.js HTTP/1.1" 200 331 "http://190.27.245.106/catalogoisis/" "Mozilla/5.0 (Windows NT 6.1) AppleWebKit/537.36 (KHTML, like Gecko) Chrome/37.0.2062.124 Safari/537.36"
190.26.43.250 - - [29/Sep/2014:08:08:24 -0500] "GET /catalogoisis/Js/Cookies.js HTTP/1.1" 200 1369 "http://190.27.245.106/catalogoisis/" "Mozilla/5.0 (Windows NT 6.1) AppleWebKit/537.36 (KHTML, like Gecko) Chrome/37.0.2062.124 Safari/537.36"
190.26.43.250 - - [29/Sep/2014:08:08:24 -0500] "GET /catalogoisis/Js/LimpiarCombinada.js HTTP/1.1" 200 207 "http://190.27.245.106/catalogoisis/" "Mozilla/5.0 (Windows NT 6.1) AppleWebKit/537.36 (KHTML, like Gecko) Chrome/37.0.2062.124 Safari/537.36"
190.26.43.250 - - [29/Sep/2014:08:08:24 -0500] "GET /catalogoisis/Js/Enter.js HTTP/1.1" 200 1208 "http://190.27.245.106/catalogoisis/" "Mozilla/5.0 (Windows NT 6.1) AppleWebKit/537.36 (KHTML, like Gecko) Chrome/37.0.2062.124 Safari/537.36"
186.145.162.140 - - [29/Sep/2014:08:08:26 -0500] "POST /forms/lservlet;jsessionid=ac16012b30d54661e737b9614ff5ba42d5f9c4d89e7e.e3iSbxaKaheRe34Sa3yKbhiTahb0n6jAmljGr5XDqQLvpAe HTTP/1.1" 200 171 "-" "Java1.3.1.22-internal"
190.26.43.250 - - [29/Sep/2014:08:08:26 -0500] "GET /catalogoisis/imagenes/Header.gif HTTP/1.1" 200 14509 "http://190.27.245.106/catalogoisis/" "Mozilla/5.0 (Windows NT 6.1) AppleWebKit/537.36 (KHTML, like Gecko) Chrome/37.0.2062.124 Safari/537.36"
74.86.158.107 - - [29/Sep/2014:08:08:27 -0500] "HEAD / HTTP/1.1" 302 - "-" "Mozilla/5.0+(compatible; UptimeRobot/2.0; http://www.uptimerobot.com/)"
186.145.162.140 - - [29/Sep/2014:08:08:31 -0500] "POST /forms/lservlet;jsessionid=ac16012b30d54661e737b9614ff5ba42d5f9c4d89e7e.e3iSbxaKaheRe34Sa3yKbhiTahb0n6jAmljGr5XDqQLvpAe HTTP/1.1" 200 100 "-" "Java1.3.1.22-internal"
190.26.43.250 - - [29/Sep/2014:08:08:32 -0500] "GET /catalogoisis/imagenes/br1c1.gif HTTP/1.1" 200 172 "http://190.27.245.106/catalogoisis/" "Mozilla/5.0 (Windows NT 6.1) AppleWebKit/537.36 (KHTML, like Gecko) Chrome/37.0.2062.124 Safari/537.36"
190.26.43.250 - - [29/Sep/2014:08:08:32 -0500] "GET /catalogoisis/imagenes/Turnbo1.gif HTTP/1.1" 200 227 "http://190.27.245.106/catalogoisis/" "Mozilla/5.0 (Windows NT 6.1) AppleWebKit/537.36 (KHTML, like Gecko) Chrome/37.0.2062.124 Safari/537.36"
190.26.43.250 - - [29/Sep/2014:08:08:32 -0500] "GET /catalogoisis/imagenes/aceptar1.gif HTTP/1.1" 200 604 "http://190.27.245.106/catalogoisis/" "Mozilla/5.0 (Windows NT 6.1) AppleWebKit/537.36 (KHTML, like Gecko) Chrome/37.0.2062.124 Safari/537.36"
190.26.43.250 - - [29/Sep/2014:08:08:32 -0500] "GET /catalogoisis/imagenes/limpiar1.gif HTTP/1.1" 200 606 "http://190.27.245.106/catalogoisis/" "Mozilla/5.0 (Windows NT 6.1) AppleWebKit/537.36 (KHTML, like Gecko) Chrome/37.0.2062.124 Safari/537.36"
190.26.43.250 - - [29/Sep/2014:08:08:32 -0500] "GET /catalogoisis/imagenes/br1c3.gif HTTP/1.1" 200 302 "http://190.27.245.106/catalogoisis/" "Mozilla/5.0 (Windows NT 6.1) AppleWebKit/537.36 (KHTML, like Gecko) Chrome/37.0.2062.124 Safari/537.36"
186.145.162.140 - - [29/Sep/2014:08:08:35 -0500] "POST /forms/lservlet;jsessionid=ac16012b30d54661e737b9614ff5ba42d5f9c4d89e7e.e3iSbxaKaheRe34Sa3yKbhiTahb0n6jAmljGr5XDqQLvpAe HTTP/1.1" 200 2 "-" "Java1.3.1.22-internal"
190.26.43.250 - - [29/Sep/2014:08:08:35 -0500] "GET /catalogoisis/imagenes/br3c1.gif HTTP/1.1" 200 177 "http://190.27.245.106/catalogoisis/" "Mozilla/5.0 (Windows NT 6.1) AppleWebKit/537.36 (KHTML, like Gecko) Chrome/37.0.2062.124 Safari/537.36"
190.26.43.250 - - [29/Sep/2014:08:08:35 -0500] "GET /catalogoisis/imagenes/br3c2.gif HTTP/1.1" 200 285 "http://190.27.245.106/catalogoisis/" "Mozilla/5.0 (Windows NT 6.1) AppleWebKit/537.36 (KHTML, like Gecko) Chrome/37.0.2062.124 Safari/537.36"
186.145.162.140 - - [29/Sep/2014:08:08:35 -0500] "POST /forms/lservlet;jsessionid=ac16012b30d54661e737b9614ff5ba42d5f9c4d89e7e.e3iSbxaKaheRe34Sa3yKbhiTahb0n6jAmljGr5XDqQLvpAe HTTP/1.1" 200 2328 "-" "Java1.3.1.22-internal"
186.145.162.140 - - [29/Sep/2014:08:08:36 -0500] "GET /imagenes/Srch_frw.gif HTTP/1.1" 200 925 "-" "Java1.3.1.22-internal"
186.145.162.140 - - [29/Sep/2014:08:08:36 -0500] "POST /forms/lservlet;jsessionid=ac16012b30d54661e737b9614ff5ba42d5f9c4d89e7e.e3iSbxaKaheRe34Sa3yKbhiTahb0n6jAmljGr5XDqQLvpAe HTTP/1.1" 200 15 "-" "Java1.3.1.22-internal"
190.26.43.250 - - [29/Sep/2014:08:08:36 -0500] "GET /catalogoisis/imagenes/br3c3.gif HTTP/1.1" 200 186 "http://190.27.245.106/catalogoisis/" "Mozilla/5.0 (Windows NT 6.1) AppleWebKit/537.36 (KHTML, like Gecko) Chrome/37.0.2062.124 Safari/537.36"
190.26.43.250 - - [29/Sep/2014:08:08:36 -0500] "GET /catalogoisis/imagenes/br1c2.gif HTTP/1.1" 200 297 "http://190.27.245.106/catalogoisis/Css/Busqueda.css" "Mozilla/5.0 (Windows NT 6.1) AppleWebKit/537.36 (KHTML, like Gecko) Chrome/37.0.2062.124 Safari/537.36"
190.26.43.250 - - [29/Sep/2014:08:08:36 -0500] "GET /catalogoisis/imagenes/br2c1.gif HTTP/1.1" 200 297 "http://190.27.245.106/catalogoisis/Css/Busqueda.css" "Mozilla/5.0 (Windows NT 6.1) AppleWebKit/537.36 (KHTML, like Gecko) Chrome/37.0.2062.124 Safari/537.36"
190.26.43.250 - - [29/Sep/2014:08:08:36 -0500] "GET /catalogoisis/imagenes/br2c2.gif HTTP/1.1" 200 302 "http://190.27.245.106/catalogoisis/Css/Busqueda.css" "Mozilla/5.0 (Windows NT 6.1) AppleWebKit/537.36 (KHTML, like Gecko) Chrome/37.0.2062.124 Safari/537.36"
186.145.162.140 - - [29/Sep/2014:08:08:37 -0500] "POST /forms/lservlet;jsessionid=ac16012b30d54661e737b9614ff5ba42d5f9c4d89e7e.e3iSbxaKaheRe34Sa3yKbhiTahb0n6jAmljGr5XDqQLvpAe HTTP/1.1" 200 43 "-" "Java1.3.1.22-internal"
201.245.192.253 - - [29/Sep/2014:08:08:38 -0500] "GET /forest/skins/gdocs-jar/popup/popup.jsp?width=1100&height=500&title=Buscar%20procesos&uri=/forest/buscar.do%3Ftype%3Dprocesos&name=undefined&_a=0.16366461498106022&a=0.3454412408882155 HTTP/1.1" 200 1175 "http://190.27.245.106/forest/index2.jsp?a=0.324212538392623" "Mozilla/5.0 (Windows NT 6.1; rv:32.0) Gecko/20100101 Firefox/32.0"
201.245.192.253 - - [29/Sep/2014:08:08:38 -0500] "GET /forest/buscar.do?type=procesos HTTP/1.1" 200 26151 "http://190.27.245.106/forest/index2.jsp?a=0.324212538392623" "Mozilla/5.0 (Windows NT 6.1; rv:32.0) Gecko/20100101 Firefox/32.0"
201.245.192.253 - - [29/Sep/2014:08:08:38 -0500] "GET /forest/buscar.do?type=procesos HTTP/1.1" 200 96508 "http://190.27.245.106/forest/index2.jsp?a=0.324212538392623" "Mozilla/5.0 (Windows NT 6.1; rv:32.0) Gecko/20100101 Firefox/32.0"
190.26.43.250 - - [29/Sep/2014:08:08:39 -0500] "GET /catalogoisis/imagenes/br2c3.gif HTTP/1.1" 200 416 "http://190.27.245.106/catalogoisis/Css/Busqueda.css" "Mozilla/5.0 (Windows NT 6.1) AppleWebKit/537.36 (KHTML, like Gecko) Chrome/37.0.2062.124 Safari/537.36"
201.245.192.253 - - [29/Sep/2014:08:08:39 -0500] "GET /forest/json.do?query=usersByDep&coddep=221 HTTP/1.1" 200 2978 "http://190.27.245.106/forest/buscar.do?type=procesos" "Mozilla/5.0 (Windows NT 6.1; rv:32.0) Gecko/20100101 Firefox/32.0"
201.245.192.253 - - [29/Sep/2014:08:08:39 -0500] "GET /forest/json.do?query=usersByDep&coddep=221 HTTP/1.1" 200 2978 "http://190.27.245.106/forest/buscar.do?type=procesos" "Mozilla/5.0 (Windows NT 6.1; rv:32.0) Gecko/20100101 Firefox/32.0"
186.145.162.140 - - [29/Sep/2014:08:08:39 -0500] "POST /forms/lservlet;jsessionid=ac16012b30d54661e737b9614ff5ba42d5f9c4d89e7e.e3iSbxaKaheRe34Sa3yKbhiTahb0n6jAmljGr5XDqQLvpAe HTTP/1.1" 200 21 "-" "Java1.3.1.22-internal"
186.145.162.140 - - [29/Sep/2014:08:08:39 -0500] "POST /forms/lservlet;jsessionid=ac16012b30d54661e737b9614ff5ba42d5f9c4d89e7e.e3iSbxaKaheRe34Sa3yKbhiTahb0n6jAmljGr5XDqQLvpAe HTTP/1.1" 200 14 "-" "Java1.3.1.22-internal"
186.145.162.140 - - [29/Sep/2014:08:08:41 -0500] "POST /forms/lservlet;jsessionid=ac16012b30d54661e737b9614ff5ba42d5f9c4d89e7e.e3iSbxaKaheRe34Sa3yKbhiTahb0n6jAmljGr5XDqQLvpAe HTTP/1.1" 200 4399 "-" "Java1.3.1.22-internal"
186.145.162.140 - - [29/Sep/2014:08:08:42 -0500] "POST /forms/lservlet;jsessionid=ac16012b30d54661e737b9614ff5ba42d5f9c4d89e7e.e3iSbxaKaheRe34Sa3yKbhiTahb0n6jAmljGr5XDqQLvpAe HTTP/1.1" 200 20 "-" "Java1.3.1.22-internal"
201.245.192.253 - - [29/Sep/2014:08:08:42 -0500] "GET /forest/session.jsp?a=0.2155062300532471 HTTP/1.1" 200 4 "http://190.27.245.106/forest/index2.jsp?_a=0.11865852171584923" "Mozilla/5.0 (Windows NT 6.1; rv:23.0) Gecko/20100101 Firefox/23.0"
186.145.162.140 - - [29/Sep/2014:08:08:43 -0500] "POST /forms/lservlet;jsessionid=ac16012b30d54661e737b9614ff5ba42d5f9c4d89e7e.e3iSbxaKaheRe34Sa3yKbhiTahb0n6jAmljGr5XDqQLvpAe HTTP/1.1" 200 144 "-" "Java1.3.1.22-internal"
186.145.162.140 - - [29/Sep/2014:08:08:45 -0500] "POST /forms/lservlet;jsessionid=ac16012b30d54661e737b9614ff5ba42d5f9c4d89e7e.e3iSbxaKaheRe34Sa3yKbhiTahb0n6jAmljGr5XDqQLvpAe HTTP/1.1" 200 103 "-" "Java1.3.1.22-internal"
186.145.162.140 - - [29/Sep/2014:08:08:46 -0500] "POST /forms/lservlet;jsessionid=ac16012b30d54661e737b9614ff5ba42d5f9c4d89e7e.e3iSbxaKaheRe34Sa3yKbhiTahb0n6jAmljGr5XDqQLvpAe HTTP/1.1" 200 8 "-" "Java1.3.1.22-internal"
186.145.162.140 - - [29/Sep/2014:08:08:46 -0500] "POST /forms/lservlet;jsessionid=ac16012b30d54661e737b9614ff5ba42d5f9c4d89e7e.e3iSbxaKaheRe34Sa3yKbhiTahb0n6jAmljGr5XDqQLvpAe HTTP/1.1" 200 2 "-" "Java1.3.1.22-internal"
190.242.127.190 - - [29/Sep/2014:08:08:50 -0500] "GET /galeria/carrusel/Carrusel/jquery.thumbnailScroller.css HTTP/1.1" 200 2066 "http://ambientebogota.gov.co/" "Mozilla/5.0 (Windows NT 6.1) AppleWebKit/537.19 (KHTML, like Gecko) Chrome/25.0.1323.1 Safari/537.19"
190.242.127.190 - - [29/Sep/2014:08:08:50 -0500] "GET /galeria/carrusel/Carrusel/jquery.thumbnailScroller.js HTTP/1.1" 200 8157 "http://ambientebogota.gov.co/" "Mozilla/5.0 (Windows NT 6.1) AppleWebKit/537.19 (KHTML, like Gecko) Chrome/25.0.1323.1 Safari/537.19"
190.242.127.190 - - [29/Sep/2014:08:08:50 -0500] "GET /galeria/carrusel/Carrusel/jquery-ui-1.8.13.custom.min.js HTTP/1.1" 200 10800 "http://ambientebogota.gov.co/" "Mozilla/5.0 (Windows NT 6.1) AppleWebKit/537.19 (KHTML, like Gecko) Chrome/25.0.1323.1 Safari/537.19"
190.242.127.190 - - [29/Sep/2014:08:08:50 -0500] "GET /galeria/nivo-slider/demo/demo.html HTTP/1.1" 200 4440 "http://ambientebogota.gov.co/" "Mozilla/5.0 (Windows NT 6.1) AppleWebKit/537.19 (KHTML, like Gecko) Chrome/25.0.1323.1 Safari/537.19"
190.242.127.190 - - [29/Sep/2014:08:08:50 -0500] "GET /galeria/nivo-slider/themes/default/default.css HTTP/1.1" 200 1569 "http://190.27.245.106/galeria/nivo-slider/demo/demo.html" "Mozilla/5.0 (Windows NT 6.1) AppleWebKit/537.19 (KHTML, like Gecko) Chrome/25.0.1323.1 Safari/537.19"
190.242.127.190 - - [29/Sep/2014:08:08:50 -0500] "GET /galeria/nivo-slider/themes/orman/orman.css HTTP/1.1" 200 2152 "http://190.27.245.106/galeria/nivo-slider/demo/demo.html" "Mozilla/5.0 (Windows NT 6.1) AppleWebKit/537.19 (KHTML, like Gecko) Chrome/25.0.1323.1 Safari/537.19"
190.242.127.190 - - [29/Sep/2014:08:08:50 -0500] "GET /galeria/nivo-slider/themes/pascal/pascal.css HTTP/1.1" 200 2258 "http://190.27.245.106/galeria/nivo-slider/demo/demo.html" "Mozilla/5.0 (Windows NT 6.1) AppleWebKit/537.19 (KHTML, like Gecko) Chrome/25.0.1323.1 Safari/537.19"
190.242.127.190 - - [29/Sep/2014:08:08:50 -0500] "GET /galeria/nivo-slider/demo/style.css HTTP/1.1" 200 2222 "http://190.27.245.106/galeria/nivo-slider/demo/demo.html" "Mozilla/5.0 (Windows NT 6.1) AppleWebKit/537.19 (KHTML, like Gecko) Chrome/25.0.1323.1 Safari/537.19"
190.242.127.190 - - [29/Sep/2014:08:08:50 -0500] "GET /galeria/nivo-slider/nivo-slider.css HTTP/1.1" 200 1507 "http://190.27.245.106/galeria/nivo-slider/demo/demo.html" "Mozilla/5.0 (Windows NT 6.1) AppleWebKit/537.19 (KHTML, like Gecko) Chrome/25.0.1323.1 Safari/537.19"
190.242.127.190 - - [29/Sep/2014:08:08:50 -0500] "GET /galeria/nivo-slider/jquery.nivo.slider.pack.js HTTP/1.1" 200 11561 "http://190.27.245.106/galeria/nivo-slider/demo/demo.html" "Mozilla/5.0 (Windows NT 6.1) AppleWebKit/537.19 (KHTML, like Gecko) Chrome/25.0.1323.1 Safari/537.19"
190.242.127.190 - - [29/Sep/2014:08:08:50 -0500] "GET /galeria/nivo-slider/demo/images/marchaxclima01a.jpg HTTP/1.1" 200 157427 "http://190.27.245.106/galeria/nivo-slider/demo/demo.html" "Mozilla/5.0 (Windows NT 6.1) AppleWebKit/537.19 (KHTML, like Gecko) Chrome/25.0.1323.1 Safari/537.19"
190.242.127.190 - - [29/Sep/2014:08:08:50 -0500] "GET /galeria/nivo-slider/demo/images/jovenesplaza1.jpg HTTP/1.1" 200 152570 "http://190.27.245.106/galeria/nivo-slider/demo/demo.html" "Mozilla/5.0 (Windows NT 6.1) AppleWebKit/537.19 (KHTML, like Gecko) Chrome/25.0.1323.1 Safari/537.19"
190.242.127.190 - - [29/Sep/2014:08:08:50 -0500] "GET /galeria/nivo-slider/demo/scripts/jquery-1.7.1.min.js HTTP/1.1" 200 93868 "http://190.27.245.106/galeria/nivo-slider/demo/demo.html" "Mozilla/5.0 (Windows NT 6.1) AppleWebKit/537.19 (KHTML, like Gecko) Chrome/25.0.1323.1 Safari/537.19"
190.242.127.190 - - [29/Sep/2014:08:08:50 -0500] "GET /galeria/nivo-slider/demo/images/banner_adopcion2.jpg HTTP/1.1" 200 136406 "http://190.27.245.106/galeria/nivo-slider/demo/demo.html" "Mozilla/5.0 (Windows NT 6.1) AppleWebKit/537.19 (KHTML, like Gecko) Chrome/25.0.1323.1 Safari/537.19"
190.242.127.190 - - [29/Sep/2014:08:08:50 -0500] "GET /galeria/nivo-slider/demo/images/marchaxclima03a.jpg HTTP/1.1" 200 179842 "http://190.27.245.106/galeria/nivo-slider/demo/demo.html" "Mozilla/5.0 (Windows NT 6.1) AppleWebKit/537.19 (KHTML, like Gecko) Chrome/25.0.1323.1 Safari/537.19"
186.145.162.140 - - [29/Sep/2014:08:08:51 -0500] "POST /forms/lservlet;jsessionid=ac16012b30d54661e737b9614ff5ba42d5f9c4d89e7e.e3iSbxaKaheRe34Sa3yKbhiTahb0n6jAmljGr5XDqQLvpAe HTTP/1.1" 200 2 "-" "Java1.3.1.22-internal"
190.242.127.190 - - [29/Sep/2014:08:08:50 -0500] "GET /galeria/nivo-slider/demo/images/marchaxclima05a.jpg HTTP/1.1" 200 127534 "http://190.27.245.106/galeria/nivo-slider/demo/demo.html" "Mozilla/5.0 (Windows NT 6.1) AppleWebKit/537.19 (KHTML, like Gecko) Chrome/25.0.1323.1 Safari/537.19"
190.242.127.190 - - [29/Sep/2014:08:08:50 -0500] "GET /galeria/nivo-slider/demo/images/cumbre-climaNvaYork.jpg HTTP/1.1" 200 71628 "http://190.27.245.106/galeria/nivo-slider/demo/demo.html" "Mozilla/5.0 (Windows NT 6.1) AppleWebKit/537.19 (KHTML, like Gecko) Chrome/25.0.1323.1 Safari/537.19"
190.242.127.190 - - [29/Sep/2014:08:08:50 -0500] "GET /galeria/nivo-slider/demo/images/bannerEcolecta3.jpg HTTP/1.1" 200 280034 "http://190.27.245.106/galeria/nivo-slider/demo/demo.html" "Mozilla/5.0 (Windows NT 6.1) AppleWebKit/537.19 (KHTML, like Gecko) Chrome/25.0.1323.1 Safari/537.19"
190.242.127.190 - - [29/Sep/2014:08:08:51 -0500] "GET /galeria/nivo-slider/demo/images/9Signos.jpg HTTP/1.1" 200 93040 "http://190.27.245.106/galeria/nivo-slider/demo/demo.html" "Mozilla/5.0 (Windows NT 6.1) AppleWebKit/537.19 (KHTML, like Gecko) Chrome/25.0.1323.1 Safari/537.19"
190.242.127.190 - - [29/Sep/2014:08:08:50 -0500] "GET /galeria/nivo-slider/demo/images/Recilaton02.jpg HTTP/1.1" 200 82162 "http://190.27.245.106/galeria/nivo-slider/demo/demo.html" "Mozilla/5.0 (Windows NT 6.1) AppleWebKit/537.19 (KHTML, like Gecko) Chrome/25.0.1323.1 Safari/537.19"
190.242.127.190 - - [29/Sep/2014:08:08:50 -0500] "GET /galeria/nivo-slider/demo/images/BannerIDRD1.png HTTP/1.1" 200 316313 "http://190.27.245.106/galeria/nivo-slider/demo/demo.html" "Mozilla/5.0 (Windows NT 6.1) AppleWebKit/537.19 (KHTML, like Gecko) Chrome/25.0.1323.1 Safari/537.19"
186.145.162.140 - - [29/Sep/2014:08:08:51 -0500] "POST /forms/lservlet;jsessionid=ac16012b30d54661e737b9614ff5ba42d5f9c4d89e7e.e3iSbxaKaheRe34Sa3yKbhiTahb0n6jAmljGr5XDqQLvpAe HTTP/1.1" 200 62 "-" "Java1.3.1.22-internal"
190.242.127.190 - - [29/Sep/2014:08:08:51 -0500] "GET /galeria/nivo-slider/demo/images/banner-llantas2.jpg HTTP/1.1" 200 73153 "http://190.27.245.106/galeria/nivo-slider/demo/demo.html" "Mozilla/5.0 (Windows NT 6.1) AppleWebKit/537.19 (KHTML, like Gecko) Chrome/25.0.1323.1 Safari/537.19"
190.242.127.190 - - [29/Sep/2014:08:08:51 -0500] "GET /galeria/nivo-slider/demo/images/Banner-Caracol-Africano.jpg HTTP/1.1" 200 331986 "http://190.27.245.106/galeria/nivo-slider/demo/demo.html" "Mozilla/5.0 (Windows NT 6.1) AppleWebKit/537.19 (KHTML, like Gecko) Chrome/25.0.1323.1 Safari/537.19"
190.242.127.190 - - [29/Sep/2014:08:08:51 -0500] "GET /galeria/nivo-slider/demo/images/banner-encuesta.jpg HTTP/1.1" 200 42764 "http://190.27.245.106/galeria/nivo-slider/demo/demo.html" "Mozilla/5.0 (Windows NT 6.1) AppleWebKit/537.19 (KHTML, like Gecko) Chrome/25.0.1323.1 Safari/537.19"
190.242.127.190 - - [29/Sep/2014:08:08:52 -0500] "GET /galeria/nivo-slider/themes/default/loading.gif HTTP/1.1" 200 1737 "http://190.27.245.106/galeria/nivo-slider/demo/demo.html" "Mozilla/5.0 (Windows NT 6.1) AppleWebKit/537.19 (KHTML, like Gecko) Chrome/25.0.1323.1 Safari/537.19"
190.242.127.190 - - [29/Sep/2014:08:08:52 -0500] "GET /galeria/nivo-slider/demo/images/4Simple_Slider.png HTTP/1.1" 200 11722 "http://190.27.245.106/galeria/nivo-slider/demo/demo.html" "Mozilla/5.0 (Windows NT 6.1) AppleWebKit/537.19 (KHTML, like Gecko) Chrome/25.0.1323.1 Safari/537.19"
190.242.127.190 - - [29/Sep/2014:08:08:52 -0500] "GET /galeria/nivo-slider/demo/images/ConstructorasFNL.jpg HTTP/1.1" 200 216551 "http://190.27.245.106/galeria/nivo-slider/demo/demo.html" "Mozilla/5.0 (Windows NT 6.1) AppleWebKit/537.19 (KHTML, like Gecko) Chrome/25.0.1323.1 Safari/537.19"
190.242.127.190 - - [29/Sep/2014:08:08:52 -0500] "GET /galeria/nivo-slider/demo/images/Hacienda_Molinos.jpg HTTP/1.1" 200 319171 "http://190.27.245.106/galeria/nivo-slider/demo/demo.html" "Mozilla/5.0 (Windows NT 6.1) AppleWebKit/537.19 (KHTML, like Gecko) Chrome/25.0.1323.1 Safari/537.19"
190.242.127.190 - - [29/Sep/2014:08:08:51 -0500] "GET /galeria/nivo-slider/demo/images/banner-caballos.png HTTP/1.1" 200 389106 "http://190.27.245.106/galeria/nivo-slider/demo/demo.html" "Mozilla/5.0 (Windows NT 6.1) AppleWebKit/537.19 (KHTML, like Gecko) Chrome/25.0.1323.1 Safari/537.19"
190.242.127.190 - - [29/Sep/2014:08:08:53 -0500] "GET /galeria/nivo-slider/themes/default/bullets.png HTTP/1.1" 200 1281 "http://190.27.245.106/galeria/nivo-slider/demo/demo.html" "Mozilla/5.0 (Windows NT 6.1) AppleWebKit/537.19 (KHTML, like Gecko) Chrome/25.0.1323.1 Safari/537.19"
190.242.127.190 - - [29/Sep/2014:08:08:53 -0500] "GET /galeria/nivo-slider/themes/default/arrows.png HTTP/1.1" 200 824 "http://190.27.245.106/galeria/nivo-slider/demo/demo.html" "Mozilla/5.0 (Windows NT 6.1) AppleWebKit/537.19 (KHTML, like Gecko) Chrome/25.0.1323.1 Safari/537.19"
190.242.127.190 - - [29/Sep/2014:08:08:51 -0500] "GET /videos/VideoOABFLV.flv HTTP/1.1" 200 7889923 "http://ambientebogota.gov.co/" "Mozilla/5.0 (Windows NT 6.1) AppleWebKit/537.19 (KHTML, like Gecko) Chrome/25.0.1323.1 Safari/537.19"
186.145.162.140 - - [29/Sep/2014:08:09:02 -0500] "POST /forms/lservlet;jsessionid=ac16012b30d54661e737b9614ff5ba42d5f9c4d89e7e.e3iSbxaKaheRe34Sa3yKbhiTahb0n6jAmljGr5XDqQLvpAe HTTP/1.1" 200 11 "-" "Java1.3.1.22-internal"
201.245.192.253 - - [29/Sep/2014:08:09:02 -0500] "POST /forest/buscar.do? HTTP/1.1" 200 5923 "http://190.27.245.106/forest/buscar.do?type=procesos" "Mozilla/5.0 (Windows NT 6.1; rv:32.0) Gecko/20100101 Firefox/32.0"
186.145.162.140 - - [29/Sep/2014:08:09:05 -0500] "POST /forms/lservlet;jsessionid=ac16012b30d54661e737b9614ff5ba42d5f9c4d89e7e.e3iSbxaKaheRe34Sa3yKbhiTahb0n6jAmljGr5XDqQLvpAe HTTP/1.1" 200 2 "-" "Java1.3.1.22-internal"
186.145.162.140 - - [29/Sep/2014:08:09:05 -0500] "POST /forms/lservlet;jsessionid=ac16012b30d54661e737b9614ff5ba42d5f9c4d89e7e.e3iSbxaKaheRe34Sa3yKbhiTahb0n6jAmljGr5XDqQLvpAe HTTP/1.1" 200 29927 "-" "Java1.3.1.22-internal"
186.145.162.140 - - [29/Sep/2014:08:09:06 -0500] "POST /forms/lservlet;jsessionid=ac16012b30d54661e737b9614ff5ba42d5f9c4d89e7e.e3iSbxaKaheRe34Sa3yKbhiTahb0n6jAmljGr5XDqQLvpAe HTTP/1.1" 200 7 "-" "Java1.3.1.22-internal"
186.145.162.140 - - [29/Sep/2014:08:09:06 -0500] "POST /forms/lservlet;jsessionid=ac16012b30d54661e737b9614ff5ba42d5f9c4d89e7e.e3iSbxaKaheRe34Sa3yKbhiTahb0n6jAmljGr5XDqQLvpAe HTTP/1.1" 200 2 "-" "Java1.3.1.22-internal"
186.145.162.140 - - [29/Sep/2014:08:09:06 -0500] "POST /forms/lservlet;jsessionid=ac16012b30d54661e737b9614ff5ba42d5f9c4d89e7e.e3iSbxaKaheRe34Sa3yKbhiTahb0n6jAmljGr5XDqQLvpAe HTTP/1.1" 200 27 "-" "Java1.3.1.22-internal"
186.145.162.140 - - [29/Sep/2014:08:09:07 -0500] "POST /forms/lservlet;jsessionid=ac16012b30d54661e737b9614ff5ba42d5f9c4d89e7e.e3iSbxaKaheRe34Sa3yKbhiTahb0n6jAmljGr5XDqQLvpAe HTTP/1.1" 200 2 "-" "Java1.3.1.22-internal"
186.145.162.140 - - [29/Sep/2014:08:09:07 -0500] "POST /forms/lservlet;jsessionid=ac16012b30d54661e737b9614ff5ba42d5f9c4d89e7e.e3iSbxaKaheRe34Sa3yKbhiTahb0n6jAmljGr5XDqQLvpAe HTTP/1.1" 200 7 "-" "Java1.3.1.22-internal"
186.145.162.140 - - [29/Sep/2014:08:09:13 -0500] "POST /forms/lservlet;jsessionid=ac16012b30d54661e737b9614ff5ba42d5f9c4d89e7e.e3iSbxaKaheRe34Sa3yKbhiTahb0n6jAmljGr5XDqQLvpAe HTTP/1.1" 200 176 "-" "Java1.3.1.22-internal"
186.145.162.140 - - [29/Sep/2014:08:09:14 -0500] "POST /forms/lservlet;jsessionid=ac16012b30d54661e737b9614ff5ba42d5f9c4d89e7e.e3iSbxaKaheRe34Sa3yKbhiTahb0n6jAmljGr5XDqQLvpAe HTTP/1.1" 200 2 "-" "Java1.3.1.22-internal"
186.145.162.140 - - [29/Sep/2014:08:09:15 -0500] "POST /forms/lservlet;jsessionid=ac16012b30d54661e737b9614ff5ba42d5f9c4d89e7e.e3iSbxaKaheRe34Sa3yKbhiTahb0n6jAmljGr5XDqQLvpAe HTTP/1.1" 200 108 "-" "Java1.3.1.22-internal"
190.26.43.250 - - [29/Sep/2014:08:09:17 -0500] "GET /favicon.ico HTTP/1.1" 200 18567 "-" "Mozilla/5.0 (Windows NT 6.1) AppleWebKit/537.36 (KHTML, like Gecko) Chrome/37.0.2062.124 Safari/537.36"
191.76.164.172 - - [29/Sep/2014:08:09:17 -0500] "GET /galeria/nivo-slider/demo/images/bannerEcolecta3.jpg HTTP/1.1" 206 1 "http://190.27.245.106/galeria/nivo-slider/demo/demo.html" "Mozilla/5.0 (Windows NT 6.1; WOW64) AppleWebKit/537.36 (KHTML, like Gecko) Chrome/37.0.2062.124 Safari/537.36"
191.76.164.172 - - [29/Sep/2014:08:09:17 -0500] "GET /galeria/nivo-slider/demo/images/marchaxclima01a.jpg HTTP/1.1" 206 1 "http://190.27.245.106/galeria/nivo-slider/demo/demo.html" "Mozilla/5.0 (Windows NT 6.1; WOW64) AppleWebKit/537.36 (KHTML, like Gecko) Chrome/37.0.2062.124 Safari/537.36"
191.76.164.172 - - [29/Sep/2014:08:09:17 -0500] "GET /galeria/nivo-slider/demo/images/marchaxclima03a.jpg HTTP/1.1" 206 1 "http://190.27.245.106/galeria/nivo-slider/demo/demo.html" "Mozilla/5.0 (Windows NT 6.1; WOW64) AppleWebKit/537.36 (KHTML, like Gecko) Chrome/37.0.2062.124 Safari/537.36"
191.76.164.172 - - [29/Sep/2014:08:09:17 -0500] "GET /galeria/nivo-slider/jquery.nivo.slider.pack.js HTTP/1.1" 200 11561 "http://190.27.245.106/galeria/nivo-slider/demo/demo.html" "Mozilla/5.0 (Windows NT 6.1; WOW64) AppleWebKit/537.36 (KHTML, like Gecko) Chrome/37.0.2062.124 Safari/537.36"
191.76.164.172 - - [29/Sep/2014:08:09:18 -0500] "GET /galeria/nivo-slider/demo/images/marchaxclima05a.jpg HTTP/1.1" 206 1 "http://190.27.245.106/galeria/nivo-slider/demo/demo.html" "Mozilla/5.0 (Windows NT 6.1; WOW64) AppleWebKit/537.36 (KHTML, like Gecko) Chrome/37.0.2062.124 Safari/537.36"
191.76.164.172 - - [29/Sep/2014:08:09:17 -0500] "GET /galeria/nivo-slider/demo/scripts/jquery-1.7.1.min.js HTTP/1.1" 200 93868 "http://190.27.245.106/galeria/nivo-slider/demo/demo.html" "Mozilla/5.0 (Windows NT 6.1; WOW64) AppleWebKit/537.36 (KHTML, like Gecko) Chrome/37.0.2062.124 Safari/537.36"
191.76.164.172 - - [29/Sep/2014:08:09:18 -0500] "GET /galeria/nivo-slider/demo/images/marchaxclima05a.jpg HTTP/1.1" 206 65275 "http://190.27.245.106/galeria/nivo-slider/demo/demo.html" "Mozilla/5.0 (Windows NT 6.1; WOW64) AppleWebKit/537.36 (KHTML, like Gecko) Chrome/37.0.2062.124 Safari/537.36"
191.76.164.172 - - [29/Sep/2014:08:09:17 -0500] "GET /galeria/nivo-slider/demo/images/marchaxclima01a.jpg HTTP/1.1" 206 95168 "http://190.27.245.106/galeria/nivo-slider/demo/demo.html" "Mozilla/5.0 (Windows NT 6.1; WOW64) AppleWebKit/537.36 (KHTML, like Gecko) Chrome/37.0.2062.124 Safari/537.36"
191.76.164.172 - - [29/Sep/2014:08:09:17 -0500] "GET /galeria/nivo-slider/demo/images/marchaxclima03a.jpg HTTP/1.1" 206 117583 "http://190.27.245.106/galeria/nivo-slider/demo/demo.html" "Mozilla/5.0 (Windows NT 6.1; WOW64) AppleWebKit/537.36 (KHTML, like Gecko) Chrome/37.0.2062.124 Safari/537.36"
191.76.164.172 - - [29/Sep/2014:08:09:17 -0500] "GET /galeria/nivo-slider/demo/images/bannerEcolecta3.jpg HTTP/1.1" 206 93257 "http://190.27.245.106/galeria/nivo-slider/demo/demo.html" "Mozilla/5.0 (Windows NT 6.1; WOW64) AppleWebKit/537.36 (KHTML, like Gecko) Chrome/37.0.2062.124 Safari/537.36"
191.76.164.172 - - [29/Sep/2014:08:09:18 -0500] "GET /galeria/nivo-slider/demo/images/4Simple_Slider.png HTTP/1.1" 200 11722 "http://190.27.245.106/galeria/nivo-slider/demo/style.css" "Mozilla/5.0 (Windows NT 6.1; WOW64) AppleWebKit/537.36 (KHTML, like Gecko) Chrome/37.0.2062.124 Safari/537.36"
191.76.164.172 - - [29/Sep/2014:08:09:18 -0500] "GET /galeria/nivo-slider/themes/default/loading.gif HTTP/1.1" 200 1737 "http://190.27.245.106/galeria/nivo-slider/themes/default/default.css" "Mozilla/5.0 (Windows NT 6.1; WOW64) AppleWebKit/537.36 (KHTML, like Gecko) Chrome/37.0.2062.124 Safari/537.36"
191.76.164.172 - - [29/Sep/2014:08:09:18 -0500] "GET /galeria/nivo-slider/demo/images/banner-encuesta.jpg HTTP/1.1" 200 42764 "http://190.27.245.106/galeria/nivo-slider/demo/demo.html" "Mozilla/5.0 (Windows NT 6.1; WOW64) AppleWebKit/537.36 (KHTML, like Gecko) Chrome/37.0.2062.124 Safari/537.36"
191.76.164.172 - - [29/Sep/2014:08:09:17 -0500] "GET /galeria/nivo-slider/demo/images/jovenesplaza1.jpg HTTP/1.1" 200 152570 "http://190.27.245.106/galeria/nivo-slider/demo/demo.html" "Mozilla/5.0 (Windows NT 6.1; WOW64) AppleWebKit/537.36 (KHTML, like Gecko) Chrome/37.0.2062.124 Safari/537.36"
191.76.164.172 - - [29/Sep/2014:08:09:18 -0500] "GET /galeria/nivo-slider/demo/images/9Signos.jpg HTTP/1.1" 200 93040 "http://190.27.245.106/galeria/nivo-slider/demo/demo.html" "Mozilla/5.0 (Windows NT 6.1; WOW64) AppleWebKit/537.36 (KHTML, like Gecko) Chrome/37.0.2062.124 Safari/537.36"
191.76.164.172 - - [29/Sep/2014:08:09:18 -0500] "GET /galeria/nivo-slider/demo/images/banner-llantas2.jpg HTTP/1.1" 200 73153 "http://190.27.245.106/galeria/nivo-slider/demo/demo.html" "Mozilla/5.0 (Windows NT 6.1; WOW64) AppleWebKit/537.36 (KHTML, like Gecko) Chrome/37.0.2062.124 Safari/537.36"
191.76.164.172 - - [29/Sep/2014:08:09:18 -0500] "GET /galeria/nivo-slider/demo/images/Banner-Caracol-Africano.jpg HTTP/1.1" 200 331986 "http://190.27.245.106/galeria/nivo-slider/demo/demo.html" "Mozilla/5.0 (Windows NT 6.1; WOW64) AppleWebKit/537.36 (KHTML, like Gecko) Chrome/37.0.2062.124 Safari/537.36"
191.76.164.172 - - [29/Sep/2014:08:09:18 -0500] "GET /galeria/nivo-slider/demo/images/ConstructorasFNL.jpg HTTP/1.1" 200 216551 "http://190.27.245.106/galeria/nivo-slider/demo/demo.html" "Mozilla/5.0 (Windows NT 6.1; WOW64) AppleWebKit/537.36 (KHTML, like Gecko) Chrome/37.0.2062.124 Safari/537.36"
191.76.164.172 - - [29/Sep/2014:08:09:18 -0500] "GET /galeria/nivo-slider/demo/images/Hacienda_Molinos.jpg HTTP/1.1" 200 319171 "http://190.27.245.106/galeria/nivo-slider/demo/demo.html" "Mozilla/5.0 (Windows NT 6.1; WOW64) AppleWebKit/537.36 (KHTML, like Gecko) Chrome/37.0.2062.124 Safari/537.36"
191.76.164.172 - - [29/Sep/2014:08:09:18 -0500] "GET /galeria/nivo-slider/demo/images/banner-caballos.png HTTP/1.1" 200 389106 "http://190.27.245.106/galeria/nivo-slider/demo/demo.html" "Mozilla/5.0 (Windows NT 6.1; WOW64) AppleWebKit/537.36 (KHTML, like Gecko) Chrome/37.0.2062.124 Safari/537.36"
191.76.164.172 - - [29/Sep/2014:08:09:21 -0500] "GET /galeria/nivo-slider/themes/default/bullets.png HTTP/1.1" 200 1281 "http://190.27.245.106/galeria/nivo-slider/themes/default/default.css" "Mozilla/5.0 (Windows NT 6.1; WOW64) AppleWebKit/537.36 (KHTML, like Gecko) Chrome/37.0.2062.124 Safari/537.36"
191.76.164.172 - - [29/Sep/2014:08:09:21 -0500] "GET /galeria/nivo-slider/themes/default/arrows.png HTTP/1.1" 200 824 "http://190.27.245.106/galeria/nivo-slider/themes/default/default.css" "Mozilla/5.0 (Windows NT 6.1; WOW64) AppleWebKit/537.36 (KHTML, like Gecko) Chrome/37.0.2062.124 Safari/537.36"
186.145.162.140 - - [29/Sep/2014:08:09:30 -0500] "POST /forms/lservlet;jsessionid=ac16012b30d54661e737b9614ff5ba42d5f9c4d89e7e.e3iSbxaKaheRe34Sa3yKbhiTahb0n6jAmljGr5XDqQLvpAe HTTP/1.1" 200 2 "-" "Java1.3.1.22-internal"
186.145.162.140 - - [29/Sep/2014:08:09:30 -0500] "POST /forms/lservlet;jsessionid=ac16012b30d54661e737b9614ff5ba42d5f9c4d89e7e.e3iSbxaKaheRe34Sa3yKbhiTahb0n6jAmljGr5XDqQLvpAe HTTP/1.1" 200 74 "-" "Java1.3.1.22-internal"
186.145.162.140 - - [29/Sep/2014:08:09:30 -0500] "POST /forms/lservlet;jsessionid=ac16012b30d54661e737b9614ff5ba42d5f9c4d89e7e.e3iSbxaKaheRe34Sa3yKbhiTahb0n6jAmljGr5XDqQLvpAe HTTP/1.1" 200 2 "-" "Java1.3.1.22-internal"
201.245.192.253 - - [29/Sep/2014:08:09:31 -0500] "GET /isolucionsda/ HTTP/1.1" 200 739 "-" "Mozilla/5.0 (Windows NT 6.1; Trident/7.0; rv:11.0) like Gecko"
186.145.162.140 - - [29/Sep/2014:08:09:31 -0500] "POST /forms/lservlet;jsessionid=ac16012b30d54661e737b9614ff5ba42d5f9c4d89e7e.e3iSbxaKaheRe34Sa3yKbhiTahb0n6jAmljGr5XDqQLvpAe HTTP/1.1" 200 2 "-" "Java1.3.1.22-internal"
186.145.162.140 - - [29/Sep/2014:08:09:32 -0500] "POST /forms/lservlet;jsessionid=ac16012b30d54661e737b9614ff5ba42d5f9c4d89e7e.e3iSbxaKaheRe34Sa3yKbhiTahb0n6jAmljGr5XDqQLvpAe HTTP/1.1" 200 1526 "-" "Java1.3.1.22-internal"
186.145.162.140 - - [29/Sep/2014:08:09:32 -0500] "POST /forms/lservlet;jsessionid=ac16012b30d54661e737b9614ff5ba42d5f9c4d89e7e.e3iSbxaKaheRe34Sa3yKbhiTahb0n6jAmljGr5XDqQLvpAe HTTP/1.1" 200 2 "-" "Java1.3.1.22-internal"
186.145.162.140 - - [29/Sep/2014:08:09:32 -0500] "POST /forms/lservlet;jsessionid=ac16012b30d54661e737b9614ff5ba42d5f9c4d89e7e.e3iSbxaKaheRe34Sa3yKbhiTahb0n6jAmljGr5XDqQLvpAe HTTP/1.1" 200 2 "-" "Java1.3.1.22-internal"
201.245.192.253 - - [29/Sep/2014:08:09:32 -0500] "GET /isolucionsda/IdentificaUsuario.asp?Pagina1=FrameSetGeneral.asp& HTTP/1.1" 200 4997 "-" "Mozilla/5.0 (Windows NT 6.1; Trident/7.0; rv:11.0) like Gecko"
186.145.162.140 - - [29/Sep/2014:08:09:33 -0500] "POST /forms/lservlet;jsessionid=ac16012b30d54661e737b9614ff5ba42d5f9c4d89e7e.e3iSbxaKaheRe34Sa3yKbhiTahb0n6jAmljGr5XDqQLvpAe HTTP/1.1" 200 168 "-" "Java1.3.1.22-internal"
186.145.162.140 - - [29/Sep/2014:08:09:33 -0500] "POST /forms/lservlet;jsessionid=ac16012b30d54661e737b9614ff5ba42d5f9c4d89e7e.e3iSbxaKaheRe34Sa3yKbhiTahb0n6jAmljGr5XDqQLvpAe HTTP/1.1" 200 8 "-" "Java1.3.1.22-internal"
186.145.162.140 - - [29/Sep/2014:08:09:33 -0500] "POST /forms/lservlet;jsessionid=ac16012b30d54661e737b9614ff5ba42d5f9c4d89e7e.e3iSbxaKaheRe34Sa3yKbhiTahb0n6jAmljGr5XDqQLvpAe HTTP/1.1" 200 2 "-" "Java1.3.1.22-internal"
186.145.162.140 - - [29/Sep/2014:08:09:34 -0500] "POST /forms/lservlet;jsessionid=ac16012b30d54661e737b9614ff5ba42d5f9c4d89e7e.e3iSbxaKaheRe34Sa3yKbhiTahb0n6jAmljGr5XDqQLvpAe HTTP/1.1" 200 7 "-" "Java1.3.1.22-internal"
186.145.162.140 - - [29/Sep/2014:08:09:35 -0500] "POST /forms/lservlet;jsessionid=ac16012b30d54661e737b9614ff5ba42d5f9c4d89e7e.e3iSbxaKaheRe34Sa3yKbhiTahb0n6jAmljGr5XDqQLvpAe HTTP/1.1" 200 30151 "-" "Java1.3.1.22-internal"
186.145.162.140 - - [29/Sep/2014:08:09:35 -0500] "POST /forms/lservlet;jsessionid=ac16012b30d54661e737b9614ff5ba42d5f9c4d89e7e.e3iSbxaKaheRe34Sa3yKbhiTahb0n6jAmljGr5XDqQLvpAe HTTP/1.1" 200 7 "-" "Java1.3.1.22-internal"
186.145.162.140 - - [29/Sep/2014:08:09:35 -0500] "POST /forms/lservlet;jsessionid=ac16012b30d54661e737b9614ff5ba42d5f9c4d89e7e.e3iSbxaKaheRe34Sa3yKbhiTahb0n6jAmljGr5XDqQLvpAe HTTP/1.1" 200 2 "-" "Java1.3.1.22-internal"
190.26.43.250 - - [29/Sep/2014:08:06:07 -0500] "GET /Residuos/curtiembres/files/guia_curtiembres.pdf HTTP/1.1" 206 13585874 "http://www.dama.gov.co/Residuos/curtiembres/files/guia_curtiembres.pdf" "Mozilla/5.0 (Windows NT 6.1) AppleWebKit/537.36 (KHTML, like Gecko) Chrome/37.0.2062.124 Safari/537.36"
186.145.162.140 - - [29/Sep/2014:08:09:35 -0500] "POST /forms/lservlet;jsessionid=ac16012b30d54661e737b9614ff5ba42d5f9c4d89e7e.e3iSbxaKaheRe34Sa3yKbhiTahb0n6jAmljGr5XDqQLvpAe HTTP/1.1" 200 27 "-" "Java1.3.1.22-internal"
190.26.43.250 - - [29/Sep/2014:08:09:35 -0500] "GET /favicon.ico HTTP/1.1" 200 18567 "-" "Mozilla/5.0 (Windows NT 6.1) AppleWebKit/537.36 (KHTML, like Gecko) Chrome/37.0.2062.124 Safari/537.36"
186.145.162.140 - - [29/Sep/2014:08:09:36 -0500] "POST /forms/lservlet;jsessionid=ac16012b30d54661e737b9614ff5ba42d5f9c4d89e7e.e3iSbxaKaheRe34Sa3yKbhiTahb0n6jAmljGr5XDqQLvpAe HTTP/1.1" 200 2 "-" "Java1.3.1.22-internal"
186.145.162.140 - - [29/Sep/2014:08:09:36 -0500] "POST /forms/lservlet;jsessionid=ac16012b30d54661e737b9614ff5ba42d5f9c4d89e7e.e3iSbxaKaheRe34Sa3yKbhiTahb0n6jAmljGr5XDqQLvpAe HTTP/1.1" 200 7 "-" "Java1.3.1.22-internal"
191.76.164.172 - - [29/Sep/2014:08:09:21 -0500] "GET /videos/VideoOABFLV.flv HTTP/1.1" 200 7889923 "http://ambientebogota.gov.co/en" "Mozilla/5.0 (Windows NT 6.1; WOW64) AppleWebKit/537.36 (KHTML, like Gecko) Chrome/37.0.2062.124 Safari/537.36"
186.145.162.140 - - [29/Sep/2014:08:09:39 -0500] "POST /forms/lservlet;jsessionid=ac16012b30d54661e737b9614ff5ba42d5f9c4d89e7e.e3iSbxaKaheRe34Sa3yKbhiTahb0n6jAmljGr5XDqQLvpAe HTTP/1.1" 200 176 "-" "Java1.3.1.22-internal"
186.145.162.140 - - [29/Sep/2014:08:09:40 -0500] "POST /forms/lservlet;jsessionid=ac16012b30d54661e737b9614ff5ba42d5f9c4d89e7e.e3iSbxaKaheRe34Sa3yKbhiTahb0n6jAmljGr5XDqQLvpAe HTTP/1.1" 200 2 "-" "Java1.3.1.22-internal"
186.145.162.140 - - [29/Sep/2014:08:09:41 -0500] "POST /forms/lservlet;jsessionid=ac16012b30d54661e737b9614ff5ba42d5f9c4d89e7e.e3iSbxaKaheRe34Sa3yKbhiTahb0n6jAmljGr5XDqQLvpAe HTTP/1.1" 200 108 "-" "Java1.3.1.22-internal"
72.47.224.20 - - [29/Sep/2014:08:09:41 -0500] "GET /wordpress/wp-admin/ HTTP/1.1" 404 1206 "-" "-"
201.245.192.253 - - [29/Sep/2014:08:09:47 -0500] "GET /galeria/carrusel/Carrusel/jquery-ui-%20%201.8.13.custom.min.js HTTP/1.1" 404 1206 "-" "Mozilla/4.0 (compatible;)"
100.43.85.25 - - [29/Sep/2014:08:09:50 -0500] "GET /re1/Que%20es/Marco%20pedagocico/modelo%20pedagogico/mapa%20conceptual%20fig1.jpg HTTP/1.1" 200 50139 "-" "Mozilla/5.0 (compatible; YandexBot/3.0; +http://yandex.com/bots)"
186.145.162.140 - - [29/Sep/2014:08:09:52 -0500] "POST /forms/lservlet;jsessionid=ac16012b30d54661e737b9614ff5ba42d5f9c4d89e7e.e3iSbxaKaheRe34Sa3yKbhiTahb0n6jAmljGr5XDqQLvpAe HTTP/1.1" 200 92 "-" "Java1.3.1.22-internal"
186.145.162.140 - - [29/Sep/2014:08:09:53 -0500] "POST /forms/lservlet;jsessionid=ac16012b30d54661e737b9614ff5ba42d5f9c4d89e7e.e3iSbxaKaheRe34Sa3yKbhiTahb0n6jAmljGr5XDqQLvpAe HTTP/1.1" 200 138 "-" "Java1.3.1.22-internal"
186.145.162.140 - - [29/Sep/2014:08:09:56 -0500] "POST /forms/lservlet;jsessionid=ac16012b30d54661e737b9614ff5ba42d5f9c4d89e7e.e3iSbxaKaheRe34Sa3yKbhiTahb0n6jAmljGr5XDqQLvpAe HTTP/1.1" 200 2 "-" "Java1.3.1.22-internal"
186.145.162.140 - - [29/Sep/2014:08:09:56 -0500] "POST /forms/lservlet;jsessionid=ac16012b30d54661e737b9614ff5ba42d5f9c4d89e7e.e3iSbxaKaheRe34Sa3yKbhiTahb0n6jAmljGr5XDqQLvpAe HTTP/1.1" 200 2 "-" "Java1.3.1.22-internal"
186.145.162.140 - - [29/Sep/2014:08:09:56 -0500] "POST /forms/lservlet;jsessionid=ac16012b30d54661e737b9614ff5ba42d5f9c4d89e7e.e3iSbxaKaheRe34Sa3yKbhiTahb0n6jAmljGr5XDqQLvpAe HTTP/1.1" 200 69 "-" "Java1.3.1.22-internal"
186.145.162.140 - - [29/Sep/2014:08:09:56 -0500] "POST /forms/lservlet;jsessionid=ac16012b30d54661e737b9614ff5ba42d5f9c4d89e7e.e3iSbxaKaheRe34Sa3yKbhiTahb0n6jAmljGr5XDqQLvpAe HTTP/1.1" 200 2 "-" "Java1.3.1.22-internal"
186.145.162.140 - - [29/Sep/2014:08:09:57 -0500] "POST /forms/lservlet;jsessionid=ac16012b30d54661e737b9614ff5ba42d5f9c4d89e7e.e3iSbxaKaheRe34Sa3yKbhiTahb0n6jAmljGr5XDqQLvpAe HTTP/1.1" 200 2 "-" "Java1.3.1.22-internal"
186.145.162.140 - - [29/Sep/2014:08:09:57 -0500] "POST /forms/lservlet;jsessionid=ac16012b30d54661e737b9614ff5ba42d5f9c4d89e7e.e3iSbxaKaheRe34Sa3yKbhiTahb0n6jAmljGr5XDqQLvpAe HTTP/1.1" 200 1515 "-" "Java1.3.1.22-internal"
186.145.162.140 - - [29/Sep/2014:08:09:57 -0500] "POST /forms/lservlet;jsessionid=ac16012b30d54661e737b9614ff5ba42d5f9c4d89e7e.e3iSbxaKaheRe34Sa3yKbhiTahb0n6jAmljGr5XDqQLvpAe HTTP/1.1" 200 2 "-" "Java1.3.1.22-internal"
186.145.162.140 - - [29/Sep/2014:08:09:58 -0500] "POST /forms/lservlet;jsessionid=ac16012b30d54661e737b9614ff5ba42d5f9c4d89e7e.e3iSbxaKaheRe34Sa3yKbhiTahb0n6jAmljGr5XDqQLvpAe HTTP/1.1" 200 2 "-" "Java1.3.1.22-internal"
186.145.162.140 - - [29/Sep/2014:08:09:59 -0500] "POST /forms/lservlet;jsessionid=ac16012b30d54661e737b9614ff5ba42d5f9c4d89e7e.e3iSbxaKaheRe34Sa3yKbhiTahb0n6jAmljGr5XDqQLvpAe HTTP/1.1" 200 132 "-" "Java1.3.1.22-internal"
186.145.162.140 - - [29/Sep/2014:08:10:00 -0500] "POST /forms/lservlet;jsessionid=ac16012b30d54661e737b9614ff5ba42d5f9c4d89e7e.e3iSbxaKaheRe34Sa3yKbhiTahb0n6jAmljGr5XDqQLvpAe HTTP/1.1" 200 2 "-" "Java1.3.1.22-internal"
186.145.162.140 - - [29/Sep/2014:08:10:00 -0500] "POST /forms/lservlet;jsessionid=ac16012b30d54661e737b9614ff5ba42d5f9c4d89e7e.e3iSbxaKaheRe34Sa3yKbhiTahb0n6jAmljGr5XDqQLvpAe HTTP/1.1" 200 3003 "-" "Java1.3.1.22-internal"
186.145.162.140 - - [29/Sep/2014:08:10:01 -0500] "POST /forms/lservlet;jsessionid=ac16012b30d54661e737b9614ff5ba42d5f9c4d89e7e.e3iSbxaKaheRe34Sa3yKbhiTahb0n6jAmljGr5XDqQLvpAe HTTP/1.1" 200 10 "-" "Java1.3.1.22-internal"
186.145.162.140 - - [29/Sep/2014:08:10:02 -0500] "POST /forms/lservlet;jsessionid=ac16012b30d54661e737b9614ff5ba42d5f9c4d89e7e.e3iSbxaKaheRe34Sa3yKbhiTahb0n6jAmljGr5XDqQLvpAe HTTP/1.1" 200 147 "-" "Java1.3.1.22-internal"
186.145.162.140 - - [29/Sep/2014:08:10:05 -0500] "POST /forms/lservlet;jsessionid=ac16012b30d54661e737b9614ff5ba42d5f9c4d89e7e.e3iSbxaKaheRe34Sa3yKbhiTahb0n6jAmljGr5XDqQLvpAe HTTP/1.1" 200 86 "-" "Java1.3.1.22-internal"
186.145.162.140 - - [29/Sep/2014:08:10:06 -0500] "POST /forms/lservlet;jsessionid=ac16012b30d54661e737b9614ff5ba42d5f9c4d89e7e.e3iSbxaKaheRe34Sa3yKbhiTahb0n6jAmljGr5XDqQLvpAe HTTP/1.1" 200 2 "-" "Java1.3.1.22-internal"
186.145.162.140 - - [29/Sep/2014:08:10:06 -0500] "POST /forms/lservlet;jsessionid=ac16012b30d54661e737b9614ff5ba42d5f9c4d89e7e.e3iSbxaKaheRe34Sa3yKbhiTahb0n6jAmljGr5XDqQLvpAe HTTP/1.1" 200 2991 "-" "Java1.3.1.22-internal"
186.145.162.140 - - [29/Sep/2014:08:10:06 -0500] "POST /forms/lservlet;jsessionid=ac16012b30d54661e737b9614ff5ba42d5f9c4d89e7e.e3iSbxaKaheRe34Sa3yKbhiTahb0n6jAmljGr5XDqQLvpAe HTTP/1.1" 200 12 "-" "Java1.3.1.22-internal"
181.48.119.98 - - [29/Sep/2014:08:10:08 -0500] "GET /videos/VideoOABFLV.flv HTTP/1.1" 206 1 "http://www.ambientebogota.gov.co/" "Mozilla/5.0 (Windows NT 5.1) AppleWebKit/537.36 (KHTML, like Gecko) Chrome/37.0.2062.124 Safari/537.36"
201.245.192.253 - - [29/Sep/2014:08:10:09 -0500] "GET /forest/session.jsp?a=0.8167183882785056 HTTP/1.1" 200 4 "http://190.27.245.106/forest/index2.jsp?a=0.324212538392623" "Mozilla/5.0 (Windows NT 6.1; rv:32.0) Gecko/20100101 Firefox/32.0"
186.145.162.140 - - [29/Sep/2014:08:10:10 -0500] "POST /forms/lservlet;jsessionid=ac16012b30d54661e737b9614ff5ba42d5f9c4d89e7e.e3iSbxaKaheRe34Sa3yKbhiTahb0n6jAmljGr5XDqQLvpAe HTTP/1.1" 200 88 "-" "Java1.3.1.22-internal"
186.145.162.140 - - [29/Sep/2014:08:10:10 -0500] "POST /forms/lservlet;jsessionid=ac16012b30d54661e737b9614ff5ba42d5f9c4d89e7e.e3iSbxaKaheRe34Sa3yKbhiTahb0n6jAmljGr5XDqQLvpAe HTTP/1.1" 200 8 "-" "Java1.3.1.22-internal"
186.145.162.140 - - [29/Sep/2014:08:10:10 -0500] "POST /forms/lservlet;jsessionid=ac16012b30d54661e737b9614ff5ba42d5f9c4d89e7e.e3iSbxaKaheRe34Sa3yKbhiTahb0n6jAmljGr5XDqQLvpAe HTTP/1.1" 200 2 "-" "Java1.3.1.22-internal"
