76.179.128.223 - - [29/Sep/2014:01:28:42 -0500] "PROPFIND /webdav HTTP/1.1" 401 1442 "-" "Microsoft-WebDAV-MiniRedir/6.1.7601"
76.179.128.223 - - [29/Sep/2014:01:28:42 -0500] "PROPFIND /webdav HTTP/1.1" 401 1442 "-" "Microsoft-WebDAV-MiniRedir/6.1.7601"
76.179.128.223 - - [29/Sep/2014:01:28:42 -0500] "PROPFIND /webdav HTTP/1.1" 401 1442 "-" "Microsoft-WebDAV-MiniRedir/6.1.7601"
76.179.128.223 - - [29/Sep/2014:01:28:42 -0500] "PROPFIND /webdav HTTP/1.1" 401 1442 "-" "Microsoft-WebDAV-MiniRedir/6.1.7601"
76.179.128.223 - - [29/Sep/2014:01:28:43 -0500] "PROPFIND /webdav HTTP/1.1" 401 1442 "-" "Microsoft-WebDAV-MiniRedir/6.1.7601"
76.179.128.223 - - [29/Sep/2014:01:28:43 -0500] "PROPFIND /webdav HTTP/1.1" 401 1442 "-" "Microsoft-WebDAV-MiniRedir/6.1.7601"
76.179.128.223 - - [29/Sep/2014:01:28:43 -0500] "PROPFIND /webdav HTTP/1.1" 401 1442 "-" "Microsoft-WebDAV-MiniRedir/6.1.7601"
76.179.128.223 - - [29/Sep/2014:01:28:43 -0500] "PROPFIND /webdav HTTP/1.1" 401 1442 "-" "Microsoft-WebDAV-MiniRedir/6.1.7601"
66.249.67.67 - - [29/Sep/2014:01:29:04 -0500] "GET /BLA/resoluciones/RESOLUCIONES%202002/RES%202002%20501-550/00000513.tif HTTP/1.1" 200 269250 "-" "Googlebot-Image/1.0"
181.132.3.29 - - [29/Sep/2014:01:29:18 -0500] "GET /BLA/resoluciones/RESOLUCIONES%202013/0473.pdf HTTP/1.1" 200 1373783 "https://www.google.com.co/" "Mozilla/5.0 (iPad; CPU OS 7_0 like Mac OS X) AppleWebKit/537.51.1 (KHTML, like Gecko) Version/7.0 Mobile/11A465 Safari/9537.53"
66.249.67.57 - - [29/Sep/2014:01:29:48 -0500] "GET /re1/Que%20es/imagen%20que%20es/ HTTP/1.1" 200 8302 "-" "Mozilla/5.0 (compatible; Googlebot/2.1; +http://www.google.com/bot.html)"
100.43.85.25 - - [29/Sep/2014:01:30:17 -0500] "GET /ifweb/ifx/30.gif HTTP/1.1" 200 32040 "-" "Mozilla/5.0 (compatible; YandexBot/3.0; +http://yandex.com/bots)"
88.247.249.189 - - [29/Sep/2014:01:30:18 -0500] "GET /htdocs/guia/ESTACION/ HTTP/1.1" 200 1551 "https://www.google.com.tr/" "Mozilla/5.0 (Windows NT 6.1) AppleWebKit/537.36 (KHTML, like Gecko) Chrome/37.0.2062.124 Safari/537.36"
88.247.249.189 - - [29/Sep/2014:01:30:19 -0500] "GET /icons/blank.gif HTTP/1.1" 200 148 "http://190.27.245.106/htdocs/guia/ESTACION/" "Mozilla/5.0 (Windows NT 6.1) AppleWebKit/537.36 (KHTML, like Gecko) Chrome/37.0.2062.124 Safari/537.36"
88.247.249.189 - - [29/Sep/2014:01:30:19 -0500] "GET /icons/back.gif HTTP/1.1" 200 216 "http://190.27.245.106/htdocs/guia/ESTACION/" "Mozilla/5.0 (Windows NT 6.1) AppleWebKit/537.36 (KHTML, like Gecko) Chrome/37.0.2062.124 Safari/537.36"
88.247.249.189 - - [29/Sep/2014:01:30:19 -0500] "GET /icons/compressed.gif HTTP/1.1" 200 1038 "http://190.27.245.106/htdocs/guia/ESTACION/" "Mozilla/5.0 (Windows NT 6.1) AppleWebKit/537.36 (KHTML, like Gecko) Chrome/37.0.2062.124 Safari/537.36"
88.247.249.189 - - [29/Sep/2014:01:30:19 -0500] "GET /favicon.ico HTTP/1.1" 200 18567 "-" "Mozilla/5.0 (Windows NT 6.1) AppleWebKit/537.36 (KHTML, like Gecko) Chrome/37.0.2062.124 Safari/537.36"
88.247.249.189 - - [29/Sep/2014:01:30:22 -0500] "GET /htdocs/guia/ESTACION/ESTACI2a.zip HTTP/1.1" 200 3184545 "http://190.27.245.106/htdocs/guia/ESTACION/" "Mozilla/5.0 (Windows NT 6.1) AppleWebKit/537.36 (KHTML, like Gecko) Chrome/37.0.2062.124 Safari/537.36"
207.46.13.4 - - [29/Sep/2014:01:31:33 -0500] "GET /robots.txt HTTP/1.1" 404 1206 "-" "Mozilla/5.0 (compatible; bingbot/2.0; +http://www.bing.com/bingbot.htm)"
207.46.13.4 - - [29/Sep/2014:01:31:33 -0500] "GET /robots.txt HTTP/1.1" 404 1206 "-" "Mozilla/5.0 (compatible; bingbot/2.0; +http://www.bing.com/bingbot.htm)"
207.46.13.4 - - [29/Sep/2014:01:31:33 -0500] "GET /robots.txt HTTP/1.1" 404 1206 "-" "Mozilla/5.0 (compatible; bingbot/2.0; +http://www.bing.com/bingbot.htm)"
66.249.67.67 - - [29/Sep/2014:01:32:16 -0500] "GET /BLA/resoluciones/RESOLUCIONES%202007/RES%202007%201901%20AL%202000/RESOLUCION%201901%20DE%202007.pdf HTTP/1.1" 200 233488 "-" "Mozilla/5.0 (compatible; Googlebot/2.1; +http://www.google.com/bot.html)"
66.249.67.83 - - [29/Sep/2014:01:32:55 -0500] "GET /BLA/resoluciones/AUTOS%202006/AUTOS%202006%201301-1400/00001310.tif HTTP/1.1" 200 54754 "-" "Googlebot-Image/1.0"
157.55.39.45 - - [29/Sep/2014:01:33:22 -0500] "GET /calendar.php HTTP/1.1" 200 10736 "-" "Mozilla/5.0 (compatible; bingbot/2.0; +http://www.bing.com/bingbot.htm)"
157.55.39.45 - - [29/Sep/2014:01:33:23 -0500] "GET /dama/libreria/php/decide.php?patron=03.140102 HTTP/1.1" 404 1207 "-" "Mozilla/5.0 (compatible; bingbot/2.0; +http://www.bing.com/bingbot.htm)"
74.86.158.107 - - [29/Sep/2014:01:33:28 -0500] "HEAD / HTTP/1.1" 302 - "-" "Mozilla/5.0+(compatible; UptimeRobot/2.0; http://www.uptimerobot.com/)"
192.99.149.88 - - [29/Sep/2014:01:34:55 -0500] "GET / HTTP/1.1" 302 - "-" "Mozilla/5.0 (Windows NT 6.1; WOW64; Trident/7.0; rv:11.0) like Gecko"
200.118.215.179 - - [29/Sep/2014:01:35:11 -0500] "GET /BLA/boletinlegal/js/jquery.scrollTo-min.js HTTP/1.1" 200 1150 "http://www.ambientebogota.gov.co/" "Mozilla/5.0 (Windows NT 6.1; WOW64) AppleWebKit/537.36 (KHTML, like Gecko) Chrome/37.0.2062.124 Safari/537.36"
200.118.215.179 - - [29/Sep/2014:01:35:11 -0500] "GET /BLA/boletinlegal/js/jquery.scrollShow.js HTTP/1.1" 200 4586 "http://www.ambientebogota.gov.co/" "Mozilla/5.0 (Windows NT 6.1; WOW64) AppleWebKit/537.36 (KHTML, like Gecko) Chrome/37.0.2062.124 Safari/537.36"
200.118.215.179 - - [29/Sep/2014:01:35:11 -0500] "GET /galeria/carrusel/Carrusel/jquery.thumbnailScroller.css HTTP/1.1" 200 2066 "http://www.ambientebogota.gov.co/" "Mozilla/5.0 (Windows NT 6.1; WOW64) AppleWebKit/537.36 (KHTML, like Gecko) Chrome/37.0.2062.124 Safari/537.36"
200.118.215.179 - - [29/Sep/2014:01:35:12 -0500] "GET /galeria/carrusel/Carrusel/jquery-ui-1.8.13.custom.min.js HTTP/1.1" 200 10800 "http://www.ambientebogota.gov.co/" "Mozilla/5.0 (Windows NT 6.1; WOW64) AppleWebKit/537.36 (KHTML, like Gecko) Chrome/37.0.2062.124 Safari/537.36"
200.118.215.179 - - [29/Sep/2014:01:35:11 -0500] "GET /BLA/boletinlegal/js/jquery.js HTTP/1.1" 200 57254 "http://www.ambientebogota.gov.co/" "Mozilla/5.0 (Windows NT 6.1; WOW64) AppleWebKit/537.36 (KHTML, like Gecko) Chrome/37.0.2062.124 Safari/537.36"
200.118.215.179 - - [29/Sep/2014:01:35:13 -0500] "GET /galeria/carrusel/Carrusel/jquery.thumbnailScroller.js HTTP/1.1" 200 8157 "http://www.ambientebogota.gov.co/" "Mozilla/5.0 (Windows NT 6.1; WOW64) AppleWebKit/537.36 (KHTML, like Gecko) Chrome/37.0.2062.124 Safari/537.36"
200.118.215.179 - - [29/Sep/2014:01:35:16 -0500] "GET /BLA/boletinlegal/js/jquery.js HTTP/1.1" 206 1 "http://www.ambientebogota.gov.co/" "Mozilla/5.0 (Windows NT 6.1; WOW64) AppleWebKit/537.36 (KHTML, like Gecko) Chrome/37.0.2062.124 Safari/537.36"
200.118.215.179 - - [29/Sep/2014:01:35:16 -0500] "GET /galeria/carrusel/Carrusel/jquery.thumbnailScroller.js HTTP/1.1" 200 8157 "http://www.ambientebogota.gov.co/" "Mozilla/5.0 (Windows NT 6.1; WOW64) AppleWebKit/537.36 (KHTML, like Gecko) Chrome/37.0.2062.124 Safari/537.36"
200.118.215.179 - - [29/Sep/2014:01:35:16 -0500] "GET /BLA/boletinlegal/js/jquery.js HTTP/1.1" 206 35982 "http://www.ambientebogota.gov.co/" "Mozilla/5.0 (Windows NT 6.1; WOW64) AppleWebKit/537.36 (KHTML, like Gecko) Chrome/37.0.2062.124 Safari/537.36"
200.118.215.179 - - [29/Sep/2014:01:35:23 -0500] "GET /galeria/nivo-slider/demo/demo.html HTTP/1.1" 200 4440 "http://www.ambientebogota.gov.co/" "Mozilla/5.0 (Windows NT 6.1; WOW64) AppleWebKit/537.36 (KHTML, like Gecko) Chrome/37.0.2062.124 Safari/537.36"
200.118.215.179 - - [29/Sep/2014:01:35:23 -0500] "GET /galeria/nivo-slider/themes/default/default.css HTTP/1.1" 200 1569 "http://190.27.245.106/galeria/nivo-slider/demo/demo.html" "Mozilla/5.0 (Windows NT 6.1; WOW64) AppleWebKit/537.36 (KHTML, like Gecko) Chrome/37.0.2062.124 Safari/537.36"
200.118.215.179 - - [29/Sep/2014:01:35:23 -0500] "GET /galeria/nivo-slider/themes/pascal/pascal.css HTTP/1.1" 200 2258 "http://190.27.245.106/galeria/nivo-slider/demo/demo.html" "Mozilla/5.0 (Windows NT 6.1; WOW64) AppleWebKit/537.36 (KHTML, like Gecko) Chrome/37.0.2062.124 Safari/537.36"
200.118.215.179 - - [29/Sep/2014:01:35:24 -0500] "GET /galeria/nivo-slider/themes/orman/orman.css HTTP/1.1" 200 2152 "http://190.27.245.106/galeria/nivo-slider/demo/demo.html" "Mozilla/5.0 (Windows NT 6.1; WOW64) AppleWebKit/537.36 (KHTML, like Gecko) Chrome/37.0.2062.124 Safari/537.36"
200.118.215.179 - - [29/Sep/2014:01:35:24 -0500] "GET /galeria/nivo-slider/demo/style.css HTTP/1.1" 200 2222 "http://190.27.245.106/galeria/nivo-slider/demo/demo.html" "Mozilla/5.0 (Windows NT 6.1; WOW64) AppleWebKit/537.36 (KHTML, like Gecko) Chrome/37.0.2062.124 Safari/537.36"
200.118.215.179 - - [29/Sep/2014:01:35:24 -0500] "GET /galeria/nivo-slider/nivo-slider.css HTTP/1.1" 200 1507 "http://190.27.245.106/galeria/nivo-slider/demo/demo.html" "Mozilla/5.0 (Windows NT 6.1; WOW64) AppleWebKit/537.36 (KHTML, like Gecko) Chrome/37.0.2062.124 Safari/537.36"
200.118.215.179 - - [29/Sep/2014:01:35:24 -0500] "GET /galeria/nivo-slider/jquery.nivo.slider.pack.js HTTP/1.1" 200 11561 "http://190.27.245.106/galeria/nivo-slider/demo/demo.html" "Mozilla/5.0 (Windows NT 6.1; WOW64) AppleWebKit/537.36 (KHTML, like Gecko) Chrome/37.0.2062.124 Safari/537.36"
200.118.215.179 - - [29/Sep/2014:01:35:24 -0500] "GET /galeria/nivo-slider/demo/scripts/jquery-1.7.1.min.js HTTP/1.1" 200 93868 "http://190.27.245.106/galeria/nivo-slider/demo/demo.html" "Mozilla/5.0 (Windows NT 6.1; WOW64) AppleWebKit/537.36 (KHTML, like Gecko) Chrome/37.0.2062.124 Safari/537.36"
200.118.215.179 - - [29/Sep/2014:01:35:32 -0500] "GET /galeria/nivo-slider/demo/images/4Simple_Slider.png HTTP/1.1" 200 11722 "http://190.27.245.106/galeria/nivo-slider/demo/style.css" "Mozilla/5.0 (Windows NT 6.1; WOW64) AppleWebKit/537.36 (KHTML, like Gecko) Chrome/37.0.2062.124 Safari/537.36"
200.118.215.179 - - [29/Sep/2014:01:35:33 -0500] "GET /galeria/nivo-slider/themes/default/loading.gif HTTP/1.1" 200 1737 "http://190.27.245.106/galeria/nivo-slider/themes/default/default.css" "Mozilla/5.0 (Windows NT 6.1; WOW64) AppleWebKit/537.36 (KHTML, like Gecko) Chrome/37.0.2062.124 Safari/537.36"
200.118.215.179 - - [29/Sep/2014:01:35:25 -0500] "GET /galeria/nivo-slider/demo/images/jovenesplaza1.jpg HTTP/1.1" 200 152570 "http://190.27.245.106/galeria/nivo-slider/demo/demo.html" "Mozilla/5.0 (Windows NT 6.1; WOW64) AppleWebKit/537.36 (KHTML, like Gecko) Chrome/37.0.2062.124 Safari/537.36"
200.118.215.179 - - [29/Sep/2014:01:35:25 -0500] "GET /galeria/nivo-slider/demo/images/banner_adopcion2.jpg HTTP/1.1" 200 136406 "http://190.27.245.106/galeria/nivo-slider/demo/demo.html" "Mozilla/5.0 (Windows NT 6.1; WOW64) AppleWebKit/537.36 (KHTML, like Gecko) Chrome/37.0.2062.124 Safari/537.36"
200.118.215.179 - - [29/Sep/2014:01:35:25 -0500] "GET /galeria/nivo-slider/demo/images/marchaxclima01a.jpg HTTP/1.1" 200 157427 "http://190.27.245.106/galeria/nivo-slider/demo/demo.html" "Mozilla/5.0 (Windows NT 6.1; WOW64) AppleWebKit/537.36 (KHTML, like Gecko) Chrome/37.0.2062.124 Safari/537.36"
200.118.215.179 - - [29/Sep/2014:01:35:25 -0500] "GET /galeria/nivo-slider/demo/images/BannerIDRD1.png HTTP/1.1" 200 316313 "http://190.27.245.106/galeria/nivo-slider/demo/demo.html" "Mozilla/5.0 (Windows NT 6.1; WOW64) AppleWebKit/537.36 (KHTML, like Gecko) Chrome/37.0.2062.124 Safari/537.36"
200.118.215.179 - - [29/Sep/2014:01:35:25 -0500] "GET /galeria/nivo-slider/demo/images/bannerEcolecta3.jpg HTTP/1.1" 200 280034 "http://190.27.245.106/galeria/nivo-slider/demo/demo.html" "Mozilla/5.0 (Windows NT 6.1; WOW64) AppleWebKit/537.36 (KHTML, like Gecko) Chrome/37.0.2062.124 Safari/537.36"
200.118.215.179 - - [29/Sep/2014:01:35:37 -0500] "GET /galeria/nivo-slider/demo/images/cumbre-climaNvaYork.jpg HTTP/1.1" 200 71628 "http://190.27.245.106/galeria/nivo-slider/demo/demo.html" "Mozilla/5.0 (Windows NT 6.1; WOW64) AppleWebKit/537.36 (KHTML, like Gecko) Chrome/37.0.2062.124 Safari/537.36"
200.118.215.179 - - [29/Sep/2014:01:35:37 -0500] "GET /galeria/nivo-slider/demo/images/marchaxclima05a.jpg HTTP/1.1" 200 127534 "http://190.27.245.106/galeria/nivo-slider/demo/demo.html" "Mozilla/5.0 (Windows NT 6.1; WOW64) AppleWebKit/537.36 (KHTML, like Gecko) Chrome/37.0.2062.124 Safari/537.36"
200.118.215.179 - - [29/Sep/2014:01:35:35 -0500] "GET /galeria/nivo-slider/demo/images/marchaxclima03a.jpg HTTP/1.1" 200 179842 "http://190.27.245.106/galeria/nivo-slider/demo/demo.html" "Mozilla/5.0 (Windows NT 6.1; WOW64) AppleWebKit/537.36 (KHTML, like Gecko) Chrome/37.0.2062.124 Safari/537.36"
200.118.215.179 - - [29/Sep/2014:01:35:37 -0500] "GET /galeria/nivo-slider/demo/images/Recilaton02.jpg HTTP/1.1" 200 82162 "http://190.27.245.106/galeria/nivo-slider/demo/demo.html" "Mozilla/5.0 (Windows NT 6.1; WOW64) AppleWebKit/537.36 (KHTML, like Gecko) Chrome/37.0.2062.124 Safari/537.36"
200.118.215.179 - - [29/Sep/2014:01:35:40 -0500] "GET /galeria/nivo-slider/demo/images/banner-encuesta.jpg HTTP/1.1" 200 42764 "http://190.27.245.106/galeria/nivo-slider/demo/demo.html" "Mozilla/5.0 (Windows NT 6.1; WOW64) AppleWebKit/537.36 (KHTML, like Gecko) Chrome/37.0.2062.124 Safari/537.36"
200.118.215.179 - - [29/Sep/2014:01:35:40 -0500] "GET /galeria/nivo-slider/demo/images/banner-llantas2.jpg HTTP/1.1" 200 73153 "http://190.27.245.106/galeria/nivo-slider/demo/demo.html" "Mozilla/5.0 (Windows NT 6.1; WOW64) AppleWebKit/537.36 (KHTML, like Gecko) Chrome/37.0.2062.124 Safari/537.36"
200.118.215.179 - - [29/Sep/2014:01:35:39 -0500] "GET /galeria/nivo-slider/demo/images/9Signos.jpg HTTP/1.1" 200 93040 "http://190.27.245.106/galeria/nivo-slider/demo/demo.html" "Mozilla/5.0 (Windows NT 6.1; WOW64) AppleWebKit/537.36 (KHTML, like Gecko) Chrome/37.0.2062.124 Safari/537.36"
200.118.215.179 - - [29/Sep/2014:01:35:38 -0500] "GET /galeria/nivo-slider/demo/images/Banner-Caracol-Africano.jpg HTTP/1.1" 200 331986 "http://190.27.245.106/galeria/nivo-slider/demo/demo.html" "Mozilla/5.0 (Windows NT 6.1; WOW64) AppleWebKit/537.36 (KHTML, like Gecko) Chrome/37.0.2062.124 Safari/537.36"
200.118.215.179 - - [29/Sep/2014:01:35:41 -0500] "GET /galeria/nivo-slider/demo/images/ConstructorasFNL.jpg HTTP/1.1" 200 216551 "http://190.27.245.106/galeria/nivo-slider/demo/demo.html" "Mozilla/5.0 (Windows NT 6.1; WOW64) AppleWebKit/537.36 (KHTML, like Gecko) Chrome/37.0.2062.124 Safari/537.36"
200.118.215.179 - - [29/Sep/2014:01:35:42 -0500] "GET /galeria/nivo-slider/demo/images/Hacienda_Molinos.jpg HTTP/1.1" 200 319171 "http://190.27.245.106/galeria/nivo-slider/demo/demo.html" "Mozilla/5.0 (Windows NT 6.1; WOW64) AppleWebKit/537.36 (KHTML, like Gecko) Chrome/37.0.2062.124 Safari/537.36"
200.118.215.179 - - [29/Sep/2014:01:35:41 -0500] "GET /galeria/nivo-slider/demo/images/banner-caballos.png HTTP/1.1" 200 389106 "http://190.27.245.106/galeria/nivo-slider/demo/demo.html" "Mozilla/5.0 (Windows NT 6.1; WOW64) AppleWebKit/537.36 (KHTML, like Gecko) Chrome/37.0.2062.124 Safari/537.36"
200.118.215.179 - - [29/Sep/2014:01:35:49 -0500] "GET /galeria/nivo-slider/themes/default/bullets.png HTTP/1.1" 200 1281 "http://190.27.245.106/galeria/nivo-slider/themes/default/default.css" "Mozilla/5.0 (Windows NT 6.1; WOW64) AppleWebKit/537.36 (KHTML, like Gecko) Chrome/37.0.2062.124 Safari/537.36"
200.118.215.179 - - [29/Sep/2014:01:35:49 -0500] "GET /galeria/nivo-slider/themes/default/arrows.png HTTP/1.1" 200 824 "http://190.27.245.106/galeria/nivo-slider/themes/default/default.css" "Mozilla/5.0 (Windows NT 6.1; WOW64) AppleWebKit/537.36 (KHTML, like Gecko) Chrome/37.0.2062.124 Safari/537.36"
190.25.232.143 - - [29/Sep/2014:01:36:17 -0500] "GET /galeria/nivo-slider/demo/images/AHORA-SI-LA-PAZ.jpg HTTP/1.1" 304 - "-" "Mozilla/4.0 (compatible;)"
200.118.215.179 - - [29/Sep/2014:01:35:38 -0500] "GET /videos/VideoOABFLV.flv HTTP/1.1" 200 7889923 "http://www.ambientebogota.gov.co/" "Mozilla/5.0 (Windows NT 6.1; WOW64) AppleWebKit/537.36 (KHTML, like Gecko) Chrome/37.0.2062.124 Safari/537.36"
220.181.108.91 - - [29/Sep/2014:01:37:44 -0500] "GET /BLA/resoluciones/RESOLUCIONES%25202009/4395.pdf HTTP/1.1" 404 1206 "-" "Mozilla/5.0 (compatible; Baiduspider/2.0; +http://www.baidu.com/search/spider.html)"
74.86.158.107 - - [29/Sep/2014:01:38:28 -0500] "HEAD / HTTP/1.1" 302 - "-" "Mozilla/5.0+(compatible; UptimeRobot/2.0; http://www.uptimerobot.com/)"
190.26.168.220 - - [29/Sep/2014:01:39:05 -0500] "GET /BLA/boletinlegal/js/jquery.scrollTo-min.js HTTP/1.1" 200 1150 "http://ambientebogota.gov.co/normatividad2" "Mozilla/5.0 (Windows NT 6.1; WOW64) AppleWebKit/537.36 (KHTML, like Gecko) Chrome/37.0.2062.124 Safari/537.36"
190.26.168.220 - - [29/Sep/2014:01:39:05 -0500] "GET /BLA/boletinlegal/js/jquery.scrollShow.js HTTP/1.1" 200 4586 "http://ambientebogota.gov.co/normatividad2" "Mozilla/5.0 (Windows NT 6.1; WOW64) AppleWebKit/537.36 (KHTML, like Gecko) Chrome/37.0.2062.124 Safari/537.36"
190.26.168.220 - - [29/Sep/2014:01:39:05 -0500] "GET /BLA/boletinlegal/js/jquery.js HTTP/1.1" 200 57254 "http://ambientebogota.gov.co/normatividad2" "Mozilla/5.0 (Windows NT 6.1; WOW64) AppleWebKit/537.36 (KHTML, like Gecko) Chrome/37.0.2062.124 Safari/537.36"
190.25.232.143 - - [29/Sep/2014:01:39:14 -0500] "GET /galeria/nivo-slider/demo/images/monterrey.jpg HTTP/1.1" 304 - "-" "Mozilla/4.0 (compatible;)"
207.46.13.4 - - [29/Sep/2014:01:39:21 -0500] "GET /robots.txt HTTP/1.1" 404 1206 "-" "Mozilla/5.0 (compatible; bingbot/2.0; +http://www.bing.com/bingbot.htm)"
207.46.13.4 - - [29/Sep/2014:01:39:21 -0500] "GET /robots.txt HTTP/1.1" 404 1206 "-" "Mozilla/5.0 (compatible; bingbot/2.0; +http://www.bing.com/bingbot.htm)"
207.46.13.4 - - [29/Sep/2014:01:39:21 -0500] "GET /robots.txt HTTP/1.1" 404 1206 "-" "Mozilla/5.0 (compatible; bingbot/2.0; +http://www.bing.com/bingbot.htm)"
175.143.154.42 - - [29/Sep/2014:01:40:56 -0500] "GET /up_options.php HTTP/1.1" 404 1771 "http://r.search.yahoo.com/_ylt=A2oKmKeD_yhUXyUAa57jPwx.;_ylu=X3oDMTB0ZGFhMWd1BHNlYwNzcgRwb3MDMTkyBGNvbG8Dc2czBHZ0aWQD/RV=2/RE=1412001795/RO=10/RU=http%3a%2f%2fwww.dama.gov.co%2fup_options.php/RK=0/RS=CG7dzP6GePYY6RbbVTwnbj.X8uM-" "Mozilla/5.0 (Windows NT 6.1; WOW64; rv:33.0) Gecko/20100101 Firefox/33.0"
175.143.154.42 - - [29/Sep/2014:01:40:57 -0500] "GET /favicon.ico HTTP/1.1" 200 18567 "-" "Mozilla/5.0 (Windows NT 6.1; WOW64; rv:33.0) Gecko/20100101 Firefox/33.0"
186.30.31.19 - - [29/Sep/2014:01:40:59 -0500] "GET /POT-2013/index.php?dir=Cartografia%2F HTTP/1.1" 200 11465 "https://www.google.com.co/" "Mozilla/5.0 (Windows NT 6.1) AppleWebKit/537.36 (KHTML, like Gecko) Chrome/37.0.2062.124 Safari/537.36"
186.30.31.19 - - [29/Sep/2014:01:40:59 -0500] "GET /POT-2013/dlf/pdf.gif HTTP/1.1" 200 272 "http://www.dama.gov.co/POT-2013/index.php?dir=Cartografia%2F" "Mozilla/5.0 (Windows NT 6.1) AppleWebKit/537.36 (KHTML, like Gecko) Chrome/37.0.2062.124 Safari/537.36"
186.30.31.19 - - [29/Sep/2014:01:41:00 -0500] "GET /POT-2013/dlf/bg.gif HTTP/1.1" 200 54 "http://www.dama.gov.co/POT-2013/dlf/styles.css" "Mozilla/5.0 (Windows NT 6.1) AppleWebKit/537.36 (KHTML, like Gecko) Chrome/37.0.2062.124 Safari/537.36"
186.30.31.19 - - [29/Sep/2014:01:40:59 -0500] "GET /POT-2013/dlf/dirup.png HTTP/1.1" 200 644 "http://www.dama.gov.co/POT-2013/index.php?dir=Cartografia%2F" "Mozilla/5.0 (Windows NT 6.1) AppleWebKit/537.36 (KHTML, like Gecko) Chrome/37.0.2062.124 Safari/537.36"
186.30.31.19 - - [29/Sep/2014:01:40:59 -0500] "GET /POT-2013/dlf/styles.css HTTP/1.1" 200 3045 "http://www.dama.gov.co/POT-2013/index.php?dir=Cartografia%2F" "Mozilla/5.0 (Windows NT 6.1) AppleWebKit/537.36 (KHTML, like Gecko) Chrome/37.0.2062.124 Safari/537.36"
186.30.31.19 - - [29/Sep/2014:01:41:00 -0500] "GET /favicon.ico HTTP/1.1" 200 18567 "-" "Mozilla/5.0 (Windows NT 6.1) AppleWebKit/537.36 (KHTML, like Gecko) Chrome/37.0.2062.124 Safari/537.36"
195.251.119.131 - - [29/Sep/2014:01:41:02 -0500] "GET /BLA/boletinlegal/js/jquery.scrollShow.js HTTP/1.1" 200 4586 "http://ambientebogota.gov.co/es/archivo-de-noticias/-/asset_publisher/5PPa/content/bogota-humana-gana-premio-nacional-de-sostenibilidad-urbana" "Mozilla/5.0 (Windows NT 6.1) AppleWebKit/537.36 (KHTML, like Gecko) Chrome/37.0.2062.124 Safari/537.36"
195.251.119.131 - - [29/Sep/2014:01:41:02 -0500] "GET /BLA/boletinlegal/js/jquery.js HTTP/1.1" 200 57254 "http://ambientebogota.gov.co/es/archivo-de-noticias/-/asset_publisher/5PPa/content/bogota-humana-gana-premio-nacional-de-sostenibilidad-urbana" "Mozilla/5.0 (Windows NT 6.1) AppleWebKit/537.36 (KHTML, like Gecko) Chrome/37.0.2062.124 Safari/537.36"
186.30.31.19 - - [29/Sep/2014:01:41:18 -0500] "GET /POT-2013/Cartografia/ANEXO2_ZAC.pdf HTTP/1.1" 200 3835541 "http://www.dama.gov.co/POT-2013/index.php?dir=Cartografia%2F" "Mozilla/5.0 (Windows NT 6.1) AppleWebKit/537.36 (KHTML, like Gecko) Chrome/37.0.2062.124 Safari/537.36"
186.30.31.19 - - [29/Sep/2014:01:41:19 -0500] "GET /POT-2013/Cartografia/ANEXO2_ZAC.pdf HTTP/1.1" 206 32768 "http://www.dama.gov.co/POT-2013/Cartografia/ANEXO2_ZAC.pdf" "Mozilla/5.0 (Windows NT 6.1) AppleWebKit/537.36 (KHTML, like Gecko) Chrome/37.0.2062.124 Safari/537.36"
195.251.119.131 - - [29/Sep/2014:01:41:02 -0500] "GET /BLA/boletinlegal/js/jquery.scrollTo-min.js HTTP/1.1" 200 1150 "http://ambientebogota.gov.co/es/archivo-de-noticias/-/asset_publisher/5PPa/content/bogota-humana-gana-premio-nacional-de-sostenibilidad-urbana" "Mozilla/5.0 (Windows NT 6.1) AppleWebKit/537.36 (KHTML, like Gecko) Chrome/37.0.2062.124 Safari/537.36"
195.251.119.131 - - [29/Sep/2014:01:41:44 -0500] "GET /BLA/boletinlegal/js/jquery.scrollTo-min.js HTTP/1.1" 200 1150 "http://ambientebogota.gov.co/es/archivo-de-noticias/-/asset_publisher/5PPa/content/bogota-humana-gana-premio-nacional-de-sostenibilidad-urbana" "Mozilla/5.0 (Windows NT 6.1) AppleWebKit/537.36 (KHTML, like Gecko) Chrome/37.0.2062.124 Safari/537.36"
186.30.31.19 - - [29/Sep/2014:01:41:19 -0500] "GET /POT-2013/Cartografia/ANEXO2_ZAC.pdf HTTP/1.1" 206 3802773 "http://www.dama.gov.co/POT-2013/Cartografia/ANEXO2_ZAC.pdf" "Mozilla/5.0 (Windows NT 6.1) AppleWebKit/537.36 (KHTML, like Gecko) Chrome/37.0.2062.124 Safari/537.36"
74.86.158.107 - - [29/Sep/2014:01:43:28 -0500] "HEAD / HTTP/1.1" 302 - "-" "Mozilla/5.0+(compatible; UptimeRobot/2.0; http://www.uptimerobot.com/)"
186.82.83.77 - - [29/Sep/2014:01:43:30 -0500] "GET /videos/VideoOABFLV.flv HTTP/1.1" 206 1 "http://ambientebogota.gov.co/" "Mozilla/5.0 (Windows NT 6.1) AppleWebKit/537.36 (KHTML, like Gecko) Chrome/37.0.2062.124 Safari/537.36"
66.249.67.75 - - [29/Sep/2014:01:43:31 -0500] "GET /BLA/resoluciones/RESOLUCIONES%202008/3258.pdf HTTP/1.1" 200 212572 "-" "Mozilla/5.0 (compatible; Googlebot/2.1; +http://www.google.com/bot.html)"
186.82.83.77 - - [29/Sep/2014:01:43:31 -0500] "GET /videos/VideoOABFLV.flv HTTP/1.1" 206 1991683 "http://ambientebogota.gov.co/" "Mozilla/5.0 (Windows NT 6.1) AppleWebKit/537.36 (KHTML, like Gecko) Chrome/37.0.2062.124 Safari/537.36"
202.46.63.49 - - [29/Sep/2014:01:45:09 -0500] "GET / HTTP/1.1" 302 - "-" "Mozilla/4.0 (compatible; MSIE 7.0; Windows NT 6.0)"
119.63.193.131 - - [29/Sep/2014:01:45:35 -0500] "GET / HTTP/1.1" 302 - "-" "Mozilla/4.0 (compatible; MSIE 7.0; Windows NT 6.0)"
66.249.67.75 - - [29/Sep/2014:01:46:33 -0500] "GET /BLA/resoluciones/RESOLUCIONES%202005/RES%202005%20801-850/00000837.tif HTTP/1.1" 200 174572 "-" "Googlebot-Image/1.0"
201.245.192.253 - - [29/Sep/2014:01:47:14 -0500] "GET /stormWeb/img/prev.gif HTTP/1.1" 304 - "-" "Mozilla/4.0 (compatible;)"
190.68.205.231 - - [29/Sep/2014:01:47:33 -0500] "GET / HTTP/1.1" 302 - "-" "Mozilla/5.0 (Windows NT 6.3; WOW64) AppleWebKit/537.36 (KHTML, like Gecko) Chrome/37.0.2062.124 Safari/537.36"
190.68.205.231 - - [29/Sep/2014:01:47:35 -0500] "GET /galeria/carrusel/Carrusel/jquery.thumbnailScroller.css HTTP/1.1" 200 2066 "http://www.ambientebogota.gov.co/" "Mozilla/5.0 (Windows NT 6.3; WOW64) AppleWebKit/537.36 (KHTML, like Gecko) Chrome/37.0.2062.124 Safari/537.36"
190.68.205.231 - - [29/Sep/2014:01:47:35 -0500] "GET /BLA/boletinlegal/js/jquery.scrollTo-min.js HTTP/1.1" 200 1150 "http://www.ambientebogota.gov.co/" "Mozilla/5.0 (Windows NT 6.3; WOW64) AppleWebKit/537.36 (KHTML, like Gecko) Chrome/37.0.2062.124 Safari/537.36"
190.68.205.231 - - [29/Sep/2014:01:47:35 -0500] "GET /BLA/boletinlegal/js/jquery.scrollShow.js HTTP/1.1" 200 4586 "http://www.ambientebogota.gov.co/" "Mozilla/5.0 (Windows NT 6.3; WOW64) AppleWebKit/537.36 (KHTML, like Gecko) Chrome/37.0.2062.124 Safari/537.36"
190.68.205.231 - - [29/Sep/2014:01:47:35 -0500] "GET /galeria/carrusel/Carrusel/jquery.thumbnailScroller.js HTTP/1.1" 200 8157 "http://www.ambientebogota.gov.co/" "Mozilla/5.0 (Windows NT 6.3; WOW64) AppleWebKit/537.36 (KHTML, like Gecko) Chrome/37.0.2062.124 Safari/537.36"
190.68.205.231 - - [29/Sep/2014:01:47:35 -0500] "GET /galeria/carrusel/Carrusel/jquery-ui-1.8.13.custom.min.js HTTP/1.1" 200 10800 "http://www.ambientebogota.gov.co/" "Mozilla/5.0 (Windows NT 6.3; WOW64) AppleWebKit/537.36 (KHTML, like Gecko) Chrome/37.0.2062.124 Safari/537.36"
190.68.205.231 - - [29/Sep/2014:01:47:35 -0500] "GET /BLA/boletinlegal/js/jquery.js HTTP/1.1" 200 57254 "http://www.ambientebogota.gov.co/" "Mozilla/5.0 (Windows NT 6.3; WOW64) AppleWebKit/537.36 (KHTML, like Gecko) Chrome/37.0.2062.124 Safari/537.36"
190.68.205.231 - - [29/Sep/2014:01:47:38 -0500] "GET /galeria/nivo-slider/demo/demo.html HTTP/1.1" 200 4440 "http://www.ambientebogota.gov.co/" "Mozilla/5.0 (Windows NT 6.3; WOW64) AppleWebKit/537.36 (KHTML, like Gecko) Chrome/37.0.2062.124 Safari/537.36"
190.68.205.231 - - [29/Sep/2014:01:47:38 -0500] "GET /galeria/nivo-slider/themes/default/default.css HTTP/1.1" 200 1569 "http://190.27.245.106/galeria/nivo-slider/demo/demo.html" "Mozilla/5.0 (Windows NT 6.3; WOW64) AppleWebKit/537.36 (KHTML, like Gecko) Chrome/37.0.2062.124 Safari/537.36"
190.68.205.231 - - [29/Sep/2014:01:47:38 -0500] "GET /galeria/nivo-slider/themes/pascal/pascal.css HTTP/1.1" 200 2258 "http://190.27.245.106/galeria/nivo-slider/demo/demo.html" "Mozilla/5.0 (Windows NT 6.3; WOW64) AppleWebKit/537.36 (KHTML, like Gecko) Chrome/37.0.2062.124 Safari/537.36"
190.68.205.231 - - [29/Sep/2014:01:47:38 -0500] "GET /galeria/nivo-slider/themes/orman/orman.css HTTP/1.1" 200 2152 "http://190.27.245.106/galeria/nivo-slider/demo/demo.html" "Mozilla/5.0 (Windows NT 6.3; WOW64) AppleWebKit/537.36 (KHTML, like Gecko) Chrome/37.0.2062.124 Safari/537.36"
190.68.205.231 - - [29/Sep/2014:01:47:38 -0500] "GET /galeria/nivo-slider/nivo-slider.css HTTP/1.1" 200 1507 "http://190.27.245.106/galeria/nivo-slider/demo/demo.html" "Mozilla/5.0 (Windows NT 6.3; WOW64) AppleWebKit/537.36 (KHTML, like Gecko) Chrome/37.0.2062.124 Safari/537.36"
190.68.205.231 - - [29/Sep/2014:01:47:38 -0500] "GET /galeria/nivo-slider/demo/style.css HTTP/1.1" 200 2222 "http://190.27.245.106/galeria/nivo-slider/demo/demo.html" "Mozilla/5.0 (Windows NT 6.3; WOW64) AppleWebKit/537.36 (KHTML, like Gecko) Chrome/37.0.2062.124 Safari/537.36"
190.68.205.231 - - [29/Sep/2014:01:47:38 -0500] "GET /galeria/nivo-slider/demo/scripts/jquery-1.7.1.min.js HTTP/1.1" 200 93868 "http://190.27.245.106/galeria/nivo-slider/demo/demo.html" "Mozilla/5.0 (Windows NT 6.3; WOW64) AppleWebKit/537.36 (KHTML, like Gecko) Chrome/37.0.2062.124 Safari/537.36"
190.68.205.231 - - [29/Sep/2014:01:47:39 -0500] "GET /galeria/nivo-slider/jquery.nivo.slider.pack.js HTTP/1.1" 200 11561 "http://190.27.245.106/galeria/nivo-slider/demo/demo.html" "Mozilla/5.0 (Windows NT 6.3; WOW64) AppleWebKit/537.36 (KHTML, like Gecko) Chrome/37.0.2062.124 Safari/537.36"
190.68.205.231 - - [29/Sep/2014:01:47:40 -0500] "GET /galeria/nivo-slider/themes/default/loading.gif HTTP/1.1" 200 1737 "http://190.27.245.106/galeria/nivo-slider/themes/default/default.css" "Mozilla/5.0 (Windows NT 6.3; WOW64) AppleWebKit/537.36 (KHTML, like Gecko) Chrome/37.0.2062.124 Safari/537.36"
190.68.205.231 - - [29/Sep/2014:01:47:40 -0500] "GET /galeria/nivo-slider/demo/images/4Simple_Slider.png HTTP/1.1" 200 11722 "http://190.27.245.106/galeria/nivo-slider/demo/style.css" "Mozilla/5.0 (Windows NT 6.3; WOW64) AppleWebKit/537.36 (KHTML, like Gecko) Chrome/37.0.2062.124 Safari/537.36"
190.68.205.231 - - [29/Sep/2014:01:47:39 -0500] "GET /galeria/nivo-slider/demo/images/jovenesplaza1.jpg HTTP/1.1" 200 152570 "http://190.27.245.106/galeria/nivo-slider/demo/demo.html" "Mozilla/5.0 (Windows NT 6.3; WOW64) AppleWebKit/537.36 (KHTML, like Gecko) Chrome/37.0.2062.124 Safari/537.36"
190.68.205.231 - - [29/Sep/2014:01:47:39 -0500] "GET /galeria/nivo-slider/demo/images/marchaxclima01a.jpg HTTP/1.1" 200 157427 "http://190.27.245.106/galeria/nivo-slider/demo/demo.html" "Mozilla/5.0 (Windows NT 6.3; WOW64) AppleWebKit/537.36 (KHTML, like Gecko) Chrome/37.0.2062.124 Safari/537.36"
190.68.205.231 - - [29/Sep/2014:01:47:39 -0500] "GET /galeria/nivo-slider/demo/images/bannerEcolecta3.jpg HTTP/1.1" 200 280034 "http://190.27.245.106/galeria/nivo-slider/demo/demo.html" "Mozilla/5.0 (Windows NT 6.3; WOW64) AppleWebKit/537.36 (KHTML, like Gecko) Chrome/37.0.2062.124 Safari/537.36"
190.68.205.231 - - [29/Sep/2014:01:47:39 -0500] "GET /galeria/nivo-slider/demo/images/BannerIDRD1.png HTTP/1.1" 200 316313 "http://190.27.245.106/galeria/nivo-slider/demo/demo.html" "Mozilla/5.0 (Windows NT 6.3; WOW64) AppleWebKit/537.36 (KHTML, like Gecko) Chrome/37.0.2062.124 Safari/537.36"
190.68.205.231 - - [29/Sep/2014:01:47:42 -0500] "GET /galeria/nivo-slider/demo/images/cumbre-climaNvaYork.jpg HTTP/1.1" 200 71628 "http://190.27.245.106/galeria/nivo-slider/demo/demo.html" "Mozilla/5.0 (Windows NT 6.3; WOW64) AppleWebKit/537.36 (KHTML, like Gecko) Chrome/37.0.2062.124 Safari/537.36"
190.68.205.231 - - [29/Sep/2014:01:47:42 -0500] "GET /galeria/nivo-slider/demo/images/Recilaton02.jpg HTTP/1.1" 200 82162 "http://190.27.245.106/galeria/nivo-slider/demo/demo.html" "Mozilla/5.0 (Windows NT 6.3; WOW64) AppleWebKit/537.36 (KHTML, like Gecko) Chrome/37.0.2062.124 Safari/537.36"
190.68.205.231 - - [29/Sep/2014:01:47:39 -0500] "GET /galeria/nivo-slider/demo/images/banner_adopcion2.jpg HTTP/1.1" 200 136406 "http://190.27.245.106/galeria/nivo-slider/demo/demo.html" "Mozilla/5.0 (Windows NT 6.3; WOW64) AppleWebKit/537.36 (KHTML, like Gecko) Chrome/37.0.2062.124 Safari/537.36"
190.68.205.231 - - [29/Sep/2014:01:47:41 -0500] "GET /galeria/nivo-slider/demo/images/marchaxclima05a.jpg HTTP/1.1" 200 127534 "http://190.27.245.106/galeria/nivo-slider/demo/demo.html" "Mozilla/5.0 (Windows NT 6.3; WOW64) AppleWebKit/537.36 (KHTML, like Gecko) Chrome/37.0.2062.124 Safari/537.36"
190.68.205.231 - - [29/Sep/2014:01:47:42 -0500] "GET /galeria/nivo-slider/demo/images/9Signos.jpg HTTP/1.1" 200 93040 "http://190.27.245.106/galeria/nivo-slider/demo/demo.html" "Mozilla/5.0 (Windows NT 6.3; WOW64) AppleWebKit/537.36 (KHTML, like Gecko) Chrome/37.0.2062.124 Safari/537.36"
190.68.205.231 - - [29/Sep/2014:01:47:42 -0500] "GET /galeria/nivo-slider/demo/images/banner-encuesta.jpg HTTP/1.1" 200 42764 "http://190.27.245.106/galeria/nivo-slider/demo/demo.html" "Mozilla/5.0 (Windows NT 6.3; WOW64) AppleWebKit/537.36 (KHTML, like Gecko) Chrome/37.0.2062.124 Safari/537.36"
190.68.205.231 - - [29/Sep/2014:01:47:40 -0500] "GET /galeria/nivo-slider/demo/images/marchaxclima03a.jpg HTTP/1.1" 200 179842 "http://190.27.245.106/galeria/nivo-slider/demo/demo.html" "Mozilla/5.0 (Windows NT 6.3; WOW64) AppleWebKit/537.36 (KHTML, like Gecko) Chrome/37.0.2062.124 Safari/537.36"
190.68.205.231 - - [29/Sep/2014:01:47:42 -0500] "GET /galeria/nivo-slider/demo/images/Banner-Caracol-Africano.jpg HTTP/1.1" 200 331986 "http://190.27.245.106/galeria/nivo-slider/demo/demo.html" "Mozilla/5.0 (Windows NT 6.3; WOW64) AppleWebKit/537.36 (KHTML, like Gecko) Chrome/37.0.2062.124 Safari/537.36"
190.68.205.231 - - [29/Sep/2014:01:47:42 -0500] "GET /galeria/nivo-slider/demo/images/banner-llantas2.jpg HTTP/1.1" 200 73153 "http://190.27.245.106/galeria/nivo-slider/demo/demo.html" "Mozilla/5.0 (Windows NT 6.3; WOW64) AppleWebKit/537.36 (KHTML, like Gecko) Chrome/37.0.2062.124 Safari/537.36"
190.68.205.231 - - [29/Sep/2014:01:47:43 -0500] "GET /galeria/nivo-slider/demo/images/ConstructorasFNL.jpg HTTP/1.1" 200 216551 "http://190.27.245.106/galeria/nivo-slider/demo/demo.html" "Mozilla/5.0 (Windows NT 6.3; WOW64) AppleWebKit/537.36 (KHTML, like Gecko) Chrome/37.0.2062.124 Safari/537.36"
190.68.205.231 - - [29/Sep/2014:01:47:43 -0500] "GET /galeria/nivo-slider/demo/images/banner-caballos.png HTTP/1.1" 200 389106 "http://190.27.245.106/galeria/nivo-slider/demo/demo.html" "Mozilla/5.0 (Windows NT 6.3; WOW64) AppleWebKit/537.36 (KHTML, like Gecko) Chrome/37.0.2062.124 Safari/537.36"
190.68.205.231 - - [29/Sep/2014:01:47:43 -0500] "GET /galeria/nivo-slider/demo/images/Hacienda_Molinos.jpg HTTP/1.1" 200 319171 "http://190.27.245.106/galeria/nivo-slider/demo/demo.html" "Mozilla/5.0 (Windows NT 6.3; WOW64) AppleWebKit/537.36 (KHTML, like Gecko) Chrome/37.0.2062.124 Safari/537.36"
190.68.205.231 - - [29/Sep/2014:01:47:46 -0500] "GET /galeria/nivo-slider/themes/default/bullets.png HTTP/1.1" 200 1281 "http://190.27.245.106/galeria/nivo-slider/themes/default/default.css" "Mozilla/5.0 (Windows NT 6.3; WOW64) AppleWebKit/537.36 (KHTML, like Gecko) Chrome/37.0.2062.124 Safari/537.36"
190.68.205.231 - - [29/Sep/2014:01:47:45 -0500] "GET /galeria/nivo-slider/themes/default/arrows.png HTTP/1.1" 200 824 "http://190.27.245.106/galeria/nivo-slider/themes/default/default.css" "Mozilla/5.0 (Windows NT 6.3; WOW64) AppleWebKit/537.36 (KHTML, like Gecko) Chrome/37.0.2062.124 Safari/537.36"
190.68.205.231 - - [29/Sep/2014:01:47:44 -0500] "GET /videos/VideoOABFLV.flv HTTP/1.1" 200 7889923 "http://www.ambientebogota.gov.co/" "Mozilla/5.0 (Windows NT 6.3; WOW64) AppleWebKit/537.36 (KHTML, like Gecko) Chrome/37.0.2062.124 Safari/537.36"
100.43.85.25 - - [29/Sep/2014:01:48:12 -0500] "GET /re/Talleres/vidrio/imagenes%20vidrio/barra%20vidrio/barra%20vidrio_r3_c02.gif HTTP/1.1" 304 - "-" "Mozilla/5.0 (compatible; YandexBot/3.0; +http://yandex.com/bots)"
180.76.5.148 - - [29/Sep/2014:01:48:22 -0500] "GET /StormSDA/storm_silv/ShaUtil.jar HTTP/1.1" 200 7404 "-" "Mozilla/5.0 (compatible; Baiduspider/2.0; +http://www.baidu.com/search/spider.html)"
74.86.158.107 - - [29/Sep/2014:01:48:28 -0500] "HEAD / HTTP/1.1" 302 - "-" "Mozilla/5.0+(compatible; UptimeRobot/2.0; http://www.uptimerobot.com/)"
190.24.129.149 - - [29/Sep/2014:01:48:48 -0500] "GET /galeria/nivo-slider/demo/images/ecoferia5.jpg HTTP/1.1" 304 - "-" "Mozilla/4.0 (compatible;)"
66.249.67.67 - - [29/Sep/2014:01:49:09 -0500] "GET /BLA/resoluciones/RESOLUCIONES%202008/0833.pdf HTTP/1.1" 200 202053 "-" "Mozilla/5.0 (compatible; Googlebot/2.1; +http://www.google.com/bot.html)"
180.76.6.145 - - [29/Sep/2014:01:52:59 -0500] "GET /BLA/resoluciones/AUTOS%202007/1043.pdf HTTP/1.1" 200 26073 "-" "Mozilla/5.0 (compatible; Baiduspider/2.0; +http://www.baidu.com/search/spider.html)"
74.86.158.107 - - [29/Sep/2014:01:53:28 -0500] "HEAD / HTTP/1.1" 302 - "-" "Mozilla/5.0+(compatible; UptimeRobot/2.0; http://www.uptimerobot.com/)"
186.144.99.44 - - [29/Sep/2014:01:53:52 -0500] "GET /BLA/boletinlegal/js/jquery.scrollTo-min.js HTTP/1.1" 200 1150 "http://www.ambientebogota.gov.co/" "Mozilla/5.0 (Windows NT 6.2; WOW64) AppleWebKit/537.36 (KHTML, like Gecko) Chrome/37.0.2062.124 Safari/537.36"
186.144.99.44 - - [29/Sep/2014:01:53:52 -0500] "GET /galeria/carrusel/Carrusel/jquery.thumbnailScroller.css HTTP/1.1" 200 2066 "http://www.ambientebogota.gov.co/" "Mozilla/5.0 (Windows NT 6.2; WOW64) AppleWebKit/537.36 (KHTML, like Gecko) Chrome/37.0.2062.124 Safari/537.36"
186.144.99.44 - - [29/Sep/2014:01:53:52 -0500] "GET /BLA/boletinlegal/js/jquery.scrollShow.js HTTP/1.1" 200 4586 "http://www.ambientebogota.gov.co/" "Mozilla/5.0 (Windows NT 6.2; WOW64) AppleWebKit/537.36 (KHTML, like Gecko) Chrome/37.0.2062.124 Safari/537.36"
186.144.99.44 - - [29/Sep/2014:01:53:52 -0500] "GET /galeria/carrusel/Carrusel/jquery-ui-1.8.13.custom.min.js HTTP/1.1" 200 10800 "http://www.ambientebogota.gov.co/" "Mozilla/5.0 (Windows NT 6.2; WOW64) AppleWebKit/537.36 (KHTML, like Gecko) Chrome/37.0.2062.124 Safari/537.36"
186.144.99.44 - - [29/Sep/2014:01:53:53 -0500] "GET /galeria/carrusel/Carrusel/jquery.thumbnailScroller.js HTTP/1.1" 200 8157 "http://www.ambientebogota.gov.co/" "Mozilla/5.0 (Windows NT 6.2; WOW64) AppleWebKit/537.36 (KHTML, like Gecko) Chrome/37.0.2062.124 Safari/537.36"
186.144.99.44 - - [29/Sep/2014:01:53:52 -0500] "GET /BLA/boletinlegal/js/jquery.js HTTP/1.1" 200 57254 "http://www.ambientebogota.gov.co/" "Mozilla/5.0 (Windows NT 6.2; WOW64) AppleWebKit/537.36 (KHTML, like Gecko) Chrome/37.0.2062.124 Safari/537.36"
186.144.99.44 - - [29/Sep/2014:01:53:55 -0500] "GET /galeria/nivo-slider/demo/demo.html HTTP/1.1" 200 4440 "http://www.ambientebogota.gov.co/" "Mozilla/5.0 (Windows NT 6.2; WOW64) AppleWebKit/537.36 (KHTML, like Gecko) Chrome/37.0.2062.124 Safari/537.36"
186.144.99.44 - - [29/Sep/2014:01:53:55 -0500] "GET /galeria/nivo-slider/themes/default/default.css HTTP/1.1" 200 1569 "http://190.27.245.106/galeria/nivo-slider/demo/demo.html" "Mozilla/5.0 (Windows NT 6.2; WOW64) AppleWebKit/537.36 (KHTML, like Gecko) Chrome/37.0.2062.124 Safari/537.36"
186.144.99.44 - - [29/Sep/2014:01:53:55 -0500] "GET /galeria/nivo-slider/themes/pascal/pascal.css HTTP/1.1" 200 2258 "http://190.27.245.106/galeria/nivo-slider/demo/demo.html" "Mozilla/5.0 (Windows NT 6.2; WOW64) AppleWebKit/537.36 (KHTML, like Gecko) Chrome/37.0.2062.124 Safari/537.36"
186.144.99.44 - - [29/Sep/2014:01:53:55 -0500] "GET /galeria/nivo-slider/themes/orman/orman.css HTTP/1.1" 200 2152 "http://190.27.245.106/galeria/nivo-slider/demo/demo.html" "Mozilla/5.0 (Windows NT 6.2; WOW64) AppleWebKit/537.36 (KHTML, like Gecko) Chrome/37.0.2062.124 Safari/537.36"
186.144.99.44 - - [29/Sep/2014:01:53:55 -0500] "GET /galeria/nivo-slider/nivo-slider.css HTTP/1.1" 200 1507 "http://190.27.245.106/galeria/nivo-slider/demo/demo.html" "Mozilla/5.0 (Windows NT 6.2; WOW64) AppleWebKit/537.36 (KHTML, like Gecko) Chrome/37.0.2062.124 Safari/537.36"
186.144.99.44 - - [29/Sep/2014:01:53:55 -0500] "GET /galeria/nivo-slider/demo/style.css HTTP/1.1" 200 2222 "http://190.27.245.106/galeria/nivo-slider/demo/demo.html" "Mozilla/5.0 (Windows NT 6.2; WOW64) AppleWebKit/537.36 (KHTML, like Gecko) Chrome/37.0.2062.124 Safari/537.36"
186.144.99.44 - - [29/Sep/2014:01:53:55 -0500] "GET /galeria/nivo-slider/demo/images/banner_adopcion2.jpg HTTP/1.1" 200 136406 "http://190.27.245.106/galeria/nivo-slider/demo/demo.html" "Mozilla/5.0 (Windows NT 6.2; WOW64) AppleWebKit/537.36 (KHTML, like Gecko) Chrome/37.0.2062.124 Safari/537.36"
186.144.99.44 - - [29/Sep/2014:01:53:55 -0500] "GET /galeria/nivo-slider/demo/images/marchaxclima01a.jpg HTTP/1.1" 200 157427 "http://190.27.245.106/galeria/nivo-slider/demo/demo.html" "Mozilla/5.0 (Windows NT 6.2; WOW64) AppleWebKit/537.36 (KHTML, like Gecko) Chrome/37.0.2062.124 Safari/537.36"
186.144.99.44 - - [29/Sep/2014:01:53:55 -0500] "GET /galeria/nivo-slider/demo/images/jovenesplaza1.jpg HTTP/1.1" 200 152570 "http://190.27.245.106/galeria/nivo-slider/demo/demo.html" "Mozilla/5.0 (Windows NT 6.2; WOW64) AppleWebKit/537.36 (KHTML, like Gecko) Chrome/37.0.2062.124 Safari/537.36"
186.144.99.44 - - [29/Sep/2014:01:53:57 -0500] "GET /galeria/nivo-slider/demo/images/Recilaton02.jpg HTTP/1.1" 200 82162 "http://190.27.245.106/galeria/nivo-slider/demo/demo.html" "Mozilla/5.0 (Windows NT 6.2; WOW64) AppleWebKit/537.36 (KHTML, like Gecko) Chrome/37.0.2062.124 Safari/537.36"
186.144.99.44 - - [29/Sep/2014:01:53:55 -0500] "GET /galeria/nivo-slider/demo/images/bannerEcolecta3.jpg HTTP/1.1" 200 280034 "http://190.27.245.106/galeria/nivo-slider/demo/demo.html" "Mozilla/5.0 (Windows NT 6.2; WOW64) AppleWebKit/537.36 (KHTML, like Gecko) Chrome/37.0.2062.124 Safari/537.36"
186.144.99.44 - - [29/Sep/2014:01:53:57 -0500] "GET /galeria/nivo-slider/demo/images/cumbre-climaNvaYork.jpg HTTP/1.1" 200 71628 "http://190.27.245.106/galeria/nivo-slider/demo/demo.html" "Mozilla/5.0 (Windows NT 6.2; WOW64) AppleWebKit/537.36 (KHTML, like Gecko) Chrome/37.0.2062.124 Safari/537.36"
186.144.99.44 - - [29/Sep/2014:01:53:58 -0500] "GET /galeria/nivo-slider/demo/images/banner-encuesta.jpg HTTP/1.1" 200 42764 "http://190.27.245.106/galeria/nivo-slider/demo/demo.html" "Mozilla/5.0 (Windows NT 6.2; WOW64) AppleWebKit/537.36 (KHTML, like Gecko) Chrome/37.0.2062.124 Safari/537.36"
186.144.99.44 - - [29/Sep/2014:01:53:55 -0500] "GET /galeria/nivo-slider/demo/images/BannerIDRD1.png HTTP/1.1" 200 316313 "http://190.27.245.106/galeria/nivo-slider/demo/demo.html" "Mozilla/5.0 (Windows NT 6.2; WOW64) AppleWebKit/537.36 (KHTML, like Gecko) Chrome/37.0.2062.124 Safari/537.36"
186.144.99.44 - - [29/Sep/2014:01:53:57 -0500] "GET /galeria/nivo-slider/demo/images/marchaxclima05a.jpg HTTP/1.1" 200 127534 "http://190.27.245.106/galeria/nivo-slider/demo/demo.html" "Mozilla/5.0 (Windows NT 6.2; WOW64) AppleWebKit/537.36 (KHTML, like Gecko) Chrome/37.0.2062.124 Safari/537.36"
186.144.99.44 - - [29/Sep/2014:01:53:56 -0500] "GET /galeria/nivo-slider/demo/images/marchaxclima03a.jpg HTTP/1.1" 200 179842 "http://190.27.245.106/galeria/nivo-slider/demo/demo.html" "Mozilla/5.0 (Windows NT 6.2; WOW64) AppleWebKit/537.36 (KHTML, like Gecko) Chrome/37.0.2062.124 Safari/537.36"
186.144.99.44 - - [29/Sep/2014:01:53:58 -0500] "GET /galeria/nivo-slider/demo/images/9Signos.jpg HTTP/1.1" 200 93040 "http://190.27.245.106/galeria/nivo-slider/demo/demo.html" "Mozilla/5.0 (Windows NT 6.2; WOW64) AppleWebKit/537.36 (KHTML, like Gecko) Chrome/37.0.2062.124 Safari/537.36"
186.144.99.44 - - [29/Sep/2014:01:53:58 -0500] "GET /galeria/nivo-slider/demo/images/banner-llantas2.jpg HTTP/1.1" 200 73153 "http://190.27.245.106/galeria/nivo-slider/demo/demo.html" "Mozilla/5.0 (Windows NT 6.2; WOW64) AppleWebKit/537.36 (KHTML, like Gecko) Chrome/37.0.2062.124 Safari/537.36"
186.144.99.44 - - [29/Sep/2014:01:53:59 -0500] "GET /galeria/nivo-slider/jquery.nivo.slider.pack.js HTTP/1.1" 200 11561 "http://190.27.245.106/galeria/nivo-slider/demo/demo.html" "Mozilla/5.0 (Windows NT 6.2; WOW64) AppleWebKit/537.36 (KHTML, like Gecko) Chrome/37.0.2062.124 Safari/537.36"
186.144.99.44 - - [29/Sep/2014:01:53:58 -0500] "GET /galeria/nivo-slider/demo/scripts/jquery-1.7.1.min.js HTTP/1.1" 200 93868 "http://190.27.245.106/galeria/nivo-slider/demo/demo.html" "Mozilla/5.0 (Windows NT 6.2; WOW64) AppleWebKit/537.36 (KHTML, like Gecko) Chrome/37.0.2062.124 Safari/537.36"
186.144.99.44 - - [29/Sep/2014:01:53:59 -0500] "GET /galeria/nivo-slider/themes/default/loading.gif HTTP/1.1" 200 1737 "http://190.27.245.106/galeria/nivo-slider/themes/default/default.css" "Mozilla/5.0 (Windows NT 6.2; WOW64) AppleWebKit/537.36 (KHTML, like Gecko) Chrome/37.0.2062.124 Safari/537.36"
186.144.99.44 - - [29/Sep/2014:01:53:59 -0500] "GET /galeria/nivo-slider/demo/images/4Simple_Slider.png HTTP/1.1" 200 11722 "http://190.27.245.106/galeria/nivo-slider/demo/style.css" "Mozilla/5.0 (Windows NT 6.2; WOW64) AppleWebKit/537.36 (KHTML, like Gecko) Chrome/37.0.2062.124 Safari/537.36"
186.144.99.44 - - [29/Sep/2014:01:53:58 -0500] "GET /galeria/nivo-slider/demo/images/banner-caballos.png HTTP/1.1" 200 389106 "http://190.27.245.106/galeria/nivo-slider/demo/demo.html" "Mozilla/5.0 (Windows NT 6.2; WOW64) AppleWebKit/537.36 (KHTML, like Gecko) Chrome/37.0.2062.124 Safari/537.36"
186.144.99.44 - - [29/Sep/2014:01:53:58 -0500] "GET /galeria/nivo-slider/demo/images/ConstructorasFNL.jpg HTTP/1.1" 200 216551 "http://190.27.245.106/galeria/nivo-slider/demo/demo.html" "Mozilla/5.0 (Windows NT 6.2; WOW64) AppleWebKit/537.36 (KHTML, like Gecko) Chrome/37.0.2062.124 Safari/537.36"
186.144.99.44 - - [29/Sep/2014:01:53:58 -0500] "GET /galeria/nivo-slider/demo/images/Hacienda_Molinos.jpg HTTP/1.1" 200 319171 "http://190.27.245.106/galeria/nivo-slider/demo/demo.html" "Mozilla/5.0 (Windows NT 6.2; WOW64) AppleWebKit/537.36 (KHTML, like Gecko) Chrome/37.0.2062.124 Safari/537.36"
186.144.99.44 - - [29/Sep/2014:01:53:58 -0500] "GET /galeria/nivo-slider/demo/images/Banner-Caracol-Africano.jpg HTTP/1.1" 200 331986 "http://190.27.245.106/galeria/nivo-slider/demo/demo.html" "Mozilla/5.0 (Windows NT 6.2; WOW64) AppleWebKit/537.36 (KHTML, like Gecko) Chrome/37.0.2062.124 Safari/537.36"
186.144.99.44 - - [29/Sep/2014:01:54:01 -0500] "GET /galeria/nivo-slider/themes/default/bullets.png HTTP/1.1" 200 1281 "http://190.27.245.106/galeria/nivo-slider/themes/default/default.css" "Mozilla/5.0 (Windows NT 6.2; WOW64) AppleWebKit/537.36 (KHTML, like Gecko) Chrome/37.0.2062.124 Safari/537.36"
186.144.99.44 - - [29/Sep/2014:01:54:01 -0500] "GET /galeria/nivo-slider/themes/default/arrows.png HTTP/1.1" 200 824 "http://190.27.245.106/galeria/nivo-slider/themes/default/default.css" "Mozilla/5.0 (Windows NT 6.2; WOW64) AppleWebKit/537.36 (KHTML, like Gecko) Chrome/37.0.2062.124 Safari/537.36"
66.249.67.67 - - [29/Sep/2014:01:54:46 -0500] "GET /BLA/resoluciones/AUTOS%202007/2177.pdf HTTP/1.1" 200 127014 "-" "Mozilla/5.0 (compatible; Googlebot/2.1; +http://www.google.com/bot.html)"
201.152.20.248 - - [29/Sep/2014:01:57:14 -0500] "GET /BLA/boletinlegal/js/jquery.scrollTo-min.js HTTP/1.1" 200 1150 "http://ambientebogota.gov.co/320" "Mozilla/5.0 (Windows NT 6.3; WOW64; Trident/7.0; MASMJS; rv:11.0) like Gecko"
201.152.20.248 - - [29/Sep/2014:01:57:14 -0500] "GET /BLA/boletinlegal/js/jquery.scrollShow.js HTTP/1.1" 200 4586 "http://ambientebogota.gov.co/320" "Mozilla/5.0 (Windows NT 6.3; WOW64; Trident/7.0; MASMJS; rv:11.0) like Gecko"
201.152.20.248 - - [29/Sep/2014:01:57:14 -0500] "GET /BLA/boletinlegal/js/jquery.js HTTP/1.1" 200 57254 "http://ambientebogota.gov.co/320" "Mozilla/5.0 (Windows NT 6.3; WOW64; Trident/7.0; MASMJS; rv:11.0) like Gecko"
190.26.210.162 - - [29/Sep/2014:01:57:17 -0500] "GET / HTTP/1.1" 302 - "-" "Mozilla/4.0 (compatible; MSIE 5.5; Windows NT 5.0)"
190.26.210.162 - - [29/Sep/2014:01:57:29 -0500] "GET /BLA/boletinlegal/js/jquery.scrollTo-min.js HTTP/1.1" 200 1150 "-" "Mozilla/4.0 (compatible; MSIE 5.5; Windows NT 5.0)"
190.26.210.162 - - [29/Sep/2014:01:57:29 -0500] "GET /BLA/boletinlegal/js/jquery.js HTTP/1.1" 200 57254 "-" "Mozilla/4.0 (compatible; MSIE 5.5; Windows NT 5.0)"
190.26.210.162 - - [29/Sep/2014:01:57:29 -0500] "GET /BLA/boletinlegal/js/jquery.scrollShow.js HTTP/1.1" 200 4586 "-" "Mozilla/4.0 (compatible; MSIE 5.5; Windows NT 5.0)"
200.114.1.52 - - [29/Sep/2014:01:57:38 -0500] "GET /BLA/boletinlegal/js/jquery.scrollTo-min.js HTTP/1.1" 200 1150 "http://ambientebogota.gov.co/archivo-de-noticias/-/asset_publisher/5PPa/content/bogota-participa-en-la-agenda-internacional-de-resiliencia-y-gestion-del-riesgo?redirect=http%3A%2F%2Fambientebogota.gov.co%2Farchivo-de-noticias%3Fp_p_id%3D101_INSTANCE_5PPa%26p_p_lifecycle%3D0%26p_p_state%3Dnormal%26p_p_mode%3Dview%26p_p_col_id%3Dcolumn-2%26p_p_col_pos%3D1%26p_p_col_count%3D2" "Mozilla/5.0 (Windows NT 6.1) AppleWebKit/537.36 (KHTML, like Gecko) Chrome/37.0.2062.120 Safari/537.36"
200.114.1.52 - - [29/Sep/2014:01:57:38 -0500] "GET /BLA/boletinlegal/js/jquery.scrollShow.js HTTP/1.1" 200 4586 "http://ambientebogota.gov.co/archivo-de-noticias/-/asset_publisher/5PPa/content/bogota-participa-en-la-agenda-internacional-de-resiliencia-y-gestion-del-riesgo?redirect=http%3A%2F%2Fambientebogota.gov.co%2Farchivo-de-noticias%3Fp_p_id%3D101_INSTANCE_5PPa%26p_p_lifecycle%3D0%26p_p_state%3Dnormal%26p_p_mode%3Dview%26p_p_col_id%3Dcolumn-2%26p_p_col_pos%3D1%26p_p_col_count%3D2" "Mozilla/5.0 (Windows NT 6.1) AppleWebKit/537.36 (KHTML, like Gecko) Chrome/37.0.2062.120 Safari/537.36"
200.114.1.52 - - [29/Sep/2014:01:57:38 -0500] "GET /BLA/boletinlegal/js/jquery.js HTTP/1.1" 200 57254 "http://ambientebogota.gov.co/archivo-de-noticias/-/asset_publisher/5PPa/content/bogota-participa-en-la-agenda-internacional-de-resiliencia-y-gestion-del-riesgo?redirect=http%3A%2F%2Fambientebogota.gov.co%2Farchivo-de-noticias%3Fp_p_id%3D101_INSTANCE_5PPa%26p_p_lifecycle%3D0%26p_p_state%3Dnormal%26p_p_mode%3Dview%26p_p_col_id%3Dcolumn-2%26p_p_col_pos%3D1%26p_p_col_count%3D2" "Mozilla/5.0 (Windows NT 6.1) AppleWebKit/537.36 (KHTML, like Gecko) Chrome/37.0.2062.120 Safari/537.36"
190.26.210.162 - - [29/Sep/2014:01:57:49 -0500] "GET /galeria/nivo-slider/demo/demo.html HTTP/1.1" 200 4440 "-" "Mozilla/4.0 (compatible; MSIE 5.5; Windows NT 5.0)"
190.26.210.162 - - [29/Sep/2014:01:57:49 -0500] "GET /galeria/carrusel/Carrusel/jquery.thumbnailScroller.css HTTP/1.1" 200 2066 "-" "Mozilla/4.0 (compatible; MSIE 5.5; Windows NT 5.0)"
190.26.210.162 - - [29/Sep/2014:01:57:50 -0500] "GET /galeria/carrusel/Carrusel/jquery-ui- HTTP/1.1" 404 1206 "-" "Mozilla/4.0 (compatible; MSIE 5.5; Windows NT 5.0)"
190.26.210.162 - - [29/Sep/2014:01:57:53 -0500] "GET /galeria/carrusel/Carrusel/jquery.thumbnailScroller.js HTTP/1.1" 200 8157 "-" "Mozilla/4.0 (compatible; MSIE 5.5; Windows NT 5.0)"
190.26.210.162 - - [29/Sep/2014:01:58:14 -0500] "GET /galeria/nivo-slider/demo/ HTTP/1.1" 200 2402 "-" "Mozilla/4.0 (compatible; MSIE 5.5; Windows NT 5.0)"
190.26.210.162 - - [29/Sep/2014:01:58:04 -0500] "GET /videos/VideoOABFLV.flv HTTP/1.1" 200 7889923 "-" "Mozilla/4.0 (compatible; MSIE 5.5; Windows NT 5.0)"
190.26.210.162 - - [29/Sep/2014:01:57:36 -0500] "GET /BLA/boletinlegal/ HTTP/1.1" 200 48306 "-" "Mozilla/4.0 (compatible; MSIE 5.5; Windows NT 5.0)"
74.86.158.107 - - [29/Sep/2014:01:58:28 -0500] "HEAD / HTTP/1.1" 302 - "-" "Mozilla/5.0+(compatible; UptimeRobot/2.0; http://www.uptimerobot.com/)"
190.26.210.162 - - [29/Sep/2014:01:57:50 -0500] "GET /BLA/boletinlegal/index.php? HTTP/1.1" 200 48306 "-" "Mozilla/4.0 (compatible; MSIE 5.5; Windows NT 5.0)"
66.249.67.103 - - [29/Sep/2014:02:00:24 -0500] "GET /phpold/newAplicacion.php HTTP/1.1" 200 16026 "-" "Mozilla/5.0 (compatible; Googlebot/2.1; +http://www.google.com/bot.html)"
66.249.67.83 - - [29/Sep/2014:02:01:43 -0500] "GET /BLA/resoluciones/AUTOS%202006/AUTOS%202006%201301-1400/00001393.tif HTTP/1.1" 200 107222 "-" "Googlebot-Image/1.0"
190.25.232.143 - - [29/Sep/2014:02:03:20 -0500] "GET /videos/Spot_DiadelatierraHD_1min.flv HTTP/1.1" 304 - "-" "Mozilla/4.0 (compatible;)"
74.86.158.107 - - [29/Sep/2014:02:03:28 -0500] "HEAD / HTTP/1.1" 302 - "-" "Mozilla/5.0+(compatible; UptimeRobot/2.0; http://www.uptimerobot.com/)"
